88.99.244.56 - - [12/May/2025:12:21:14 -0400] "GET /wp-content/uploads/2023/04/3-1-1024x550.png.orig HTTP/1.1" 200 62531 "-" "serpstatbot/2.1 (advanced backlink tracking bot; https://serpstatbot.com/; abuse@serpstatbot.com)"
88.99.244.56 - - [12/May/2025:12:21:17 -0400] "GET /wp-content/edit-wolf.php?action=edit&file=pkg-config&path=%2F%2Fbin HTTP/1.1" 200 953 "-" "serpstatbot/2.1 (advanced backlink tracking bot; https://serpstatbot.com/; abuse@serpstatbot.com)"
54.36.149.49 - - [12/May/2025:12:21:19 -0400] "GET /?ubr46049.html HTTP/1.1" 200 2060 "-" "Mozilla/5.0 (compatible; AhrefsBot/7.0; +http://ahrefs.com/robot/)"
88.99.244.56 - - [12/May/2025:12:21:19 -0400] "GET /wp-content/edit-wolf.php?path=%2F%2Fetc%2Fgcrypt HTTP/1.1" 403 1242 "-" "serpstatbot/2.1 (advanced backlink tracking bot; https://serpstatbot.com/; abuse@serpstatbot.com)"
88.99.244.56 - - [12/May/2025:12:21:22 -0400] "GET /wp-content/uploads/2023/04/29.png.orig HTTP/1.1" 200 11828 "-" "serpstatbot/2.1 (advanced backlink tracking bot; https://serpstatbot.com/; abuse@serpstatbot.com)"
88.99.244.56 - - [12/May/2025:12:21:25 -0400] "GET /wp-content/edit-wolf.php?action=edit&file=pip3&path=%2F%2Fbin HTTP/1.1" 200 875 "-" "serpstatbot/2.1 (advanced backlink tracking bot; https://serpstatbot.com/; abuse@serpstatbot.com)"
20.171.207.232 - - [12/May/2025:12:21:26 -0400] "GET /63937526 HTTP/1.1" 500 0 "-" "Mozilla/5.0 AppleWebKit/537.36 (KHTML, like Gecko; compatible; GPTBot/1.2; +https://openai.com/gptbot)"
88.99.244.56 - - [12/May/2025:12:21:28 -0400] "GET /wp-content/edit-wolf.php?path=%2F%2Fetc%2Ffonts HTTP/1.1" 403 1242 "-" "serpstatbot/2.1 (advanced backlink tracking bot; https://serpstatbot.com/; abuse@serpstatbot.com)"
54.36.148.42 - - [12/May/2025:12:21:28 -0400] "GET /?kzu19589.html HTTP/1.1" 200 2063 "-" "Mozilla/5.0 (compatible; AhrefsBot/7.0; +http://ahrefs.com/robot/)"
88.99.244.56 - - [12/May/2025:12:21:30 -0400] "GET /wp-content/uploads/2023/04/29-768x412.png.orig HTTP/1.1" 200 7427 "-" "serpstatbot/2.1 (advanced backlink tracking bot; https://serpstatbot.com/; abuse@serpstatbot.com)"
18.221.158.72 - - [12/May/2025:12:21:30 -0400] "GET /wp-admin/admin-wolf.php?path=%2F%2Fopt%2Fpuppetlabs HTTP/1.1" 200 962 "-" "Mozilla/5.0 AppleWebKit/537.36 (KHTML, like Gecko; compatible; ClaudeBot/1.0; +claudebot@anthropic.com)"
18.221.158.72 - - [12/May/2025:12:21:30 -0400] "GET /wp-admin/admin-wolf.php?path=%2Fhome%2Fprocjwtt%2Fmail%2Fcur HTTP/1.1" 200 29060 "-" "Mozilla/5.0 AppleWebKit/537.36 (KHTML, like Gecko; compatible; ClaudeBot/1.0; +claudebot@anthropic.com)"
18.221.158.72 - - [12/May/2025:12:21:31 -0400] "GET /wp-admin/admin-wolf.php?path=%2F%2Flib%2Fsysusers.d HTTP/1.1" 200 1152 "-" "Mozilla/5.0 AppleWebKit/537.36 (KHTML, like Gecko; compatible; ClaudeBot/1.0; +claudebot@anthropic.com)"
18.221.158.72 - - [12/May/2025:12:21:31 -0400] "GET /wp-admin/admin-wolf.php?path=%2F%2Fusr%2Flocal HTTP/1.1" 200 1119 "-" "Mozilla/5.0 AppleWebKit/537.36 (KHTML, like Gecko; compatible; ClaudeBot/1.0; +claudebot@anthropic.com)"
18.221.158.72 - - [12/May/2025:12:21:31 -0400] "GET /wp-admin/admin-wolf.php?path=%2F%2Fopt%2Fcloudlinux-linksafe HTTP/1.1" 200 1082 "-" "Mozilla/5.0 AppleWebKit/537.36 (KHTML, like Gecko; compatible; ClaudeBot/1.0; +claudebot@anthropic.com)"
18.221.158.72 - - [12/May/2025:12:21:31 -0400] "GET /wp-admin/admin-wolf.php?path=%2Fhome%2Fprocjwtt%2F.cpanel%2Flogs HTTP/1.1" 200 1077 "-" "Mozilla/5.0 AppleWebKit/537.36 (KHTML, like Gecko; compatible; ClaudeBot/1.0; +claudebot@anthropic.com)"
18.221.158.72 - - [12/May/2025:12:21:31 -0400] "GET /wp-admin/admin-wolf.php?path=%2F%2Fopt%2Ftd-agent-bit HTTP/1.1" 200 1046 "-" "Mozilla/5.0 AppleWebKit/537.36 (KHTML, like Gecko; compatible; ClaudeBot/1.0; +claudebot@anthropic.com)"
114.119.137.64 - - [12/May/2025:12:21:33 -0400] "GET /?xlr51236.html HTTP/1.1" 200 2431 "https://procarecleaning.com.sg/sofa-chair/nggallery/page/8/thumbnails" "Mozilla/5.0 (Linux; Android 7.0;) AppleWebKit/537.36 (KHTML, like Gecko) Mobile Safari/537.36 (compatible; PetalBot;+https://webmaster.petalsearch.com/site/petalbot)"
88.99.244.56 - - [12/May/2025:12:21:33 -0400] "GET /wp-content/edit-wolf.php?action=edit&file=pip-3&path=%2F%2Fbin HTTP/1.1" 200 875 "-" "serpstatbot/2.1 (advanced backlink tracking bot; https://serpstatbot.com/; abuse@serpstatbot.com)"
88.99.244.56 - - [12/May/2025:12:21:36 -0400] "GET /wp-content/edit-wolf.php?path=%2F%2Fetc%2Fenvironment-modules HTTP/1.1" 403 1242 "-" "serpstatbot/2.1 (advanced backlink tracking bot; https://serpstatbot.com/; abuse@serpstatbot.com)"
88.99.244.56 - - [12/May/2025:12:21:38 -0400] "GET /wp-content/uploads/2023/04/29-300x161.png.orig HTTP/1.1" 200 1829 "-" "serpstatbot/2.1 (advanced backlink tracking bot; https://serpstatbot.com/; abuse@serpstatbot.com)"
88.99.244.56 - - [12/May/2025:12:21:41 -0400] "GET /wp-content/edit-wolf.php?action=edit&file=pinky&path=%2F%2Fbin HTTP/1.1" 200 950 "-" "serpstatbot/2.1 (advanced backlink tracking bot; https://serpstatbot.com/; abuse@serpstatbot.com)"
54.36.148.36 - - [12/May/2025:12:21:44 -0400] "GET /?ulo52878.html HTTP/1.1" 200 2063 "-" "Mozilla/5.0 (compatible; AhrefsBot/7.0; +http://ahrefs.com/robot/)"
88.99.244.56 - - [12/May/2025:12:21:44 -0400] "GET /wp-content/edit-wolf.php?path=%2F%2Fetc%2Fdefault HTTP/1.1" 403 1242 "-" "serpstatbot/2.1 (advanced backlink tracking bot; https://serpstatbot.com/; abuse@serpstatbot.com)"
107.22.208.39 - - [12/May/2025:12:21:43 -0400] "GET /wp-content/plugins/wp-rocket/views/deactivation-intent/ HTTP/1.1" 500 0 "-" "Mozilla/5.0 AppleWebKit/537.36 (KHTML, like Gecko; compatible; Amazonbot/0.1; +https://developer.amazon.com/support/amazonbot) Chrome/119.0.6045.214 Safari/537.36"
88.99.244.56 - - [12/May/2025:12:21:47 -0400] "GET /wp-content/uploads/2023/04/29-1024x550.png.orig HTTP/1.1" 200 10317 "-" "serpstatbot/2.1 (advanced backlink tracking bot; https://serpstatbot.com/; abuse@serpstatbot.com)"
88.99.244.56 - - [12/May/2025:12:21:49 -0400] "GET /wp-content/edit-wolf.php?action=edit&file=ping&path=%2F%2Fbin HTTP/1.1" 200 949 "-" "serpstatbot/2.1 (advanced backlink tracking bot; https://serpstatbot.com/; abuse@serpstatbot.com)"
88.99.244.56 - - [12/May/2025:12:21:52 -0400] "GET /wp-content/edit-wolf.php?path=%2F%2Fetc%2Fcxs HTTP/1.1" 403 1242 "-" "serpstatbot/2.1 (advanced backlink tracking bot; https://serpstatbot.com/; abuse@serpstatbot.com)"
88.99.244.56 - - [12/May/2025:12:21:55 -0400] "GET /wp-content/uploads/2023/04/28.png.orig HTTP/1.1" 200 6380 "-" "serpstatbot/2.1 (advanced backlink tracking bot; https://serpstatbot.com/; abuse@serpstatbot.com)"
88.99.244.56 - - [12/May/2025:12:21:58 -0400] "GET /wp-content/edit-wolf.php?action=edit&file=pinentry-curses&path=%2F%2Fbin HTTP/1.1" 200 955 "-" "serpstatbot/2.1 (advanced backlink tracking bot; https://serpstatbot.com/; abuse@serpstatbot.com)"
66.249.65.169 - - [12/May/2025:12:21:59 -0400] "GET /pcmypage?callback=/product%2Fdetail%2FKJYT52920835 HTTP/1.1" 200 20245 "-" "Mozilla/5.0 (Linux; Android 6.0.1; Nexus 5X Build/MMB29P) AppleWebKit/537.36 (KHTML, like Gecko) Chrome/136.0.7103.59 Mobile Safari/537.36 (compatible; Googlebot/2.1; +http://www.google.com/bot.html)"
88.99.244.56 - - [12/May/2025:12:22:01 -0400] "GET /wp-content/edit-wolf.php?path=%2F%2Fetc%2Fcrypto-policies HTTP/1.1" 403 1242 "-" "serpstatbot/2.1 (advanced backlink tracking bot; https://serpstatbot.com/; abuse@serpstatbot.com)"
88.99.244.56 - - [12/May/2025:12:22:03 -0400] "GET /wp-content/uploads/2023/04/28-768x412.png.orig HTTP/1.1" 200 4476 "-" "serpstatbot/2.1 (advanced backlink tracking bot; https://serpstatbot.com/; abuse@serpstatbot.com)"
88.99.244.56 - - [12/May/2025:12:22:06 -0400] "GET /wp-content/edit-wolf.php?action=edit&file=pinentry&path=%2F%2Fbin HTTP/1.1" 200 1959 "-" "serpstatbot/2.1 (advanced backlink tracking bot; https://serpstatbot.com/; abuse@serpstatbot.com)"
88.99.244.56 - - [12/May/2025:12:22:09 -0400] "GET /wp-content/edit-wolf.php?path=%2F%2Fetc%2Fcpanel HTTP/1.1" 200 1096 "-" "serpstatbot/2.1 (advanced backlink tracking bot; https://serpstatbot.com/; abuse@serpstatbot.com)"
88.99.244.56 - - [12/May/2025:12:22:11 -0400] "GET /wp-content/uploads/2023/04/28-300x161.png.orig HTTP/1.1" 200 1842 "-" "serpstatbot/2.1 (advanced backlink tracking bot; https://serpstatbot.com/; abuse@serpstatbot.com)"
88.99.244.56 - - [12/May/2025:12:22:14 -0400] "GET /wp-content/edit-wolf.php?action=edit&file=piconv&path=%2F%2Fbin HTTP/1.1" 200 4244 "-" "serpstatbot/2.1 (advanced backlink tracking bot; https://serpstatbot.com/; abuse@serpstatbot.com)"
88.99.244.56 - - [12/May/2025:12:22:17 -0400] "GET /wp-content/edit-wolf.php?path=%2F%2Fetc%2Fcl.selector.conf.d HTTP/1.1" 403 1242 "-" "serpstatbot/2.1 (advanced backlink tracking bot; https://serpstatbot.com/; abuse@serpstatbot.com)"
88.99.244.56 - - [12/May/2025:12:22:20 -0400] "GET /wp-content/uploads/2023/04/28-1024x550.png.orig HTTP/1.1" 200 6677 "-" "serpstatbot/2.1 (advanced backlink tracking bot; https://serpstatbot.com/; abuse@serpstatbot.com)"
88.99.244.56 - - [12/May/2025:12:22:23 -0400] "GET /wp-content/edit-wolf.php?action=edit&file=pic&path=%2F%2Fbin HTTP/1.1" 200 948 "-" "serpstatbot/2.1 (advanced backlink tracking bot; https://serpstatbot.com/; abuse@serpstatbot.com)"
88.99.244.56 - - [12/May/2025:12:22:26 -0400] "GET /wp-content/edit-wolf.php?path=%2F%2Fetc%2Fcl.selector HTTP/1.1" 403 1242 "-" "serpstatbot/2.1 (advanced backlink tracking bot; https://serpstatbot.com/; abuse@serpstatbot.com)"
88.99.244.56 - - [12/May/2025:12:22:28 -0400] "GET /wp-content/uploads/2023/04/27.png.orig HTTP/1.1" 200 17993 "-" "serpstatbot/2.1 (advanced backlink tracking bot; https://serpstatbot.com/; abuse@serpstatbot.com)"
20.171.207.232 - - [12/May/2025:12:22:30 -0400] "GET /44688182 HTTP/1.1" 500 0 "-" "Mozilla/5.0 AppleWebKit/537.36 (KHTML, like Gecko; compatible; GPTBot/1.2; +https://openai.com/gptbot)"
88.99.244.56 - - [12/May/2025:12:22:31 -0400] "GET /wp-content/edit-wolf.php?action=edit&file=php7nIIHa&path=%2F%2Ftmp HTTP/1.1" 200 982 "-" "serpstatbot/2.1 (advanced backlink tracking bot; https://serpstatbot.com/; abuse@serpstatbot.com)"
88.99.244.56 - - [12/May/2025:12:22:34 -0400] "GET /wp-content/edit-wolf.php?path=%2F%2Fetc%2Fcl.python HTTP/1.1" 403 1242 "-" "serpstatbot/2.1 (advanced backlink tracking bot; https://serpstatbot.com/; abuse@serpstatbot.com)"
88.99.244.56 - - [12/May/2025:12:22:37 -0400] "GET /wp-content/uploads/2023/04/27-768x412.png.orig HTTP/1.1" 200 12018 "-" "serpstatbot/2.1 (advanced backlink tracking bot; https://serpstatbot.com/; abuse@serpstatbot.com)"
66.249.65.169 - - [12/May/2025:12:22:37 -0400] "GET /75442710 HTTP/1.1" 200 22637 "-" "Mozilla/5.0 (Linux; Android 6.0.1; Nexus 5X Build/MMB29P) AppleWebKit/537.36 (KHTML, like Gecko) Chrome/136.0.7103.59 Mobile Safari/537.36 (compatible; Googlebot/2.1; +http://www.google.com/bot.html)"
88.99.244.56 - - [12/May/2025:12:22:40 -0400] "GET /wp-content/edit-wolf.php?action=edit&file=php&path=%2F%2Fbin HTTP/1.1" 200 1388 "-" "serpstatbot/2.1 (advanced backlink tracking bot; https://serpstatbot.com/; abuse@serpstatbot.com)"
5.255.231.99 - - [12/May/2025:12:22:41 -0400] "GET /75792022 HTTP/1.1" 500 0 "-" "Mozilla/5.0 (compatible; YandexBot/3.0; +http://yandex.com/bots)"
66.249.65.169 - - [12/May/2025:12:22:42 -0400] "POST /get-message-notify HTTP/1.1" 200 19018 "https://procarecleaning.com.sg/75442710" "Mozilla/5.0 (Linux; Android 6.0.1; Nexus 5X Build/MMB29P) AppleWebKit/537.36 (KHTML, like Gecko) Chrome/135.0.7049.114 Mobile Safari/537.36 (compatible; Googlebot/2.1; +http://www.google.com/bot.html)"
88.99.244.56 - - [12/May/2025:12:22:43 -0400] "GET /wp-content/edit-wolf.php?path=%2F%2Fetc%2Fcl.php.d HTTP/1.1" 403 1242 "-" "serpstatbot/2.1 (advanced backlink tracking bot; https://serpstatbot.com/; abuse@serpstatbot.com)"
18.219.43.26 - - [12/May/2025:12:22:45 -0400] "GET /wp-admin/admin-wolf.php?action=edit&file=style.php&path=%2Fhome%2Fprocjwtt%2Fwww HTTP/1.1" 200 846 "-" "Mozilla/5.0 AppleWebKit/537.36 (KHTML, like Gecko; compatible; ClaudeBot/1.0; +claudebot@anthropic.com)"
18.219.43.26 - - [12/May/2025:12:22:45 -0400] "GET /wp-admin/admin-wolf.php?path=%2F%2Fusr%2Fshare HTTP/1.1" 200 1644 "-" "Mozilla/5.0 AppleWebKit/537.36 (KHTML, like Gecko; compatible; ClaudeBot/1.0; +claudebot@anthropic.com)"
18.219.43.26 - - [12/May/2025:12:22:45 -0400] "GET /wp-admin/admin-wolf.php?path=%2Fhome%2Fprocjwtt%2F.softaculous%2Fwp_manager HTTP/1.1" 200 1085 "-" "Mozilla/5.0 AppleWebKit/537.36 (KHTML, like Gecko; compatible; ClaudeBot/1.0; +claudebot@anthropic.com)"
18.219.43.26 - - [12/May/2025:12:22:45 -0400] "GET /wp-admin/admin-wolf.php?action=edit&file=dovecot.mailbox.log&path=%2Fhome%2Fprocjwtt%2Fmail HTTP/1.1" 200 827 "-" "Mozilla/5.0 AppleWebKit/537.36 (KHTML, like Gecko; compatible; ClaudeBot/1.0; +claudebot@anthropic.com)"
88.99.244.56 - - [12/May/2025:12:22:45 -0400] "GET /wp-content/uploads/2023/04/27-300x161.png.orig HTTP/1.1" 200 3248 "-" "serpstatbot/2.1 (advanced backlink tracking bot; https://serpstatbot.com/; abuse@serpstatbot.com)"
18.219.43.26 - - [12/May/2025:12:22:45 -0400] "GET /wp-admin/admin-wolf.php?path=%2Fhome%2Fprocjwtt%2Fdev.procarecleaning.com.sg%2Fwp-content HTTP/1.1" 200 1099 "-" "Mozilla/5.0 AppleWebKit/537.36 (KHTML, like Gecko; compatible; ClaudeBot/1.0; +claudebot@anthropic.com)"
18.219.43.26 - - [12/May/2025:12:22:46 -0400] "GET /wp-admin/admin-wolf.php?path=%2F%2Flib%2FNetworkManager HTTP/1.1" 200 1097 "-" "Mozilla/5.0 AppleWebKit/537.36 (KHTML, like Gecko; compatible; ClaudeBot/1.0; +claudebot@anthropic.com)"
18.219.43.26 - - [12/May/2025:12:22:46 -0400] "GET /wp-admin/admin-wolf.php?path=%2F%2Flib%2Fmodules-load.d HTTP/1.1" 200 1085 "-" "Mozilla/5.0 AppleWebKit/537.36 (KHTML, like Gecko; compatible; ClaudeBot/1.0; +claudebot@anthropic.com)"
88.99.244.56 - - [12/May/2025:12:22:48 -0400] "GET /wp-content/edit-wolf.php?action=edit&file=pgrep&path=%2F%2Fbin HTTP/1.1" 200 949 "-" "serpstatbot/2.1 (advanced backlink tracking bot; https://serpstatbot.com/; abuse@serpstatbot.com)"
88.99.244.56 - - [12/May/2025:12:22:50 -0400] "GET /wp-content/edit-wolf.php?path=%2F%2Fetc%2Fcl.nodejs HTTP/1.1" 403 1242 "-" "serpstatbot/2.1 (advanced backlink tracking bot; https://serpstatbot.com/; abuse@serpstatbot.com)"
54.36.148.157 - - [12/May/2025:12:22:53 -0400] "GET /?kzu23612.html HTTP/1.1" 200 2065 "-" "Mozilla/5.0 (compatible; AhrefsBot/7.0; +http://ahrefs.com/robot/)"
88.99.244.56 - - [12/May/2025:12:22:55 -0400] "GET /wp-content/uploads/2023/04/27-1024x550.png.orig HTTP/1.1" 200 16185 "-" "serpstatbot/2.1 (advanced backlink tracking bot; https://serpstatbot.com/; abuse@serpstatbot.com)"
54.36.149.24 - - [12/May/2025:12:22:55 -0400] "GET /?cqe15283.html HTTP/1.1" 200 2065 "-" "Mozilla/5.0 (compatible; AhrefsBot/7.0; +http://ahrefs.com/robot/)"
5.255.231.93 - - [12/May/2025:12:22:57 -0400] "GET /34116342 HTTP/1.1" 500 0 "-" "Mozilla/5.0 (compatible; YandexBot/3.0; +http://yandex.com/bots)"
14.245.255.46 - - [12/May/2025:12:22:58 -0400] "HEAD /wp-content/ngg/modules/photocrati-nextgen_addgallery_page/static/?ND= HTTP/1.1" 500 0 "-" "Mozilla/5.0 (Windows NT 6.3; Win64; x64) AppleWebKit/537.36 (KHTML, like Gecko) Chrome/64.0.3338.138 Safari/537.36"
14.245.255.46 - - [12/May/2025:12:22:59 -0400] "GET /wp-content/ngg/modules/photocrati-nextgen_addgallery_page/static/?ND= HTTP/1.1" 500 0 "-" "Mozilla/5.0 (Windows NT 6.3; Win64; x64) AppleWebKit/537.36 (KHTML, like Gecko) Chrome/64.0.3338.138 Safari/537.36"
184.72.95.195 - - [12/May/2025:12:23:00 -0400] "GET /wp-content/plugins/loginizer/init.php HTTP/1.1" 500 0 "-" "Mozilla/5.0 AppleWebKit/537.36 (KHTML, like Gecko; compatible; Amazonbot/0.1; +https://developer.amazon.com/support/amazonbot) Chrome/119.0.6045.214 Safari/537.36"
213.180.203.58 - - [12/May/2025:12:23:00 -0400] "GET /32637270 HTTP/1.1" 500 0 "-" "Mozilla/5.0 (compatible; YandexBot/3.0; +http://yandex.com/bots)"
88.99.244.56 - - [12/May/2025:12:23:01 -0400] "GET /wp-content/edit-wolf.php?action=edit&file=pg_restore&path=%2F%2Fbin HTTP/1.1" 200 953 "-" "serpstatbot/2.1 (advanced backlink tracking bot; https://serpstatbot.com/; abuse@serpstatbot.com)"
54.36.148.190 - - [12/May/2025:12:23:04 -0400] "GET /?zqo44316.html HTTP/1.1" 200 2063 "-" "Mozilla/5.0 (compatible; AhrefsBot/7.0; +http://ahrefs.com/robot/)"
54.36.148.99 - - [12/May/2025:12:23:05 -0400] "GET /?ddp19096.html HTTP/1.1" 200 2063 "-" "Mozilla/5.0 (compatible; AhrefsBot/7.0; +http://ahrefs.com/robot/)"
88.99.244.56 - - [12/May/2025:12:23:07 -0400] "GET /wp-content/edit-wolf.php?path=%2F%2Fetc%2Fbash_completion.d HTTP/1.1" 403 1242 "-" "serpstatbot/2.1 (advanced backlink tracking bot; https://serpstatbot.com/; abuse@serpstatbot.com)"
54.36.148.169 - - [12/May/2025:12:23:11 -0400] "GET /?oer35738.html HTTP/1.1" 200 2063 "-" "Mozilla/5.0 (compatible; AhrefsBot/7.0; +http://ahrefs.com/robot/)"
88.99.244.56 - - [12/May/2025:12:23:12 -0400] "GET /wp-content/uploads/2023/04/26.png.orig HTTP/1.1" 200 13354 "-" "serpstatbot/2.1 (advanced backlink tracking bot; https://serpstatbot.com/; abuse@serpstatbot.com)"
54.36.149.104 - - [12/May/2025:12:23:13 -0400] "GET /?rbc41860.html HTTP/1.1" 200 2063 "-" "Mozilla/5.0 (compatible; AhrefsBot/7.0; +http://ahrefs.com/robot/)"
34.227.234.246 - - [12/May/2025:12:23:16 -0400] "GET /wp-content/plugins/wordfence/models/block/ HTTP/1.1" 500 0 "-" "Mozilla/5.0 AppleWebKit/537.36 (KHTML, like Gecko; compatible; Amazonbot/0.1; +https://developer.amazon.com/support/amazonbot) Chrome/119.0.6045.214 Safari/537.36"
87.250.224.98 - - [12/May/2025:12:23:18 -0400] "GET /96202966 HTTP/1.1" 500 0 "-" "Mozilla/5.0 (compatible; YandexBot/3.0; +http://yandex.com/bots)"
88.99.244.56 - - [12/May/2025:12:23:20 -0400] "GET /wp-content/edit-wolf.php?action=edit&file=pg_dumpall&path=%2F%2Fbin HTTP/1.1" 200 953 "-" "serpstatbot/2.1 (advanced backlink tracking bot; https://serpstatbot.com/; abuse@serpstatbot.com)"
34.195.60.66 - - [12/May/2025:12:23:24 -0400] "GET /wp-content/plugins/wordpress-seo/lib/ HTTP/1.1" 500 0 "-" "Mozilla/5.0 AppleWebKit/537.36 (KHTML, like Gecko; compatible; Amazonbot/0.1; +https://developer.amazon.com/support/amazonbot) Chrome/119.0.6045.214 Safari/537.36"
185.231.154.128 - - [12/May/2025:12:23:25 -0400] "GET / HTTP/1.0" 200 10479 "https://procarecleaning.com.sg/" "Mozilla/5.0 (Windows NT 10.0; Win64; x64) AppleWebKit/537.36 (KHTML, like Gecko) Chrome/130.0.0.0 Safari/537.36"
88.99.244.56 - - [12/May/2025:12:23:27 -0400] "GET /wp-content/edit-wolf.php?path=%2F%2Fetc%2Fapache2 HTTP/1.1" 403 1242 "-" "serpstatbot/2.1 (advanced backlink tracking bot; https://serpstatbot.com/; abuse@serpstatbot.com)"
185.231.154.128 - - [12/May/2025:12:23:28 -0400] "GET / HTTP/1.0" 200 10479 "https://procarecleaning.com.sg/" "Mozilla/5.0 (Windows NT 10.0; Win64; x64) AppleWebKit/537.36 (KHTML, like Gecko) Chrome/130.0.0.0 Safari/537.36"
54.36.148.146 - - [12/May/2025:12:23:32 -0400] "GET /?yaq55077_html HTTP/1.1" 200 2061 "-" "Mozilla/5.0 (compatible; AhrefsBot/7.0; +http://ahrefs.com/robot/)"
20.171.207.232 - - [12/May/2025:12:23:33 -0400] "GET /37242710 HTTP/1.1" 500 0 "-" "Mozilla/5.0 AppleWebKit/537.36 (KHTML, like Gecko; compatible; GPTBot/1.2; +https://openai.com/gptbot)"
54.36.148.196 - - [12/May/2025:12:23:33 -0400] "GET /?vfa1624.html HTTP/1.1" 200 2061 "-" "Mozilla/5.0 (compatible; AhrefsBot/7.0; +http://ahrefs.com/robot/)"
88.99.244.56 - - [12/May/2025:12:23:34 -0400] "GET /wp-content/uploads/2023/04/26-768x412.png.orig HTTP/1.1" 200 11756 "-" "serpstatbot/2.1 (advanced backlink tracking bot; https://serpstatbot.com/; abuse@serpstatbot.com)"
88.99.244.56 - - [12/May/2025:12:23:40 -0400] "GET /wp-content/edit-wolf.php?action=edit&file=pg_dump&path=%2F%2Fbin HTTP/1.1" 200 951 "-" "serpstatbot/2.1 (advanced backlink tracking bot; https://serpstatbot.com/; abuse@serpstatbot.com)"
185.231.154.128 - - [12/May/2025:12:23:42 -0400] "GET / HTTP/1.0" 200 10479 "https://procarecleaning.com.sg/" "Mozilla/5.0 (Windows NT 10.0; Win64; x64) AppleWebKit/537.36 (KHTML, like Gecko) Chrome/130.0.0.0 Safari/537.36 CCleaner/130.0.0.0"
54.36.148.158 - - [12/May/2025:12:23:47 -0400] "GET /?znb17726.html HTTP/1.1" 200 2061 "-" "Mozilla/5.0 (compatible; AhrefsBot/7.0; +http://ahrefs.com/robot/)"
88.99.244.56 - - [12/May/2025:12:23:47 -0400] "GET /wp-content/edit-wolf.php?path=%2F%2Fetc%2Falternatives HTTP/1.1" 403 1242 "-" "serpstatbot/2.1 (advanced backlink tracking bot; https://serpstatbot.com/; abuse@serpstatbot.com)"
18.119.0.35 - - [12/May/2025:12:23:47 -0400] "GET /wp-admin/admin-wolf.php?path=%2F%2Flib%2Fkernel HTTP/1.1" 200 1046 "-" "Mozilla/5.0 AppleWebKit/537.36 (KHTML, like Gecko; compatible; ClaudeBot/1.0; +claudebot@anthropic.com)"
18.119.0.35 - - [12/May/2025:12:23:47 -0400] "GET /wp-admin/admin-wolf.php?path=%2Fhome%2Fprocjwtt%2Fmail%2F.Sent HTTP/1.1" 200 1224 "-" "Mozilla/5.0 AppleWebKit/537.36 (KHTML, like Gecko; compatible; ClaudeBot/1.0; +claudebot@anthropic.com)"
18.119.0.35 - - [12/May/2025:12:23:47 -0400] "GET /wp-admin/admin-wolf.php?action=edit&file=wp-signup.php&path=%2Fhome%2Fprocjwtt%2Fwww HTTP/1.1" 200 9260 "-" "Mozilla/5.0 AppleWebKit/537.36 (KHTML, like Gecko; compatible; ClaudeBot/1.0; +claudebot@anthropic.com)"
18.119.0.35 - - [12/May/2025:12:23:47 -0400] "GET /wp-admin/admin-wolf.php?path=%2F%2Flib%2Fsystemd HTTP/1.1" 200 2090 "-" "Mozilla/5.0 AppleWebKit/537.36 (KHTML, like Gecko; compatible; ClaudeBot/1.0; +claudebot@anthropic.com)"
18.119.0.35 - - [12/May/2025:12:23:48 -0400] "GET /wp-admin/admin-wolf.php?action=edit&file=dovecot.index.log&path=%2Fhome%2Fprocjwtt%2Fmail HTTP/1.1" 200 824 "-" "Mozilla/5.0 AppleWebKit/537.36 (KHTML, like Gecko; compatible; ClaudeBot/1.0; +claudebot@anthropic.com)"
18.119.0.35 - - [12/May/2025:12:23:48 -0400] "GET /wp-admin/admin-wolf.php?path=%2Fhome%2Fprocjwtt%2F.cphorde%2Fvfsroot HTTP/1.1" 200 979 "-" "Mozilla/5.0 AppleWebKit/537.36 (KHTML, like Gecko; compatible; ClaudeBot/1.0; +claudebot@anthropic.com)"
18.119.0.35 - - [12/May/2025:12:23:48 -0400] "GET /wp-admin/admin-wolf.php?path=%2F%2Flib%2Fdebug HTTP/1.1" 200 1098 "-" "Mozilla/5.0 AppleWebKit/537.36 (KHTML, like Gecko; compatible; ClaudeBot/1.0; +claudebot@anthropic.com)"
88.99.244.56 - - [12/May/2025:12:23:54 -0400] "GET /wp-content/uploads/2023/04/26-300x161.png.orig HTTP/1.1" 200 3362 "-" "serpstatbot/2.1 (advanced backlink tracking bot; https://serpstatbot.com/; abuse@serpstatbot.com)"
54.36.149.87 - - [12/May/2025:12:23:56 -0400] "GET /?nns18256.html HTTP/1.1" 200 2061 "-" "Mozilla/5.0 (compatible; AhrefsBot/7.0; +http://ahrefs.com/robot/)"
54.36.149.87 - - [12/May/2025:12:23:58 -0400] "GET /?nyb18108.html HTTP/1.1" 200 2061 "-" "Mozilla/5.0 (compatible; AhrefsBot/7.0; +http://ahrefs.com/robot/)"
88.99.244.56 - - [12/May/2025:12:24:00 -0400] "GET /wp-content/edit-wolf.php?action=edit&file=perlthanks&path=%2F%2Fbin HTTP/1.1" 200 19861 "-" "serpstatbot/2.1 (advanced backlink tracking bot; https://serpstatbot.com/; abuse@serpstatbot.com)"
87.250.224.56 - - [12/May/2025:12:24:08 -0400] "GET /82546902 HTTP/1.1" 500 0 "-" "Mozilla/5.0 (compatible; YandexBot/3.0; +http://yandex.com/bots)"
54.36.149.67 - - [12/May/2025:12:24:10 -0400] "GET /?znb15321.html HTTP/1.1" 200 2064 "-" "Mozilla/5.0 (compatible; AhrefsBot/7.0; +http://ahrefs.com/robot/)"
88.99.244.56 - - [12/May/2025:12:24:11 -0400] "GET /wp-content/edit-wolf.php?path=%2F%2Fdev%2Fshm HTTP/1.1" 200 1398 "-" "serpstatbot/2.1 (advanced backlink tracking bot; https://serpstatbot.com/; abuse@serpstatbot.com)"
20.171.207.232 - - [12/May/2025:12:24:39 -0400] "GET /38726870 HTTP/1.1" 500 0 "-" "Mozilla/5.0 AppleWebKit/537.36 (KHTML, like Gecko; compatible; GPTBot/1.2; +https://openai.com/gptbot)"
54.36.148.11 - - [12/May/2025:12:24:43 -0400] "GET /?ype27521.html HTTP/1.1" 200 2063 "-" "Mozilla/5.0 (compatible; AhrefsBot/7.0; +http://ahrefs.com/robot/)"
3.145.71.161 - - [12/May/2025:12:24:49 -0400] "GET /wp-admin/admin-wolf.php?action=edit&file=.cm.log&path=%2Fhome%2Fprocjwtt%2Flscache HTTP/1.1" 200 819 "-" "Mozilla/5.0 AppleWebKit/537.36 (KHTML, like Gecko; compatible; ClaudeBot/1.0; +claudebot@anthropic.com)"
3.145.71.161 - - [12/May/2025:12:24:49 -0400] "GET /wp-admin/admin-wolf.php?action=edit&file=razor-agent.log&path=%2Fhome%2Fprocjwtt%2F.razor HTTP/1.1" 200 42386 "-" "Mozilla/5.0 AppleWebKit/537.36 (KHTML, like Gecko; compatible; ClaudeBot/1.0; +claudebot@anthropic.com)"
3.145.71.161 - - [12/May/2025:12:24:49 -0400] "GET /wp-admin/admin-wolf.php?path=%2F%2Fopt%2Fhc_php HTTP/1.1" 200 1046 "-" "Mozilla/5.0 AppleWebKit/537.36 (KHTML, like Gecko; compatible; ClaudeBot/1.0; +claudebot@anthropic.com)"
3.145.71.161 - - [12/May/2025:12:24:49 -0400] "GET /wp-admin/admin-wolf.php?path=%2Fhome%2Fprocjwtt%2F.caldav%2Fprocjwtt HTTP/1.1" 200 1161 "-" "Mozilla/5.0 AppleWebKit/537.36 (KHTML, like Gecko; compatible; ClaudeBot/1.0; +claudebot@anthropic.com)"
3.145.71.161 - - [12/May/2025:12:24:49 -0400] "GET /wp-admin/admin-wolf.php?path=%2F%2Flib%2Fsysimage HTTP/1.1" 200 959 "-" "Mozilla/5.0 AppleWebKit/537.36 (KHTML, like Gecko; compatible; ClaudeBot/1.0; +claudebot@anthropic.com)"
3.145.71.161 - - [12/May/2025:12:24:49 -0400] "GET /wp-admin/admin-wolf.php?path=%2F%2Fusr%2Fselector.etc HTTP/1.1" 200 1071 "-" "Mozilla/5.0 AppleWebKit/537.36 (KHTML, like Gecko; compatible; ClaudeBot/1.0; +claudebot@anthropic.com)"
3.145.71.161 - - [12/May/2025:12:24:50 -0400] "GET /wp-admin/admin-wolf.php?path=%2Fhome%2Fprocjwtt%2F.cagefs%2Fopt HTTP/1.1" 200 1072 "-" "Mozilla/5.0 AppleWebKit/537.36 (KHTML, like Gecko; compatible; ClaudeBot/1.0; +claudebot@anthropic.com)"
54.36.148.192 - - [12/May/2025:12:24:58 -0400] "GET /?oux27707.html HTTP/1.1" 200 2063 "-" "Mozilla/5.0 (compatible; AhrefsBot/7.0; +http://ahrefs.com/robot/)"
54.36.148.84 - - [12/May/2025:12:25:03 -0400] "GET /?mqi29060.html HTTP/1.1" 200 2063 "-" "Mozilla/5.0 (compatible; AhrefsBot/7.0; +http://ahrefs.com/robot/)"
54.36.148.112 - - [12/May/2025:12:25:37 -0400] "GET /?vfa45841.html HTTP/1.1" 200 2063 "-" "Mozilla/5.0 (compatible; AhrefsBot/7.0; +http://ahrefs.com/robot/)"
20.171.207.232 - - [12/May/2025:12:25:41 -0400] "GET /21855414 HTTP/1.1" 500 0 "-" "Mozilla/5.0 AppleWebKit/537.36 (KHTML, like Gecko; compatible; GPTBot/1.2; +https://openai.com/gptbot)"
54.36.148.67 - - [12/May/2025:12:25:45 -0400] "GET /?nns28689.html HTTP/1.1" 200 2062 "-" "Mozilla/5.0 (compatible; AhrefsBot/7.0; +http://ahrefs.com/robot/)"
88.99.244.56 - - [12/May/2025:12:25:47 -0400] "GET /wp-content/uploads/2023/04/26-1024x550.png.orig HTTP/1.1" 200 13549 "-" "serpstatbot/2.1 (advanced backlink tracking bot; https://serpstatbot.com/; abuse@serpstatbot.com)"
18.217.166.126 - - [12/May/2025:12:25:56 -0400] "GET /wp-admin/admin-wolf.php?action=edit&file=nvdata.cache&path=%2Fhome%2Fprocjwtt%2F.cpanel HTTP/1.1" 200 1300 "-" "Mozilla/5.0 AppleWebKit/537.36 (KHTML, like Gecko; compatible; ClaudeBot/1.0; +claudebot@anthropic.com)"
18.217.166.126 - - [12/May/2025:12:25:56 -0400] "GET /wp-admin/admin-wolf.php?path=%2F%2Flib%2Fmodules HTTP/1.1" 200 1118 "-" "Mozilla/5.0 AppleWebKit/537.36 (KHTML, like Gecko; compatible; ClaudeBot/1.0; +claudebot@anthropic.com)"
18.217.166.126 - - [12/May/2025:12:25:56 -0400] "GET /wp-admin/admin-wolf.php?path=%2Fhome%2Fprocjwtt%2F.cagefs%2Ftmp HTTP/1.1" 200 1148 "-" "Mozilla/5.0 AppleWebKit/537.36 (KHTML, like Gecko; compatible; ClaudeBot/1.0; +claudebot@anthropic.com)"
18.217.166.126 - - [12/May/2025:12:25:56 -0400] "GET /wp-admin/admin-wolf.php?path=%2Fhome%2Fprocjwtt%2Fwww%2F.well-known HTTP/1.1" 200 1082 "-" "Mozilla/5.0 AppleWebKit/537.36 (KHTML, like Gecko; compatible; ClaudeBot/1.0; +claudebot@anthropic.com)"
18.217.166.126 - - [12/May/2025:12:25:56 -0400] "GET /wp-admin/admin-wolf.php?path=%2F%2Fusr%2Fbin HTTP/1.1" 200 7975 "-" "Mozilla/5.0 AppleWebKit/537.36 (KHTML, like Gecko; compatible; ClaudeBot/1.0; +claudebot@anthropic.com)"
18.217.166.126 - - [12/May/2025:12:25:56 -0400] "GET /wp-admin/admin-wolf.php?action=edit&file=dovecot-uidvalidity.5a5e83f5&path=%2Fhome%2Fprocjwtt%2Fmail HTTP/1.1" 200 833 "-" "Mozilla/5.0 AppleWebKit/537.36 (KHTML, like Gecko; compatible; ClaudeBot/1.0; +claudebot@anthropic.com)"
18.217.166.126 - - [12/May/2025:12:25:57 -0400] "GET /wp-admin/admin-wolf.php?path=%2Fhome%2Fprocjwtt%2Fmail%2F.Drafts HTTP/1.1" 200 1256 "-" "Mozilla/5.0 AppleWebKit/537.36 (KHTML, like Gecko; compatible; ClaudeBot/1.0; +claudebot@anthropic.com)"
34.192.67.98 - - [12/May/2025:12:25:57 -0400] "GET /wp-content/plugins/essential-addons-for-elementor-lite/assets/ HTTP/1.1" 500 0 "-" "Mozilla/5.0 AppleWebKit/537.36 (KHTML, like Gecko; compatible; Amazonbot/0.1; +https://developer.amazon.com/support/amazonbot) Chrome/119.0.6045.214 Safari/537.36"
88.99.244.56 - - [12/May/2025:12:26:00 -0400] "GET /wp-content/edit-wolf.php?action=edit&file=perlml&path=%2F%2Fbin HTTP/1.1" 200 950 "-" "serpstatbot/2.1 (advanced backlink tracking bot; https://serpstatbot.com/; abuse@serpstatbot.com)"
54.36.148.34 - - [12/May/2025:12:26:06 -0400] "GET /?fus26587.html HTTP/1.1" 200 2068 "-" "Mozilla/5.0 (compatible; AhrefsBot/7.0; +http://ahrefs.com/robot/)"
88.99.244.56 - - [12/May/2025:12:26:10 -0400] "GET /wp-content/edit-wolf.php?path=%2F%2Fdev%2Fpts HTTP/1.1" 200 1229 "-" "serpstatbot/2.1 (advanced backlink tracking bot; https://serpstatbot.com/; abuse@serpstatbot.com)"
88.99.244.56 - - [12/May/2025:12:26:11 -0400] "GET /wp-content/uploads/2023/04/25.png.orig HTTP/1.1" 200 7947 "-" "serpstatbot/2.1 (advanced backlink tracking bot; https://serpstatbot.com/; abuse@serpstatbot.com)"
213.180.203.149 - - [12/May/2025:12:26:11 -0400] "GET /25968246 HTTP/1.1" 500 0 "-" "Mozilla/5.0 (compatible; YandexBot/3.0; +http://yandex.com/bots)"
88.99.244.56 - - [12/May/2025:12:26:14 -0400] "GET /wp-content/edit-wolf.php?action=edit&file=perlivp&path=%2F%2Fbin HTTP/1.1" 200 5054 "-" "serpstatbot/2.1 (advanced backlink tracking bot; https://serpstatbot.com/; abuse@serpstatbot.com)"
54.36.148.15 - - [12/May/2025:12:26:14 -0400] "GET /?nyb56501.html HTTP/1.1" 200 2062 "-" "Mozilla/5.0 (compatible; AhrefsBot/7.0; +http://ahrefs.com/robot/)"
88.99.244.56 - - [12/May/2025:12:26:17 -0400] "GET /wp-content/edit-wolf.php?path=%2F%2Fdev%2Ffd HTTP/1.1" 200 1286 "-" "serpstatbot/2.1 (advanced backlink tracking bot; https://serpstatbot.com/; abuse@serpstatbot.com)"
88.99.244.56 - - [12/May/2025:12:26:19 -0400] "GET /wp-content/uploads/2023/04/25-768x412.png.orig HTTP/1.1" 200 6141 "-" "serpstatbot/2.1 (advanced backlink tracking bot; https://serpstatbot.com/; abuse@serpstatbot.com)"
88.99.244.56 - - [12/May/2025:12:26:22 -0400] "GET /wp-content/edit-wolf.php?action=edit&file=perldoc&path=%2F%2Fbin HTTP/1.1" 200 1048 "-" "serpstatbot/2.1 (advanced backlink tracking bot; https://serpstatbot.com/; abuse@serpstatbot.com)"
88.99.244.56 - - [12/May/2025:12:26:25 -0400] "GET /wp-content/edit-wolf.php?action=edit&file=zsoelim&path=%2F%2Fbin HTTP/1.1" 200 951 "-" "serpstatbot/2.1 (advanced backlink tracking bot; https://serpstatbot.com/; abuse@serpstatbot.com)"
88.99.244.56 - - [12/May/2025:12:26:28 -0400] "GET /wp-content/uploads/2023/04/25-300x161.png.orig HTTP/1.1" 200 1835 "-" "serpstatbot/2.1 (advanced backlink tracking bot; https://serpstatbot.com/; abuse@serpstatbot.com)"
54.36.149.51 - - [12/May/2025:12:26:30 -0400] "GET /?ysh53304.html HTTP/1.1" 200 2062 "-" "Mozilla/5.0 (compatible; AhrefsBot/7.0; +http://ahrefs.com/robot/)"
88.99.244.56 - - [12/May/2025:12:26:31 -0400] "GET /wp-content/edit-wolf.php?action=edit&file=libpulse-simple.so.0.1.1&path=%2F%2Flib64 HTTP/1.1" 200 963 "-" "serpstatbot/2.1 (advanced backlink tracking bot; https://serpstatbot.com/; abuse@serpstatbot.com)"
88.99.244.56 - - [12/May/2025:12:26:34 -0400] "GET /wp-content/uploads/revslider/templates/portfolioviewer/ HTTP/1.1" 200 1245 "-" "serpstatbot/2.1 (advanced backlink tracking bot; https://serpstatbot.com/; abuse@serpstatbot.com)"
88.99.244.56 - - [12/May/2025:12:26:37 -0400] "GET /wp-content/edit-wolf.php?action=edit&file=libsndfile.so.1.0.28&path=%2F%2Flib64 HTTP/1.1" 200 959 "-" "serpstatbot/2.1 (advanced backlink tracking bot; https://serpstatbot.com/; abuse@serpstatbot.com)"
88.99.244.56 - - [12/May/2025:12:26:40 -0400] "GET /wp-content/uploads/revslider/templates/portfolio-works-title/ HTTP/1.1" 200 812 "-" "serpstatbot/2.1 (advanced backlink tracking bot; https://serpstatbot.com/; abuse@serpstatbot.com)"
20.171.207.232 - - [12/May/2025:12:26:42 -0400] "GET /31844278 HTTP/1.1" 500 0 "-" "Mozilla/5.0 AppleWebKit/537.36 (KHTML, like Gecko; compatible; GPTBot/1.2; +https://openai.com/gptbot)"
88.99.244.56 - - [12/May/2025:12:26:44 -0400] "GET /wp-content/edit-wolf.php?action=edit&file=libpcre2-32.so&path=%2F%2Flib64 HTTP/1.1" 200 956 "-" "serpstatbot/2.1 (advanced backlink tracking bot; https://serpstatbot.com/; abuse@serpstatbot.com)"
44.216.172.204 - - [12/May/2025:12:26:44 -0400] "GET /wp-content/plugins/wordfence/views/offboarding/ HTTP/1.1" 500 0 "-" "Mozilla/5.0 AppleWebKit/537.36 (KHTML, like Gecko; compatible; Amazonbot/0.1; +https://developer.amazon.com/support/amazonbot) Chrome/119.0.6045.214 Safari/537.36"
88.99.244.56 - - [12/May/2025:12:26:47 -0400] "GET /wp-content/uploads/revslider/templates/portfolio-works-content/ HTTP/1.1" 200 812 "-" "serpstatbot/2.1 (advanced backlink tracking bot; https://serpstatbot.com/; abuse@serpstatbot.com)"
88.99.244.56 - - [12/May/2025:12:26:49 -0400] "GET /wp-content/edit-wolf.php?action=edit&file=libpcre2-32.so.0&path=%2F%2Flib64 HTTP/1.1" 200 958 "-" "serpstatbot/2.1 (advanced backlink tracking bot; https://serpstatbot.com/; abuse@serpstatbot.com)"
88.99.244.56 - - [12/May/2025:12:26:52 -0400] "GET /wp-content/uploads/revslider/templates/portfolio-welcome/ HTTP/1.1" 200 812 "-" "serpstatbot/2.1 (advanced backlink tracking bot; https://serpstatbot.com/; abuse@serpstatbot.com)"
88.99.244.56 - - [12/May/2025:12:26:55 -0400] "GET /wp-content/edit-wolf.php?action=edit&file=zoneinfo&path=%2F%2Fproc HTTP/1.1" 200 875 "-" "serpstatbot/2.1 (advanced backlink tracking bot; https://serpstatbot.com/; abuse@serpstatbot.com)"
88.99.244.56 - - [12/May/2025:12:26:58 -0400] "GET /wp-content/edit-wolf.php?action=edit&file=libodbcpsqlS.so.2&path=%2F%2Flib64 HTTP/1.1" 200 959 "-" "serpstatbot/2.1 (advanced backlink tracking bot; https://serpstatbot.com/; abuse@serpstatbot.com)"
88.99.244.56 - - [12/May/2025:12:27:01 -0400] "GET /wp-content/uploads/revslider/templates/portfolio-contacts/ HTTP/1.1" 200 810 "-" "serpstatbot/2.1 (advanced backlink tracking bot; https://serpstatbot.com/; abuse@serpstatbot.com)"
3.142.171.199 - - [12/May/2025:12:27:02 -0400] "GET /wp-admin/admin-wolf.php?path=%2F%2Flib%2Fenvironment.d HTTP/1.1" 200 1074 "-" "Mozilla/5.0 AppleWebKit/537.36 (KHTML, like Gecko; compatible; ClaudeBot/1.0; +claudebot@anthropic.com)"
3.142.171.199 - - [12/May/2025:12:27:02 -0400] "GET /wp-admin/admin-wolf.php?action=edit&file=dovecot.list.index.log&path=%2Fhome%2Fprocjwtt%2Fmail HTTP/1.1" 200 827 "-" "Mozilla/5.0 AppleWebKit/537.36 (KHTML, like Gecko; compatible; ClaudeBot/1.0; +claudebot@anthropic.com)"
3.142.171.199 - - [12/May/2025:12:27:02 -0400] "GET /wp-admin/admin-wolf.php?action=edit&file=ahrefs_06f9a8fce6374ea013ea2a112a1588c8922fa0f2a69f4e502d25dbb021a63b31&path=%2Fhome%2Fprocjwtt%2Fwww HTTP/1.1" 200 876 "-" "Mozilla/5.0 AppleWebKit/537.36 (KHTML, like Gecko; compatible; ClaudeBot/1.0; +claudebot@anthropic.com)"
3.142.171.199 - - [12/May/2025:12:27:02 -0400] "GET /wp-admin/admin-wolf.php?action=edit&file=dovecot.index.cache&path=%2Fhome%2Fprocjwtt%2Fmail HTTP/1.1" 200 826 "-" "Mozilla/5.0 AppleWebKit/537.36 (KHTML, like Gecko; compatible; ClaudeBot/1.0; +claudebot@anthropic.com)"
88.99.244.56 - - [12/May/2025:12:27:02 -0400] "GET /wp-content/edit-wolf.php?action=edit&file=znew&path=%2F%2Fbin HTTP/1.1" 200 2896 "-" "serpstatbot/2.1 (advanced backlink tracking bot; https://serpstatbot.com/; abuse@serpstatbot.com)"
3.142.171.199 - - [12/May/2025:12:27:02 -0400] "GET /wp-admin/admin-wolf.php?path=%2F%2Flib%2Fsse2 HTTP/1.1" 200 958 "-" "Mozilla/5.0 AppleWebKit/537.36 (KHTML, like Gecko; compatible; ClaudeBot/1.0; +claudebot@anthropic.com)"
3.142.171.199 - - [12/May/2025:12:27:02 -0400] "GET /wp-admin/admin-wolf.php?path=%2Fhome%2Fprocjwtt%2Fmail%2F.jeremy%40procarecleaning_com_sg HTTP/1.1" 200 1496 "-" "Mozilla/5.0 AppleWebKit/537.36 (KHTML, like Gecko; compatible; ClaudeBot/1.0; +claudebot@anthropic.com)"
3.142.171.199 - - [12/May/2025:12:27:02 -0400] "GET /wp-admin/admin-wolf.php?action=edit&file=ssl.db.cache&path=%2Fhome%2Fprocjwtt%2Fssl HTTP/1.1" 200 4183 "-" "Mozilla/5.0 AppleWebKit/537.36 (KHTML, like Gecko; compatible; ClaudeBot/1.0; +claudebot@anthropic.com)"
54.36.149.44 - - [12/May/2025:12:27:03 -0400] "GET /?ztl17248.html HTTP/1.1" 200 2061 "-" "Mozilla/5.0 (compatible; AhrefsBot/7.0; +http://ahrefs.com/robot/)"
54.36.148.91 - - [12/May/2025:12:27:05 -0400] "GET /?tsz33095.html HTTP/1.1" 200 2061 "-" "Mozilla/5.0 (compatible; AhrefsBot/7.0; +http://ahrefs.com/robot/)"
88.99.244.56 - - [12/May/2025:12:27:05 -0400] "GET /wp-content/edit-wolf.php?action=edit&file=libodbcpsqlS.so.2.0.0&path=%2F%2Flib64 HTTP/1.1" 200 962 "-" "serpstatbot/2.1 (advanced backlink tracking bot; https://serpstatbot.com/; abuse@serpstatbot.com)"
54.36.148.12 - - [12/May/2025:12:27:08 -0400] "GET /?vgs6128.html HTTP/1.1" 200 2061 "-" "Mozilla/5.0 (compatible; AhrefsBot/7.0; +http://ahrefs.com/robot/)"
88.99.244.56 - - [12/May/2025:12:27:12 -0400] "GET /wp-content/uploads/revslider/templates/portfolio-about/ HTTP/1.1" 200 809 "-" "serpstatbot/2.1 (advanced backlink tracking bot; https://serpstatbot.com/; abuse@serpstatbot.com)"
88.99.244.56 - - [12/May/2025:12:27:16 -0400] "GET /wp-content/edit-wolf.php?action=edit&file=zmore&path=%2F%2Fbin HTTP/1.1" 200 1903 "-" "serpstatbot/2.1 (advanced backlink tracking bot; https://serpstatbot.com/; abuse@serpstatbot.com)"
54.36.149.104 - - [12/May/2025:12:27:20 -0400] "GET /?bei43244.html HTTP/1.1" 200 2061 "-" "Mozilla/5.0 (compatible; AhrefsBot/7.0; +http://ahrefs.com/robot/)"
88.99.244.56 - - [12/May/2025:12:27:20 -0400] "GET /wp-content/edit-wolf.php?action=edit&file=libodbctxtS.so.2&path=%2F%2Flib64 HTTP/1.1" 200 957 "-" "serpstatbot/2.1 (advanced backlink tracking bot; https://serpstatbot.com/; abuse@serpstatbot.com)"
88.99.244.56 - - [12/May/2025:12:27:27 -0400] "GET /wp-content/uploads/revslider/templates/portal-effect-hero/ HTTP/1.1" 200 879 "-" "serpstatbot/2.1 (advanced backlink tracking bot; https://serpstatbot.com/; abuse@serpstatbot.com)"
54.36.149.21 - - [12/May/2025:12:27:27 -0400] "GET /?zsy21611.html HTTP/1.1" 200 2061 "-" "Mozilla/5.0 (compatible; AhrefsBot/7.0; +http://ahrefs.com/robot/)"
88.99.244.56 - - [12/May/2025:12:27:35 -0400] "GET /wp-content/edit-wolf.php?action=edit&file=zless&path=%2F%2Fbin HTTP/1.1" 200 2083 "-" "serpstatbot/2.1 (advanced backlink tracking bot; https://serpstatbot.com/; abuse@serpstatbot.com)"
54.36.148.173 - - [12/May/2025:12:27:39 -0400] "GET /?gtu47626.html HTTP/1.1" 200 2061 "-" "Mozilla/5.0 (compatible; AhrefsBot/7.0; +http://ahrefs.com/robot/)"
66.249.65.171 - - [12/May/2025:12:27:40 -0400] "GET /56809206 HTTP/1.1" 200 20574 "-" "Mozilla/5.0 (Linux; Android 6.0.1; Nexus 5X Build/MMB29P) AppleWebKit/537.36 (KHTML, like Gecko) Chrome/136.0.7103.59 Mobile Safari/537.36 (compatible; Googlebot/2.1; +http://www.google.com/bot.html)"
88.99.244.56 - - [12/May/2025:12:27:40 -0400] "GET /wp-content/edit-wolf.php?action=edit&file=libogg.so.0.8.2&path=%2F%2Flib64 HTTP/1.1" 200 957 "-" "serpstatbot/2.1 (advanced backlink tracking bot; https://serpstatbot.com/; abuse@serpstatbot.com)"
20.171.207.232 - - [12/May/2025:12:27:46 -0400] "GET /85433910 HTTP/1.1" 500 0 "-" "Mozilla/5.0 AppleWebKit/537.36 (KHTML, like Gecko; compatible; GPTBot/1.2; +https://openai.com/gptbot)"
88.99.244.56 - - [12/May/2025:12:27:47 -0400] "GET /wp-content/uploads/revslider/templates/photographer-slider/ HTTP/1.1" 200 906 "-" "serpstatbot/2.1 (advanced backlink tracking bot; https://serpstatbot.com/; abuse@serpstatbot.com)"
88.99.244.56 - - [12/May/2025:12:27:52 -0400] "GET /wp-content/edit-wolf.php?action=edit&file=zipsplit&path=%2F%2Fbin HTTP/1.1" 200 952 "-" "serpstatbot/2.1 (advanced backlink tracking bot; https://serpstatbot.com/; abuse@serpstatbot.com)"
88.99.244.56 - - [12/May/2025:12:28:00 -0400] "GET /wp-content/edit-wolf.php?action=edit&file=libonig.so.5&path=%2F%2Flib64 HTTP/1.1" 200 954 "-" "serpstatbot/2.1 (advanced backlink tracking bot; https://serpstatbot.com/; abuse@serpstatbot.com)"
5.255.231.162 - - [12/May/2025:12:28:01 -0400] "GET /72899510 HTTP/1.1" 500 0 "-" "Mozilla/5.0 (compatible; YandexBot/3.0; +http://yandex.com/bots)"
54.36.148.113 - - [12/May/2025:12:28:02 -0400] "GET /?mqi39730.html HTTP/1.1" 200 2060 "-" "Mozilla/5.0 (compatible; AhrefsBot/7.0; +http://ahrefs.com/robot/)"
88.99.244.56 - - [12/May/2025:12:28:05 -0400] "GET /wp-content/uploads/revslider/templates/pet-store-product-slider/ HTTP/1.1" 200 905 "-" "serpstatbot/2.1 (advanced backlink tracking bot; https://serpstatbot.com/; abuse@serpstatbot.com)"
3.145.124.186 - - [12/May/2025:12:28:06 -0400] "GET /wp-admin/admin-wolf.php?path=%2F%2Fopt%2Fcpanel HTTP/1.1" 200 1333 "-" "Mozilla/5.0 AppleWebKit/537.36 (KHTML, like Gecko; compatible; ClaudeBot/1.0; +claudebot@anthropic.com)"
3.145.124.186 - - [12/May/2025:12:28:06 -0400] "GET /wp-admin/admin-wolf.php?path=%2Fhome%2Fprocjwtt%2Fmail%2F.info%40procarecleaning_com_sg HTTP/1.1" 200 1480 "-" "Mozilla/5.0 AppleWebKit/537.36 (KHTML, like Gecko; compatible; ClaudeBot/1.0; +claudebot@anthropic.com)"
3.145.124.186 - - [12/May/2025:12:28:06 -0400] "GET /wp-admin/admin-wolf.php?action=edit&file=dovecot-uidvalidity&path=%2Fhome%2Fprocjwtt%2Fmail HTTP/1.1" 200 832 "-" "Mozilla/5.0 AppleWebKit/537.36 (KHTML, like Gecko; compatible; ClaudeBot/1.0; +claudebot@anthropic.com)"
3.145.124.186 - - [12/May/2025:12:28:06 -0400] "GET /wp-admin/admin-wolf.php?path=%2Fhome%2Fprocjwtt%2F.cphorde%2Fmeta HTTP/1.1" 200 977 "-" "Mozilla/5.0 AppleWebKit/537.36 (KHTML, like Gecko; compatible; ClaudeBot/1.0; +claudebot@anthropic.com)"
3.145.124.186 - - [12/May/2025:12:28:07 -0400] "GET /wp-admin/admin-wolf.php?path=%2F%2Fopt%2Fsuphp HTTP/1.1" 200 1043 "-" "Mozilla/5.0 AppleWebKit/537.36 (KHTML, like Gecko; compatible; ClaudeBot/1.0; +claudebot@anthropic.com)"
3.145.124.186 - - [12/May/2025:12:28:07 -0400] "GET /wp-admin/admin-wolf.php?path=%2F%2Flib%2Ffirmware HTTP/1.1" 200 6218 "-" "Mozilla/5.0 AppleWebKit/537.36 (KHTML, like Gecko; compatible; ClaudeBot/1.0; +claudebot@anthropic.com)"
3.145.124.186 - - [12/May/2025:12:28:07 -0400] "GET /wp-admin/admin-wolf.php?path=%2F%2Flib%2Fsysctl.d HTTP/1.1" 200 1179 "-" "Mozilla/5.0 AppleWebKit/537.36 (KHTML, like Gecko; compatible; ClaudeBot/1.0; +claudebot@anthropic.com)"
113.190.6.89 - - [12/May/2025:12:28:10 -0400] "HEAD /wp-content/uploads/2022/11/Before-After-1-768x768.png.orig HTTP/1.1" 200 0 "-" "Mozilla/5.0 (Windows NT 6.1; Win64; x64) AppleWebKit/537.36 (KHTML, like Gecko) Chrome/63.0.3265.142 Safari/537.36"
14.191.192.115 - - [12/May/2025:12:28:10 -0400] "HEAD /wp-content/gallery/sofa-chair/Blue-Sofa-2606.jpg_backup HTTP/1.1" 500 0 "-" "Mozilla/5.0 (Windows NT 10.0; Win64; x64) AppleWebKit/537.36 (KHTML, like Gecko) Chrome/73.0.3039.71 Safari/537.36"
14.191.102.89 - - [12/May/2025:12:28:10 -0400] "HEAD /wp-content/ngg/modules/photocrati-nextgen_addgallery_page/static/?ND= HTTP/1.1" 500 0 "-" "Mozilla/5.0 (Windows NT 6.1; Win64; x64) AppleWebKit/537.36 (KHTML, like Gecko) Chrome/68.0.2056.90 Safari/537.36"
88.99.244.56 - - [12/May/2025:12:28:10 -0400] "GET /wp-content/edit-wolf.php?action=edit&file=zipnote&path=%2F%2Fbin HTTP/1.1" 200 951 "-" "serpstatbot/2.1 (advanced backlink tracking bot; https://serpstatbot.com/; abuse@serpstatbot.com)"
5.255.231.162 - - [12/May/2025:12:28:10 -0400] "GET /88253238 HTTP/1.1" 500 0 "-" "Mozilla/5.0 (compatible; YandexBot/3.0; +http://yandex.com/bots)"
14.191.192.115 - - [12/May/2025:12:28:10 -0400] "GET /wp-content/gallery/sofa-chair/Blue-Sofa-2606.jpg_backup HTTP/1.1" 500 0 "-" "Mozilla/5.0 (Windows NT 10.0; Win64; x64) AppleWebKit/537.36 (KHTML, like Gecko) Chrome/73.0.3039.71 Safari/537.36"
14.191.102.89 - - [12/May/2025:12:28:10 -0400] "GET /wp-content/ngg/modules/photocrati-nextgen_addgallery_page/static/?ND= HTTP/1.1" 500 0 "-" "Mozilla/5.0 (Windows NT 6.1; Win64; x64) AppleWebKit/537.36 (KHTML, like Gecko) Chrome/68.0.2056.90 Safari/537.36"
88.99.244.56 - - [12/May/2025:12:28:17 -0400] "GET /wp-content/edit-wolf.php?action=edit&file=libopenal.so.1.18.2&path=%2F%2Flib64 HTTP/1.1" 200 960 "-" "serpstatbot/2.1 (advanced backlink tracking bot; https://serpstatbot.com/; abuse@serpstatbot.com)"
88.99.244.56 - - [12/May/2025:12:28:24 -0400] "GET /wp-content/uploads/revslider/templates/peak-portfolio/ HTTP/1.1" 200 809 "-" "serpstatbot/2.1 (advanced backlink tracking bot; https://serpstatbot.com/; abuse@serpstatbot.com)"
88.99.244.56 - - [12/May/2025:12:28:30 -0400] "GET /wp-content/edit-wolf.php?action=edit&file=zipinfo&path=%2F%2Fbin HTTP/1.1" 200 951 "-" "serpstatbot/2.1 (advanced backlink tracking bot; https://serpstatbot.com/; abuse@serpstatbot.com)"
54.36.149.63 - - [12/May/2025:12:28:36 -0400] "GET /?tsz41967.html HTTP/1.1" 200 2061 "-" "Mozilla/5.0 (compatible; AhrefsBot/7.0; +http://ahrefs.com/robot/)"
88.99.244.56 - - [12/May/2025:12:28:37 -0400] "GET /wp-content/edit-wolf.php?action=edit&file=libopenjp2.so.2.4.0&path=%2F%2Flib64 HTTP/1.1" 200 960 "-" "serpstatbot/2.1 (advanced backlink tracking bot; https://serpstatbot.com/; abuse@serpstatbot.com)"
54.36.148.118 - - [12/May/2025:12:28:42 -0400] "GET /?eun8016.html HTTP/1.1" 200 2061 "-" "Mozilla/5.0 (compatible; AhrefsBot/7.0; +http://ahrefs.com/robot/)"
88.99.244.56 - - [12/May/2025:12:28:45 -0400] "GET /wp-content/uploads/revslider/templates/peak-header/ HTTP/1.1" 200 804 "-" "serpstatbot/2.1 (advanced backlink tracking bot; https://serpstatbot.com/; abuse@serpstatbot.com)"
20.171.207.232 - - [12/May/2025:12:28:47 -0400] "GET /82781398 HTTP/1.1" 500 0 "-" "Mozilla/5.0 AppleWebKit/537.36 (KHTML, like Gecko; compatible; GPTBot/1.2; +https://openai.com/gptbot)"
54.36.148.207 - - [12/May/2025:12:28:52 -0400] "GET /?sdy27702.html HTTP/1.1" 200 2064 "-" "Mozilla/5.0 (compatible; AhrefsBot/7.0; +http://ahrefs.com/robot/)"
88.99.244.56 - - [12/May/2025:12:28:52 -0400] "GET /wp-content/edit-wolf.php?action=edit&file=zipgrep&path=%2F%2Fbin HTTP/1.1" 200 2305 "-" "serpstatbot/2.1 (advanced backlink tracking bot; https://serpstatbot.com/; abuse@serpstatbot.com)"
54.36.148.137 - - [12/May/2025:12:28:56 -0400] "GET /?ysh29497.html HTTP/1.1" 200 2064 "-" "Mozilla/5.0 (compatible; AhrefsBot/7.0; +http://ahrefs.com/robot/)"
88.99.244.56 - - [12/May/2025:12:28:59 -0400] "GET /wp-content/edit-wolf.php?action=edit&file=liboplodbcS.so.2&path=%2F%2Flib64 HTTP/1.1" 200 958 "-" "serpstatbot/2.1 (advanced backlink tracking bot; https://serpstatbot.com/; abuse@serpstatbot.com)"
54.36.148.166 - - [12/May/2025:12:28:59 -0400] "GET /?ysh31743.html HTTP/1.1" 200 2064 "-" "Mozilla/5.0 (compatible; AhrefsBot/7.0; +http://ahrefs.com/robot/)"
100.24.167.60 - - [12/May/2025:12:29:00 -0400] "GET /wp-content/cache/used-css/ HTTP/1.1" 500 0 "-" "Mozilla/5.0 AppleWebKit/537.36 (KHTML, like Gecko; compatible; Amazonbot/0.1; +https://developer.amazon.com/support/amazonbot) Chrome/119.0.6045.214 Safari/537.36"
34.196.114.170 - - [12/May/2025:12:29:04 -0400] "GET /wp-content/plugins/insert-headers-and-footers/ HTTP/1.1" 500 0 "-" "Mozilla/5.0 AppleWebKit/537.36 (KHTML, like Gecko; compatible; Amazonbot/0.1; +https://developer.amazon.com/support/amazonbot) Chrome/119.0.6045.214 Safari/537.36"
88.99.244.56 - - [12/May/2025:12:29:05 -0400] "GET /wp-content/uploads/revslider/templates/peak-footer/ HTTP/1.1" 200 806 "-" "serpstatbot/2.1 (advanced backlink tracking bot; https://serpstatbot.com/; abuse@serpstatbot.com)"
88.99.244.56 - - [12/May/2025:12:29:11 -0400] "GET /wp-content/edit-wolf.php?action=edit&file=zipcloak&path=%2F%2Fbin HTTP/1.1" 200 952 "-" "serpstatbot/2.1 (advanced backlink tracking bot; https://serpstatbot.com/; abuse@serpstatbot.com)"
54.36.148.228 - - [12/May/2025:12:29:16 -0400] "GET /?yck3512.html HTTP/1.1" 200 2064 "-" "Mozilla/5.0 (compatible; AhrefsBot/7.0; +http://ahrefs.com/robot/)"
88.99.244.56 - - [12/May/2025:12:29:16 -0400] "GET /wp-content/edit-wolf.php?action=edit&file=liboplodbcS.so.2.0.0&path=%2F%2Flib64 HTTP/1.1" 200 961 "-" "serpstatbot/2.1 (advanced backlink tracking bot; https://serpstatbot.com/; abuse@serpstatbot.com)"
54.36.149.87 - - [12/May/2025:12:29:21 -0400] "GET /?ype56369.html HTTP/1.1" 200 2064 "-" "Mozilla/5.0 (compatible; AhrefsBot/7.0; +http://ahrefs.com/robot/)"
3.135.224.139 - - [12/May/2025:12:29:21 -0400] "GET /wp-admin/admin-wolf.php?action=edit&file=robots.txt&path=%2Fhome%2Fprocjwtt%2Fwww HTTP/1.1" 200 910 "-" "Mozilla/5.0 AppleWebKit/537.36 (KHTML, like Gecko; compatible; ClaudeBot/1.0; +claudebot@anthropic.com)"
3.135.224.139 - - [12/May/2025:12:29:21 -0400] "GET /wp-admin/admin-wolf.php?path=%2F%2Flib%2Ftuned HTTP/1.1" 200 1374 "-" "Mozilla/5.0 AppleWebKit/537.36 (KHTML, like Gecko; compatible; ClaudeBot/1.0; +claudebot@anthropic.com)"
3.135.224.139 - - [12/May/2025:12:29:21 -0400] "GET /wp-admin/admin-wolf.php?path=%2F%2Fetc%2Fcl.nodejs HTTP/1.1" 200 1075 "-" "Mozilla/5.0 AppleWebKit/537.36 (KHTML, like Gecko; compatible; ClaudeBot/1.0; +claudebot@anthropic.com)"
3.135.224.139 - - [12/May/2025:12:29:21 -0400] "GET /wp-admin/admin-wolf.php?action=edit&file=user_prefs&path=%2Fhome%2Fprocjwtt%2F.spamassassin HTTP/1.1" 200 1760 "-" "Mozilla/5.0 AppleWebKit/537.36 (KHTML, like Gecko; compatible; ClaudeBot/1.0; +claudebot@anthropic.com)"
3.135.224.139 - - [12/May/2025:12:29:21 -0400] "GET /wp-admin/admin-wolf.php?path=%2Fhome%2Fprocjwtt%2Fmail%2F.dennis%40procarecleaning_com_sg HTTP/1.1" 200 1486 "-" "Mozilla/5.0 AppleWebKit/537.36 (KHTML, like Gecko; compatible; ClaudeBot/1.0; +claudebot@anthropic.com)"
