88.99.244.56 - - [12/May/2025:12:29:22 -0400] "GET /wp-content/uploads/revslider/templates/peak-about/ HTTP/1.1" 200 806 "-" "serpstatbot/2.1 (advanced backlink tracking bot; https://serpstatbot.com/; abuse@serpstatbot.com)"
3.135.224.139 - - [12/May/2025:12:29:22 -0400] "GET /wp-admin/admin-wolf.php?action=edit&file=storage.sqlite&path=%2Fhome%2Fprocjwtt%2F.subaccounts HTTP/1.1" 200 825 "-" "Mozilla/5.0 AppleWebKit/537.36 (KHTML, like Gecko; compatible; ClaudeBot/1.0; +claudebot@anthropic.com)"
3.135.224.139 - - [12/May/2025:12:29:22 -0400] "GET /wp-admin/admin-wolf.php?path=%2Fhome%2Fprocjwtt%2Fmail%2F.spam HTTP/1.1" 200 1229 "-" "Mozilla/5.0 AppleWebKit/537.36 (KHTML, like Gecko; compatible; ClaudeBot/1.0; +claudebot@anthropic.com)"
87.250.224.40 - - [12/May/2025:12:29:23 -0400] "GET /43184758 HTTP/1.1" 500 0 "-" "Mozilla/5.0 (compatible; YandexBot/3.0; +http://yandex.com/bots)"
88.99.244.56 - - [12/May/2025:12:29:29 -0400] "GET /wp-content/edit-wolf.php?action=edit&file=zip&path=%2F%2Fbin HTTP/1.1" 200 948 "-" "serpstatbot/2.1 (advanced backlink tracking bot; https://serpstatbot.com/; abuse@serpstatbot.com)"
40.77.167.76 - - [12/May/2025:12:29:29 -0400] "GET /personallyd30rm/709d.html HTTP/1.1" 200 20187 "-" "Mozilla/5.0 AppleWebKit/537.36 (KHTML, like Gecko; compatible; bingbot/2.0; +http://www.bing.com/bingbot.htm) Chrome/116.0.1938.76 Safari/537.36"
54.36.149.52 - - [12/May/2025:12:29:30 -0400] "GET /?lml33456.html HTTP/1.1" 200 2061 "-" "Mozilla/5.0 (compatible; AhrefsBot/7.0; +http://ahrefs.com/robot/)"
88.99.244.56 - - [12/May/2025:12:29:36 -0400] "GET /wp-content/edit-wolf.php?action=edit&file=libopus.so.0&path=%2F%2Flib64 HTTP/1.1" 200 954 "-" "serpstatbot/2.1 (advanced backlink tracking bot; https://serpstatbot.com/; abuse@serpstatbot.com)"
66.249.65.169 - - [12/May/2025:12:29:43 -0400] "GET /49141238 HTTP/1.1" 200 19158 "-" "Mozilla/5.0 (Linux; Android 6.0.1; Nexus 5X Build/MMB29P) AppleWebKit/537.36 (KHTML, like Gecko) Chrome/136.0.7103.59 Mobile Safari/537.36 (compatible; Googlebot/2.1; +http://www.google.com/bot.html)"
54.36.148.171 - - [12/May/2025:12:29:43 -0400] "GET /?sdy21899.html HTTP/1.1" 200 2106 "-" "Mozilla/5.0 (compatible; AhrefsBot/7.0; +http://ahrefs.com/robot/)"
88.99.244.56 - - [12/May/2025:12:29:43 -0400] "GET /wp-content/uploads/revslider/templates/particle-wave-showcase/ HTTP/1.1" 200 910 "-" "serpstatbot/2.1 (advanced backlink tracking bot; https://serpstatbot.com/; abuse@serpstatbot.com)"
95.108.213.105 - - [12/May/2025:12:29:46 -0400] "GET /16897558 HTTP/1.1" 500 0 "-" "Mozilla/5.0 (compatible; YandexBot/3.0; +http://yandex.com/bots)"
20.171.207.232 - - [12/May/2025:12:29:51 -0400] "GET /19452182 HTTP/1.1" 500 0 "-" "Mozilla/5.0 AppleWebKit/537.36 (KHTML, like Gecko; compatible; GPTBot/1.2; +https://openai.com/gptbot)"
88.99.244.56 - - [12/May/2025:12:29:54 -0400] "GET /wp-content/edit-wolf.php?action=edit&file=zi3qaTTO&path=%2Fhome%2Fprocjwtt%2Fwww HTTP/1.1" 500 876 "-" "serpstatbot/2.1 (advanced backlink tracking bot; https://serpstatbot.com/; abuse@serpstatbot.com)"
213.180.203.121 - - [12/May/2025:12:29:56 -0400] "GET /27483862 HTTP/1.1" 500 0 "-" "Mozilla/5.0 (compatible; YandexBot/3.0; +http://yandex.com/bots)"
54.36.149.65 - - [12/May/2025:12:29:58 -0400] "GET /?vfa13684.html HTTP/1.1" 200 2063 "-" "Mozilla/5.0 (compatible; AhrefsBot/7.0; +http://ahrefs.com/robot/)"
88.99.244.56 - - [12/May/2025:12:30:01 -0400] "GET /wp-content/edit-wolf.php?action=edit&file=liboraodbcS.so.2&path=%2F%2Flib64 HTTP/1.1" 200 957 "-" "serpstatbot/2.1 (advanced backlink tracking bot; https://serpstatbot.com/; abuse@serpstatbot.com)"
88.99.244.56 - - [12/May/2025:12:30:08 -0400] "GET /wp-content/uploads/revslider/templates/particle-hero/ HTTP/1.1" 200 809 "-" "serpstatbot/2.1 (advanced backlink tracking bot; https://serpstatbot.com/; abuse@serpstatbot.com)"
54.36.148.142 - - [12/May/2025:12:30:13 -0400] "GET /?fus40558.html HTTP/1.1" 200 2063 "-" "Mozilla/5.0 (compatible; AhrefsBot/7.0; +http://ahrefs.com/robot/)"
88.99.244.56 - - [12/May/2025:12:30:15 -0400] "GET /wp-content/edit-wolf.php?action=edit&file=zgrep&path=%2F%2Fbin HTTP/1.1" 200 4283 "-" "serpstatbot/2.1 (advanced backlink tracking bot; https://serpstatbot.com/; abuse@serpstatbot.com)"
54.85.126.86 - - [12/May/2025:12:30:15 -0400] "GET /wp-content/edit-wolf.php?action=edit&file=class-wp-http-encoding.php&path=/home/procjwtt/public_html/wp-includes HTTP/1.1" 200 3336 "-" "Mozilla/5.0 AppleWebKit/537.36 (KHTML, like Gecko; compatible; Amazonbot/0.1; +https://developer.amazon.com/support/amazonbot) Chrome/119.0.6045.214 Safari/537.36"
44.212.145.46 - - [12/May/2025:12:30:19 -0400] "GET /wp-content/edit-wolf.php?action=edit&file=class-wp-user-meta-session-tokens.php&path=/home/procjwtt/public_html/wp-includes HTTP/1.1" 200 1912 "-" "Mozilla/5.0 AppleWebKit/537.36 (KHTML, like Gecko; compatible; Amazonbot/0.1; +https://developer.amazon.com/support/amazonbot) Chrome/119.0.6045.214 Safari/537.36"
88.99.244.56 - - [12/May/2025:12:30:20 -0400] "GET /wp-content/edit-wolf.php?action=edit&file=liborc-test-0.4.so.0&path=%2F%2Flib64 HTTP/1.1" 200 960 "-" "serpstatbot/2.1 (advanced backlink tracking bot; https://serpstatbot.com/; abuse@serpstatbot.com)"
5.255.231.106 - - [12/May/2025:12:30:20 -0400] "GET /66318518 HTTP/1.1" 500 0 "-" "Mozilla/5.0 (compatible; YandexBot/3.0; +http://yandex.com/bots)"
54.36.149.80 - - [12/May/2025:12:30:23 -0400] "GET /?lml43096.html HTTP/1.1" 200 2065 "-" "Mozilla/5.0 (compatible; AhrefsBot/7.0; +http://ahrefs.com/robot/)"
18.222.253.97 - - [12/May/2025:12:30:23 -0400] "GET /wp-admin/admin-wolf.php?path=%2F%2Fopt%2FMegaRAID HTTP/1.1" 200 962 "-" "Mozilla/5.0 AppleWebKit/537.36 (KHTML, like Gecko; compatible; ClaudeBot/1.0; +claudebot@anthropic.com)"
18.222.253.97 - - [12/May/2025:12:30:23 -0400] "GET /wp-admin/admin-wolf.php?action=edit&file=dovecot-uidlist&path=%2Fhome%2Fprocjwtt%2Fmail HTTP/1.1" 200 26562 "-" "Mozilla/5.0 AppleWebKit/537.36 (KHTML, like Gecko; compatible; ClaudeBot/1.0; +claudebot@anthropic.com)"
18.222.253.97 - - [12/May/2025:12:30:23 -0400] "GET /wp-admin/admin-wolf.php?action=edit&file=sess_32a73b1f5a02ff457eb064d0b6b553b4&path=%2Fhome%2Fprocjwtt%2Ftmp HTTP/1.1" 200 842 "-" "Mozilla/5.0 AppleWebKit/537.36 (KHTML, like Gecko; compatible; ClaudeBot/1.0; +claudebot@anthropic.com)"
54.36.149.16 - - [12/May/2025:12:30:24 -0400] "GET /?zwy51526.html HTTP/1.1" 200 2065 "-" "Mozilla/5.0 (compatible; AhrefsBot/7.0; +http://ahrefs.com/robot/)"
18.222.253.97 - - [12/May/2025:12:30:24 -0400] "GET /wp-admin/admin-wolf.php?path=%2F%2Fopt%2Fimunify360 HTTP/1.1" 200 1060 "-" "Mozilla/5.0 AppleWebKit/537.36 (KHTML, like Gecko; compatible; ClaudeBot/1.0; +claudebot@anthropic.com)"
18.206.47.187 - - [12/May/2025:12:30:24 -0400] "GET /wp-content/edit-wolf.php?action=edit&file=class-wp-block-parser-block.php&path=/home/procjwtt/public_html/wp-includes HTTP/1.1" 200 1776 "-" "Mozilla/5.0 AppleWebKit/537.36 (KHTML, like Gecko; compatible; Amazonbot/0.1; +https://developer.amazon.com/support/amazonbot) Chrome/119.0.6045.214 Safari/537.36"
18.222.253.97 - - [12/May/2025:12:30:24 -0400] "GET /wp-admin/admin-wolf.php?action=edit&file=unix_update&path=%2F%2Fsbin HTTP/1.1" 200 823 "-" "Mozilla/5.0 AppleWebKit/537.36 (KHTML, like Gecko; compatible; ClaudeBot/1.0; +claudebot@anthropic.com)"
18.222.253.97 - - [12/May/2025:12:30:24 -0400] "GET /wp-admin/admin-wolf.php?action=edit&file=user.php&path=%2Fhome%2Fprocjwtt%2F.softaculous HTTP/1.1" 200 1125 "-" "Mozilla/5.0 AppleWebKit/537.36 (KHTML, like Gecko; compatible; ClaudeBot/1.0; +claudebot@anthropic.com)"
18.222.253.97 - - [12/May/2025:12:30:24 -0400] "GET /wp-admin/admin-wolf.php?action=edit&file=readme.html&path=%2Fhome%2Fprocjwtt%2Fwww HTTP/1.1" 200 3825 "-" "Mozilla/5.0 AppleWebKit/537.36 (KHTML, like Gecko; compatible; ClaudeBot/1.0; +claudebot@anthropic.com)"
88.99.244.56 - - [12/May/2025:12:30:25 -0400] "GET /wp-content/uploads/revslider/templates/particle-effect-two/ HTTP/1.1" 200 814 "-" "serpstatbot/2.1 (advanced backlink tracking bot; https://serpstatbot.com/; abuse@serpstatbot.com)"
54.36.149.40 - - [12/May/2025:12:30:29 -0400] "GET /?mpy24646.html HTTP/1.1" 200 2065 "-" "Mozilla/5.0 (compatible; AhrefsBot/7.0; +http://ahrefs.com/robot/)"
88.99.244.56 - - [12/May/2025:12:30:29 -0400] "GET /wp-content/edit-wolf.php?action=edit&file=zforce&path=%2F%2Fbin HTTP/1.1" 200 2048 "-" "serpstatbot/2.1 (advanced backlink tracking bot; https://serpstatbot.com/; abuse@serpstatbot.com)"
95.108.213.103 - - [12/May/2025:12:30:30 -0400] "GET /9450134 HTTP/1.1" 500 0 "-" "Mozilla/5.0 (compatible; YandexBot/3.0; +http://yandex.com/bots)"
88.99.244.56 - - [12/May/2025:12:30:34 -0400] "GET /wp-content/edit-wolf.php?action=edit&file=liborc-test-0.4.so.0.28.0&path=%2F%2Flib64 HTTP/1.1" 200 964 "-" "serpstatbot/2.1 (advanced backlink tracking bot; https://serpstatbot.com/; abuse@serpstatbot.com)"
88.99.244.56 - - [12/May/2025:12:30:39 -0400] "GET /wp-content/uploads/revslider/templates/particle-effect-three/ HTTP/1.1" 200 814 "-" "serpstatbot/2.1 (advanced backlink tracking bot; https://serpstatbot.com/; abuse@serpstatbot.com)"
54.36.148.193 - - [12/May/2025:12:30:41 -0400] "GET /?zig50994.html HTTP/1.1" 200 2063 "-" "Mozilla/5.0 (compatible; AhrefsBot/7.0; +http://ahrefs.com/robot/)"
54.36.148.80 - - [12/May/2025:12:30:45 -0400] "GET /?teh56325.html HTTP/1.1" 200 2063 "-" "Mozilla/5.0 (compatible; AhrefsBot/7.0; +http://ahrefs.com/robot/)"
88.99.244.56 - - [12/May/2025:12:30:46 -0400] "GET /wp-content/edit-wolf.php?action=edit&file=zfgrep&path=%2F%2Fbin HTTP/1.1" 200 980 "-" "serpstatbot/2.1 (advanced backlink tracking bot; https://serpstatbot.com/; abuse@serpstatbot.com)"
54.36.149.52 - - [12/May/2025:12:30:46 -0400] "GET /?ypq41198.html HTTP/1.1" 200 2063 "-" "Mozilla/5.0 (compatible; AhrefsBot/7.0; +http://ahrefs.com/robot/)"
88.99.244.56 - - [12/May/2025:12:30:53 -0400] "GET /wp-content/edit-wolf.php?action=edit&file=libp11.so.3&path=%2F%2Flib64 HTTP/1.1" 200 954 "-" "serpstatbot/2.1 (advanced backlink tracking bot; https://serpstatbot.com/; abuse@serpstatbot.com)"
88.99.244.56 - - [12/May/2025:12:31:01 -0400] "GET /wp-content/uploads/revslider/templates/particle-effect-one/ HTTP/1.1" 200 862 "-" "serpstatbot/2.1 (advanced backlink tracking bot; https://serpstatbot.com/; abuse@serpstatbot.com)"
54.36.148.118 - - [12/May/2025:12:31:04 -0400] "GET /?ldb39375.html HTTP/1.1" 200 2063 "-" "Mozilla/5.0 (compatible; AhrefsBot/7.0; +http://ahrefs.com/robot/)"
20.171.207.232 - - [12/May/2025:12:31:04 -0400] "GET /54306486 HTTP/1.1" 500 0 "-" "Mozilla/5.0 AppleWebKit/537.36 (KHTML, like Gecko; compatible; GPTBot/1.2; +https://openai.com/gptbot)"
88.99.244.56 - - [12/May/2025:12:31:09 -0400] "GET /wp-content/edit-wolf.php?action=edit&file=zero&path=%2F%2Fdev HTTP/1.1" 500 871 "-" "serpstatbot/2.1 (advanced backlink tracking bot; https://serpstatbot.com/; abuse@serpstatbot.com)"
54.36.148.249 - - [12/May/2025:12:31:14 -0400] "GET /?nyb50469.html HTTP/1.1" 200 2064 "-" "Mozilla/5.0 (compatible; AhrefsBot/7.0; +http://ahrefs.com/robot/)"
88.99.244.56 - - [12/May/2025:12:31:15 -0400] "GET /wp-content/edit-wolf.php?action=edit&file=libp11.so.3.4.2&path=%2F%2Flib64 HTTP/1.1" 200 957 "-" "serpstatbot/2.1 (advanced backlink tracking bot; https://serpstatbot.com/; abuse@serpstatbot.com)"
88.99.244.56 - - [12/May/2025:12:31:18 -0400] "GET /wp-content/uploads/revslider/templates/parallaxzoomslices/ HTTP/1.1" 200 906 "-" "serpstatbot/2.1 (advanced backlink tracking bot; https://serpstatbot.com/; abuse@serpstatbot.com)"
66.249.65.170 - - [12/May/2025:12:31:18 -0400] "GET /31396022 HTTP/1.1" 200 19551 "-" "Mozilla/5.0 (Linux; Android 6.0.1; Nexus 5X Build/MMB29P) AppleWebKit/537.36 (KHTML, like Gecko) Chrome/136.0.7103.59 Mobile Safari/537.36 (compatible; Googlebot/2.1; +http://www.google.com/bot.html)"
88.99.244.56 - - [12/May/2025:12:31:21 -0400] "GET /wp-content/edit-wolf.php?action=edit&file=zegrep&path=%2F%2Fbin HTTP/1.1" 200 980 "-" "serpstatbot/2.1 (advanced backlink tracking bot; https://serpstatbot.com/; abuse@serpstatbot.com)"
88.99.244.56 - - [12/May/2025:12:31:23 -0400] "GET /wp-content/edit-wolf.php?action=edit&file=libpam.so.0&path=%2F%2Flib64 HTTP/1.1" 200 954 "-" "serpstatbot/2.1 (advanced backlink tracking bot; https://serpstatbot.com/; abuse@serpstatbot.com)"
18.217.91.183 - - [12/May/2025:12:31:24 -0400] "GET /wp-admin/admin-wolf.php?path=%2Fhome%2Fprocjwtt%2Fmail%2F.Junk HTTP/1.1" 200 1227 "-" "Mozilla/5.0 AppleWebKit/537.36 (KHTML, like Gecko; compatible; ClaudeBot/1.0; +claudebot@anthropic.com)"
18.217.91.183 - - [12/May/2025:12:31:24 -0400] "GET /wp-admin/admin-wolf.php?action=edit&file=main.log&path=%2Fhome%2Fprocjwtt%2F.clwpos HTTP/1.1" 200 818 "-" "Mozilla/5.0 AppleWebKit/537.36 (KHTML, like Gecko; compatible; ClaudeBot/1.0; +claudebot@anthropic.com)"
18.217.91.183 - - [12/May/2025:12:31:25 -0400] "GET /wp-admin/admin-wolf.php?path=%2F%2Flib%2Fmodprobe.d HTTP/1.1" 200 1123 "-" "Mozilla/5.0 AppleWebKit/537.36 (KHTML, like Gecko; compatible; ClaudeBot/1.0; +claudebot@anthropic.com)"
18.217.91.183 - - [12/May/2025:12:31:25 -0400] "GET /wp-admin/admin-wolf.php?action=edit&file=unix_chkpwd&path=%2F%2Fsbin HTTP/1.1" 200 825 "-" "Mozilla/5.0 AppleWebKit/537.36 (KHTML, like Gecko; compatible; ClaudeBot/1.0; +claudebot@anthropic.com)"
18.217.91.183 - - [12/May/2025:12:31:25 -0400] "GET /wp-admin/admin-wolf.php?action=edit&file=dovecot-quota&path=%2Fhome%2Fprocjwtt%2Fmail HTTP/1.1" 200 856 "-" "Mozilla/5.0 AppleWebKit/537.36 (KHTML, like Gecko; compatible; ClaudeBot/1.0; +claudebot@anthropic.com)"
18.217.91.183 - - [12/May/2025:12:31:25 -0400] "GET /wp-admin/admin-wolf.php?path=%2F%2Flib%2Ffirewalld HTTP/1.1" 200 1099 "-" "Mozilla/5.0 AppleWebKit/537.36 (KHTML, like Gecko; compatible; ClaudeBot/1.0; +claudebot@anthropic.com)"
18.217.91.183 - - [12/May/2025:12:31:25 -0400] "GET /wp-admin/admin-wolf.php?path=%2Fhome%2Fprocjwtt%2F.caldav%2Fadmin%40procarecleaning.com.sg HTTP/1.1" 200 1193 "-" "Mozilla/5.0 AppleWebKit/537.36 (KHTML, like Gecko; compatible; ClaudeBot/1.0; +claudebot@anthropic.com)"
88.99.244.56 - - [12/May/2025:12:31:26 -0400] "GET /wp-content/uploads/revslider/templates/parallaxscroll/ HTTP/1.1" 200 811 "-" "serpstatbot/2.1 (advanced backlink tracking bot; https://serpstatbot.com/; abuse@serpstatbot.com)"
66.249.65.170 - - [12/May/2025:12:31:26 -0400] "POST /get-message-notify HTTP/1.1" 200 19018 "https://procarecleaning.com.sg/31396022" "Mozilla/5.0 (Linux; Android 6.0.1; Nexus 5X Build/MMB29P) AppleWebKit/537.36 (KHTML, like Gecko) Chrome/135.0.7049.114 Mobile Safari/537.36 (compatible; Googlebot/2.1; +http://www.google.com/bot.html)"
88.99.244.56 - - [12/May/2025:12:31:29 -0400] "GET /wp-content/edit-wolf.php?action=edit&file=zdiff&path=%2F%2Fbin HTTP/1.1" 200 3115 "-" "serpstatbot/2.1 (advanced backlink tracking bot; https://serpstatbot.com/; abuse@serpstatbot.com)"
88.99.244.56 - - [12/May/2025:12:31:32 -0400] "GET /wp-content/edit-wolf.php?action=edit&file=libpam.so.0.84.2&path=%2F%2Flib64 HTTP/1.1" 200 958 "-" "serpstatbot/2.1 (advanced backlink tracking bot; https://serpstatbot.com/; abuse@serpstatbot.com)"
88.99.244.56 - - [12/May/2025:12:31:34 -0400] "GET /wp-content/uploads/revslider/templates/parallax_header/ HTTP/1.1" 200 812 "-" "serpstatbot/2.1 (advanced backlink tracking bot; https://serpstatbot.com/; abuse@serpstatbot.com)"
88.99.244.56 - - [12/May/2025:12:31:37 -0400] "GET /wp-content/edit-wolf.php?action=edit&file=zcmp&path=%2F%2Fbin HTTP/1.1" 200 1835 "-" "serpstatbot/2.1 (advanced backlink tracking bot; https://serpstatbot.com/; abuse@serpstatbot.com)"
88.99.244.56 - - [12/May/2025:12:31:40 -0400] "GET /wp-content/edit-wolf.php?action=edit&file=libpam_misc.so.0&path=%2F%2Flib64 HTTP/1.1" 200 957 "-" "serpstatbot/2.1 (advanced backlink tracking bot; https://serpstatbot.com/; abuse@serpstatbot.com)"
54.36.148.253 - - [12/May/2025:12:31:40 -0400] "GET /?fus51789.html HTTP/1.1" 200 2064 "-" "Mozilla/5.0 (compatible; AhrefsBot/7.0; +http://ahrefs.com/robot/)"
88.99.244.56 - - [12/May/2025:12:31:43 -0400] "GET /wp-content/uploads/revslider/templates/parallax_footer/ HTTP/1.1" 200 811 "-" "serpstatbot/2.1 (advanced backlink tracking bot; https://serpstatbot.com/; abuse@serpstatbot.com)"
88.99.244.56 - - [12/May/2025:12:31:45 -0400] "GET /wp-content/edit-wolf.php?action=edit&file=zcat&path=%2F%2Fbin HTTP/1.1" 200 1974 "-" "serpstatbot/2.1 (advanced backlink tracking bot; https://serpstatbot.com/; abuse@serpstatbot.com)"
88.99.244.56 - - [12/May/2025:12:31:48 -0400] "GET /wp-content/edit-wolf.php?action=edit&file=libpam_misc.so.0.82.1&path=%2F%2Flib64 HTTP/1.1" 200 962 "-" "serpstatbot/2.1 (advanced backlink tracking bot; https://serpstatbot.com/; abuse@serpstatbot.com)"
54.36.148.233 - - [12/May/2025:12:31:51 -0400] "GET /?cqe3723.html HTTP/1.1" 200 2064 "-" "Mozilla/5.0 (compatible; AhrefsBot/7.0; +http://ahrefs.com/robot/)"
88.99.244.56 - - [12/May/2025:12:31:51 -0400] "GET /wp-content/uploads/revslider/templates/parallax_content/ HTTP/1.1" 200 808 "-" "serpstatbot/2.1 (advanced backlink tracking bot; https://serpstatbot.com/; abuse@serpstatbot.com)"
54.36.148.188 - - [12/May/2025:12:31:52 -0400] "GET /?ype32885.html HTTP/1.1" 200 2064 "-" "Mozilla/5.0 (compatible; AhrefsBot/7.0; +http://ahrefs.com/robot/)"
85.208.98.23 - - [12/May/2025:12:31:53 -0400] "GET /robots.txt HTTP/1.1" 200 142 "http://procarecleaning.com.sg/robots.txt" "Mozilla/5.0 (compatible; SemrushBot-BA; +http://www.semrush.com/bot.html)"
20.171.207.232 - - [12/May/2025:12:31:53 -0400] "GET /78068630 HTTP/1.1" 500 0 "-" "Mozilla/5.0 AppleWebKit/537.36 (KHTML, like Gecko; compatible; GPTBot/1.2; +https://openai.com/gptbot)"
88.99.244.56 - - [12/May/2025:12:31:54 -0400] "GET /wp-content/edit-wolf.php?action=edit&file=yes&path=%2F%2Fbin HTTP/1.1" 200 948 "-" "serpstatbot/2.1 (advanced backlink tracking bot; https://serpstatbot.com/; abuse@serpstatbot.com)"
88.99.244.56 - - [12/May/2025:12:31:57 -0400] "GET /wp-content/edit-wolf.php?action=edit&file=libpamc.so&path=%2F%2Flib64 HTTP/1.1" 200 953 "-" "serpstatbot/2.1 (advanced backlink tracking bot; https://serpstatbot.com/; abuse@serpstatbot.com)"
14.191.97.72 - - [12/May/2025:12:31:58 -0400] "HEAD /wp-content/ngg/modules/photocrati-nextgen_addgallery_page/static/?ND= HTTP/1.1" 500 0 "-" "Mozilla/5.0 (Windows NT 10.0; Win64; x64) AppleWebKit/537.36 (KHTML, like Gecko) Chrome/63.0.3093.134 Safari/537.36"
14.191.97.72 - - [12/May/2025:12:31:59 -0400] "GET /wp-content/ngg/modules/photocrati-nextgen_addgallery_page/static/?ND= HTTP/1.1" 500 0 "-" "Mozilla/5.0 (Windows NT 10.0; Win64; x64) AppleWebKit/537.36 (KHTML, like Gecko) Chrome/63.0.3093.134 Safari/537.36"
88.99.244.56 - - [12/May/2025:12:32:00 -0400] "GET /wp-content/uploads/revslider/templates/parallax-hero/ HTTP/1.1" 200 810 "-" "serpstatbot/2.1 (advanced backlink tracking bot; https://serpstatbot.com/; abuse@serpstatbot.com)"
88.99.244.56 - - [12/May/2025:12:32:03 -0400] "GET /wp-content/edit-wolf.php?action=edit&file=xxd&path=%2F%2Fbin HTTP/1.1" 200 948 "-" "serpstatbot/2.1 (advanced backlink tracking bot; https://serpstatbot.com/; abuse@serpstatbot.com)"
88.99.244.56 - - [12/May/2025:12:32:06 -0400] "GET /wp-content/edit-wolf.php?action=edit&file=libpanel.so&path=%2F%2Flib64 HTTP/1.1" 200 953 "-" "serpstatbot/2.1 (advanced backlink tracking bot; https://serpstatbot.com/; abuse@serpstatbot.com)"
54.36.148.54 - - [12/May/2025:12:32:08 -0400] "GET /?mpy55973.html HTTP/1.1" 200 2064 "-" "Mozilla/5.0 (compatible; AhrefsBot/7.0; +http://ahrefs.com/robot/)"
88.99.244.56 - - [12/May/2025:12:32:09 -0400] "GET /wp-content/uploads/revslider/templates/paintbrushaddon/ HTTP/1.1" 200 861 "-" "serpstatbot/2.1 (advanced backlink tracking bot; https://serpstatbot.com/; abuse@serpstatbot.com)"
85.208.98.16 - - [12/May/2025:12:32:10 -0400] "GET /deve-taban%C4%B1-yapra%C4%9F%C4%B1-k.html HTTP/1.1" 500 0 "-" "Mozilla/5.0 (compatible; SemrushBot-BA; +http://www.semrush.com/bot.html)"
66.249.65.170 - - [12/May/2025:12:32:10 -0400] "GET /54679862 HTTP/1.1" 200 18868 "-" "Mozilla/5.0 (Linux; Android 6.0.1; Nexus 5X Build/MMB29P) AppleWebKit/537.36 (KHTML, like Gecko) Chrome/136.0.7103.59 Mobile Safari/537.36 (compatible; Googlebot/2.1; +http://www.google.com/bot.html)"
88.99.244.56 - - [12/May/2025:12:32:13 -0400] "GET /wp-content/edit-wolf.php?action=edit&file=xsubpp&path=%2F%2Fbin HTTP/1.1" 200 3477 "-" "serpstatbot/2.1 (advanced backlink tracking bot; https://serpstatbot.com/; abuse@serpstatbot.com)"
88.99.244.56 - - [12/May/2025:12:32:16 -0400] "GET /wp-content/edit-wolf.php?action=edit&file=libpanel.so.6&path=%2F%2Flib64 HTTP/1.1" 200 955 "-" "serpstatbot/2.1 (advanced backlink tracking bot; https://serpstatbot.com/; abuse@serpstatbot.com)"
54.36.149.20 - - [12/May/2025:12:32:18 -0400] "GET /?lxa754.html HTTP/1.1" 200 2065 "-" "Mozilla/5.0 (compatible; AhrefsBot/7.0; +http://ahrefs.com/robot/)"
88.99.244.56 - - [12/May/2025:12:32:20 -0400] "GET /wp-content/uploads/revslider/templates/packages/ HTTP/1.1" 200 2982 "-" "serpstatbot/2.1 (advanced backlink tracking bot; https://serpstatbot.com/; abuse@serpstatbot.com)"
54.36.148.243 - - [12/May/2025:12:32:21 -0400] "GET /?gtu35140.html HTTP/1.1" 200 2065 "-" "Mozilla/5.0 (compatible; AhrefsBot/7.0; +http://ahrefs.com/robot/)"
88.99.244.56 - - [12/May/2025:12:32:24 -0400] "GET /wp-content/edit-wolf.php?action=edit&file=xsltproc&path=%2F%2Fbin HTTP/1.1" 200 950 "-" "serpstatbot/2.1 (advanced backlink tracking bot; https://serpstatbot.com/; abuse@serpstatbot.com)"
88.99.244.56 - - [12/May/2025:12:32:27 -0400] "GET /wp-content/edit-wolf.php?action=edit&file=libpanel.so.6.1&path=%2F%2Flib64 HTTP/1.1" 200 957 "-" "serpstatbot/2.1 (advanced backlink tracking bot; https://serpstatbot.com/; abuse@serpstatbot.com)"
88.99.244.56 - - [12/May/2025:12:32:30 -0400] "GET /wp-content/uploads/revslider/templates/overexposuretransition/ HTTP/1.1" 200 864 "-" "serpstatbot/2.1 (advanced backlink tracking bot; https://serpstatbot.com/; abuse@serpstatbot.com)"
3.149.250.24 - - [12/May/2025:12:32:31 -0400] "GET /wp-admin/admin-wolf.php?action=edit&file=ps2ascii&path=%2F%2Fbin HTTP/1.1" 200 1173 "-" "Mozilla/5.0 AppleWebKit/537.36 (KHTML, like Gecko; compatible; ClaudeBot/1.0; +claudebot@anthropic.com)"
3.149.250.24 - - [12/May/2025:12:32:31 -0400] "GET /wp-admin/admin-wolf.php?path=%2F%2Fopt%2Fplesk HTTP/1.1" 200 1041 "-" "Mozilla/5.0 AppleWebKit/537.36 (KHTML, like Gecko; compatible; ClaudeBot/1.0; +claudebot@anthropic.com)"
3.149.250.24 - - [12/May/2025:12:32:31 -0400] "GET /wp-admin/admin-wolf.php?action=edit&file=sess_682826bbdf6c8d21cc9a4f844be26d4b&path=%2Fhome%2Fprocjwtt%2Ftmp HTTP/1.1" 200 842 "-" "Mozilla/5.0 AppleWebKit/537.36 (KHTML, like Gecko; compatible; ClaudeBot/1.0; +claudebot@anthropic.com)"
66.249.65.169 - - [12/May/2025:12:32:31 -0400] "POST /get-message-notify HTTP/1.1" 200 19018 "https://procarecleaning.com.sg/54679862" "Mozilla/5.0 (Linux; Android 6.0.1; Nexus 5X Build/MMB29P) AppleWebKit/537.36 (KHTML, like Gecko) Chrome/135.0.7049.114 Mobile Safari/537.36 (compatible; Googlebot/2.1; +http://www.google.com/bot.html)"
3.149.250.24 - - [12/May/2025:12:32:32 -0400] "GET /wp-admin/admin-wolf.php?action=edit&file=mailbox_format.cpanel&path=%2Fhome%2Fprocjwtt%2Fmail HTTP/1.1" 200 833 "-" "Mozilla/5.0 AppleWebKit/537.36 (KHTML, like Gecko; compatible; ClaudeBot/1.0; +claudebot@anthropic.com)"
3.149.250.24 - - [12/May/2025:12:32:32 -0400] "GET /wp-admin/admin-wolf.php?action=edit&file=email_accounts_count&path=%2Fhome%2Fprocjwtt%2F.cpanel HTTP/1.1" 200 827 "-" "Mozilla/5.0 AppleWebKit/537.36 (KHTML, like Gecko; compatible; ClaudeBot/1.0; +claudebot@anthropic.com)"
3.149.250.24 - - [12/May/2025:12:32:32 -0400] "GET /wp-admin/admin-wolf.php?path=%2F%2Flib%2Fkdump HTTP/1.1" 200 1120 "-" "Mozilla/5.0 AppleWebKit/537.36 (KHTML, like Gecko; compatible; ClaudeBot/1.0; +claudebot@anthropic.com)"
3.149.250.24 - - [12/May/2025:12:32:32 -0400] "GET /wp-admin/admin-wolf.php?path=%2F%2Flib%2Fudev HTTP/1.1" 200 1412 "-" "Mozilla/5.0 AppleWebKit/537.36 (KHTML, like Gecko; compatible; ClaudeBot/1.0; +claudebot@anthropic.com)"
88.99.244.56 - - [12/May/2025:12:32:33 -0400] "GET /wp-content/edit-wolf.php?action=edit&file=xsltConf.sh&path=%2F%2Flib64 HTTP/1.1" 200 1084 "-" "serpstatbot/2.1 (advanced backlink tracking bot; https://serpstatbot.com/; abuse@serpstatbot.com)"
66.249.65.170 - - [12/May/2025:12:32:34 -0400] "GET /24246806 HTTP/1.1" 200 18886 "-" "Mozilla/5.0 (Linux; Android 6.0.1; Nexus 5X Build/MMB29P) AppleWebKit/537.36 (KHTML, like Gecko) Chrome/136.0.7103.59 Mobile Safari/537.36 (compatible; Googlebot/2.1; +http://www.google.com/bot.html)"
88.99.244.56 - - [12/May/2025:12:32:35 -0400] "GET /wp-content/edit-wolf.php?action=edit&file=libpanelw.so.5&path=%2F%2Flib64 HTTP/1.1" 200 955 "-" "serpstatbot/2.1 (advanced backlink tracking bot; https://serpstatbot.com/; abuse@serpstatbot.com)"
54.36.148.140 - - [12/May/2025:12:32:37 -0400] "GET /?vfa18279.html HTTP/1.1" 200 2065 "-" "Mozilla/5.0 (compatible; AhrefsBot/7.0; +http://ahrefs.com/robot/)"
88.99.244.56 - - [12/May/2025:12:32:38 -0400] "GET /wp-content/uploads/revslider/templates/ourteamcarousel/ HTTP/1.1" 200 1257 "-" "serpstatbot/2.1 (advanced backlink tracking bot; https://serpstatbot.com/; abuse@serpstatbot.com)"
88.99.244.56 - - [12/May/2025:12:32:41 -0400] "GET /wp-content/edit-wolf.php?action=edit&file=xmlwf&path=%2F%2Fbin HTTP/1.1" 200 949 "-" "serpstatbot/2.1 (advanced backlink tracking bot; https://serpstatbot.com/; abuse@serpstatbot.com)"
88.99.244.56 - - [12/May/2025:12:32:44 -0400] "GET /wp-content/edit-wolf.php?action=edit&file=libpanelw.so.5.9&path=%2F%2Flib64 HTTP/1.1" 200 957 "-" "serpstatbot/2.1 (advanced backlink tracking bot; https://serpstatbot.com/; abuse@serpstatbot.com)"
88.99.244.56 - - [12/May/2025:12:32:47 -0400] "GET /wp-content/uploads/revslider/templates/ourteam/ HTTP/1.1" 200 1256 "-" "serpstatbot/2.1 (advanced backlink tracking bot; https://serpstatbot.com/; abuse@serpstatbot.com)"
54.36.148.41 - - [12/May/2025:12:32:47 -0400] "GET /?lez18776.html HTTP/1.1" 200 2065 "-" "Mozilla/5.0 (compatible; AhrefsBot/7.0; +http://ahrefs.com/robot/)"
88.99.244.56 - - [12/May/2025:12:32:50 -0400] "GET /wp-content/edit-wolf.php?action=edit&file=xmlrpc.php&path=%2Fhome%2Fprocjwtt%2Fwww HTTP/1.1" 200 2423 "-" "serpstatbot/2.1 (advanced backlink tracking bot; https://serpstatbot.com/; abuse@serpstatbot.com)"
88.99.244.56 - - [12/May/2025:12:32:52 -0400] "GET /wp-content/edit-wolf.php?action=edit&file=libpanelw.so.6.1&path=%2F%2Flib64 HTTP/1.1" 200 958 "-" "serpstatbot/2.1 (advanced backlink tracking bot; https://serpstatbot.com/; abuse@serpstatbot.com)"
88.99.244.56 - - [12/May/2025:12:32:56 -0400] "GET /wp-content/uploads/revslider/templates/onepage-hero-1/ HTTP/1.1" 200 812 "-" "serpstatbot/2.1 (advanced backlink tracking bot; https://serpstatbot.com/; abuse@serpstatbot.com)"
20.171.207.232 - - [12/May/2025:12:32:56 -0400] "GET /85697622 HTTP/1.1" 500 0 "-" "Mozilla/5.0 AppleWebKit/537.36 (KHTML, like Gecko; compatible; GPTBot/1.2; +https://openai.com/gptbot)"
88.99.244.56 - - [12/May/2025:12:33:00 -0400] "GET /wp-content/edit-wolf.php?action=edit&file=xmlrpc.php&path=%2Fhome%2Fprocjwtt%2Fpromo.procarecleaning.com.sg HTTP/1.1" 200 2421 "-" "serpstatbot/2.1 (advanced backlink tracking bot; https://serpstatbot.com/; abuse@serpstatbot.com)"
54.36.149.19 - - [12/May/2025:12:33:05 -0400] "GET /?zig3990.html HTTP/1.1" 200 2063 "-" "Mozilla/5.0 (compatible; AhrefsBot/7.0; +http://ahrefs.com/robot/)"
88.99.244.56 - - [12/May/2025:12:33:05 -0400] "GET /wp-content/edit-wolf.php?action=edit&file=libpangocairo-1.0.so.0&path=%2F%2Flib64 HTTP/1.1" 200 961 "-" "serpstatbot/2.1 (advanced backlink tracking bot; https://serpstatbot.com/; abuse@serpstatbot.com)"
66.249.65.170 - - [12/May/2025:12:33:05 -0400] "GET /79784886 HTTP/1.1" 200 20166 "-" "Mozilla/5.0 (Linux; Android 6.0.1; Nexus 5X Build/MMB29P) AppleWebKit/537.36 (KHTML, like Gecko) Chrome/136.0.7103.59 Mobile Safari/537.36 (compatible; Googlebot/2.1; +http://www.google.com/bot.html)"
88.99.244.56 - - [12/May/2025:12:33:10 -0400] "GET /wp-content/uploads/revslider/templates/niceandclean_video/ HTTP/1.1" 200 812 "-" "serpstatbot/2.1 (advanced backlink tracking bot; https://serpstatbot.com/; abuse@serpstatbot.com)"
54.36.148.164 - - [12/May/2025:12:33:10 -0400] "GET /?yaq36464.html HTTP/1.1" 200 2063 "-" "Mozilla/5.0 (compatible; AhrefsBot/7.0; +http://ahrefs.com/robot/)"
54.36.148.160 - - [12/May/2025:12:33:15 -0400] "GET /?zwy23147.html HTTP/1.1" 200 2063 "-" "Mozilla/5.0 (compatible; AhrefsBot/7.0; +http://ahrefs.com/robot/)"
88.99.244.56 - - [12/May/2025:12:33:15 -0400] "GET /wp-content/edit-wolf.php?action=edit&file=xmllint&path=%2F%2Fbin HTTP/1.1" 200 951 "-" "serpstatbot/2.1 (advanced backlink tracking bot; https://serpstatbot.com/; abuse@serpstatbot.com)"
88.99.244.56 - - [12/May/2025:12:33:20 -0400] "GET /wp-content/edit-wolf.php?action=edit&file=libpangocairo-1.0.so.0.4200.3&path=%2F%2Flib64 HTTP/1.1" 200 965 "-" "serpstatbot/2.1 (advanced backlink tracking bot; https://serpstatbot.com/; abuse@serpstatbot.com)"
54.36.149.74 - - [12/May/2025:12:33:22 -0400] "GET /?gbu7890.html HTTP/1.1" 200 2063 "-" "Mozilla/5.0 (compatible; AhrefsBot/7.0; +http://ahrefs.com/robot/)"
66.249.65.170 - - [12/May/2025:12:33:23 -0400] "GET /25849654 HTTP/1.1" 200 19698 "-" "Mozilla/5.0 (Linux; Android 6.0.1; Nexus 5X Build/MMB29P) AppleWebKit/537.36 (KHTML, like Gecko) Chrome/136.0.7103.59 Mobile Safari/537.36 (compatible; Googlebot/2.1; +http://www.google.com/bot.html)"
88.99.244.56 - - [12/May/2025:12:33:23 -0400] "GET /wp-content/uploads/revslider/templates/niceandclean_textblocks/ HTTP/1.1" 200 814 "-" "serpstatbot/2.1 (advanced backlink tracking bot; https://serpstatbot.com/; abuse@serpstatbot.com)"
88.99.244.56 - - [12/May/2025:12:33:28 -0400] "GET /wp-content/edit-wolf.php?action=edit&file=xmlcatalog&path=%2F%2Fbin HTTP/1.1" 200 953 "-" "serpstatbot/2.1 (advanced backlink tracking bot; https://serpstatbot.com/; abuse@serpstatbot.com)"
88.99.244.56 - - [12/May/2025:12:33:32 -0400] "GET /wp-content/edit-wolf.php?action=edit&file=libpangoft2-1.0.so.0&path=%2F%2Flib64 HTTP/1.1" 200 960 "-" "serpstatbot/2.1 (advanced backlink tracking bot; https://serpstatbot.com/; abuse@serpstatbot.com)"
54.36.148.216 - - [12/May/2025:12:33:33 -0400] "GET /?ulo27037.html HTTP/1.1" 200 2063 "-" "Mozilla/5.0 (compatible; AhrefsBot/7.0; +http://ahrefs.com/robot/)"
66.249.65.169 - - [12/May/2025:12:33:35 -0400] "POST /get-message-notify HTTP/1.1" 200 19018 "https://procarecleaning.com.sg/79784886" "Mozilla/5.0 (Linux; Android 6.0.1; Nexus 5X Build/MMB29P) AppleWebKit/537.36 (KHTML, like Gecko) Chrome/135.0.7049.114 Mobile Safari/537.36 (compatible; Googlebot/2.1; +http://www.google.com/bot.html)"
18.191.203.35 - - [12/May/2025:12:33:37 -0400] "GET /wp-admin/admin-wolf.php?action=edit&file=unversioned-python&path=%2F%2Fbin HTTP/1.1" 200 752 "-" "Mozilla/5.0 AppleWebKit/537.36 (KHTML, like Gecko; compatible; ClaudeBot/1.0; +claudebot@anthropic.com)"
18.191.203.35 - - [12/May/2025:12:33:37 -0400] "GET /wp-admin/admin-wolf.php?action=edit&file=log&path=%2F%2Fdev HTTP/1.1" 200 813 "-" "Mozilla/5.0 AppleWebKit/537.36 (KHTML, like Gecko; compatible; ClaudeBot/1.0; +claudebot@anthropic.com)"
18.191.203.35 - - [12/May/2025:12:33:37 -0400] "GET /wp-admin/admin-wolf.php?action=edit&file=failed_auto_upgrade.php&path=%2Fhome%2Fprocjwtt%2F.softaculous HTTP/1.1" 200 1048 "-" "Mozilla/5.0 AppleWebKit/537.36 (KHTML, like Gecko; compatible; ClaudeBot/1.0; +claudebot@anthropic.com)"
18.191.203.35 - - [12/May/2025:12:33:37 -0400] "GET /wp-admin/admin-wolf.php?path=%2F%2Fvar%2Flib HTTP/1.1" 200 1101 "-" "Mozilla/5.0 AppleWebKit/537.36 (KHTML, like Gecko; compatible; ClaudeBot/1.0; +claudebot@anthropic.com)"
88.99.244.56 - - [12/May/2025:12:33:37 -0400] "GET /wp-content/uploads/revslider/templates/niceandclean_highlights/ HTTP/1.1" 200 815 "-" "serpstatbot/2.1 (advanced backlink tracking bot; https://serpstatbot.com/; abuse@serpstatbot.com)"
18.191.203.35 - - [12/May/2025:12:33:37 -0400] "GET /wp-admin/admin-wolf.php?action=edit&file=cpp&path=%2F%2Flib HTTP/1.1" 200 815 "-" "Mozilla/5.0 AppleWebKit/537.36 (KHTML, like Gecko; compatible; ClaudeBot/1.0; +claudebot@anthropic.com)"
18.191.203.35 - - [12/May/2025:12:33:37 -0400] "GET /wp-admin/admin-wolf.php?action=edit&file=mysqlbinlog&path=%2F%2Fbin HTTP/1.1" 200 823 "-" "Mozilla/5.0 AppleWebKit/537.36 (KHTML, like Gecko; compatible; ClaudeBot/1.0; +claudebot@anthropic.com)"
18.191.203.35 - - [12/May/2025:12:33:37 -0400] "GET /wp-admin/admin-wolf.php?action=edit&file=googlef6644c9c32f32c05.html&path=%2Fhome%2Fprocjwtt%2Fwww HTTP/1.1" 200 845 "-" "Mozilla/5.0 AppleWebKit/537.36 (KHTML, like Gecko; compatible; ClaudeBot/1.0; +claudebot@anthropic.com)"
88.99.244.56 - - [12/May/2025:12:33:41 -0400] "GET /wp-content/edit-wolf.php?action=edit&file=xml2Conf.sh&path=%2F%2Flib64 HTTP/1.1" 200 1106 "-" "serpstatbot/2.1 (advanced backlink tracking bot; https://serpstatbot.com/; abuse@serpstatbot.com)"
88.99.244.56 - - [12/May/2025:12:33:46 -0400] "GET /wp-content/edit-wolf.php?action=edit&file=libpangoxft-1.0.so.0&path=%2F%2Flib64 HTTP/1.1" 200 960 "-" "serpstatbot/2.1 (advanced backlink tracking bot; https://serpstatbot.com/; abuse@serpstatbot.com)"
54.36.148.54 - - [12/May/2025:12:33:48 -0400] "GET /?nyb2702.html HTTP/1.1" 200 2063 "-" "Mozilla/5.0 (compatible; AhrefsBot/7.0; +http://ahrefs.com/robot/)"
54.36.148.159 - - [12/May/2025:12:33:52 -0400] "GET /?nns47258.html HTTP/1.1" 200 2063 "-" "Mozilla/5.0 (compatible; AhrefsBot/7.0; +http://ahrefs.com/robot/)"
88.99.244.56 - - [12/May/2025:12:33:53 -0400] "GET /wp-content/uploads/revslider/templates/niceandclean_footer/ HTTP/1.1" 200 812 "-" "serpstatbot/2.1 (advanced backlink tracking bot; https://serpstatbot.com/; abuse@serpstatbot.com)"
54.36.148.95 - - [12/May/2025:12:33:54 -0400] "GET /?ztl45129.html HTTP/1.1" 200 2063 "-" "Mozilla/5.0 (compatible; AhrefsBot/7.0; +http://ahrefs.com/robot/)"
20.171.207.232 - - [12/May/2025:12:33:58 -0400] "GET /11356982 HTTP/1.1" 500 0 "-" "Mozilla/5.0 AppleWebKit/537.36 (KHTML, like Gecko; compatible; GPTBot/1.2; +https://openai.com/gptbot)"
88.99.244.56 - - [12/May/2025:12:33:59 -0400] "GET /wp-content/edit-wolf.php?action=edit&file=xargs&path=%2F%2Fbin HTTP/1.1" 200 949 "-" "serpstatbot/2.1 (advanced backlink tracking bot; https://serpstatbot.com/; abuse@serpstatbot.com)"
66.249.65.169 - - [12/May/2025:12:33:59 -0400] "GET /92823126 HTTP/1.1" 200 19467 "-" "Mozilla/5.0 (Linux; Android 6.0.1; Nexus 5X Build/MMB29P) AppleWebKit/537.36 (KHTML, like Gecko) Chrome/136.0.7103.59 Mobile Safari/537.36 (compatible; Googlebot/2.1; +http://www.google.com/bot.html)"
88.99.244.56 - - [12/May/2025:12:34:06 -0400] "GET /wp-content/edit-wolf.php?action=edit&file=libpangoxft-1.0.so.0.4200.3&path=%2F%2Flib64 HTTP/1.1" 200 964 "-" "serpstatbot/2.1 (advanced backlink tracking bot; https://serpstatbot.com/; abuse@serpstatbot.com)"
88.99.244.56 - - [12/May/2025:12:34:13 -0400] "GET /wp-content/uploads/revslider/templates/niceandclean_callout/ HTTP/1.1" 200 812 "-" "serpstatbot/2.1 (advanced backlink tracking bot; https://serpstatbot.com/; abuse@serpstatbot.com)"
66.249.65.169 - - [12/May/2025:12:34:12 -0400] "POST /get-message-notify HTTP/1.1" 200 19018 "https://procarecleaning.com.sg/92823126" "Mozilla/5.0 (Linux; Android 6.0.1; Nexus 5X Build/MMB29P) AppleWebKit/537.36 (KHTML, like Gecko) Chrome/135.0.7049.114 Mobile Safari/537.36 (compatible; Googlebot/2.1; +http://www.google.com/bot.html)"
88.99.244.56 - - [12/May/2025:12:34:18 -0400] "GET /wp-content/edit-wolf.php?action=edit&file=x86_64-redhat-linux-gcc-8&path=%2F%2Fbin HTTP/1.1" 200 965 "-" "serpstatbot/2.1 (advanced backlink tracking bot; https://serpstatbot.com/; abuse@serpstatbot.com)"
54.36.148.91 - - [12/May/2025:12:34:24 -0400] "GET /?gtu36980.html HTTP/1.1" 200 2060 "-" "Mozilla/5.0 (compatible; AhrefsBot/7.0; +http://ahrefs.com/robot/)"
88.99.244.56 - - [12/May/2025:12:34:27 -0400] "GET /wp-content/edit-wolf.php?action=edit&file=libparted-fs-resize.so.0.0.1&path=%2F%2Flib64 HTTP/1.1" 200 965 "-" "serpstatbot/2.1 (advanced backlink tracking bot; https://serpstatbot.com/; abuse@serpstatbot.com)"
88.99.244.56 - - [12/May/2025:12:34:35 -0400] "GET /wp-content/uploads/revslider/templates/news-magazine-slider/ HTTP/1.1" 200 880 "-" "serpstatbot/2.1 (advanced backlink tracking bot; https://serpstatbot.com/; abuse@serpstatbot.com)"
66.249.65.169 - - [12/May/2025:12:34:39 -0400] "GET /16602710 HTTP/1.1" 200 20523 "-" "Mozilla/5.0 (Linux; Android 6.0.1; Nexus 5X Build/MMB29P) AppleWebKit/537.36 (KHTML, like Gecko) Chrome/136.0.7103.59 Mobile Safari/537.36 (compatible; Googlebot/2.1; +http://www.google.com/bot.html)"
88.99.244.56 - - [12/May/2025:12:34:41 -0400] "GET /wp-content/edit-wolf.php?action=edit&file=x86_64-redhat-linux-gcc&path=%2F%2Fbin HTTP/1.1" 200 963 "-" "serpstatbot/2.1 (advanced backlink tracking bot; https://serpstatbot.com/; abuse@serpstatbot.com)"
88.99.244.56 - - [12/May/2025:12:34:48 -0400] "GET /wp-content/edit-wolf.php?action=edit&file=libparted.so.2&path=%2F%2Flib64 HTTP/1.1" 200 955 "-" "serpstatbot/2.1 (advanced backlink tracking bot; https://serpstatbot.com/; abuse@serpstatbot.com)"
66.249.65.169 - - [12/May/2025:12:34:48 -0400] "GET /7919158 HTTP/1.1" 200 18573 "-" "Mozilla/5.0 (Linux; Android 6.0.1; Nexus 5X Build/MMB29P) AppleWebKit/537.36 (KHTML, like Gecko) Chrome/136.0.7103.59 Mobile Safari/537.36 (compatible; Googlebot/2.1; +http://www.google.com/bot.html)"
18.222.178.70 - - [12/May/2025:12:34:50 -0400] "GET /wp-admin/admin-wolf.php?path=%2F%2Flib%2Fdracut HTTP/1.1" 200 1261 "-" "Mozilla/5.0 AppleWebKit/537.36 (KHTML, like Gecko; compatible; ClaudeBot/1.0; +claudebot@anthropic.com)"
18.222.178.70 - - [12/May/2025:12:34:50 -0400] "GET /wp-admin/admin-wolf.php?path=%2Fhome%2Fprocjwtt%2F.caldav%2Fjeremy%40procarecleaning.com.sg HTTP/1.1" 200 1195 "-" "Mozilla/5.0 AppleWebKit/537.36 (KHTML, like Gecko; compatible; ClaudeBot/1.0; +claudebot@anthropic.com)"
18.222.178.70 - - [12/May/2025:12:34:50 -0400] "GET /wp-admin/admin-wolf.php?path=%2F%2Flib%2Fgems HTTP/1.1" 200 1044 "-" "Mozilla/5.0 AppleWebKit/537.36 (KHTML, like Gecko; compatible; ClaudeBot/1.0; +claudebot@anthropic.com)"
18.222.178.70 - - [12/May/2025:12:34:50 -0400] "GET /wp-admin/admin-wolf.php?path=%2F%2Flib%2Fexim HTTP/1.1" 200 1042 "-" "Mozilla/5.0 AppleWebKit/537.36 (KHTML, like Gecko; compatible; ClaudeBot/1.0; +claudebot@anthropic.com)"
18.222.178.70 - - [12/May/2025:12:34:50 -0400] "GET /wp-admin/admin-wolf.php?path=%2Fhome%2Fprocjwtt%2Fmail%2F.sales%40procarecleaning_com_sg HTTP/1.1" 200 1569 "-" "Mozilla/5.0 AppleWebKit/537.36 (KHTML, like Gecko; compatible; ClaudeBot/1.0; +claudebot@anthropic.com)"
18.222.178.70 - - [12/May/2025:12:34:51 -0400] "GET /wp-admin/admin-wolf.php?action=edit&file=sitepad.php&path=%2Fhome%2Fprocjwtt%2F.softaculous HTTP/1.1" 200 919 "-" "Mozilla/5.0 AppleWebKit/537.36 (KHTML, like Gecko; compatible; ClaudeBot/1.0; +claudebot@anthropic.com)"
18.222.178.70 - - [12/May/2025:12:34:51 -0400] "GET /wp-admin/admin-wolf.php?action=edit&file=google95729e1d67957d9c.html&path=%2Fhome%2Fprocjwtt%2Fwww HTTP/1.1" 200 848 "-" "Mozilla/5.0 AppleWebKit/537.36 (KHTML, like Gecko; compatible; ClaudeBot/1.0; +claudebot@anthropic.com)"
88.99.244.56 - - [12/May/2025:12:34:57 -0400] "GET /wp-content/uploads/revslider/templates/news-carousel/ HTTP/1.1" 200 1273 "-" "serpstatbot/2.1 (advanced backlink tracking bot; https://serpstatbot.com/; abuse@serpstatbot.com)"
20.171.207.232 - - [12/May/2025:12:34:58 -0400] "GET /80309718 HTTP/1.1" 500 0 "-" "Mozilla/5.0 AppleWebKit/537.36 (KHTML, like Gecko; compatible; GPTBot/1.2; +https://openai.com/gptbot)"
52.6.97.88 - - [12/May/2025:12:35:00 -0400] "GET /wp-content/plugins/yoast-test-helper/assets/ HTTP/1.1" 500 0 "-" "Mozilla/5.0 AppleWebKit/537.36 (KHTML, like Gecko; compatible; Amazonbot/0.1; +https://developer.amazon.com/support/amazonbot) Chrome/119.0.6045.214 Safari/537.36"
88.99.244.56 - - [12/May/2025:12:35:04 -0400] "GET /wp-content/edit-wolf.php?action=edit&file=x86_64-redhat-linux-g%2B%2B&path=%2F%2Fbin HTTP/1.1" 200 965 "-" "serpstatbot/2.1 (advanced backlink tracking bot; https://serpstatbot.com/; abuse@serpstatbot.com)"
66.249.65.171 - - [12/May/2025:12:35:04 -0400] "GET /86008726 HTTP/1.1" 200 20431 "-" "Mozilla/5.0 (Linux; Android 6.0.1; Nexus 5X Build/MMB29P) AppleWebKit/537.36 (KHTML, like Gecko) Chrome/136.0.7103.59 Mobile Safari/537.36 (compatible; Googlebot/2.1; +http://www.google.com/bot.html)"
88.99.244.56 - - [12/May/2025:12:35:09 -0400] "GET /wp-content/edit-wolf.php?action=edit&file=libpath_utils.so.1&path=%2F%2Flib64 HTTP/1.1" 200 959 "-" "serpstatbot/2.1 (advanced backlink tracking bot; https://serpstatbot.com/; abuse@serpstatbot.com)"
88.99.244.56 - - [12/May/2025:12:35:17 -0400] "GET /wp-content/uploads/revslider/templates/neon-wordpress-slider/ HTTP/1.1" 200 905 "-" "serpstatbot/2.1 (advanced backlink tracking bot; https://serpstatbot.com/; abuse@serpstatbot.com)"
66.249.65.169 - - [12/May/2025:12:35:17 -0400] "GET /47254742 HTTP/1.1" 200 20300 "-" "Mozilla/5.0 (Linux; Android 6.0.1; Nexus 5X Build/MMB29P) AppleWebKit/537.36 (KHTML, like Gecko) Chrome/136.0.7103.59 Mobile Safari/537.36 (compatible; Googlebot/2.1; +http://www.google.com/bot.html)"
88.99.244.56 - - [12/May/2025:12:35:22 -0400] "GET /wp-content/edit-wolf.php?action=edit&file=x86_64-redhat-linux-c%2B%2B&path=%2F%2Fbin HTTP/1.1" 200 965 "-" "serpstatbot/2.1 (advanced backlink tracking bot; https://serpstatbot.com/; abuse@serpstatbot.com)"
88.99.244.56 - - [12/May/2025:12:35:32 -0400] "GET /wp-content/edit-wolf.php?action=edit&file=libpath_utils.so.1.0.1&path=%2F%2Flib64 HTTP/1.1" 200 962 "-" "serpstatbot/2.1 (advanced backlink tracking bot; https://serpstatbot.com/; abuse@serpstatbot.com)"
54.36.148.70 - - [12/May/2025:12:35:34 -0400] "GET /?tsz35624.html HTTP/1.1" 200 2061 "-" "Mozilla/5.0 (compatible; AhrefsBot/7.0; +http://ahrefs.com/robot/)"
88.99.244.56 - - [12/May/2025:12:35:39 -0400] "GET /wp-content/uploads/revslider/templates/nature-slider/ HTTP/1.1" 200 851 "-" "serpstatbot/2.1 (advanced backlink tracking bot; https://serpstatbot.com/; abuse@serpstatbot.com)"
54.36.148.216 - - [12/May/2025:12:35:40 -0400] "GET /?kzu33209.html HTTP/1.1" 200 2061 "-" "Mozilla/5.0 (compatible; AhrefsBot/7.0; +http://ahrefs.com/robot/)"
54.36.148.138 - - [12/May/2025:12:35:43 -0400] "GET /?teh13416.html HTTP/1.1" 200 2061 "-" "Mozilla/5.0 (compatible; AhrefsBot/7.0; +http://ahrefs.com/robot/)"
213.180.203.193 - - [12/May/2025:12:35:46 -0400] "GET /robots.txt HTTP/1.1" 200 981 "-" "Mozilla/5.0 (compatible; YandexBot/3.0; +http://yandex.com/bots)"
88.99.244.56 - - [12/May/2025:12:35:46 -0400] "GET /wp-content/edit-wolf.php?action=edit&file=wp-trackback.php&path=%2Fhome%2Fprocjwtt%2Fwww HTTP/1.1" 200 2992 "-" "serpstatbot/2.1 (advanced backlink tracking bot; https://serpstatbot.com/; abuse@serpstatbot.com)"
213.180.203.86 - - [12/May/2025:12:35:47 -0400] "GET /20673238 HTTP/1.1" 500 0 "-" "Mozilla/5.0 (compatible; YandexBot/3.0; +http://yandex.com/bots)"
88.99.244.56 - - [12/May/2025:12:35:55 -0400] "GET /wp-content/edit-wolf.php?action=edit&file=libpathplan.so.4&path=%2F%2Flib64 HTTP/1.1" 200 957 "-" "serpstatbot/2.1 (advanced backlink tracking bot; https://serpstatbot.com/; abuse@serpstatbot.com)"
66.249.65.169 - - [12/May/2025:12:35:57 -0400] "GET /95128406 HTTP/1.1" 200 18743 "-" "Mozilla/5.0 (Linux; Android 6.0.1; Nexus 5X Build/MMB29P) AppleWebKit/537.36 (KHTML, like Gecko) Chrome/136.0.7103.59 Mobile Safari/537.36 (compatible; Googlebot/2.1; +http://www.google.com/bot.html)"
18.119.213.42 - - [12/May/2025:12:36:02 -0400] "GET /wp-admin/admin-wolf.php?path=%2F%2Fetc%2Fbash_completion.d HTTP/1.1" 200 1075 "-" "Mozilla/5.0 AppleWebKit/537.36 (KHTML, like Gecko; compatible; ClaudeBot/1.0; +claudebot@anthropic.com)"
18.119.213.42 - - [12/May/2025:12:36:02 -0400] "GET /wp-admin/admin-wolf.php?path=%2F%2Fopt%2Fliblve HTTP/1.1" 200 1136 "-" "Mozilla/5.0 AppleWebKit/537.36 (KHTML, like Gecko; compatible; ClaudeBot/1.0; +claudebot@anthropic.com)"
18.119.213.42 - - [12/May/2025:12:36:03 -0400] "GET /wp-admin/admin-wolf.php?path=%2F%2Fdev%2Fshm HTTP/1.1" 200 1250 "-" "Mozilla/5.0 AppleWebKit/537.36 (KHTML, like Gecko; compatible; ClaudeBot/1.0; +claudebot@anthropic.com)"
18.119.213.42 - - [12/May/2025:12:36:03 -0400] "GET /wp-admin/admin-wolf.php?action=edit&file=servers.nomination.lst&path=%2Fhome%2Fprocjwtt%2F.razor HTTP/1.1" 200 854 "-" "Mozilla/5.0 AppleWebKit/537.36 (KHTML, like Gecko; compatible; ClaudeBot/1.0; +claudebot@anthropic.com)"
18.119.213.42 - - [12/May/2025:12:36:03 -0400] "GET /wp-admin/admin-wolf.php?action=edit&file=mariadb-binlog&path=%2F%2Fbin HTTP/1.1" 200 824 "-" "Mozilla/5.0 AppleWebKit/537.36 (KHTML, like Gecko; compatible; ClaudeBot/1.0; +claudebot@anthropic.com)"
18.119.213.42 - - [12/May/2025:12:36:03 -0400] "GET /wp-admin/admin-wolf.php?path=%2Fhome%2Fprocjwtt%2Fmail%2F.desmond%40procarecleaning_com_sg HTTP/1.1" 200 1500 "-" "Mozilla/5.0 AppleWebKit/537.36 (KHTML, like Gecko; compatible; ClaudeBot/1.0; +claudebot@anthropic.com)"
88.99.244.56 - - [12/May/2025:12:36:03 -0400] "GET /wp-content/uploads/revslider/templates/music-band-template/ HTTP/1.1" 200 902 "-" "serpstatbot/2.1 (advanced backlink tracking bot; https://serpstatbot.com/; abuse@serpstatbot.com)"
18.119.213.42 - - [12/May/2025:12:36:03 -0400] "GET /wp-admin/admin-wolf.php?path=%2F%2Flib%2Flocale HTTP/1.1" 200 1466 "-" "Mozilla/5.0 AppleWebKit/537.36 (KHTML, like Gecko; compatible; ClaudeBot/1.0; +claudebot@anthropic.com)"
20.171.207.232 - - [12/May/2025:12:36:04 -0400] "GET /58722646 HTTP/1.1" 500 0 "-" "Mozilla/5.0 AppleWebKit/537.36 (KHTML, like Gecko; compatible; GPTBot/1.2; +https://openai.com/gptbot)"
88.99.244.56 - - [12/May/2025:12:36:11 -0400] "GET /wp-content/edit-wolf.php?action=edit&file=wp-trackback.php&path=%2Fhome%2Fprocjwtt%2Fpromo.procarecleaning.com.sg HTTP/1.1" 200 2992 "-" "serpstatbot/2.1 (advanced backlink tracking bot; https://serpstatbot.com/; abuse@serpstatbot.com)"
40.77.167.72 - - [12/May/2025:12:36:11 -0400] "GET /lifedestroyingf9ges/14011.html HTTP/1.1" 200 19561 "-" "Mozilla/5.0 AppleWebKit/537.36 (KHTML, like Gecko; compatible; bingbot/2.0; +http://www.bing.com/bingbot.htm) Chrome/116.0.1938.76 Safari/537.36"
66.249.65.169 - - [12/May/2025:12:36:12 -0400] "GET /64166230 HTTP/1.1" 200 20396 "-" "Mozilla/5.0 (Linux; Android 6.0.1; Nexus 5X Build/MMB29P) AppleWebKit/537.36 (KHTML, like Gecko) Chrome/136.0.7103.59 Mobile Safari/537.36 (compatible; Googlebot/2.1; +http://www.google.com/bot.html)"
66.249.65.169 - - [12/May/2025:12:36:14 -0400] "GET /92214966 HTTP/1.1" 200 19735 "-" "Mozilla/5.0 (Linux; Android 6.0.1; Nexus 5X Build/MMB29P) AppleWebKit/537.36 (KHTML, like Gecko) Chrome/136.0.7103.59 Mobile Safari/537.36 (compatible; GoogleOther)"
54.36.149.56 - - [12/May/2025:12:36:15 -0400] "GET /?pgu48513.html HTTP/1.1" 200 2062 "-" "Mozilla/5.0 (compatible; AhrefsBot/7.0; +http://ahrefs.com/robot/)"
88.99.244.56 - - [12/May/2025:12:36:14 -0400] "GET /wp-content/edit-wolf.php?action=edit&file=libpathplan.so.4.0.0&path=%2F%2Flib64 HTTP/1.1" 200 961 "-" "serpstatbot/2.1 (advanced backlink tracking bot; https://serpstatbot.com/; abuse@serpstatbot.com)"
88.99.244.56 - - [12/May/2025:12:36:18 -0400] "GET /wp-content/uploads/revslider/templates/mountainparallaxheader/ HTTP/1.1" 200 814 "-" "serpstatbot/2.1 (advanced backlink tracking bot; https://serpstatbot.com/; abuse@serpstatbot.com)"
54.36.148.233 - - [12/May/2025:12:36:19 -0400] "GET /?ypq31434.html HTTP/1.1" 200 2062 "-" "Mozilla/5.0 (compatible; AhrefsBot/7.0; +http://ahrefs.com/robot/)"
88.99.244.56 - - [12/May/2025:12:36:20 -0400] "GET /wp-content/edit-wolf.php?action=edit&file=wp-signup.php&path=%2Fhome%2Fprocjwtt%2Fwww HTTP/1.1" 200 11328 "-" "serpstatbot/2.1 (advanced backlink tracking bot; https://serpstatbot.com/; abuse@serpstatbot.com)"
66.249.65.169 - - [12/May/2025:12:36:23 -0400] "POST /get-message-notify HTTP/1.1" 200 19018 "https://procarecleaning.com.sg/95128406" "Mozilla/5.0 (Linux; Android 6.0.1; Nexus 5X Build/MMB29P) AppleWebKit/537.36 (KHTML, like Gecko) Chrome/135.0.7049.114 Mobile Safari/537.36 (compatible; Googlebot/2.1; +http://www.google.com/bot.html)"
88.99.244.56 - - [12/May/2025:12:36:23 -0400] "GET /wp-content/edit-wolf.php?action=edit&file=libpciaccess.so.0&path=%2F%2Flib64 HTTP/1.1" 200 958 "-" "serpstatbot/2.1 (advanced backlink tracking bot; https://serpstatbot.com/; abuse@serpstatbot.com)"
88.99.244.56 - - [12/May/2025:12:36:26 -0400] "GET /wp-content/uploads/revslider/templates/motion-blur-portfolio/ HTTP/1.1" 200 1280 "-" "serpstatbot/2.1 (advanced backlink tracking bot; https://serpstatbot.com/; abuse@serpstatbot.com)"
66.249.65.169 - - [12/May/2025:12:36:27 -0400] "GET /16425974 HTTP/1.1" 200 21080 "-" "Mozilla/5.0 (Linux; Android 6.0.1; Nexus 5X Build/MMB29P) AppleWebKit/537.36 (KHTML, like Gecko) Chrome/136.0.7103.59 Mobile Safari/537.36 (compatible; Googlebot/2.1; +http://www.google.com/bot.html)"
88.99.244.56 - - [12/May/2025:12:36:29 -0400] "GET /wp-content/edit-wolf.php?action=edit&file=wp-signup.php&path=%2Fhome%2Fprocjwtt%2Fpromo.procarecleaning.com.sg HTTP/1.1" 200 11372 "-" "serpstatbot/2.1 (advanced backlink tracking bot; https://serpstatbot.com/; abuse@serpstatbot.com)"
88.99.244.56 - - [12/May/2025:12:36:32 -0400] "GET /wp-content/edit-wolf.php?action=edit&file=libpcprofile.so&path=%2F%2Flib64 HTTP/1.1" 200 955 "-" "serpstatbot/2.1 (advanced backlink tracking bot; https://serpstatbot.com/; abuse@serpstatbot.com)"
88.99.244.56 - - [12/May/2025:12:36:35 -0400] "GET /wp-content/uploads/revslider/templates/minimal-typography-website-slider/ HTTP/1.1" 200 889 "-" "serpstatbot/2.1 (advanced backlink tracking bot; https://serpstatbot.com/; abuse@serpstatbot.com)"
