88.99.244.56 - - [12/May/2025:11:57:21 -0400] "GET /wp-content/edit-wolf.php?action=edit&file=libfreeblpriv3.chk&path=%2F%2Flib64 HTTP/1.1" 200 959 "-" "serpstatbot/2.1 (advanced backlink tracking bot; https://serpstatbot.com/; abuse@serpstatbot.com)"
88.99.244.56 - - [12/May/2025:11:57:25 -0400] "GET /wp-content/edit-wolf.php?action=edit&file=rev&path=%2F%2Fbin HTTP/1.1" 200 948 "-" "serpstatbot/2.1 (advanced backlink tracking bot; https://serpstatbot.com/; abuse@serpstatbot.com)"
20.171.207.232 - - [12/May/2025:11:57:26 -0400] "GET /37147670 HTTP/1.1" 500 0 "-" "Mozilla/5.0 AppleWebKit/537.36 (KHTML, like Gecko; compatible; GPTBot/1.2; +https://openai.com/gptbot)"
54.36.148.196 - - [12/May/2025:11:57:29 -0400] "GET /?bei2755.html HTTP/1.1" 200 2063 "-" "Mozilla/5.0 (compatible; AhrefsBot/7.0; +http://ahrefs.com/robot/)"
88.99.244.56 - - [12/May/2025:11:57:32 -0400] "GET /wp-content/edit-wolf.php?path=%2F%2Flib64%2Flibdnf HTTP/1.1" 200 1188 "-" "serpstatbot/2.1 (advanced backlink tracking bot; https://serpstatbot.com/; abuse@serpstatbot.com)"
88.99.244.56 - - [12/May/2025:11:57:38 -0400] "GET /wp-content/edit-wolf.php?action=edit&file=libfreetype.so.6&path=%2F%2Flib64 HTTP/1.1" 200 957 "-" "serpstatbot/2.1 (advanced backlink tracking bot; https://serpstatbot.com/; abuse@serpstatbot.com)"
88.99.244.56 - - [12/May/2025:11:57:45 -0400] "GET /wp-content/edit-wolf.php?action=edit&file=resolv.conf&path=%2F%2Fetc HTTP/1.1" 200 1000 "-" "serpstatbot/2.1 (advanced backlink tracking bot; https://serpstatbot.com/; abuse@serpstatbot.com)"
87.250.224.98 - - [12/May/2025:11:57:48 -0400] "GET /56250038 HTTP/1.1" 500 0 "-" "Mozilla/5.0 (compatible; YandexBot/3.0; +http://yandex.com/bots)"
88.99.244.56 - - [12/May/2025:11:57:53 -0400] "GET /wp-content/edit-wolf.php?path=%2F%2Flib64%2Flibboost-plesk-1.74 HTTP/1.1" 200 1390 "-" "serpstatbot/2.1 (advanced backlink tracking bot; https://serpstatbot.com/; abuse@serpstatbot.com)"
88.99.244.56 - - [12/May/2025:11:58:03 -0400] "GET /wp-content/edit-wolf.php?action=edit&file=libfribidi.so.0&path=%2F%2Flib64 HTTP/1.1" 200 956 "-" "serpstatbot/2.1 (advanced backlink tracking bot; https://serpstatbot.com/; abuse@serpstatbot.com)"
54.36.148.156 - - [12/May/2025:11:58:03 -0400] "GET /?lml40912.html HTTP/1.1" 200 2063 "-" "Mozilla/5.0 (compatible; AhrefsBot/7.0; +http://ahrefs.com/robot/)"
54.36.148.160 - - [12/May/2025:11:58:06 -0400] "GET /?gtu6651.html HTTP/1.1" 200 2063 "-" "Mozilla/5.0 (compatible; AhrefsBot/7.0; +http://ahrefs.com/robot/)"
88.99.244.56 - - [12/May/2025:11:58:14 -0400] "GET /wp-content/edit-wolf.php?action=edit&file=reset&path=%2F%2Fbin HTTP/1.1" 200 949 "-" "serpstatbot/2.1 (advanced backlink tracking bot; https://serpstatbot.com/; abuse@serpstatbot.com)"
87.250.224.56 - - [12/May/2025:11:58:16 -0400] "GET /8638710 HTTP/1.1" 500 0 "-" "Mozilla/5.0 (compatible; YandexBot/3.0; +http://yandex.com/bots)"
213.180.203.149 - - [12/May/2025:11:58:22 -0400] "GET /42339990 HTTP/1.1" 500 0 "-" "Mozilla/5.0 (compatible; YandexBot/3.0; +http://yandex.com/bots)"
20.171.207.232 - - [12/May/2025:11:58:27 -0400] "GET /48385366 HTTP/1.1" 500 0 "-" "Mozilla/5.0 AppleWebKit/537.36 (KHTML, like Gecko; compatible; GPTBot/1.2; +https://openai.com/gptbot)"
88.99.244.56 - - [12/May/2025:11:58:31 -0400] "GET /wp-content/edit-wolf.php?path=%2F%2Flib64%2Fguile HTTP/1.1" 200 1186 "-" "serpstatbot/2.1 (advanced backlink tracking bot; https://serpstatbot.com/; abuse@serpstatbot.com)"
88.99.244.56 - - [12/May/2025:11:58:47 -0400] "GET /wp-content/edit-wolf.php?action=edit&file=libfribidi.so.0.4.0&path=%2F%2Flib64 HTTP/1.1" 200 960 "-" "serpstatbot/2.1 (advanced backlink tracking bot; https://serpstatbot.com/; abuse@serpstatbot.com)"
54.36.148.149 - - [12/May/2025:11:58:48 -0400] "GET /?ysh57257.html HTTP/1.1" 200 2066 "-" "Mozilla/5.0 (compatible; AhrefsBot/7.0; +http://ahrefs.com/robot/)"
5.255.231.162 - - [12/May/2025:11:58:52 -0400] "GET /88610678 HTTP/1.1" 500 0 "-" "Mozilla/5.0 (compatible; YandexBot/3.0; +http://yandex.com/bots)"
187.147.182.151 - - [12/May/2025:11:58:52 -0400] "GET / HTTP/1.1" 200 2432 "-" "Google"
54.36.148.253 - - [12/May/2025:11:58:56 -0400] "GET /?zig15562.html HTTP/1.1" 200 2064 "-" "Mozilla/5.0 (compatible; AhrefsBot/7.0; +http://ahrefs.com/robot/)"
54.36.148.24 - - [12/May/2025:11:59:00 -0400] "GET /?yaq13053.html HTTP/1.1" 200 2064 "-" "Mozilla/5.0 (compatible; AhrefsBot/7.0; +http://ahrefs.com/robot/)"
88.99.244.56 - - [12/May/2025:11:59:06 -0400] "GET /wp-content/edit-wolf.php?action=edit&file=renice&path=%2F%2Fbin HTTP/1.1" 200 949 "-" "serpstatbot/2.1 (advanced backlink tracking bot; https://serpstatbot.com/; abuse@serpstatbot.com)"
88.99.244.56 - - [12/May/2025:11:59:19 -0400] "GET /wp-content/edit-wolf.php?path=%2F%2Flib64%2Fgtk-2.0 HTTP/1.1" 200 1218 "-" "serpstatbot/2.1 (advanced backlink tracking bot; https://serpstatbot.com/; abuse@serpstatbot.com)"
5.255.231.162 - - [12/May/2025:11:59:22 -0400] "GET /78939670 HTTP/1.1" 500 0 "-" "Mozilla/5.0 (compatible; YandexBot/3.0; +http://yandex.com/bots)"
20.171.207.232 - - [12/May/2025:11:59:28 -0400] "GET /72397430 HTTP/1.1" 500 0 "-" "Mozilla/5.0 AppleWebKit/537.36 (KHTML, like Gecko; compatible; GPTBot/1.2; +https://openai.com/gptbot)"
66.249.65.169 - - [12/May/2025:11:59:33 -0400] "GET /93434070 HTTP/1.1" 200 18420 "-" "Mozilla/5.0 (Linux; Android 6.0.1; Nexus 5X Build/MMB29P) AppleWebKit/537.36 (KHTML, like Gecko) Chrome/136.0.7103.59 Mobile Safari/537.36 (compatible; Googlebot/2.1; +http://www.google.com/bot.html)"
54.36.148.218 - - [12/May/2025:11:59:38 -0400] "GET /?rbc20349.html HTTP/1.1" 200 2065 "-" "Mozilla/5.0 (compatible; AhrefsBot/7.0; +http://ahrefs.com/robot/)"
88.99.244.56 - - [12/May/2025:11:59:38 -0400] "GET /wp-content/edit-wolf.php?action=edit&file=libform.so.5&path=%2F%2Flib64 HTTP/1.1" 200 954 "-" "serpstatbot/2.1 (advanced backlink tracking bot; https://serpstatbot.com/; abuse@serpstatbot.com)"
66.249.65.169 - - [12/May/2025:11:59:44 -0400] "GET /93241174 HTTP/1.1" 200 20271 "-" "Mozilla/5.0 (Linux; Android 6.0.1; Nexus 5X Build/MMB29P) AppleWebKit/537.36 (KHTML, like Gecko) Chrome/136.0.7103.59 Mobile Safari/537.36 (compatible; Googlebot/2.1; +http://www.google.com/bot.html)"
54.36.148.183 - - [12/May/2025:11:59:46 -0400] "GET /?cox56152.html HTTP/1.1" 200 2065 "-" "Mozilla/5.0 (compatible; AhrefsBot/7.0; +http://ahrefs.com/robot/)"
54.36.149.97 - - [12/May/2025:11:59:46 -0400] "GET /?gtu54302.html HTTP/1.1" 200 2065 "-" "Mozilla/5.0 (compatible; AhrefsBot/7.0; +http://ahrefs.com/robot/)"
88.99.244.56 - - [12/May/2025:11:59:51 -0400] "GET /wp-content/edit-wolf.php?action=edit&file=renew-dummy-cert&path=%2F%2Fbin HTTP/1.1" 200 1362 "-" "serpstatbot/2.1 (advanced backlink tracking bot; https://serpstatbot.com/; abuse@serpstatbot.com)"
87.250.224.40 - - [12/May/2025:11:59:53 -0400] "GET /27053270 HTTP/1.1" 500 0 "-" "Mozilla/5.0 (compatible; YandexBot/3.0; +http://yandex.com/bots)"
66.249.65.169 - - [12/May/2025:11:59:54 -0400] "GET /21818198 HTTP/1.1" 200 19820 "-" "Mozilla/5.0 (Linux; Android 6.0.1; Nexus 5X Build/MMB29P) AppleWebKit/537.36 (KHTML, like Gecko) Chrome/136.0.7103.59 Mobile Safari/537.36 (compatible; Googlebot/2.1; +http://www.google.com/bot.html)"
54.36.148.228 - - [12/May/2025:11:59:57 -0400] "GET /?nyb20614.html HTTP/1.1" 200 2062 "-" "Mozilla/5.0 (compatible; AhrefsBot/7.0; +http://ahrefs.com/robot/)"
18.188.176.130 - - [12/May/2025:11:59:59 -0400] "GET /wp-admin/admin-wolf.php?action=edit&file=class-wp-block-patterns-registry.php&path=%2Fhome%2Fprocjwtt%2Fpublic_html%2Fwp-includes HTTP/1.1" 200 3479 "-" "Mozilla/5.0 AppleWebKit/537.36 (KHTML, like Gecko; compatible; ClaudeBot/1.0; +claudebot@anthropic.com)"
88.99.244.56 - - [12/May/2025:12:00:08 -0400] "GET /wp-content/edit-wolf.php?path=%2F%2Flib64%2Fgstreamer-1.0 HTTP/1.1" 200 3305 "-" "serpstatbot/2.1 (advanced backlink tracking bot; https://serpstatbot.com/; abuse@serpstatbot.com)"
66.249.65.171 - - [12/May/2025:12:00:18 -0400] "POST /get-message-notify HTTP/1.1" 200 19017 "https://procarecleaning.com.sg/93434070" "Mozilla/5.0 (Linux; Android 6.0.1; Nexus 5X Build/MMB29P) AppleWebKit/537.36 (KHTML, like Gecko) Chrome/135.0.7049.114 Mobile Safari/537.36 (compatible; Googlebot/2.1; +http://www.google.com/bot.html)"
88.99.244.56 - - [12/May/2025:12:00:25 -0400] "GET /wp-content/edit-wolf.php?action=edit&file=libfstrm.so.0&path=%2F%2Flib64 HTTP/1.1" 200 955 "-" "serpstatbot/2.1 (advanced backlink tracking bot; https://serpstatbot.com/; abuse@serpstatbot.com)"
20.171.207.232 - - [12/May/2025:12:00:30 -0400] "GET /45158838 HTTP/1.1" 500 0 "-" "Mozilla/5.0 AppleWebKit/537.36 (KHTML, like Gecko; compatible; GPTBot/1.2; +https://openai.com/gptbot)"
54.36.148.126 - - [12/May/2025:12:00:37 -0400] "GET /?rbc51916.html HTTP/1.1" 200 2064 "-" "Mozilla/5.0 (compatible; AhrefsBot/7.0; +http://ahrefs.com/robot/)"
88.99.244.56 - - [12/May/2025:12:00:42 -0400] "GET /wp-content/edit-wolf.php?action=edit&file=rename&path=%2F%2Fbin HTTP/1.1" 200 948 "-" "serpstatbot/2.1 (advanced backlink tracking bot; https://serpstatbot.com/; abuse@serpstatbot.com)"
52.167.144.232 - - [12/May/2025:12:00:47 -0400] "GET /encaustici9iai/1kfif.html HTTP/1.1" 200 20133 "-" "Mozilla/5.0 AppleWebKit/537.36 (KHTML, like Gecko; compatible; bingbot/2.0; +http://www.bing.com/bingbot.htm) Chrome/116.0.1938.76 Safari/537.36"
54.36.148.36 - - [12/May/2025:12:00:53 -0400] "GET /?znb37112.html HTTP/1.1" 200 2064 "-" "Mozilla/5.0 (compatible; AhrefsBot/7.0; +http://ahrefs.com/robot/)"
88.99.244.56 - - [12/May/2025:12:01:00 -0400] "GET /wp-content/edit-wolf.php?path=%2F%2Flib64%2Fgames HTTP/1.1" 200 1099 "-" "serpstatbot/2.1 (advanced backlink tracking bot; https://serpstatbot.com/; abuse@serpstatbot.com)"
54.36.148.134 - - [12/May/2025:12:01:04 -0400] "GET /?oer35687.html HTTP/1.1" 200 2064 "-" "Mozilla/5.0 (compatible; AhrefsBot/7.0; +http://ahrefs.com/robot/)"
88.99.244.56 - - [12/May/2025:12:01:11 -0400] "GET /wp-content/edit-wolf.php?action=edit&file=libfuse.so.2&path=%2F%2Flib64 HTTP/1.1" 200 954 "-" "serpstatbot/2.1 (advanced backlink tracking bot; https://serpstatbot.com/; abuse@serpstatbot.com)"
88.99.244.56 - - [12/May/2025:12:01:14 -0400] "GET /wp-content/edit-wolf.php?action=edit&file=relayhosts&path=%2F%2Fetc HTTP/1.1" 200 875 "-" "serpstatbot/2.1 (advanced backlink tracking bot; https://serpstatbot.com/; abuse@serpstatbot.com)"
54.36.148.13 - - [12/May/2025:12:01:14 -0400] "GET /?nns45442.html HTTP/1.1" 200 2064 "-" "Mozilla/5.0 (compatible; AhrefsBot/7.0; +http://ahrefs.com/robot/)"
88.99.244.56 - - [12/May/2025:12:01:17 -0400] "GET /wp-content/edit-wolf.php?path=%2F%2Flib64%2Fgalera-4 HTTP/1.1" 200 1225 "-" "serpstatbot/2.1 (advanced backlink tracking bot; https://serpstatbot.com/; abuse@serpstatbot.com)"
88.99.244.56 - - [12/May/2025:12:01:19 -0400] "GET /wp-content/edit-wolf.php?action=edit&file=libfuse.so.2.9.7&path=%2F%2Flib64 HTTP/1.1" 200 958 "-" "serpstatbot/2.1 (advanced backlink tracking bot; https://serpstatbot.com/; abuse@serpstatbot.com)"
18.223.162.245 - - [12/May/2025:12:01:20 -0400] "GET /wp-admin/admin-wolf.php?path=%2Fhome%2Fprocjwtt%2Fpublic_html%2Fwp-content%2Fuploads%2Fwpcf7_uploads HTTP/1.1" 200 1128 "-" "Mozilla/5.0 AppleWebKit/537.36 (KHTML, like Gecko; compatible; ClaudeBot/1.0; +claudebot@anthropic.com)"
18.223.162.245 - - [12/May/2025:12:01:20 -0400] "GET /wp-admin/admin-wolf.php?action=edit&file=class-wp-translation-file.php&path=%2Fhome%2Fprocjwtt%2Fpublic_html%2Fwp-includes%2Fl10n HTTP/1.1" 200 2513 "-" "Mozilla/5.0 AppleWebKit/537.36 (KHTML, like Gecko; compatible; ClaudeBot/1.0; +claudebot@anthropic.com)"
18.223.162.245 - - [12/May/2025:12:01:21 -0400] "GET /wp-admin/admin-wolf.php?action=edit&file=class-wp-translation-controller.php&path=%2Fhome%2Fprocjwtt%2Fpublic_html%2Fwp-includes%2Fl10n HTTP/1.1" 200 3298 "-" "Mozilla/5.0 AppleWebKit/537.36 (KHTML, like Gecko; compatible; ClaudeBot/1.0; +claudebot@anthropic.com)"
18.223.162.245 - - [12/May/2025:12:01:21 -0400] "GET /wp-admin/admin-wolf.php?path=%2Fhome%2Fprocjwtt%2Fpublic_html%2Fwp-content%2Fuploads%2Fbackup HTTP/1.1" 200 1224 "-" "Mozilla/5.0 AppleWebKit/537.36 (KHTML, like Gecko; compatible; ClaudeBot/1.0; +claudebot@anthropic.com)"
18.223.162.245 - - [12/May/2025:12:01:21 -0400] "GET /wp-admin/admin-wolf.php?path=%2Fhome%2Fprocjwtt%2Fpublic_html%2Fwp-content%2Fuploads%2Fjs_composer HTTP/1.1" 200 1135 "-" "Mozilla/5.0 AppleWebKit/537.36 (KHTML, like Gecko; compatible; ClaudeBot/1.0; +claudebot@anthropic.com)"
18.223.162.245 - - [12/May/2025:12:01:21 -0400] "GET /wp-admin/admin-wolf.php?path=%2Fhome%2Fprocjwtt%2Fpublic_html%2Fwp-content%2Fuploads%2Fwpcode HTTP/1.1" 200 1168 "-" "Mozilla/5.0 AppleWebKit/537.36 (KHTML, like Gecko; compatible; ClaudeBot/1.0; +claudebot@anthropic.com)"
18.223.162.245 - - [12/May/2025:12:01:21 -0400] "GET /wp-admin/admin-wolf.php?action=edit&file=class-wp-translation-file-php.php&path=%2Fhome%2Fprocjwtt%2Fpublic_html%2Fwp-includes%2Fl10n HTTP/1.1" 200 1559 "-" "Mozilla/5.0 AppleWebKit/537.36 (KHTML, like Gecko; compatible; ClaudeBot/1.0; +claudebot@anthropic.com)"
88.99.244.56 - - [12/May/2025:12:01:22 -0400] "GET /wp-content/edit-wolf.php?action=edit&file=reindexdb&path=%2F%2Fbin HTTP/1.1" 200 952 "-" "serpstatbot/2.1 (advanced backlink tracking bot; https://serpstatbot.com/; abuse@serpstatbot.com)"
54.36.148.178 - - [12/May/2025:12:01:23 -0400] "GET /?zig21276.html HTTP/1.1" 200 2064 "-" "Mozilla/5.0 (compatible; AhrefsBot/7.0; +http://ahrefs.com/robot/)"
88.99.244.56 - - [12/May/2025:12:01:25 -0400] "GET /wp-content/edit-wolf.php?path=%2F%2Flib64%2Fenchant HTTP/1.1" 200 1228 "-" "serpstatbot/2.1 (advanced backlink tracking bot; https://serpstatbot.com/; abuse@serpstatbot.com)"
88.99.244.56 - - [12/May/2025:12:01:28 -0400] "GET /wp-content/edit-wolf.php?action=edit&file=libg.a&path=%2F%2Flib64 HTTP/1.1" 200 950 "-" "serpstatbot/2.1 (advanced backlink tracking bot; https://serpstatbot.com/; abuse@serpstatbot.com)"
88.99.244.56 - - [12/May/2025:12:01:31 -0400] "GET /wp-content/edit-wolf.php?action=edit&file=recode&path=%2F%2Fbin HTTP/1.1" 200 950 "-" "serpstatbot/2.1 (advanced backlink tracking bot; https://serpstatbot.com/; abuse@serpstatbot.com)"
88.99.244.56 - - [12/May/2025:12:01:33 -0400] "GET /wp-content/edit-wolf.php?path=%2F%2Flib64%2Fdovecot HTTP/1.1" 200 2312 "-" "serpstatbot/2.1 (advanced backlink tracking bot; https://serpstatbot.com/; abuse@serpstatbot.com)"
20.171.207.232 - - [12/May/2025:12:01:34 -0400] "GET /81251926 HTTP/1.1" 500 0 "-" "Mozilla/5.0 AppleWebKit/537.36 (KHTML, like Gecko; compatible; GPTBot/1.2; +https://openai.com/gptbot)"
88.99.244.56 - - [12/May/2025:12:01:36 -0400] "GET /wp-content/edit-wolf.php?action=edit&file=libgailutil.so.18&path=%2F%2Flib64 HTTP/1.1" 200 958 "-" "serpstatbot/2.1 (advanced backlink tracking bot; https://serpstatbot.com/; abuse@serpstatbot.com)"
88.99.244.56 - - [12/May/2025:12:01:39 -0400] "GET /wp-content/edit-wolf.php?action=edit&file=realpath&path=%2F%2Fbin HTTP/1.1" 200 951 "-" "serpstatbot/2.1 (advanced backlink tracking bot; https://serpstatbot.com/; abuse@serpstatbot.com)"
54.36.148.78 - - [12/May/2025:12:01:40 -0400] "GET /?lez11002.html HTTP/1.1" 200 2063 "-" "Mozilla/5.0 (compatible; AhrefsBot/7.0; +http://ahrefs.com/robot/)"
88.99.244.56 - - [12/May/2025:12:01:42 -0400] "GET /wp-content/edit-wolf.php?path=%2F%2Flib64%2Fcmake HTTP/1.1" 200 1366 "-" "serpstatbot/2.1 (advanced backlink tracking bot; https://serpstatbot.com/; abuse@serpstatbot.com)"
88.99.244.56 - - [12/May/2025:12:01:45 -0400] "GET /wp-content/edit-wolf.php?action=edit&file=libgbm.so.1&path=%2F%2Flib64 HTTP/1.1" 200 954 "-" "serpstatbot/2.1 (advanced backlink tracking bot; https://serpstatbot.com/; abuse@serpstatbot.com)"
88.99.244.56 - - [12/May/2025:12:01:47 -0400] "GET /wp-content/edit-wolf.php?action=edit&file=readme.html&path=%2Fhome%2Fprocjwtt%2Fwww HTTP/1.1" 200 4359 "-" "serpstatbot/2.1 (advanced backlink tracking bot; https://serpstatbot.com/; abuse@serpstatbot.com)"
88.99.244.56 - - [12/May/2025:12:01:50 -0400] "GET /wp-content/edit-wolf.php?path=%2F%2Flib64%2Fcifs-utils HTTP/1.1" 200 1230 "-" "serpstatbot/2.1 (advanced backlink tracking bot; https://serpstatbot.com/; abuse@serpstatbot.com)"
88.99.244.56 - - [12/May/2025:12:01:53 -0400] "GET /wp-content/edit-wolf.php?action=edit&file=libgcrypt.so.20.2.5&path=%2F%2Flib64 HTTP/1.1" 200 960 "-" "serpstatbot/2.1 (advanced backlink tracking bot; https://serpstatbot.com/; abuse@serpstatbot.com)"
88.99.244.56 - - [12/May/2025:12:01:55 -0400] "GET /wp-content/edit-wolf.php?action=edit&file=readme.html&path=%2Fhome%2Fprocjwtt%2Fpromo.procarecleaning.com.sg HTTP/1.1" 200 4369 "-" "serpstatbot/2.1 (advanced backlink tracking bot; https://serpstatbot.com/; abuse@serpstatbot.com)"
88.99.244.56 - - [12/May/2025:12:01:58 -0400] "GET /wp-content/edit-wolf.php?path=%2F%2Flib64%2Fc%2B%2B-plesk-12.2.0 HTTP/1.1" 200 1200 "-" "serpstatbot/2.1 (advanced backlink tracking bot; https://serpstatbot.com/; abuse@serpstatbot.com)"
95.108.213.105 - - [12/May/2025:12:01:59 -0400] "GET /72953846 HTTP/1.1" 500 0 "-" "Mozilla/5.0 (compatible; YandexBot/3.0; +http://yandex.com/bots)"
88.99.244.56 - - [12/May/2025:12:02:01 -0400] "GET /wp-content/edit-wolf.php?action=edit&file=libgd.so&path=%2F%2Flib64 HTTP/1.1" 200 951 "-" "serpstatbot/2.1 (advanced backlink tracking bot; https://serpstatbot.com/; abuse@serpstatbot.com)"
88.99.244.56 - - [12/May/2025:12:02:04 -0400] "GET /wp-content/edit-wolf.php?action=edit&file=readme&path=%2Fhome%2Fprocjwtt%2FlscmData HTTP/1.1" 200 1084 "-" "serpstatbot/2.1 (advanced backlink tracking bot; https://serpstatbot.com/; abuse@serpstatbot.com)"
88.99.244.56 - - [12/May/2025:12:02:07 -0400] "GET /wp-content/edit-wolf.php?path=%2F%2Flib64%2Fc%2B%2B-plesk-10.3.0 HTTP/1.1" 200 1201 "-" "serpstatbot/2.1 (advanced backlink tracking bot; https://serpstatbot.com/; abuse@serpstatbot.com)"
54.36.148.114 - - [12/May/2025:12:02:08 -0400] "GET /?zut56570.html HTTP/1.1" 200 2063 "-" "Mozilla/5.0 (compatible; AhrefsBot/7.0; +http://ahrefs.com/robot/)"
88.99.244.56 - - [12/May/2025:12:02:09 -0400] "GET /wp-content/edit-wolf.php?action=edit&file=libgd.so.3.0.5&path=%2F%2Flib64 HTTP/1.1" 200 957 "-" "serpstatbot/2.1 (advanced backlink tracking bot; https://serpstatbot.com/; abuse@serpstatbot.com)"
66.249.65.169 - - [12/May/2025:12:02:10 -0400] "GET /66400598 HTTP/1.1" 200 20013 "-" "Mozilla/5.0 (Linux; Android 6.0.1; Nexus 5X Build/MMB29P) AppleWebKit/537.36 (KHTML, like Gecko) Chrome/136.0.7103.59 Mobile Safari/537.36 (compatible; Googlebot/2.1; +http://www.google.com/bot.html)"
88.99.244.56 - - [12/May/2025:12:02:12 -0400] "GET /wp-content/edit-wolf.php?action=edit&file=readlink&path=%2F%2Fbin HTTP/1.1" 200 951 "-" "serpstatbot/2.1 (advanced backlink tracking bot; https://serpstatbot.com/; abuse@serpstatbot.com)"
213.180.203.121 - - [12/May/2025:12:02:12 -0400] "GET /51249270 HTTP/1.1" 500 0 "-" "Mozilla/5.0 (compatible; YandexBot/3.0; +http://yandex.com/bots)"
88.99.244.56 - - [12/May/2025:12:02:15 -0400] "GET /wp-content/edit-wolf.php?path=%2F%2Flib64%2Fbind9-export HTTP/1.1" 200 1366 "-" "serpstatbot/2.1 (advanced backlink tracking bot; https://serpstatbot.com/; abuse@serpstatbot.com)"
88.99.244.56 - - [12/May/2025:12:02:18 -0400] "GET /wp-content/edit-wolf.php?action=edit&file=libgdbm.so&path=%2F%2Flib64 HTTP/1.1" 200 953 "-" "serpstatbot/2.1 (advanced backlink tracking bot; https://serpstatbot.com/; abuse@serpstatbot.com)"
54.36.148.233 - - [12/May/2025:12:02:20 -0400] "GET /?sdy45645.html HTTP/1.1" 200 2063 "-" "Mozilla/5.0 (compatible; AhrefsBot/7.0; +http://ahrefs.com/robot/)"
88.99.244.56 - - [12/May/2025:12:02:20 -0400] "GET /wp-content/edit-wolf.php?action=edit&file=readelf&path=%2F%2Fbin HTTP/1.1" 200 949 "-" "serpstatbot/2.1 (advanced backlink tracking bot; https://serpstatbot.com/; abuse@serpstatbot.com)"
88.99.244.56 - - [12/May/2025:12:02:21 -0400] "GET /wp-content/edit-wolf.php?path=%2F%2Flib64%2Fbind HTTP/1.1" 200 1099 "-" "serpstatbot/2.1 (advanced backlink tracking bot; https://serpstatbot.com/; abuse@serpstatbot.com)"
88.99.244.56 - - [12/May/2025:12:02:25 -0400] "GET /wp-content/edit-wolf.php?action=edit&file=libgdbm.so.6&path=%2F%2Flib64 HTTP/1.1" 200 955 "-" "serpstatbot/2.1 (advanced backlink tracking bot; https://serpstatbot.com/; abuse@serpstatbot.com)"
3.145.106.222 - - [12/May/2025:12:02:25 -0400] "GET /wp-admin/admin-wolf.php?path=%2Fhome%2Fprocjwtt%2Fpublic_html%2Fwp-content%2Fuploads%2F2020 HTTP/1.1" 200 1170 "-" "Mozilla/5.0 AppleWebKit/537.36 (KHTML, like Gecko; compatible; ClaudeBot/1.0; +claudebot@anthropic.com)"
3.145.106.222 - - [12/May/2025:12:02:25 -0400] "GET /wp-admin/admin-wolf.php?path=%2Fhome%2Fprocjwtt%2Fpublic_html%2Fwp-content%2Fuploads%2F2017 HTTP/1.1" 200 1110 "-" "Mozilla/5.0 AppleWebKit/537.36 (KHTML, like Gecko; compatible; ClaudeBot/1.0; +claudebot@anthropic.com)"
3.145.106.222 - - [12/May/2025:12:02:25 -0400] "GET /wp-admin/admin-wolf.php?path=%2Fhome%2Fprocjwtt%2Fpublic_html%2Fwp-content%2Fuploads%2F2018 HTTP/1.1" 200 1170 "-" "Mozilla/5.0 AppleWebKit/537.36 (KHTML, like Gecko; compatible; ClaudeBot/1.0; +claudebot@anthropic.com)"
3.145.106.222 - - [12/May/2025:12:02:26 -0400] "GET /wp-admin/admin-wolf.php?path=%2Fhome%2Fprocjwtt%2Fpublic_html%2Fwp-content%2Fuploads%2Fessential-addons-elementor HTTP/1.1" 200 1219 "-" "Mozilla/5.0 AppleWebKit/537.36 (KHTML, like Gecko; compatible; ClaudeBot/1.0; +claudebot@anthropic.com)"
3.145.106.222 - - [12/May/2025:12:02:26 -0400] "GET /wp-admin/admin-wolf.php?path=%2Fhome%2Fprocjwtt%2Fpublic_html%2Fwp-content%2Fuploads%2Frevslider HTTP/1.1" 200 1137 "-" "Mozilla/5.0 AppleWebKit/537.36 (KHTML, like Gecko; compatible; ClaudeBot/1.0; +claudebot@anthropic.com)"
3.145.106.222 - - [12/May/2025:12:02:26 -0400] "GET /wp-admin/admin-wolf.php?path=%2Fhome%2Fprocjwtt%2Fpublic_html%2Fcgi-bin%2F106971 HTTP/1.1" 200 1112 "-" "Mozilla/5.0 AppleWebKit/537.36 (KHTML, like Gecko; compatible; ClaudeBot/1.0; +claudebot@anthropic.com)"
3.145.106.222 - - [12/May/2025:12:02:26 -0400] "GET /wp-admin/admin-wolf.php?path=%2Fhome%2Fprocjwtt%2Fpublic_html%2Fnc_assets%2Fcss HTTP/1.1" 200 1180 "-" "Mozilla/5.0 AppleWebKit/537.36 (KHTML, like Gecko; compatible; ClaudeBot/1.0; +claudebot@anthropic.com)"
88.99.244.56 - - [12/May/2025:12:02:29 -0400] "GET /wp-content/edit-wolf.php?action=edit&file=razor-agent.log&path=%2Fhome%2Fprocjwtt%2F.razor HTTP/1.1" 200 56285 "-" "serpstatbot/2.1 (advanced backlink tracking bot; https://serpstatbot.com/; abuse@serpstatbot.com)"
66.249.65.169 - - [12/May/2025:12:02:30 -0400] "GET /pcmypage?callback=product/review/QVJN84249039 HTTP/1.1" 200 18747 "-" "Mozilla/5.0 (Linux; Android 6.0.1; Nexus 5X Build/MMB29P) AppleWebKit/537.36 (KHTML, like Gecko) Chrome/136.0.7103.59 Mobile Safari/537.36 (compatible; Googlebot/2.1; +http://www.google.com/bot.html)"
88.99.244.56 - - [12/May/2025:12:02:33 -0400] "GET /wp-content/edit-wolf.php?path=%2F%2Flib64%2Faudit HTTP/1.1" 200 1224 "-" "serpstatbot/2.1 (advanced backlink tracking bot; https://serpstatbot.com/; abuse@serpstatbot.com)"
66.249.65.169 - - [12/May/2025:12:02:36 -0400] "GET /5424790 HTTP/1.1" 200 19150 "-" "Mozilla/5.0 (Linux; Android 6.0.1; Nexus 5X Build/MMB29P) AppleWebKit/537.36 (KHTML, like Gecko) Chrome/136.0.7103.59 Mobile Safari/537.36 (compatible; Googlebot/2.1; +http://www.google.com/bot.html)"
20.171.207.232 - - [12/May/2025:12:02:37 -0400] "GET /24564278 HTTP/1.1" 500 0 "-" "Mozilla/5.0 AppleWebKit/537.36 (KHTML, like Gecko; compatible; GPTBot/1.2; +https://openai.com/gptbot)"
88.99.244.56 - - [12/May/2025:12:02:38 -0400] "GET /wp-content/edit-wolf.php?action=edit&file=libgdbm.so.6.0.0&path=%2F%2Flib64 HTTP/1.1" 200 959 "-" "serpstatbot/2.1 (advanced backlink tracking bot; https://serpstatbot.com/; abuse@serpstatbot.com)"
66.249.65.169 - - [12/May/2025:12:02:41 -0400] "GET /36042070 HTTP/1.1" 200 18582 "-" "Mozilla/5.0 (Linux; Android 6.0.1; Nexus 5X Build/MMB29P) AppleWebKit/537.36 (KHTML, like Gecko) Chrome/136.0.7103.59 Mobile Safari/537.36 (compatible; Googlebot/2.1; +http://www.google.com/bot.html)"
88.99.244.56 - - [12/May/2025:12:02:43 -0400] "GET /wp-content/edit-wolf.php?action=edit&file=raw&path=%2F%2Fbin HTTP/1.1" 200 948 "-" "serpstatbot/2.1 (advanced backlink tracking bot; https://serpstatbot.com/; abuse@serpstatbot.com)"
66.249.65.169 - - [12/May/2025:12:02:46 -0400] "POST /get-message-notify HTTP/1.1" 200 19017 "https://procarecleaning.com.sg/36042070" "Mozilla/5.0 (Linux; Android 6.0.1; Nexus 5X Build/MMB29P) AppleWebKit/537.36 (KHTML, like Gecko) Chrome/135.0.7049.114 Mobile Safari/537.36 (compatible; Googlebot/2.1; +http://www.google.com/bot.html)"
88.99.244.56 - - [12/May/2025:12:02:48 -0400] "GET /wp-content/edit-wolf.php?path=%2F%2Flib64%2FNetworkManager HTTP/1.1" 200 1208 "-" "serpstatbot/2.1 (advanced backlink tracking bot; https://serpstatbot.com/; abuse@serpstatbot.com)"
88.99.244.56 - - [12/May/2025:12:02:53 -0400] "GET /wp-content/edit-wolf.php?action=edit&file=libgdbm_compat.so&path=%2F%2Flib64 HTTP/1.1" 200 959 "-" "serpstatbot/2.1 (advanced backlink tracking bot; https://serpstatbot.com/; abuse@serpstatbot.com)"
88.99.244.56 - - [12/May/2025:12:02:58 -0400] "GET /wp-content/edit-wolf.php?action=edit&file=ranlib&path=%2F%2Fbin HTTP/1.1" 200 950 "-" "serpstatbot/2.1 (advanced backlink tracking bot; https://serpstatbot.com/; abuse@serpstatbot.com)"
88.99.244.56 - - [12/May/2025:12:03:04 -0400] "GET /wp-content/edit-wolf.php?path=%2F%2Flib64%2FImageMagick-6.9.13 HTTP/1.1" 200 1224 "-" "serpstatbot/2.1 (advanced backlink tracking bot; https://serpstatbot.com/; abuse@serpstatbot.com)"
66.249.65.170 - - [12/May/2025:12:03:03 -0400] "GET /15652150 HTTP/1.1" 200 19092 "-" "Mozilla/5.0 (Linux; Android 6.0.1; Nexus 5X Build/MMB29P) AppleWebKit/537.36 (KHTML, like Gecko) Chrome/136.0.7103.59 Mobile Safari/537.36 (compatible; Googlebot/2.1; +http://www.google.com/bot.html)"
66.249.65.169 - - [12/May/2025:12:03:07 -0400] "GET /pcmypage?callback=/product%2Fdetail%2FEYFC11744209 HTTP/1.1" 200 21658 "-" "Mozilla/5.0 (Linux; Android 6.0.1; Nexus 5X Build/MMB29P) AppleWebKit/537.36 (KHTML, like Gecko) Chrome/136.0.7103.59 Mobile Safari/537.36 (compatible; Googlebot/2.1; +http://www.google.com/bot.html)"
88.99.244.56 - - [12/May/2025:12:03:08 -0400] "GET /wp-content/edit-wolf.php?action=edit&file=libgdbm_compat.so.4&path=%2F%2Flib64 HTTP/1.1" 200 961 "-" "serpstatbot/2.1 (advanced backlink tracking bot; https://serpstatbot.com/; abuse@serpstatbot.com)"
5.255.231.106 - - [12/May/2025:12:03:09 -0400] "GET /88817270 HTTP/1.1" 500 0 "-" "Mozilla/5.0 (compatible; YandexBot/3.0; +http://yandex.com/bots)"
14.226.171.115 - - [12/May/2025:12:03:14 -0400] "HEAD /wp-content/gallery/sofa-chair/Blue-Sofa-2606.jpg_backup HTTP/1.1" 500 0 "-" "Mozilla/5.0 (Windows NT 6.3; Win64; x64) AppleWebKit/537.36 (KHTML, like Gecko) Chrome/60.0.3485.169 Safari/537.36"
14.191.149.53 - - [12/May/2025:12:03:14 -0400] "HEAD /wp-content/ngg/modules/photocrati-nextgen_addgallery_page/static/?ND= HTTP/1.1" 500 0 "-" "Mozilla/5.0 (Windows NT 6.3; Win64; x64) AppleWebKit/537.36 (KHTML, like Gecko) Chrome/67.0.3806.79 Safari/537.36"
14.226.171.115 - - [12/May/2025:12:03:15 -0400] "GET /wp-content/gallery/sofa-chair/Blue-Sofa-2606.jpg_backup HTTP/1.1" 500 0 "-" "Mozilla/5.0 (Windows NT 6.3; Win64; x64) AppleWebKit/537.36 (KHTML, like Gecko) Chrome/60.0.3485.169 Safari/537.36"
14.191.149.53 - - [12/May/2025:12:03:15 -0400] "GET /wp-content/ngg/modules/photocrati-nextgen_addgallery_page/static/?ND= HTTP/1.1" 500 0 "-" "Mozilla/5.0 (Windows NT 6.3; Win64; x64) AppleWebKit/537.36 (KHTML, like Gecko) Chrome/67.0.3806.79 Safari/537.36"
54.36.148.40 - - [12/May/2025:12:03:21 -0400] "GET /?bei38702.html HTTP/1.1" 200 2061 "-" "Mozilla/5.0 (compatible; AhrefsBot/7.0; +http://ahrefs.com/robot/)"
88.99.244.56 - - [12/May/2025:12:03:13 -0400] "GET /wp-content/edit-wolf.php?action=edit&file=random&path=%2F%2Fdev HTTP/1.1" 200 0 "-" "serpstatbot/2.1 (advanced backlink tracking bot; https://serpstatbot.com/; abuse@serpstatbot.com)"
88.99.244.56 - - [12/May/2025:12:03:26 -0400] "GET /wp-content/edit-wolf.php?path=%2F%2Flib64%2FGraphicsMagick-1.3.38 HTTP/1.1" 200 1225 "-" "serpstatbot/2.1 (advanced backlink tracking bot; https://serpstatbot.com/; abuse@serpstatbot.com)"
3.12.107.192 - - [12/May/2025:12:03:28 -0400] "GET /wp-admin/admin-wolf.php?path=%2Fhome%2Fprocjwtt%2Fpublic_html%2Fwp-content%2Fuploads%2Fwp-staging HTTP/1.1" 200 1266 "-" "Mozilla/5.0 AppleWebKit/537.36 (KHTML, like Gecko; compatible; ClaudeBot/1.0; +claudebot@anthropic.com)"
3.12.107.192 - - [12/May/2025:12:03:28 -0400] "GET /wp-admin/admin-wolf.php?path=%2Fhome%2Fprocjwtt%2Fpublic_html%2Fnc_assets%2Fimg HTTP/1.1" 200 1146 "-" "Mozilla/5.0 AppleWebKit/537.36 (KHTML, like Gecko; compatible; ClaudeBot/1.0; +claudebot@anthropic.com)"
3.12.107.192 - - [12/May/2025:12:03:29 -0400] "GET /wp-admin/admin-wolf.php?action=edit&file=index.php&path=%2Fhome%2Fprocjwtt%2Fpublic_html%2F.tmb HTTP/1.1" 200 815 "-" "Mozilla/5.0 AppleWebKit/537.36 (KHTML, like Gecko; compatible; ClaudeBot/1.0; +claudebot@anthropic.com)"
88.99.244.56 - - [12/May/2025:12:03:29 -0400] "GET /wp-content/edit-wolf.php?action=edit&file=libgdbm_compat.so.4.0.0&path=%2F%2Flib64 HTTP/1.1" 200 964 "-" "serpstatbot/2.1 (advanced backlink tracking bot; https://serpstatbot.com/; abuse@serpstatbot.com)"
3.12.107.192 - - [12/May/2025:12:03:29 -0400] "GET /wp-admin/admin-wolf.php?path=%2Fhome%2Fprocjwtt%2Fpublic_html%2Fwp-content%2Fuploads%2Fforminator HTTP/1.1" 200 1300 "-" "Mozilla/5.0 AppleWebKit/537.36 (KHTML, like Gecko; compatible; ClaudeBot/1.0; +claudebot@anthropic.com)"
3.12.107.192 - - [12/May/2025:12:03:29 -0400] "GET /wp-admin/admin-wolf.php?path=%2Fhome%2Fprocjwtt%2Fpublic_html%2Fwp-content%2Fuploads%2Felementor HTTP/1.1" 200 1148 "-" "Mozilla/5.0 AppleWebKit/537.36 (KHTML, like Gecko; compatible; ClaudeBot/1.0; +claudebot@anthropic.com)"
88.99.244.56 - - [12/May/2025:12:03:29 -0400] "GET /wp-content/edit-wolf.php?action=edit&file=pyvenv-3&path=%2F%2Fbin HTTP/1.1" 200 875 "-" "serpstatbot/2.1 (advanced backlink tracking bot; https://serpstatbot.com/; abuse@serpstatbot.com)"
3.12.107.192 - - [12/May/2025:12:03:29 -0400] "GET /wp-admin/admin-wolf.php?path=%2Fhome%2Fprocjwtt%2Fpublic_html%2Fwp-content%2Fuploads%2Fwp-file-manager-pro HTTP/1.1" 200 1115 "-" "Mozilla/5.0 AppleWebKit/537.36 (KHTML, like Gecko; compatible; ClaudeBot/1.0; +claudebot@anthropic.com)"
3.12.107.192 - - [12/May/2025:12:03:29 -0400] "GET /wp-admin/admin-wolf.php?action=edit&file=class-wp-translation-file-mo.php&path=%2Fhome%2Fprocjwtt%2Fpublic_html%2Fwp-includes%2Fl10n HTTP/1.1" 200 2755 "-" "Mozilla/5.0 AppleWebKit/537.36 (KHTML, like Gecko; compatible; ClaudeBot/1.0; +claudebot@anthropic.com)"
88.99.244.56 - - [12/May/2025:12:03:33 -0400] "GET /wp-content/edit-wolf.php?path=%2F%2Flib%2Fudev HTTP/1.1" 200 1574 "-" "serpstatbot/2.1 (advanced backlink tracking bot; https://serpstatbot.com/; abuse@serpstatbot.com)"
20.171.207.232 - - [12/May/2025:12:03:38 -0400] "GET /68417910 HTTP/1.1" 500 0 "-" "Mozilla/5.0 AppleWebKit/537.36 (KHTML, like Gecko; compatible; GPTBot/1.2; +https://openai.com/gptbot)"
88.99.244.56 - - [12/May/2025:12:03:38 -0400] "GET /wp-content/edit-wolf.php?action=edit&file=libgdk-x11-2.0.so.0&path=%2F%2Flib64 HTTP/1.1" 200 960 "-" "serpstatbot/2.1 (advanced backlink tracking bot; https://serpstatbot.com/; abuse@serpstatbot.com)"
54.36.148.129 - - [12/May/2025:12:03:39 -0400] "GET /?azk16636.html HTTP/1.1" 200 2063 "-" "Mozilla/5.0 (compatible; AhrefsBot/7.0; +http://ahrefs.com/robot/)"
88.99.244.56 - - [12/May/2025:12:03:44 -0400] "GET /wp-content/edit-wolf.php?action=edit&file=python3.6m&path=%2F%2Fbin HTTP/1.1" 200 954 "-" "serpstatbot/2.1 (advanced backlink tracking bot; https://serpstatbot.com/; abuse@serpstatbot.com)"
66.249.65.169 - - [12/May/2025:12:03:44 -0400] "GET /41015958 HTTP/1.1" 200 18496 "-" "Mozilla/5.0 (Linux; Android 6.0.1; Nexus 5X Build/MMB29P) AppleWebKit/537.36 (KHTML, like Gecko) Chrome/136.0.7103.59 Mobile Safari/537.36 (compatible; Googlebot/2.1; +http://www.google.com/bot.html)"
88.99.244.56 - - [12/May/2025:12:03:49 -0400] "GET /wp-content/edit-wolf.php?path=%2F%2Flib%2Ftuned HTTP/1.1" 200 1551 "-" "serpstatbot/2.1 (advanced backlink tracking bot; https://serpstatbot.com/; abuse@serpstatbot.com)"
66.249.65.169 - - [12/May/2025:12:03:51 -0400] "GET /66887382 HTTP/1.1" 200 21092 "-" "Mozilla/5.0 (Linux; Android 6.0.1; Nexus 5X Build/MMB29P) AppleWebKit/537.36 (KHTML, like Gecko) Chrome/136.0.7103.59 Mobile Safari/537.36 (compatible; Googlebot/2.1; +http://www.google.com/bot.html)"
88.99.244.56 - - [12/May/2025:12:03:55 -0400] "GET /wp-content/edit-wolf.php?action=edit&file=libgearman.so.8&path=%2F%2Flib64 HTTP/1.1" 200 956 "-" "serpstatbot/2.1 (advanced backlink tracking bot; https://serpstatbot.com/; abuse@serpstatbot.com)"
88.99.244.56 - - [12/May/2025:12:03:59 -0400] "GET /wp-content/edit-wolf.php?action=edit&file=python3.6&path=%2F%2Fbin HTTP/1.1" 200 953 "-" "serpstatbot/2.1 (advanced backlink tracking bot; https://serpstatbot.com/; abuse@serpstatbot.com)"
66.249.65.170 - - [12/May/2025:12:04:03 -0400] "GET /3085590 HTTP/1.1" 200 20762 "-" "Mozilla/5.0 (Linux; Android 6.0.1; Nexus 5X Build/MMB29P) AppleWebKit/537.36 (KHTML, like Gecko) Chrome/136.0.7103.59 Mobile Safari/537.36 (compatible; Googlebot/2.1; +http://www.google.com/bot.html)"
88.99.244.56 - - [12/May/2025:12:04:06 -0400] "GET /wp-content/edit-wolf.php?path=%2F%2Flib%2Ftmpfiles.d HTTP/1.1" 200 1832 "-" "serpstatbot/2.1 (advanced backlink tracking bot; https://serpstatbot.com/; abuse@serpstatbot.com)"
88.99.244.56 - - [12/May/2025:12:04:13 -0400] "GET /wp-content/edit-wolf.php?action=edit&file=libgettextlib-0.19.8.1.so&path=%2F%2Flib64 HTTP/1.1" 200 963 "-" "serpstatbot/2.1 (advanced backlink tracking bot; https://serpstatbot.com/; abuse@serpstatbot.com)"
66.249.65.170 - - [12/May/2025:12:04:16 -0400] "GET /63647510 HTTP/1.1" 200 19101 "-" "Mozilla/5.0 (Linux; Android 6.0.1; Nexus 5X Build/MMB29P) AppleWebKit/537.36 (KHTML, like Gecko) Chrome/136.0.7103.59 Mobile Safari/537.36 (compatible; Googlebot/2.1; +http://www.google.com/bot.html)"
54.36.148.211 - - [12/May/2025:12:04:18 -0400] "GET /?xlr46994.html HTTP/1.1" 200 2063 "-" "Mozilla/5.0 (compatible; AhrefsBot/7.0; +http://ahrefs.com/robot/)"
88.99.244.56 - - [12/May/2025:12:04:23 -0400] "GET /wp-content/edit-wolf.php?action=edit&file=python3&path=%2F%2Fbin HTTP/1.1" 200 951 "-" "serpstatbot/2.1 (advanced backlink tracking bot; https://serpstatbot.com/; abuse@serpstatbot.com)"
54.36.148.145 - - [12/May/2025:12:04:23 -0400] "GET /?kpy29605.html HTTP/1.1" 200 2063 "-" "Mozilla/5.0 (compatible; AhrefsBot/7.0; +http://ahrefs.com/robot/)"
66.249.65.169 - - [12/May/2025:12:04:28 -0400] "GET /48231318 HTTP/1.1" 200 19182 "-" "Mozilla/5.0 (Linux; Android 6.0.1; Nexus 5X Build/MMB29P) AppleWebKit/537.36 (KHTML, like Gecko) Chrome/136.0.7103.59 Mobile Safari/537.36 (compatible; Googlebot/2.1; +http://www.google.com/bot.html)"
54.36.149.86 - - [12/May/2025:12:04:29 -0400] "GET /?cze42890.html HTTP/1.1" 200 2063 "-" "Mozilla/5.0 (compatible; AhrefsBot/7.0; +http://ahrefs.com/robot/)"
18.117.90.244 - - [12/May/2025:12:04:35 -0400] "GET /wp-admin/admin-wolf.php?path=%2Fhome%2Fprocjwtt%2Fpublic_html%2Fwp-content%2Fuploads%2F2024 HTTP/1.1" 200 1170 "-" "Mozilla/5.0 AppleWebKit/537.36 (KHTML, like Gecko; compatible; ClaudeBot/1.0; +claudebot@anthropic.com)"
18.117.90.244 - - [12/May/2025:12:04:35 -0400] "GET /wp-admin/admin-wolf.php?path=%2F%2Fopt%2Fhc_python HTTP/1.1" 200 1197 "-" "Mozilla/5.0 AppleWebKit/537.36 (KHTML, like Gecko; compatible; ClaudeBot/1.0; +claudebot@anthropic.com)"
18.117.90.244 - - [12/May/2025:12:04:35 -0400] "GET /wp-admin/admin-wolf.php?path=%2Fhome%2Fprocjwtt%2F.cpanel%2Fea-php-cli HTTP/1.1" 200 1124 "-" "Mozilla/5.0 AppleWebKit/537.36 (KHTML, like Gecko; compatible; ClaudeBot/1.0; +claudebot@anthropic.com)"
18.117.90.244 - - [12/May/2025:12:04:35 -0400] "GET /wp-admin/admin-wolf.php?path=%2Fhome%2Fprocjwtt%2Fpublic_html%2Fwp-content%2Fuploads%2F2021 HTTP/1.1" 200 1171 "-" "Mozilla/5.0 AppleWebKit/537.36 (KHTML, like Gecko; compatible; ClaudeBot/1.0; +claudebot@anthropic.com)"
18.117.90.244 - - [12/May/2025:12:04:35 -0400] "GET /wp-admin/admin-wolf.php?path=%2Fhome%2Fprocjwtt%2Fpublic_html%2Fwp-content%2Fuploads%2Fastra-sites HTTP/1.1" 200 1133 "-" "Mozilla/5.0 AppleWebKit/537.36 (KHTML, like Gecko; compatible; ClaudeBot/1.0; +claudebot@anthropic.com)"
51.15.164.30 - - [12/May/2025:12:04:35 -0400] "HEAD / HTTP/1.1" 200 0 "-" "Mozilla/5.0 (Macintosh; Intel Mac OS X 10_14_0) AppleWebKit/537.36 (KHTML, like Gecko) Chrome/70.0.3538.67 Safari/537.36"
18.117.90.244 - - [12/May/2025:12:04:36 -0400] "GET /wp-admin/admin-wolf.php?path=%2Fhome%2Fprocjwtt%2Fpublic_html%2Fwp-content%2Fuploads%2F2023 HTTP/1.1" 200 1170 "-" "Mozilla/5.0 AppleWebKit/537.36 (KHTML, like Gecko; compatible; ClaudeBot/1.0; +claudebot@anthropic.com)"
18.117.90.244 - - [12/May/2025:12:04:36 -0400] "GET /wp-admin/admin-wolf.php?path=%2Fhome%2Fprocjwtt%2Fpublic_html%2Fwp-content%2Fuploads%2F2022 HTTP/1.1" 200 1170 "-" "Mozilla/5.0 AppleWebKit/537.36 (KHTML, like Gecko; compatible; ClaudeBot/1.0; +claudebot@anthropic.com)"
88.99.244.56 - - [12/May/2025:12:04:37 -0400] "GET /wp-content/edit-wolf.php?path=%2F%2Flib%2Fsysusers.d HTTP/1.1" 200 1295 "-" "serpstatbot/2.1 (advanced backlink tracking bot; https://serpstatbot.com/; abuse@serpstatbot.com)"
20.171.207.232 - - [12/May/2025:12:04:39 -0400] "GET /53524502 HTTP/1.1" 500 0 "-" "Mozilla/5.0 AppleWebKit/537.36 (KHTML, like Gecko; compatible; GPTBot/1.2; +https://openai.com/gptbot)"
54.36.148.222 - - [12/May/2025:12:04:41 -0400] "GET /?eun16476.html HTTP/1.1" 200 2065 "-" "Mozilla/5.0 (compatible; AhrefsBot/7.0; +http://ahrefs.com/robot/)"
95.108.213.103 - - [12/May/2025:12:04:42 -0400] "GET /84666870 HTTP/1.1" 500 0 "-" "Mozilla/5.0 (compatible; YandexBot/3.0; +http://yandex.com/bots)"
66.249.65.169 - - [12/May/2025:12:04:45 -0400] "GET /63708854 HTTP/1.1" 200 22265 "-" "Mozilla/5.0 (Linux; Android 6.0.1; Nexus 5X Build/MMB29P) AppleWebKit/537.36 (KHTML, like Gecko) Chrome/136.0.7103.59 Mobile Safari/537.36 (compatible; Googlebot/2.1; +http://www.google.com/bot.html)"
88.99.244.56 - - [12/May/2025:12:04:48 -0400] "GET /wp-content/edit-wolf.php?action=edit&file=libgettextsrc-0.19.8.1.so&path=%2F%2Flib64 HTTP/1.1" 200 963 "-" "serpstatbot/2.1 (advanced backlink tracking bot; https://serpstatbot.com/; abuse@serpstatbot.com)"
54.36.149.17 - - [12/May/2025:12:04:57 -0400] "GET /?lez56464.html HTTP/1.1" 200 2063 "-" "Mozilla/5.0 (compatible; AhrefsBot/7.0; +http://ahrefs.com/robot/)"
66.249.65.169 - - [12/May/2025:12:04:57 -0400] "GET /55244502 HTTP/1.1" 200 18960 "-" "Mozilla/5.0 (Linux; Android 6.0.1; Nexus 5X Build/MMB29P) AppleWebKit/537.36 (KHTML, like Gecko) Chrome/136.0.7103.59 Mobile Safari/537.36 (compatible; Googlebot/2.1; +http://www.google.com/bot.html)"
54.36.148.113 - - [12/May/2025:12:05:01 -0400] "GET /?xlr34542.html HTTP/1.1" 200 2063 "-" "Mozilla/5.0 (compatible; AhrefsBot/7.0; +http://ahrefs.com/robot/)"
88.99.244.56 - - [12/May/2025:12:05:02 -0400] "GET /wp-content/edit-wolf.php?action=edit&file=python2.7&path=%2F%2Fbin HTTP/1.1" 200 953 "-" "serpstatbot/2.1 (advanced backlink tracking bot; https://serpstatbot.com/; abuse@serpstatbot.com)"
66.249.65.169 - - [12/May/2025:12:05:07 -0400] "GET /69632726 HTTP/1.1" 200 19582 "-" "Mozilla/5.0 (Linux; Android 6.0.1; Nexus 5X Build/MMB29P) AppleWebKit/537.36 (KHTML, like Gecko) Chrome/136.0.7103.59 Mobile Safari/537.36 (compatible; Googlebot/2.1; +http://www.google.com/bot.html)"
88.99.244.56 - - [12/May/2025:12:05:18 -0400] "GET /wp-content/edit-wolf.php?path=%2F%2Flib%2Fsystemd HTTP/1.1" 200 2338 "-" "serpstatbot/2.1 (advanced backlink tracking bot; https://serpstatbot.com/; abuse@serpstatbot.com)"
213.180.203.90 - - [12/May/2025:12:05:21 -0400] "GET /33624054 HTTP/1.1" 500 0 "-" "Mozilla/5.0 (compatible; YandexBot/3.0; +http://yandex.com/bots)"
88.99.244.56 - - [12/May/2025:12:05:33 -0400] "GET /wp-content/edit-wolf.php?action=edit&file=libgio-2.0.so.0.5600.4&path=%2F%2Flib64 HTTP/1.1" 200 962 "-" "serpstatbot/2.1 (advanced backlink tracking bot; https://serpstatbot.com/; abuse@serpstatbot.com)"
54.36.148.9 - - [12/May/2025:12:05:37 -0400] "GET /?ysh52808.html HTTP/1.1" 200 2068 "-" "Mozilla/5.0 (compatible; AhrefsBot/7.0; +http://ahrefs.com/robot/)"
20.171.207.232 - - [12/May/2025:12:05:44 -0400] "GET /74680694 HTTP/1.1" 500 0 "-" "Mozilla/5.0 AppleWebKit/537.36 (KHTML, like Gecko; compatible; GPTBot/1.2; +https://openai.com/gptbot)"
88.99.244.56 - - [12/May/2025:12:05:48 -0400] "GET /wp-content/edit-wolf.php?action=edit&file=python2&path=%2F%2Fbin HTTP/1.1" 200 951 "-" "serpstatbot/2.1 (advanced backlink tracking bot; https://serpstatbot.com/; abuse@serpstatbot.com)"
13.59.225.66 - - [12/May/2025:12:05:49 -0400] "GET /wp-admin/admin-wolf.php?action=edit&file=class-wp-translations.php&path=%2Fhome%2Fprocjwtt%2Fpublic_html%2Fwp-includes%2Fl10n HTTP/1.1" 200 1936 "-" "Mozilla/5.0 AppleWebKit/537.36 (KHTML, like Gecko; compatible; ClaudeBot/1.0; +claudebot@anthropic.com)"
13.59.225.66 - - [12/May/2025:12:05:49 -0400] "GET /wp-admin/admin-wolf.php?path=%2Fhome%2Fprocjwtt%2Fperl5%2Flib HTTP/1.1" 200 1068 "-" "Mozilla/5.0 AppleWebKit/537.36 (KHTML, like Gecko; compatible; ClaudeBot/1.0; +claudebot@anthropic.com)"
13.59.225.66 - - [12/May/2025:12:05:49 -0400] "GET /wp-admin/admin-wolf.php?path=%2Fhome%2Fprocjwtt%2Fpublic_html%2F.tmb%2F165481 HTTP/1.1" 200 1116 "-" "Mozilla/5.0 AppleWebKit/537.36 (KHTML, like Gecko; compatible; ClaudeBot/1.0; +claudebot@anthropic.com)"
13.59.225.66 - - [12/May/2025:12:05:49 -0400] "GET /wp-admin/admin-wolf.php?path=%2Fhome%2Fprocjwtt%2Fpublic_html%2F.well-known%2Fpki-validation HTTP/1.1" 200 1253 "-" "Mozilla/5.0 AppleWebKit/537.36 (KHTML, like Gecko; compatible; ClaudeBot/1.0; +claudebot@anthropic.com)"
13.59.225.66 - - [12/May/2025:12:05:49 -0400] "GET /wp-admin/admin-wolf.php?path=%2Fhome%2Fprocjwtt%2Fpublic_html%2Fwp-content%2Fuploads%2F2025 HTTP/1.1" 200 1130 "-" "Mozilla/5.0 AppleWebKit/537.36 (KHTML, like Gecko; compatible; ClaudeBot/1.0; +claudebot@anthropic.com)"
13.59.225.66 - - [12/May/2025:12:05:49 -0400] "GET /wp-admin/admin-wolf.php?path=%2F%2Flib%2Fpython2.7 HTTP/1.1" 200 1050 "-" "Mozilla/5.0 AppleWebKit/537.36 (KHTML, like Gecko; compatible; ClaudeBot/1.0; +claudebot@anthropic.com)"
13.59.225.66 - - [12/May/2025:12:05:50 -0400] "GET /wp-admin/admin-wolf.php?action=edit&file=trustindex-google-widget.css&path=%2Fhome%2Fprocjwtt%2Fpublic_html%2Fwp-content%2Fuploads HTTP/1.1" 200 8969 "-" "Mozilla/5.0 AppleWebKit/537.36 (KHTML, like Gecko; compatible; ClaudeBot/1.0; +claudebot@anthropic.com)"
66.249.65.169 - - [12/May/2025:12:05:54 -0400] "GET /49068310 HTTP/1.1" 200 19213 "-" "Mozilla/5.0 (Linux; Android 6.0.1; Nexus 5X Build/MMB29P) AppleWebKit/537.36 (KHTML, like Gecko) Chrome/136.0.7103.59 Mobile Safari/537.36 (compatible; Googlebot/2.1; +http://www.google.com/bot.html)"
87.250.224.225 - - [12/May/2025:12:05:58 -0400] "GET /68390326 HTTP/1.1" 500 0 "-" "Mozilla/5.0 (compatible; YandexBot/3.0; +http://yandex.com/bots)"
88.99.244.56 - - [12/May/2025:12:05:59 -0400] "GET /wp-content/edit-wolf.php?path=%2F%2Flib%2Fsysimage HTTP/1.1" 200 1098 "-" "serpstatbot/2.1 (advanced backlink tracking bot; https://serpstatbot.com/; abuse@serpstatbot.com)"
54.36.148.162 - - [12/May/2025:12:06:03 -0400] "GET /?cqe27697.html HTTP/1.1" 200 2069 "-" "Mozilla/5.0 (compatible; AhrefsBot/7.0; +http://ahrefs.com/robot/)"
66.249.65.171 - - [12/May/2025:12:06:04 -0400] "POST /get-message-notify HTTP/1.1" 200 19018 "https://procarecleaning.com.sg/49068310" "Mozilla/5.0 (Linux; Android 6.0.1; Nexus 5X Build/MMB29P) AppleWebKit/537.36 (KHTML, like Gecko) Chrome/135.0.7049.114 Mobile Safari/537.36 (compatible; Googlebot/2.1; +http://www.google.com/bot.html)"
88.99.244.56 - - [12/May/2025:12:06:08 -0400] "GET /wp-content/edit-wolf.php?action=edit&file=libgirepository-1.0.so.1&path=%2F%2Flib64 HTTP/1.1" 200 963 "-" "serpstatbot/2.1 (advanced backlink tracking bot; https://serpstatbot.com/; abuse@serpstatbot.com)"
66.249.65.170 - - [12/May/2025:12:06:08 -0400] "GET /11052950 HTTP/1.1" 200 19523 "-" "Mozilla/5.0 (Linux; Android 6.0.1; Nexus 5X Build/MMB29P) AppleWebKit/537.36 (KHTML, like Gecko) Chrome/136.0.7103.59 Mobile Safari/537.36 (compatible; Googlebot/2.1; +http://www.google.com/bot.html)"
88.99.244.56 - - [12/May/2025:12:06:11 -0400] "GET /wp-content/edit-wolf.php?action=edit&file=pydoc3&path=%2F%2Fbin HTTP/1.1" 200 875 "-" "serpstatbot/2.1 (advanced backlink tracking bot; https://serpstatbot.com/; abuse@serpstatbot.com)"
88.99.244.56 - - [12/May/2025:12:06:14 -0400] "GET /wp-content/edit-wolf.php?path=%2F%2Flib%2Fsysctl.d HTTP/1.1" 200 1321 "-" "serpstatbot/2.1 (advanced backlink tracking bot; https://serpstatbot.com/; abuse@serpstatbot.com)"
88.99.244.56 - - [12/May/2025:12:06:17 -0400] "GET /wp-content/edit-wolf.php?action=edit&file=libglapi.so.0&path=%2F%2Flib64 HTTP/1.1" 200 955 "-" "serpstatbot/2.1 (advanced backlink tracking bot; https://serpstatbot.com/; abuse@serpstatbot.com)"
88.99.244.56 - - [12/May/2025:12:06:19 -0400] "GET /wp-content/edit-wolf.php?action=edit&file=pydoc-3&path=%2F%2Fbin HTTP/1.1" 200 875 "-" "serpstatbot/2.1 (advanced backlink tracking bot; https://serpstatbot.com/; abuse@serpstatbot.com)"
66.249.65.169 - - [12/May/2025:12:06:20 -0400] "GET /57927254 HTTP/1.1" 200 18587 "-" "Mozilla/5.0 (Linux; Android 6.0.1; Nexus 5X Build/MMB29P) AppleWebKit/537.36 (KHTML, like Gecko) Chrome/136.0.7103.59 Mobile Safari/537.36 (compatible; Googlebot/2.1; +http://www.google.com/bot.html)"
54.36.148.205 - - [12/May/2025:12:06:20 -0400] "GET /?zig37775.html HTTP/1.1" 200 2069 "-" "Mozilla/5.0 (compatible; AhrefsBot/7.0; +http://ahrefs.com/robot/)"
88.99.244.56 - - [12/May/2025:12:06:22 -0400] "GET /wp-content/edit-wolf.php?path=%2F%2Flib%2Fsse2 HTTP/1.1" 200 1096 "-" "serpstatbot/2.1 (advanced backlink tracking bot; https://serpstatbot.com/; abuse@serpstatbot.com)"
54.36.149.64 - - [12/May/2025:12:06:23 -0400] "GET /?nyb20625.html HTTP/1.1" 200 2069 "-" "Mozilla/5.0 (compatible; AhrefsBot/7.0; +http://ahrefs.com/robot/)"
88.99.244.56 - - [12/May/2025:12:06:25 -0400] "GET /wp-content/edit-wolf.php?action=edit&file=libglapi.so.0.0.0&path=%2F%2Flib64 HTTP/1.1" 200 957 "-" "serpstatbot/2.1 (advanced backlink tracking bot; https://serpstatbot.com/; abuse@serpstatbot.com)"
66.249.65.169 - - [12/May/2025:12:06:26 -0400] "GET /89287318 HTTP/1.1" 200 19306 "-" "Mozilla/5.0 (Linux; Android 6.0.1; Nexus 5X Build/MMB29P) AppleWebKit/537.36 (KHTML, like Gecko) Chrome/136.0.7103.59 Mobile Safari/537.36 (compatible; Googlebot/2.1; +http://www.google.com/bot.html)"
88.99.244.56 - - [12/May/2025:12:06:28 -0400] "GET /wp-content/edit-wolf.php?action=edit&file=pwhistory_helper&path=%2F%2Fsbin HTTP/1.1" 200 957 "-" "serpstatbot/2.1 (advanced backlink tracking bot; https://serpstatbot.com/; abuse@serpstatbot.com)"
88.99.244.56 - - [12/May/2025:12:06:30 -0400] "GET /wp-content/edit-wolf.php?path=%2F%2Flib%2Frpm HTTP/1.1" 200 1902 "-" "serpstatbot/2.1 (advanced backlink tracking bot; https://serpstatbot.com/; abuse@serpstatbot.com)"
88.99.244.56 - - [12/May/2025:12:06:33 -0400] "GET /wp-content/edit-wolf.php?action=edit&file=libglib-2.0.so.0.5600.4&path=%2F%2Flib64 HTTP/1.1" 200 963 "-" "serpstatbot/2.1 (advanced backlink tracking bot; https://serpstatbot.com/; abuse@serpstatbot.com)"
182.253.54.120 - - [12/May/2025:12:06:35 -0400] "GET / HTTP/1.1" 200 2069 "https://www.google.com/" "Mozilla/5.0 (Linux; Android 10; K) AppleWebKit/537.36 (KHTML, like Gecko) Chrome/136.0.0.0 Mobile Safari/537.36"
182.253.54.120 - - [12/May/2025:12:06:35 -0400] "GET /_autoindex/assets/js/tablesort.number.js HTTP/1.1" 200 322 "https://procarecleaning.com.sg/" "Mozilla/5.0 (Linux; Android 10; K) AppleWebKit/537.36 (KHTML, like Gecko) Chrome/136.0.0.0 Mobile Safari/537.36"
182.253.54.120 - - [12/May/2025:12:06:35 -0400] "GET /_autoindex/assets/js/tablesort.js HTTP/1.1" 200 2137 "https://procarecleaning.com.sg/" "Mozilla/5.0 (Linux; Android 10; K) AppleWebKit/537.36 (KHTML, like Gecko) Chrome/136.0.0.0 Mobile Safari/537.36"
182.253.54.120 - - [12/May/2025:12:06:35 -0400] "GET /_autoindex/assets/css/autoindex.css HTTP/1.1" 200 1170 "https://procarecleaning.com.sg/" "Mozilla/5.0 (Linux; Android 10; K) AppleWebKit/537.36 (KHTML, like Gecko) Chrome/136.0.0.0 Mobile Safari/537.36"
182.253.54.120 - - [12/May/2025:12:06:35 -0400] "GET /_autoindex/assets/icons/folder-fill.svg HTTP/1.1" 200 333 "https://procarecleaning.com.sg/" "Mozilla/5.0 (Linux; Android 10; K) AppleWebKit/537.36 (KHTML, like Gecko) Chrome/136.0.0.0 Mobile Safari/537.36"
182.253.54.120 - - [12/May/2025:12:06:35 -0400] "GET /_autoindex/assets/icons/file.svg HTTP/1.1" 200 354 "https://procarecleaning.com.sg/" "Mozilla/5.0 (Linux; Android 10; K) AppleWebKit/537.36 (KHTML, like Gecko) Chrome/136.0.0.0 Mobile Safari/537.36"
182.253.54.120 - - [12/May/2025:12:06:36 -0400] "GET /_autoindex/assets/icons/file-text.svg HTTP/1.1" 200 394 "https://procarecleaning.com.sg/" "Mozilla/5.0 (Linux; Android 10; K) AppleWebKit/537.36 (KHTML, like Gecko) Chrome/136.0.0.0 Mobile Safari/537.36"
88.99.244.56 - - [12/May/2025:12:06:36 -0400] "GET /wp-content/edit-wolf.php?action=edit&file=pwdx&path=%2F%2Fbin HTTP/1.1" 200 949 "-" "serpstatbot/2.1 (advanced backlink tracking bot; https://serpstatbot.com/; abuse@serpstatbot.com)"
182.253.54.120 - - [12/May/2025:12:06:36 -0400] "GET /favicon.ico HTTP/1.1" 404 1251 "https://procarecleaning.com.sg/" "Mozilla/5.0 (Linux; Android 10; K) AppleWebKit/537.36 (KHTML, like Gecko) Chrome/136.0.0.0 Mobile Safari/537.36"
