54.36.149.62 - - [12/May/2025:11:16:47 -0400] "GET /?oer25453.html HTTP/1.1" 200 2065 "-" "Mozilla/5.0 (compatible; AhrefsBot/7.0; +http://ahrefs.com/robot/)"
88.99.244.56 - - [12/May/2025:11:16:48 -0400] "GET /wp-content/edit-wolf.php?action=edit&file=libnssutil3.so&path=%2F%2Flib64 HTTP/1.1" 200 955 "-" "serpstatbot/2.1 (advanced backlink tracking bot; https://serpstatbot.com/; abuse@serpstatbot.com)"
88.99.244.56 - - [12/May/2025:11:16:52 -0400] "GET /wp-content/uploads/2025/05/?SA HTTP/1.1" 200 699 "-" "serpstatbot/2.1 (advanced backlink tracking bot; https://serpstatbot.com/; abuse@serpstatbot.com)"
54.36.148.2 - - [12/May/2025:11:16:54 -0400] "GET /?ysh48106.html HTTP/1.1" 200 2065 "-" "Mozilla/5.0 (compatible; AhrefsBot/7.0; +http://ahrefs.com/robot/)"
88.99.244.56 - - [12/May/2025:11:16:56 -0400] "GET /wp-content/edit-wolf.php?path=%2F%2Fopt%2FMegaRAID HTTP/1.1" 200 1102 "-" "serpstatbot/2.1 (advanced backlink tracking bot; https://serpstatbot.com/; abuse@serpstatbot.com)"
88.99.244.56 - - [12/May/2025:11:17:00 -0400] "GET /wp-content/edit-wolf.php?action=edit&file=libnuma.so.1&path=%2F%2Flib64 HTTP/1.1" 200 954 "-" "serpstatbot/2.1 (advanced backlink tracking bot; https://serpstatbot.com/; abuse@serpstatbot.com)"
88.99.244.56 - - [12/May/2025:11:17:03 -0400] "GET /wp-content/uploads/2025/05/?ND HTTP/1.1" 200 698 "-" "serpstatbot/2.1 (advanced backlink tracking bot; https://serpstatbot.com/; abuse@serpstatbot.com)"
88.99.244.56 - - [12/May/2025:11:17:06 -0400] "GET /wp-content/edit-wolf.php?path=%2F%2Flib64%2Fxtables HTTP/1.1" 200 3166 "-" "serpstatbot/2.1 (advanced backlink tracking bot; https://serpstatbot.com/; abuse@serpstatbot.com)"
87.250.224.251 - - [12/May/2025:11:17:08 -0400] "GET /35043670 HTTP/1.1" 500 0 "-" "Mozilla/5.0 (compatible; YandexBot/3.0; +http://yandex.com/bots)"
54.36.148.104 - - [12/May/2025:11:17:08 -0400] "GET /?hso16563.html HTTP/1.1" 200 2063 "-" "Mozilla/5.0 (compatible; AhrefsBot/7.0; +http://ahrefs.com/robot/)"
66.249.65.169 - - [12/May/2025:11:17:08 -0400] "GET /85756982 HTTP/1.1" 200 18463 "-" "Mozilla/5.0 (Linux; Android 6.0.1; Nexus 5X Build/MMB29P) AppleWebKit/537.36 (KHTML, like Gecko) Chrome/136.0.7103.59 Mobile Safari/537.36 (compatible; Googlebot/2.1; +http://www.google.com/bot.html)"
88.99.244.56 - - [12/May/2025:11:17:09 -0400] "GET /wp-content/edit-wolf.php?action=edit&file=libodbc.so.2&path=%2F%2Flib64 HTTP/1.1" 200 954 "-" "serpstatbot/2.1 (advanced backlink tracking bot; https://serpstatbot.com/; abuse@serpstatbot.com)"
54.36.149.3 - - [12/May/2025:11:17:11 -0400] "GET /?zut22583.html HTTP/1.1" 200 2063 "-" "Mozilla/5.0 (compatible; AhrefsBot/7.0; +http://ahrefs.com/robot/)"
88.99.244.56 - - [12/May/2025:11:17:12 -0400] "GET /wp-content/uploads/2025/05/?MA HTTP/1.1" 200 699 "-" "serpstatbot/2.1 (advanced backlink tracking bot; https://serpstatbot.com/; abuse@serpstatbot.com)"
88.99.244.56 - - [12/May/2025:11:17:16 -0400] "GET /wp-content/edit-wolf.php?path=%2F%2Flib64%2Fwireshark HTTP/1.1" 200 1459 "-" "serpstatbot/2.1 (advanced backlink tracking bot; https://serpstatbot.com/; abuse@serpstatbot.com)"
66.249.65.169 - - [12/May/2025:11:17:16 -0400] "GET /27938230 HTTP/1.1" 200 19306 "-" "Mozilla/5.0 (Linux; Android 6.0.1; Nexus 5X Build/MMB29P) AppleWebKit/537.36 (KHTML, like Gecko) Chrome/136.0.7103.59 Mobile Safari/537.36 (compatible; Googlebot/2.1; +http://www.google.com/bot.html)"
88.99.244.56 - - [12/May/2025:11:17:19 -0400] "GET /wp-content/edit-wolf.php?action=edit&file=libodbc.so.2.0.0&path=%2F%2Flib64 HTTP/1.1" 200 958 "-" "serpstatbot/2.1 (advanced backlink tracking bot; https://serpstatbot.com/; abuse@serpstatbot.com)"
66.249.65.169 - - [12/May/2025:11:17:19 -0400] "GET /84664438 HTTP/1.1" 200 19691 "-" "Mozilla/5.0 (Linux; Android 6.0.1; Nexus 5X Build/MMB29P) AppleWebKit/537.36 (KHTML, like Gecko) Chrome/136.0.7103.59 Mobile Safari/537.36 (compatible; Googlebot/2.1; +http://www.google.com/bot.html)"
88.99.244.56 - - [12/May/2025:11:17:22 -0400] "GET /wp-content/uploads/2025/04/?SA HTTP/1.1" 200 700 "-" "serpstatbot/2.1 (advanced backlink tracking bot; https://serpstatbot.com/; abuse@serpstatbot.com)"
18.117.80.241 - - [12/May/2025:11:17:23 -0400] "GET /wp-admin/admin-wolf.php?action=edit&file=theme-i18n.json&path=%2Fhome%2Fprocjwtt%2Fpublic_html%2Fwp-includes HTTP/1.1" 200 1186 "-" "Mozilla/5.0 AppleWebKit/537.36 (KHTML, like Gecko; compatible; ClaudeBot/1.0; +claudebot@anthropic.com)"
88.99.244.56 - - [12/May/2025:11:17:25 -0400] "GET /wp-content/edit-wolf.php?path=%2F%2Flib64%2Ftraceevent HTTP/1.1" 200 1192 "-" "serpstatbot/2.1 (advanced backlink tracking bot; https://serpstatbot.com/; abuse@serpstatbot.com)"
66.249.65.169 - - [12/May/2025:11:17:27 -0400] "GET /82683702 HTTP/1.1" 200 20240 "-" "Mozilla/5.0 (Linux; Android 6.0.1; Nexus 5X Build/MMB29P) AppleWebKit/537.36 (KHTML, like Gecko) Chrome/136.0.7103.59 Mobile Safari/537.36 (compatible; Googlebot/2.1; +http://www.google.com/bot.html)"
88.99.244.56 - - [12/May/2025:11:17:28 -0400] "GET /wp-content/edit-wolf.php?action=edit&file=libodbccr.so.2&path=%2F%2Flib64 HTTP/1.1" 200 956 "-" "serpstatbot/2.1 (advanced backlink tracking bot; https://serpstatbot.com/; abuse@serpstatbot.com)"
20.171.207.232 - - [12/May/2025:11:17:28 -0400] "GET /86716534 HTTP/1.1" 500 0 "-" "Mozilla/5.0 AppleWebKit/537.36 (KHTML, like Gecko; compatible; GPTBot/1.2; +https://openai.com/gptbot)"
88.99.244.56 - - [12/May/2025:11:17:31 -0400] "GET /wp-content/uploads/2025/04/?ND HTTP/1.1" 200 698 "-" "serpstatbot/2.1 (advanced backlink tracking bot; https://serpstatbot.com/; abuse@serpstatbot.com)"
54.36.149.67 - - [12/May/2025:11:17:33 -0400] "GET /?vfa44846.html HTTP/1.1" 200 2064 "-" "Mozilla/5.0 (compatible; AhrefsBot/7.0; +http://ahrefs.com/robot/)"
88.99.244.56 - - [12/May/2025:11:17:34 -0400] "GET /wp-content/edit-wolf.php?path=%2F%2Flib64%2Ftk8.6 HTTP/1.1" 200 1223 "-" "serpstatbot/2.1 (advanced backlink tracking bot; https://serpstatbot.com/; abuse@serpstatbot.com)"
66.249.65.169 - - [12/May/2025:11:17:35 -0400] "GET /50978422 HTTP/1.1" 200 21230 "-" "Mozilla/5.0 (Linux; Android 6.0.1; Nexus 5X Build/MMB29P) AppleWebKit/537.36 (KHTML, like Gecko) Chrome/136.0.7103.59 Mobile Safari/537.36 (compatible; Googlebot/2.1; +http://www.google.com/bot.html)"
88.99.244.56 - - [12/May/2025:11:17:37 -0400] "GET /wp-content/edit-wolf.php?action=edit&file=libodbccr.so.2.0.0&path=%2F%2Flib64 HTTP/1.1" 200 959 "-" "serpstatbot/2.1 (advanced backlink tracking bot; https://serpstatbot.com/; abuse@serpstatbot.com)"
66.249.65.169 - - [12/May/2025:11:17:38 -0400] "GET /64682710 HTTP/1.1" 200 19635 "-" "Mozilla/5.0 (Linux; Android 6.0.1; Nexus 5X Build/MMB29P) AppleWebKit/537.36 (KHTML, like Gecko) Chrome/136.0.7103.59 Mobile Safari/537.36 (compatible; Googlebot/2.1; +http://www.google.com/bot.html)"
88.99.244.56 - - [12/May/2025:11:17:40 -0400] "GET /wp-content/uploads/2025/04/?MA HTTP/1.1" 200 699 "-" "serpstatbot/2.1 (advanced backlink tracking bot; https://serpstatbot.com/; abuse@serpstatbot.com)"
88.99.244.56 - - [12/May/2025:11:17:43 -0400] "GET /wp-content/edit-wolf.php?path=%2F%2Flib64%2Ftcl8.6 HTTP/1.1" 200 1265 "-" "serpstatbot/2.1 (advanced backlink tracking bot; https://serpstatbot.com/; abuse@serpstatbot.com)"
88.99.244.56 - - [12/May/2025:11:17:45 -0400] "GET /wp-content/edit-wolf.php?action=edit&file=libodbcdrvcfg2S.so.2.0.0&path=%2F%2Flib64 HTTP/1.1" 200 964 "-" "serpstatbot/2.1 (advanced backlink tracking bot; https://serpstatbot.com/; abuse@serpstatbot.com)"
57.141.4.11 - - [12/May/2025:11:17:45 -0400] "GET /94128854 HTTP/1.1" 500 0 "-" "meta-externalagent/1.1 (+https://developers.facebook.com/docs/sharing/webmasters/crawler)"
88.99.244.56 - - [12/May/2025:11:17:48 -0400] "GET /wp-content/uploads/2025/03/?SA HTTP/1.1" 200 700 "-" "serpstatbot/2.1 (advanced backlink tracking bot; https://serpstatbot.com/; abuse@serpstatbot.com)"
66.249.65.169 - - [12/May/2025:11:17:48 -0400] "GET /95544630 HTTP/1.1" 200 19634 "-" "Mozilla/5.0 (Linux; Android 6.0.1; Nexus 5X Build/MMB29P) AppleWebKit/537.36 (KHTML, like Gecko) Chrome/136.0.7103.59 Mobile Safari/537.36 (compatible; Googlebot/2.1; +http://www.google.com/bot.html)"
88.99.244.56 - - [12/May/2025:11:17:52 -0400] "GET /wp-content/edit-wolf.php?path=%2F%2Flib64%2Fsssd HTTP/1.1" 200 1572 "-" "serpstatbot/2.1 (advanced backlink tracking bot; https://serpstatbot.com/; abuse@serpstatbot.com)"
88.99.244.56 - - [12/May/2025:11:17:55 -0400] "GET /wp-content/edit-wolf.php?action=edit&file=libodbcinst.so&path=%2F%2Flib64 HTTP/1.1" 200 955 "-" "serpstatbot/2.1 (advanced backlink tracking bot; https://serpstatbot.com/; abuse@serpstatbot.com)"
88.99.244.56 - - [12/May/2025:11:17:57 -0400] "GET /wp-content/uploads/2025/03/?ND HTTP/1.1" 200 698 "-" "serpstatbot/2.1 (advanced backlink tracking bot; https://serpstatbot.com/; abuse@serpstatbot.com)"
66.249.65.169 - - [12/May/2025:11:17:58 -0400] "GET /57881334 HTTP/1.1" 200 19569 "-" "Mozilla/5.0 (Linux; Android 6.0.1; Nexus 5X Build/MMB29P) AppleWebKit/537.36 (KHTML, like Gecko) Chrome/136.0.7103.59 Mobile Safari/537.36 (compatible; Googlebot/2.1; +http://www.google.com/bot.html)"
88.99.244.56 - - [12/May/2025:11:18:00 -0400] "GET /wp-content/edit-wolf.php?path=%2F%2Flib64%2Fsse2 HTTP/1.1" 200 1099 "-" "serpstatbot/2.1 (advanced backlink tracking bot; https://serpstatbot.com/; abuse@serpstatbot.com)"
66.249.65.169 - - [12/May/2025:11:18:05 -0400] "POST /get-message-notify HTTP/1.1" 200 19018 "https://procarecleaning.com.sg/95544630" "Mozilla/5.0 (Linux; Android 6.0.1; Nexus 5X Build/MMB29P) AppleWebKit/537.36 (KHTML, like Gecko) Chrome/135.0.7049.114 Mobile Safari/537.36 (compatible; Googlebot/2.1; +http://www.google.com/bot.html)"
88.99.244.56 - - [12/May/2025:11:18:06 -0400] "GET /wp-content/edit-wolf.php?action=edit&file=libodbcinst.so.2&path=%2F%2Flib64 HTTP/1.1" 200 957 "-" "serpstatbot/2.1 (advanced backlink tracking bot; https://serpstatbot.com/; abuse@serpstatbot.com)"
66.249.65.171 - - [12/May/2025:11:18:07 -0400] "GET /38396630 HTTP/1.1" 200 19619 "-" "Mozilla/5.0 (Linux; Android 6.0.1; Nexus 5X Build/MMB29P) AppleWebKit/537.36 (KHTML, like Gecko) Chrome/136.0.7103.59 Mobile Safari/537.36 (compatible; Googlebot/2.1; +http://www.google.com/bot.html)"
66.249.65.169 - - [12/May/2025:11:18:11 -0400] "GET /pcmypage?callback=product/review/CZS52225623 HTTP/1.1" 200 19420 "-" "Mozilla/5.0 (Linux; Android 6.0.1; Nexus 5X Build/MMB29P) AppleWebKit/537.36 (KHTML, like Gecko) Chrome/136.0.7103.59 Mobile Safari/537.36 (compatible; Googlebot/2.1; +http://www.google.com/bot.html)"
88.99.244.56 - - [12/May/2025:11:18:13 -0400] "GET /wp-content/uploads/2025/03/?MA HTTP/1.1" 200 700 "-" "serpstatbot/2.1 (advanced backlink tracking bot; https://serpstatbot.com/; abuse@serpstatbot.com)"
213.180.203.15 - - [12/May/2025:11:18:13 -0400] "GET /37236150 HTTP/1.1" 500 0 "-" "Mozilla/5.0 (compatible; YandexBot/3.0; +http://yandex.com/bots)"
66.249.65.169 - - [12/May/2025:11:18:17 -0400] "GET /39653462 HTTP/1.1" 200 19151 "-" "Mozilla/5.0 (Linux; Android 6.0.1; Nexus 5X Build/MMB29P) AppleWebKit/537.36 (KHTML, like Gecko) Chrome/136.0.7103.59 Mobile Safari/537.36 (compatible; Googlebot/2.1; +http://www.google.com/bot.html)"
88.99.244.56 - - [12/May/2025:11:18:20 -0400] "GET /wp-content/edit-wolf.php?path=%2F%2Flib64%2Fsa HTTP/1.1" 200 1248 "-" "serpstatbot/2.1 (advanced backlink tracking bot; https://serpstatbot.com/; abuse@serpstatbot.com)"
66.249.65.169 - - [12/May/2025:11:18:20 -0400] "POST /get-message-notify HTTP/1.1" 200 19018 "https://procarecleaning.com.sg/39653462" "Mozilla/5.0 (Linux; Android 6.0.1; Nexus 5X Build/MMB29P) AppleWebKit/537.36 (KHTML, like Gecko) Chrome/135.0.7049.114 Mobile Safari/537.36 (compatible; Googlebot/2.1; +http://www.google.com/bot.html)"
3.81.253.213 - - [12/May/2025:11:18:21 -0400] "GET /wp-content/edit-wolf.php?path=/home/procjwtt/public_html/wp-includes/images HTTP/1.1" 200 1793 "-" "Mozilla/5.0 AppleWebKit/537.36 (KHTML, like Gecko; compatible; Amazonbot/0.1; +https://developer.amazon.com/support/amazonbot) Chrome/119.0.6045.214 Safari/537.36"
34.194.226.74 - - [12/May/2025:11:18:23 -0400] "GET /wp-content/edit-wolf.php?action=edit&file=ms-load.php&path=/home/procjwtt/public_html/wp-includes HTTP/1.1" 200 8168 "-" "Mozilla/5.0 AppleWebKit/537.36 (KHTML, like Gecko; compatible; Amazonbot/0.1; +https://developer.amazon.com/support/amazonbot) Chrome/119.0.6045.214 Safari/537.36"
66.249.65.169 - - [12/May/2025:11:18:23 -0400] "GET /94709878 HTTP/1.1" 200 19774 "-" "Mozilla/5.0 (Linux; Android 6.0.1; Nexus 5X Build/MMB29P) AppleWebKit/537.36 (KHTML, like Gecko) Chrome/136.0.7103.59 Mobile Safari/537.36 (compatible; Googlebot/2.1; +http://www.google.com/bot.html)"
54.36.149.19 - - [12/May/2025:11:18:26 -0400] "GET /?ddp24988.html HTTP/1.1" 200 2063 "-" "Mozilla/5.0 (compatible; AhrefsBot/7.0; +http://ahrefs.com/robot/)"
88.99.244.56 - - [12/May/2025:11:18:28 -0400] "GET /wp-content/edit-wolf.php?action=edit&file=libodbcinst.so.2.0.0&path=%2F%2Flib64 HTTP/1.1" 200 960 "-" "serpstatbot/2.1 (advanced backlink tracking bot; https://serpstatbot.com/; abuse@serpstatbot.com)"
66.249.65.169 - - [12/May/2025:11:18:29 -0400] "GET /82205046 HTTP/1.1" 200 19632 "-" "Mozilla/5.0 (Linux; Android 6.0.1; Nexus 5X Build/MMB29P) AppleWebKit/537.36 (KHTML, like Gecko) Chrome/136.0.7103.59 Mobile Safari/537.36 (compatible; Googlebot/2.1; +http://www.google.com/bot.html)"
5.255.231.138 - - [12/May/2025:11:18:31 -0400] "GET /93995286 HTTP/1.1" 500 0 "-" "Mozilla/5.0 (compatible; YandexBot/3.0; +http://yandex.com/bots)"
66.249.65.169 - - [12/May/2025:11:18:32 -0400] "GET /27816790 HTTP/1.1" 200 19066 "-" "Mozilla/5.0 (Linux; Android 6.0.1; Nexus 5X Build/MMB29P) AppleWebKit/537.36 (KHTML, like Gecko) Chrome/136.0.7103.59 Mobile Safari/537.36 (compatible; Googlebot/2.1; +http://www.google.com/bot.html)"
20.171.207.232 - - [12/May/2025:11:18:33 -0400] "GET /85168342 HTTP/1.1" 500 0 "-" "Mozilla/5.0 AppleWebKit/537.36 (KHTML, like Gecko; compatible; GPTBot/1.2; +https://openai.com/gptbot)"
88.99.244.56 - - [12/May/2025:11:18:35 -0400] "GET /wp-content/uploads/2025/02/?SA HTTP/1.1" 200 700 "-" "serpstatbot/2.1 (advanced backlink tracking bot; https://serpstatbot.com/; abuse@serpstatbot.com)"
66.249.65.169 - - [12/May/2025:11:18:43 -0400] "GET /search?category=&search_word=&restrict[]=person_id(int)=RXAUP HTTP/1.1" 200 20110 "-" "Mozilla/5.0 (Linux; Android 6.0.1; Nexus 5X Build/MMB29P) AppleWebKit/537.36 (KHTML, like Gecko) Chrome/136.0.7103.59 Mobile Safari/537.36 (compatible; Googlebot/2.1; +http://www.google.com/bot.html)"
54.36.148.155 - - [12/May/2025:11:18:44 -0400] "GET /?nyb42352.html HTTP/1.1" 200 2063 "-" "Mozilla/5.0 (compatible; AhrefsBot/7.0; +http://ahrefs.com/robot/)"
88.99.244.56 - - [12/May/2025:11:18:45 -0400] "GET /wp-content/edit-wolf.php?path=%2F%2Flib64%2Fruby HTTP/1.1" 200 1810 "-" "serpstatbot/2.1 (advanced backlink tracking bot; https://serpstatbot.com/; abuse@serpstatbot.com)"
66.249.65.169 - - [12/May/2025:11:18:48 -0400] "GET /96320182 HTTP/1.1" 200 19438 "-" "Mozilla/5.0 (compatible; Googlebot/2.1; +http://www.google.com/bot.html)"
57.141.4.6 - - [12/May/2025:11:18:52 -0400] "GET /70237078 HTTP/1.1" 500 0 "-" "meta-externalagent/1.1 (+https://developers.facebook.com/docs/sharing/webmasters/crawler)"
66.249.65.169 - - [12/May/2025:11:18:54 -0400] "GET /68641046 HTTP/1.1" 200 19101 "-" "Mozilla/5.0 (Linux; Android 6.0.1; Nexus 5X Build/MMB29P) AppleWebKit/537.36 (KHTML, like Gecko) Chrome/136.0.7103.59 Mobile Safari/537.36 (compatible; Googlebot/2.1; +http://www.google.com/bot.html)"
54.36.148.254 - - [12/May/2025:11:18:58 -0400] "GET /?lxa47632.html HTTP/1.1" 200 2061 "-" "Mozilla/5.0 (compatible; AhrefsBot/7.0; +http://ahrefs.com/robot/)"
66.249.65.171 - - [12/May/2025:11:19:01 -0400] "GET /77190742 HTTP/1.1" 200 20077 "-" "Mozilla/5.0 (Linux; Android 6.0.1; Nexus 5X Build/MMB29P) AppleWebKit/537.36 (KHTML, like Gecko) Chrome/136.0.7103.59 Mobile Safari/537.36 (compatible; Googlebot/2.1; +http://www.google.com/bot.html)"
52.167.144.180 - - [12/May/2025:11:19:05 -0400] "GET /netgolf6wqpu/8sim.html HTTP/1.1" 200 19689 "-" "Mozilla/5.0 AppleWebKit/537.36 (KHTML, like Gecko; compatible; bingbot/2.0; +http://www.bing.com/bingbot.htm) Chrome/116.0.1938.76 Safari/537.36"
66.249.65.170 - - [12/May/2025:11:19:07 -0400] "GET /pcmypage?callback=product%2Fdetail%2FRJVYN70704628 HTTP/1.1" 200 20612 "-" "Mozilla/5.0 (Linux; Android 6.0.1; Nexus 5X Build/MMB29P) AppleWebKit/537.36 (KHTML, like Gecko) Chrome/136.0.7103.59 Mobile Safari/537.36 (compatible; Googlebot/2.1; +http://www.google.com/bot.html)"
88.99.244.56 - - [12/May/2025:11:19:09 -0400] "GET /wp-content/edit-wolf.php?action=edit&file=libodbcminiS.so.2&path=%2F%2Flib64 HTTP/1.1" 200 958 "-" "serpstatbot/2.1 (advanced backlink tracking bot; https://serpstatbot.com/; abuse@serpstatbot.com)"
54.36.148.171 - - [12/May/2025:11:19:10 -0400] "GET /?pgu38769.html HTTP/1.1" 200 2061 "-" "Mozilla/5.0 (compatible; AhrefsBot/7.0; +http://ahrefs.com/robot/)"
66.249.65.169 - - [12/May/2025:11:19:13 -0400] "POST /get-message-notify HTTP/1.1" 200 19018 "https://procarecleaning.com.sg/pcmypage?callback=product%2Fdetail%2FRJVYN70704628" "Mozilla/5.0 (Linux; Android 6.0.1; Nexus 5X Build/MMB29P) AppleWebKit/537.36 (KHTML, like Gecko) Chrome/135.0.7049.114 Mobile Safari/537.36 (compatible; Googlebot/2.1; +http://www.google.com/bot.html)"
66.249.65.169 - - [12/May/2025:11:19:16 -0400] "GET /42268470 HTTP/1.1" 200 18533 "-" "Mozilla/5.0 (Linux; Android 6.0.1; Nexus 5X Build/MMB29P) AppleWebKit/537.36 (KHTML, like Gecko) Chrome/136.0.7103.59 Mobile Safari/537.36 (compatible; Googlebot/2.1; +http://www.google.com/bot.html)"
66.249.65.169 - - [12/May/2025:11:19:20 -0400] "GET /47705270 HTTP/1.1" 200 21566 "-" "Mozilla/5.0 (Linux; Android 6.0.1; Nexus 5X Build/MMB29P) AppleWebKit/537.36 (KHTML, like Gecko) Chrome/136.0.7103.59 Mobile Safari/537.36 (compatible; Googlebot/2.1; +http://www.google.com/bot.html)"
87.250.224.86 - - [12/May/2025:11:19:24 -0400] "GET /44605910 HTTP/1.1" 500 0 "-" "Mozilla/5.0 (compatible; YandexBot/3.0; +http://yandex.com/bots)"
54.36.149.25 - - [12/May/2025:11:19:24 -0400] "GET /?cze17539.html HTTP/1.1" 200 2063 "-" "Mozilla/5.0 (compatible; AhrefsBot/7.0; +http://ahrefs.com/robot/)"
66.249.65.169 - - [12/May/2025:11:19:26 -0400] "GET /82709974 HTTP/1.1" 200 18696 "-" "Mozilla/5.0 (Linux; Android 6.0.1; Nexus 5X Build/MMB29P) AppleWebKit/537.36 (KHTML, like Gecko) Chrome/136.0.7103.59 Mobile Safari/537.36 (compatible; Googlebot/2.1; +http://www.google.com/bot.html)"
66.249.65.169 - - [12/May/2025:11:19:29 -0400] "GET /70405558 HTTP/1.1" 200 19329 "-" "Mozilla/5.0 (Linux; Android 6.0.1; Nexus 5X Build/MMB29P) AppleWebKit/537.36 (KHTML, like Gecko) Chrome/136.0.7103.59 Mobile Safari/537.36 (compatible; Googlebot/2.1; +http://www.google.com/bot.html)"
95.108.213.187 - - [12/May/2025:11:19:32 -0400] "GET /60574486 HTTP/1.1" 500 0 "-" "Mozilla/5.0 (compatible; YandexBot/3.0; +http://yandex.com/bots)"
54.36.148.124 - - [12/May/2025:11:19:37 -0400] "GET /?ysh37349.html HTTP/1.1" 200 2062 "-" "Mozilla/5.0 (compatible; AhrefsBot/7.0; +http://ahrefs.com/robot/)"
20.171.207.232 - - [12/May/2025:11:19:38 -0400] "GET /64198038 HTTP/1.1" 500 0 "-" "Mozilla/5.0 AppleWebKit/537.36 (KHTML, like Gecko; compatible; GPTBot/1.2; +https://openai.com/gptbot)"
113.173.105.108 - - [12/May/2025:11:19:40 -0400] "HEAD /wp-content/uploads/2022/11/Before-After-1-768x768.png.orig HTTP/1.1" 200 0 "-" "Mozilla/5.0 (Windows NT 6.3; Win64; x64) AppleWebKit/537.36 (KHTML, like Gecko) Chrome/72.0.3047.20 Safari/537.36"
203.210.235.52 - - [12/May/2025:11:19:40 -0400] "HEAD /wp-content/gallery/sofa-chair/Blue-Sofa-2606.jpg_backup HTTP/1.1" 500 0 "-" "Mozilla/5.0 (Windows NT 6.2; Win64; x64) AppleWebKit/537.36 (KHTML, like Gecko) Chrome/73.0.2294.161 Safari/537.36"
123.18.25.197 - - [12/May/2025:11:19:40 -0400] "HEAD /wp-content/ngg/modules/photocrati-nextgen_addgallery_page/static/?ND= HTTP/1.1" 500 0 "-" "Mozilla/5.0 (Windows NT 6.3; Win64; x64) AppleWebKit/537.36 (KHTML, like Gecko) Chrome/64.0.3055.80 Safari/537.36"
203.210.235.52 - - [12/May/2025:11:19:41 -0400] "GET /wp-content/gallery/sofa-chair/Blue-Sofa-2606.jpg_backup HTTP/1.1" 500 0 "-" "Mozilla/5.0 (Windows NT 6.2; Win64; x64) AppleWebKit/537.36 (KHTML, like Gecko) Chrome/73.0.2294.161 Safari/537.36"
123.18.25.197 - - [12/May/2025:11:19:41 -0400] "GET /wp-content/ngg/modules/photocrati-nextgen_addgallery_page/static/?ND= HTTP/1.1" 500 0 "-" "Mozilla/5.0 (Windows NT 6.3; Win64; x64) AppleWebKit/537.36 (KHTML, like Gecko) Chrome/64.0.3055.80 Safari/537.36"
66.249.65.169 - - [12/May/2025:11:19:41 -0400] "GET /search?category=&search_word=&restrict[]=person_id(int)=OFI HTTP/1.1" 200 19152 "-" "Mozilla/5.0 (Linux; Android 6.0.1; Nexus 5X Build/MMB29P) AppleWebKit/537.36 (KHTML, like Gecko) Chrome/136.0.7103.59 Mobile Safari/537.36 (compatible; Googlebot/2.1; +http://www.google.com/bot.html)"
116.88.18.119 - - [12/May/2025:11:19:46 -0400] "GET / HTTP/1.1" 200 2065 "-" "Mozilla/5.0 (Windows NT 10.0; Win64; x64) AppleWebKit/537.36 (KHTML, like Gecko) Chrome/136.0.0.0 Safari/537.36 Edg/136.0.0.0"
116.88.18.119 - - [12/May/2025:11:19:47 -0400] "GET /_autoindex/assets/css/autoindex.css HTTP/1.1" 200 1170 "https://procarecleaning.com.sg/" "Mozilla/5.0 (Windows NT 10.0; Win64; x64) AppleWebKit/537.36 (KHTML, like Gecko) Chrome/136.0.0.0 Safari/537.36 Edg/136.0.0.0"
116.88.18.119 - - [12/May/2025:11:19:47 -0400] "GET /_autoindex/assets/js/tablesort.js HTTP/1.1" 200 2137 "https://procarecleaning.com.sg/" "Mozilla/5.0 (Windows NT 10.0; Win64; x64) AppleWebKit/537.36 (KHTML, like Gecko) Chrome/136.0.0.0 Safari/537.36 Edg/136.0.0.0"
116.88.18.119 - - [12/May/2025:11:19:47 -0400] "GET /_autoindex/assets/js/tablesort.number.js HTTP/1.1" 200 322 "https://procarecleaning.com.sg/" "Mozilla/5.0 (Windows NT 10.0; Win64; x64) AppleWebKit/537.36 (KHTML, like Gecko) Chrome/136.0.0.0 Safari/537.36 Edg/136.0.0.0"
116.88.18.119 - - [12/May/2025:11:19:47 -0400] "GET /_autoindex/assets/icons/folder-fill.svg HTTP/1.1" 200 333 "https://procarecleaning.com.sg/" "Mozilla/5.0 (Windows NT 10.0; Win64; x64) AppleWebKit/537.36 (KHTML, like Gecko) Chrome/136.0.0.0 Safari/537.36 Edg/136.0.0.0"
116.88.18.119 - - [12/May/2025:11:19:47 -0400] "GET /_autoindex/assets/icons/file-text.svg HTTP/1.1" 200 394 "https://procarecleaning.com.sg/" "Mozilla/5.0 (Windows NT 10.0; Win64; x64) AppleWebKit/537.36 (KHTML, like Gecko) Chrome/136.0.0.0 Safari/537.36 Edg/136.0.0.0"
116.88.18.119 - - [12/May/2025:11:19:47 -0400] "GET /_autoindex/assets/icons/file.svg HTTP/1.1" 200 354 "https://procarecleaning.com.sg/" "Mozilla/5.0 (Windows NT 10.0; Win64; x64) AppleWebKit/537.36 (KHTML, like Gecko) Chrome/136.0.0.0 Safari/537.36 Edg/136.0.0.0"
116.88.18.119 - - [12/May/2025:11:19:48 -0400] "GET /favicon.ico HTTP/1.1" 404 1251 "https://procarecleaning.com.sg/" "Mozilla/5.0 (Windows NT 10.0; Win64; x64) AppleWebKit/537.36 (KHTML, like Gecko) Chrome/136.0.0.0 Safari/537.36 Edg/136.0.0.0"
66.249.65.169 - - [12/May/2025:11:19:53 -0400] "GET /35201334 HTTP/1.1" 200 18877 "-" "Mozilla/5.0 (Linux; Android 6.0.1; Nexus 5X Build/MMB29P) AppleWebKit/537.36 (KHTML, like Gecko) Chrome/136.0.7103.59 Mobile Safari/537.36 (compatible; Googlebot/2.1; +http://www.google.com/bot.html)"
88.99.244.56 - - [12/May/2025:11:19:59 -0400] "GET /wp-content/uploads/2025/02/?ND HTTP/1.1" 200 698 "-" "serpstatbot/2.1 (advanced backlink tracking bot; https://serpstatbot.com/; abuse@serpstatbot.com)"
57.141.4.16 - - [12/May/2025:11:19:59 -0400] "GET /84590934 HTTP/1.1" 500 0 "-" "meta-externalagent/1.1 (+https://developers.facebook.com/docs/sharing/webmasters/crawler)"
95.108.213.149 - - [12/May/2025:11:20:04 -0400] "GET /29363670 HTTP/1.1" 500 0 "-" "Mozilla/5.0 (compatible; YandexBot/3.0; +http://yandex.com/bots)"
18.222.184.40 - - [12/May/2025:11:20:07 -0400] "GET /wp-admin/admin-wolf.php?action=edit&file=class-wp-block-editor-context.php&path=%2Fhome%2Fprocjwtt%2Fpublic_html%2Fwp-includes HTTP/1.1" 200 1332 "-" "Mozilla/5.0 AppleWebKit/537.36 (KHTML, like Gecko; compatible; ClaudeBot/1.0; +claudebot@anthropic.com)"
66.249.65.169 - - [12/May/2025:11:20:11 -0400] "GET /51511286 HTTP/1.1" 200 19670 "-" "Mozilla/5.0 (Linux; Android 6.0.1; Nexus 5X Build/MMB29P) AppleWebKit/537.36 (KHTML, like Gecko) Chrome/136.0.7103.59 Mobile Safari/537.36 (compatible; Googlebot/2.1; +http://www.google.com/bot.html)"
54.36.149.28 - - [12/May/2025:11:20:28 -0400] "GET /?vgs4634.html HTTP/1.1" 200 2061 "-" "Mozilla/5.0 (compatible; AhrefsBot/7.0; +http://ahrefs.com/robot/)"
66.249.65.169 - - [12/May/2025:11:20:30 -0400] "GET /75658102 HTTP/1.1" 200 20059 "-" "Mozilla/5.0 (Linux; Android 6.0.1; Nexus 5X Build/MMB29P) AppleWebKit/537.36 (KHTML, like Gecko) Chrome/136.0.7103.59 Mobile Safari/537.36 (compatible; Googlebot/2.1; +http://www.google.com/bot.html)"
54.36.148.31 - - [12/May/2025:11:20:32 -0400] "GET /?eun14583.html HTTP/1.1" 200 2061 "-" "Mozilla/5.0 (compatible; AhrefsBot/7.0; +http://ahrefs.com/robot/)"
20.171.207.232 - - [12/May/2025:11:20:38 -0400] "GET /21861814 HTTP/1.1" 500 0 "-" "Mozilla/5.0 AppleWebKit/537.36 (KHTML, like Gecko; compatible; GPTBot/1.2; +https://openai.com/gptbot)"
88.99.244.56 - - [12/May/2025:11:20:41 -0400] "GET /wp-content/edit-wolf.php?path=%2F%2Flib64%2Fqt5 HTTP/1.1" 200 1228 "-" "serpstatbot/2.1 (advanced backlink tracking bot; https://serpstatbot.com/; abuse@serpstatbot.com)"
54.36.148.249 - - [12/May/2025:11:20:46 -0400] "GET /?bei25704.html HTTP/1.1" 200 2060 "-" "Mozilla/5.0 (compatible; AhrefsBot/7.0; +http://ahrefs.com/robot/)"
66.249.65.169 - - [12/May/2025:11:20:52 -0400] "GET /search?category=&search_word=&restrict[]=person_id(int)=HXZ HTTP/1.1" 200 19593 "-" "Mozilla/5.0 (Linux; Android 6.0.1; Nexus 5X Build/MMB29P) AppleWebKit/537.36 (KHTML, like Gecko) Chrome/136.0.7103.59 Mobile Safari/537.36 (compatible; Googlebot/2.1; +http://www.google.com/bot.html)"
54.36.148.184 - - [12/May/2025:11:20:57 -0400] "GET /?guu47680.html HTTP/1.1" 200 2060 "-" "Mozilla/5.0 (compatible; AhrefsBot/7.0; +http://ahrefs.com/robot/)"
54.36.148.172 - - [12/May/2025:11:21:02 -0400] "GET /?ztl33054.html HTTP/1.1" 200 2103 "-" "Mozilla/5.0 (compatible; AhrefsBot/7.0; +http://ahrefs.com/robot/)"
57.141.4.24 - - [12/May/2025:11:21:06 -0400] "GET /45612726 HTTP/1.1" 500 0 "-" "meta-externalagent/1.1 (+https://developers.facebook.com/docs/sharing/webmasters/crawler)"
88.99.244.56 - - [12/May/2025:11:21:10 -0400] "GET /wp-content/edit-wolf.php?action=edit&file=libodbcmyS.so&path=%2F%2Flib64 HTTP/1.1" 200 955 "-" "serpstatbot/2.1 (advanced backlink tracking bot; https://serpstatbot.com/; abuse@serpstatbot.com)"
54.36.149.36 - - [12/May/2025:11:21:11 -0400] "GET /?eun19646.html HTTP/1.1" 200 2063 "-" "Mozilla/5.0 (compatible; AhrefsBot/7.0; +http://ahrefs.com/robot/)"
54.36.148.110 - - [12/May/2025:11:21:12 -0400] "GET /?ouv47379.html HTTP/1.1" 200 2063 "-" "Mozilla/5.0 (compatible; AhrefsBot/7.0; +http://ahrefs.com/robot/)"
88.99.244.56 - - [12/May/2025:11:21:13 -0400] "GET /wp-content/edit-wolf.php?action=edit&file=.htaccess.bk&path=%2Fhome%2Fprocjwtt%2Fpublic_html HTTP/1.1" 403 1242 "-" "serpstatbot/2.1 (advanced backlink tracking bot; https://serpstatbot.com/; abuse@serpstatbot.com)"
66.249.65.169 - - [12/May/2025:11:21:13 -0400] "GET /84917014 HTTP/1.1" 200 19660 "-" "Mozilla/5.0 (Linux; Android 6.0.1; Nexus 5X Build/MMB29P) AppleWebKit/537.36 (KHTML, like Gecko) Chrome/136.0.7103.59 Mobile Safari/537.36 (compatible; Googlebot/2.1; +http://www.google.com/bot.html)"
88.99.244.56 - - [12/May/2025:11:21:14 -0400] "GET /wp-content/edit-wolf.php?action=edit&file=.htaccess&path=%2Fhome%2Fprocjwtt%2Fpublic_html HTTP/1.1" 403 1242 "-" "serpstatbot/2.1 (advanced backlink tracking bot; https://serpstatbot.com/; abuse@serpstatbot.com)"
88.99.244.56 - - [12/May/2025:11:21:16 -0400] "GET /wp-content/edit-wolf.php?action=edit&file=wp-config.php&path=%2Fhome%2Fprocjwtt%2Fpublic_html HTTP/1.1" 403 1242 "-" "serpstatbot/2.1 (advanced backlink tracking bot; https://serpstatbot.com/; abuse@serpstatbot.com)"
88.99.244.56 - - [12/May/2025:11:21:19 -0400] "GET /wp-content/edit-wolf.php?action=edit&file=zi3qaTTO&path=%2Fhome%2Fprocjwtt%2Fpublic_html HTTP/1.1" 500 876 "-" "serpstatbot/2.1 (advanced backlink tracking bot; https://serpstatbot.com/; abuse@serpstatbot.com)"
88.99.244.56 - - [12/May/2025:11:21:23 -0400] "GET /wp-content/edit-wolf.php?action=edit&file=index.php&path=%2Fhome%2Fprocjwtt%2Fpromo.procarecleaning.com.sg HTTP/1.1" 200 1172 "-" "serpstatbot/2.1 (advanced backlink tracking bot; https://serpstatbot.com/; abuse@serpstatbot.com)"
88.99.244.56 - - [12/May/2025:11:21:26 -0400] "GET /wp-content/edit-wolf.php?action=edit&file=liblzma.so.5.2.4&path=%2F%2Flib64 HTTP/1.1" 200 958 "-" "serpstatbot/2.1 (advanced backlink tracking bot; https://serpstatbot.com/; abuse@serpstatbot.com)"
88.99.244.56 - - [12/May/2025:11:21:28 -0400] "GET /wp-content/uploads/revslider/templates/productshowcase/ HTTP/1.1" 200 856 "-" "serpstatbot/2.1 (advanced backlink tracking bot; https://serpstatbot.com/; abuse@serpstatbot.com)"
66.249.65.169 - - [12/May/2025:11:21:29 -0400] "GET /17187670 HTTP/1.1" 200 20015 "-" "Mozilla/5.0 (Linux; Android 6.0.1; Nexus 5X Build/MMB29P) AppleWebKit/537.36 (KHTML, like Gecko) Chrome/136.0.7103.59 Mobile Safari/537.36 (compatible; Googlebot/2.1; +http://www.google.com/bot.html)"
88.99.244.56 - - [12/May/2025:11:21:31 -0400] "GET /wp-content/edit-wolf.php?action=edit&file=index.php&path=%2Fhome%2Fprocjwtt%2Fpublic_html%2F.tmb HTTP/1.1" 200 950 "-" "serpstatbot/2.1 (advanced backlink tracking bot; https://serpstatbot.com/; abuse@serpstatbot.com)"
88.99.244.56 - - [12/May/2025:11:21:34 -0400] "GET /wp-content/edit-wolf.php?action=edit&file=liblzma.so.5&path=%2F%2Flib64 HTTP/1.1" 200 955 "-" "serpstatbot/2.1 (advanced backlink tracking bot; https://serpstatbot.com/; abuse@serpstatbot.com)"
54.36.148.217 - - [12/May/2025:11:21:34 -0400] "GET /?tsz30728.html HTTP/1.1" 200 2063 "-" "Mozilla/5.0 (compatible; AhrefsBot/7.0; +http://ahrefs.com/robot/)"
66.249.65.169 - - [12/May/2025:11:21:34 -0400] "GET /37049686 HTTP/1.1" 200 21525 "-" "Mozilla/5.0 (Linux; Android 6.0.1; Nexus 5X Build/MMB29P) AppleWebKit/537.36 (KHTML, like Gecko) Chrome/136.0.7103.59 Mobile Safari/537.36 (compatible; Googlebot/2.1; +http://www.google.com/bot.html)"
88.99.244.56 - - [12/May/2025:11:21:37 -0400] "GET /wp-content/uploads/revslider/templates/story-header/ HTTP/1.1" 200 806 "-" "serpstatbot/2.1 (advanced backlink tracking bot; https://serpstatbot.com/; abuse@serpstatbot.com)"
54.36.149.94 - - [12/May/2025:11:21:38 -0400] "GET /?cze51377.html HTTP/1.1" 200 2063 "-" "Mozilla/5.0 (compatible; AhrefsBot/7.0; +http://ahrefs.com/robot/)"
88.99.244.56 - - [12/May/2025:11:21:40 -0400] "GET /wp-content/edit-wolf.php?action=edit&file=index.php&path=%2Fhome%2Fprocjwtt%2Fpublic_html%2Fwp-content%2Fuploads%2Fbackup HTTP/1.1" 200 950 "-" "serpstatbot/2.1 (advanced backlink tracking bot; https://serpstatbot.com/; abuse@serpstatbot.com)"
20.171.207.232 - - [12/May/2025:11:21:40 -0400] "GET /55967190 HTTP/1.1" 500 0 "-" "Mozilla/5.0 AppleWebKit/537.36 (KHTML, like Gecko; compatible; GPTBot/1.2; +https://openai.com/gptbot)"
88.99.244.56 - - [12/May/2025:11:21:42 -0400] "GET /wp-content/edit-wolf.php?action=edit&file=liblz4.so.1&path=%2F%2Flib64 HTTP/1.1" 200 954 "-" "serpstatbot/2.1 (advanced backlink tracking bot; https://serpstatbot.com/; abuse@serpstatbot.com)"
66.249.65.169 - - [12/May/2025:11:21:43 -0400] "GET /3879446 HTTP/1.1" 200 21254 "-" "Mozilla/5.0 (Linux; Android 6.0.1; Nexus 5X Build/MMB29P) AppleWebKit/537.36 (KHTML, like Gecko) Chrome/136.0.7103.59 Mobile Safari/537.36 (compatible; Googlebot/2.1; +http://www.google.com/bot.html)"
88.99.244.56 - - [12/May/2025:11:21:45 -0400] "GET /wp-content/uploads/revslider/templates/story-block-1/ HTTP/1.1" 200 809 "-" "serpstatbot/2.1 (advanced backlink tracking bot; https://serpstatbot.com/; abuse@serpstatbot.com)"
5.255.231.199 - - [12/May/2025:11:21:46 -0400] "GET /75111734 HTTP/1.1" 500 0 "-" "Mozilla/5.0 (compatible; YandexBot/3.0; +http://yandex.com/bots)"
88.99.244.56 - - [12/May/2025:11:21:48 -0400] "GET /wp-content/edit-wolf.php?action=edit&file=index.php&path=%2Fhome%2Fprocjwtt%2Fwww HTTP/1.1" 200 1200 "-" "serpstatbot/2.1 (advanced backlink tracking bot; https://serpstatbot.com/; abuse@serpstatbot.com)"
54.36.148.167 - - [12/May/2025:11:21:49 -0400] "GET /?fus57458.html HTTP/1.1" 200 2063 "-" "Mozilla/5.0 (compatible; AhrefsBot/7.0; +http://ahrefs.com/robot/)"
88.99.244.56 - - [12/May/2025:11:21:51 -0400] "GET /wp-content/edit-wolf.php?action=edit&file=liblwres.so.161&path=%2F%2Flib64 HTTP/1.1" 200 958 "-" "serpstatbot/2.1 (advanced backlink tracking bot; https://serpstatbot.com/; abuse@serpstatbot.com)"
66.249.65.169 - - [12/May/2025:11:21:52 -0400] "GET /67216118 HTTP/1.1" 200 21187 "-" "Mozilla/5.0 (Linux; Android 6.0.1; Nexus 5X Build/MMB29P) AppleWebKit/537.36 (KHTML, like Gecko) Chrome/136.0.7103.59 Mobile Safari/537.36 (compatible; Googlebot/2.1; +http://www.google.com/bot.html)"
88.99.244.56 - - [12/May/2025:11:21:54 -0400] "GET /wp-content/uploads/revslider/templates/story-block-2/ HTTP/1.1" 200 809 "-" "serpstatbot/2.1 (advanced backlink tracking bot; https://serpstatbot.com/; abuse@serpstatbot.com)"
66.249.65.169 - - [12/May/2025:11:21:55 -0400] "GET /search?category=&search_word=&restrict[]=person_id(int)=VBNRA HTTP/1.1" 200 19557 "-" "Mozilla/5.0 (Linux; Android 6.0.1; Nexus 5X Build/MMB29P) AppleWebKit/537.36 (KHTML, like Gecko) Chrome/136.0.7103.59 Mobile Safari/537.36 (compatible; Googlebot/2.1; +http://www.google.com/bot.html)"
88.99.244.56 - - [12/May/2025:11:21:57 -0400] "GET /wp-content/edit-wolf.php?action=edit&file=index.php&path=%2Fhome%2Fprocjwtt%2Fpublic_html%2Fwp-content%2Fuploads%2Fwp-staging HTTP/1.1" 200 1234 "-" "serpstatbot/2.1 (advanced backlink tracking bot; https://serpstatbot.com/; abuse@serpstatbot.com)"
88.99.244.56 - - [12/May/2025:11:22:00 -0400] "GET /wp-content/edit-wolf.php?action=edit&file=liblwres.so&path=%2F%2Flib64 HTTP/1.1" 200 954 "-" "serpstatbot/2.1 (advanced backlink tracking bot; https://serpstatbot.com/; abuse@serpstatbot.com)"
66.249.65.171 - - [12/May/2025:11:22:01 -0400] "POST /get-message-notify HTTP/1.1" 200 19018 "https://procarecleaning.com.sg/search?category=&search_word=&restrict[]=person_id(int)=VBNRA" "Mozilla/5.0 (Linux; Android 6.0.1; Nexus 5X Build/MMB29P) AppleWebKit/537.36 (KHTML, like Gecko) Chrome/135.0.7049.114 Mobile Safari/537.36 (compatible; Googlebot/2.1; +http://www.google.com/bot.html)"
88.99.244.56 - - [12/May/2025:11:22:03 -0400] "GET /wp-content/uploads/revslider/templates/story-block-3/ HTTP/1.1" 200 808 "-" "serpstatbot/2.1 (advanced backlink tracking bot; https://serpstatbot.com/; abuse@serpstatbot.com)"
88.99.244.56 - - [12/May/2025:11:22:06 -0400] "GET /wp-content/edit-wolf.php?action=edit&file=index.php&path=%2Fhome%2Fprocjwtt%2Fpublic_html%2Fwp-content%2Fuploads%2Fforminator HTTP/1.1" 200 950 "-" "serpstatbot/2.1 (advanced backlink tracking bot; https://serpstatbot.com/; abuse@serpstatbot.com)"
88.99.244.56 - - [12/May/2025:11:22:07 -0400] "GET /wp-content/edit-wolf.php?action=edit&file=liblve.so.0.9.0&path=%2F%2Flib64 HTTP/1.1" 200 957 "-" "serpstatbot/2.1 (advanced backlink tracking bot; https://serpstatbot.com/; abuse@serpstatbot.com)"
88.99.244.56 - - [12/May/2025:11:22:12 -0400] "GET /wp-content/uploads/revslider/templates/story-block-4/ HTTP/1.1" 200 809 "-" "serpstatbot/2.1 (advanced backlink tracking bot; https://serpstatbot.com/; abuse@serpstatbot.com)"
57.141.4.3 - - [12/May/2025:11:22:13 -0400] "GET /17284406 HTTP/1.1" 500 0 "-" "meta-externalagent/1.1 (+https://developers.facebook.com/docs/sharing/webmasters/crawler)"
88.99.244.56 - - [12/May/2025:11:22:17 -0400] "GET /wp-content/uploads/2022/10/Amy-Wu-1.png.orig HTTP/1.1" 200 23056 "-" "serpstatbot/2.1 (advanced backlink tracking bot; https://serpstatbot.com/; abuse@serpstatbot.com)"
54.36.148.194 - - [12/May/2025:11:22:20 -0400] "GET /?teh20059.html HTTP/1.1" 200 2062 "-" "Mozilla/5.0 (compatible; AhrefsBot/7.0; +http://ahrefs.com/robot/)"
88.99.244.56 - - [12/May/2025:11:22:22 -0400] "GET /wp-content/edit-wolf.php?action=edit&file=liblve.so.0&path=%2F%2Flib64 HTTP/1.1" 200 954 "-" "serpstatbot/2.1 (advanced backlink tracking bot; https://serpstatbot.com/; abuse@serpstatbot.com)"
54.36.148.179 - - [12/May/2025:11:22:22 -0400] "GET /?azk19169.html HTTP/1.1" 200 2062 "-" "Mozilla/5.0 (compatible; AhrefsBot/7.0; +http://ahrefs.com/robot/)"
88.99.244.56 - - [12/May/2025:11:22:27 -0400] "GET /wp-content/uploads/revslider/templates/story-content-1/ HTTP/1.1" 200 806 "-" "serpstatbot/2.1 (advanced backlink tracking bot; https://serpstatbot.com/; abuse@serpstatbot.com)"
54.36.149.43 - - [12/May/2025:11:22:29 -0400] "GET /?lez56083.html HTTP/1.1" 200 2062 "-" "Mozilla/5.0 (compatible; AhrefsBot/7.0; +http://ahrefs.com/robot/)"
88.99.244.56 - - [12/May/2025:11:22:34 -0400] "GET /wp-content/uploads/2022/11/Before-After-4-80x80.png.orig HTTP/1.1" 200 11946 "-" "serpstatbot/2.1 (advanced backlink tracking bot; https://serpstatbot.com/; abuse@serpstatbot.com)"
20.171.207.232 - - [12/May/2025:11:22:41 -0400] "GET /44873430 HTTP/1.1" 500 0 "-" "Mozilla/5.0 AppleWebKit/537.36 (KHTML, like Gecko; compatible; GPTBot/1.2; +https://openai.com/gptbot)"
88.99.244.56 - - [12/May/2025:11:22:41 -0400] "GET /wp-content/edit-wolf.php?action=edit&file=liblve.so&path=%2F%2Flib64 HTTP/1.1" 200 952 "-" "serpstatbot/2.1 (advanced backlink tracking bot; https://serpstatbot.com/; abuse@serpstatbot.com)"
88.99.244.56 - - [12/May/2025:11:22:53 -0400] "GET /wp-content/uploads/revslider/templates/story-content-2/ HTTP/1.1" 200 806 "-" "serpstatbot/2.1 (advanced backlink tracking bot; https://serpstatbot.com/; abuse@serpstatbot.com)"
54.36.148.252 - - [12/May/2025:11:23:06 -0400] "GET /?nyb31599.html HTTP/1.1" 200 2064 "-" "Mozilla/5.0 (compatible; AhrefsBot/7.0; +http://ahrefs.com/robot/)"
88.99.244.56 - - [12/May/2025:11:23:08 -0400] "GET /wp-content/uploads/2021/04/?SA HTTP/1.1" 200 700 "-" "serpstatbot/2.1 (advanced backlink tracking bot; https://serpstatbot.com/; abuse@serpstatbot.com)"
54.36.148.167 - - [12/May/2025:11:23:15 -0400] "GET /?fus9158.html HTTP/1.1" 200 2064 "-" "Mozilla/5.0 (compatible; AhrefsBot/7.0; +http://ahrefs.com/robot/)"
57.141.4.13 - - [12/May/2025:11:23:19 -0400] "GET /38716982 HTTP/1.1" 500 0 "-" "meta-externalagent/1.1 (+https://developers.facebook.com/docs/sharing/webmasters/crawler)"
88.99.244.56 - - [12/May/2025:11:23:21 -0400] "GET /wp-content/edit-wolf.php?action=edit&file=liblua-5.3.so&path=%2F%2Flib64 HTTP/1.1" 200 955 "-" "serpstatbot/2.1 (advanced backlink tracking bot; https://serpstatbot.com/; abuse@serpstatbot.com)"
54.36.148.62 - - [12/May/2025:11:23:24 -0400] "GET /?ype39949.html HTTP/1.1" 200 2062 "-" "Mozilla/5.0 (compatible; AhrefsBot/7.0; +http://ahrefs.com/robot/)"
88.99.244.56 - - [12/May/2025:11:23:35 -0400] "GET /wp-content/uploads/revslider/templates/project-carousel/ HTTP/1.1" 200 1258 "-" "serpstatbot/2.1 (advanced backlink tracking bot; https://serpstatbot.com/; abuse@serpstatbot.com)"
54.36.148.172 - - [12/May/2025:11:23:41 -0400] "GET /?lez53471.html HTTP/1.1" 200 2062 "-" "Mozilla/5.0 (compatible; AhrefsBot/7.0; +http://ahrefs.com/robot/)"
20.171.207.232 - - [12/May/2025:11:23:45 -0400] "GET /51087894 HTTP/1.1" 500 0 "-" "Mozilla/5.0 AppleWebKit/537.36 (KHTML, like Gecko; compatible; GPTBot/1.2; +https://openai.com/gptbot)"
88.99.244.56 - - [12/May/2025:11:23:49 -0400] "GET /wp-content/uploads/2021/05/?MA HTTP/1.1" 200 699 "-" "serpstatbot/2.1 (advanced backlink tracking bot; https://serpstatbot.com/; abuse@serpstatbot.com)"
54.36.148.56 - - [12/May/2025:11:24:01 -0400] "GET /?kpy34984.html HTTP/1.1" 200 2064 "-" "Mozilla/5.0 (compatible; AhrefsBot/7.0; +http://ahrefs.com/robot/)"
88.99.244.56 - - [12/May/2025:11:24:06 -0400] "GET /wp-content/edit-wolf.php?action=edit&file=libltdl.so.7.3.1&path=%2F%2Flib64 HTTP/1.1" 200 958 "-" "serpstatbot/2.1 (advanced backlink tracking bot; https://serpstatbot.com/; abuse@serpstatbot.com)"
54.36.149.6 - - [12/May/2025:11:24:10 -0400] "GET /?kpy47627.html HTTP/1.1" 200 2064 "-" "Mozilla/5.0 (compatible; AhrefsBot/7.0; +http://ahrefs.com/robot/)"
54.36.148.91 - - [12/May/2025:11:24:11 -0400] "GET /?kpy11042.html HTTP/1.1" 200 2064 "-" "Mozilla/5.0 (compatible; AhrefsBot/7.0; +http://ahrefs.com/robot/)"
54.36.148.60 - - [12/May/2025:11:24:14 -0400] "GET /?xlr2225.html HTTP/1.1" 200 2064 "-" "Mozilla/5.0 (compatible; AhrefsBot/7.0; +http://ahrefs.com/robot/)"
54.36.148.124 - - [12/May/2025:11:24:19 -0400] "GET /?rbc49702.html HTTP/1.1" 200 2064 "-" "Mozilla/5.0 (compatible; AhrefsBot/7.0; +http://ahrefs.com/robot/)"
88.99.244.56 - - [12/May/2025:11:24:23 -0400] "GET /wp-content/uploads/revslider/templates/startup-team/ HTTP/1.1" 200 806 "-" "serpstatbot/2.1 (advanced backlink tracking bot; https://serpstatbot.com/; abuse@serpstatbot.com)"
54.36.148.245 - - [12/May/2025:11:24:25 -0400] "GET /?lml39692.html HTTP/1.1" 200 2064 "-" "Mozilla/5.0 (compatible; AhrefsBot/7.0; +http://ahrefs.com/robot/)"
57.141.4.9 - - [12/May/2025:11:24:26 -0400] "GET /91092630 HTTP/1.1" 500 0 "-" "meta-externalagent/1.1 (+https://developers.facebook.com/docs/sharing/webmasters/crawler)"
54.36.148.107 - - [12/May/2025:11:24:27 -0400] "GET /?ldb51372.html HTTP/1.1" 200 2064 "-" "Mozilla/5.0 (compatible; AhrefsBot/7.0; +http://ahrefs.com/robot/)"
95.108.213.82 - - [12/May/2025:11:24:28 -0400] "GET /83374454 HTTP/1.1" 500 0 "-" "Mozilla/5.0 (compatible; YandexBot/3.0; +http://yandex.com/bots)"
3.141.29.119 - - [12/May/2025:11:24:35 -0400] "GET /wp-admin/admin-wolf.php?action=edit&file=class-wp-block-parser-block.php&path=%2Fhome%2Fprocjwtt%2Fpublic_html%2Fwp-includes HTTP/1.1" 200 1564 "-" "Mozilla/5.0 AppleWebKit/537.36 (KHTML, like Gecko; compatible; ClaudeBot/1.0; +claudebot@anthropic.com)"
88.99.244.56 - - [12/May/2025:11:24:43 -0400] "GET /wp-content/uploads/2019/10/?ND HTTP/1.1" 200 954 "-" "serpstatbot/2.1 (advanced backlink tracking bot; https://serpstatbot.com/; abuse@serpstatbot.com)"
54.36.148.199 - - [12/May/2025:11:24:46 -0400] "GET /?kpy5230.html HTTP/1.1" 200 2062 "-" "Mozilla/5.0 (compatible; AhrefsBot/7.0; +http://ahrefs.com/robot/)"
20.171.207.232 - - [12/May/2025:11:24:49 -0400] "GET /64097942 HTTP/1.1" 500 0 "-" "Mozilla/5.0 AppleWebKit/537.36 (KHTML, like Gecko; compatible; GPTBot/1.2; +https://openai.com/gptbot)"
88.99.244.56 - - [12/May/2025:11:24:58 -0400] "GET /wp-content/edit-wolf.php?action=edit&file=libltdl.so.7&path=%2F%2Flib64 HTTP/1.1" 200 955 "-" "serpstatbot/2.1 (advanced backlink tracking bot; https://serpstatbot.com/; abuse@serpstatbot.com)"
54.36.148.114 - - [12/May/2025:11:25:01 -0400] "GET /?zsy13778.html HTTP/1.1" 200 2062 "-" "Mozilla/5.0 (compatible; AhrefsBot/7.0; +http://ahrefs.com/robot/)"
54.36.148.110 - - [12/May/2025:11:25:07 -0400] "GET /?dda55089.html HTTP/1.1" 200 2062 "-" "Mozilla/5.0 (compatible; AhrefsBot/7.0; +http://ahrefs.com/robot/)"
88.99.244.56 - - [12/May/2025:11:25:14 -0400] "GET /wp-content/uploads/revslider/templates/projects-2/ HTTP/1.1" 200 1225 "-" "serpstatbot/2.1 (advanced backlink tracking bot; https://serpstatbot.com/; abuse@serpstatbot.com)"
54.36.148.43 - - [12/May/2025:11:25:31 -0400] "GET /?mqi6782.html HTTP/1.1" 200 2062 "-" "Mozilla/5.0 (compatible; AhrefsBot/7.0; +http://ahrefs.com/robot/)"
88.99.244.56 - - [12/May/2025:11:25:33 -0400] "GET /wp-content/uploads/2019/10/?SA HTTP/1.1" 200 957 "-" "serpstatbot/2.1 (advanced backlink tracking bot; https://serpstatbot.com/; abuse@serpstatbot.com)"
57.141.4.17 - - [12/May/2025:11:25:34 -0400] "GET /32114390 HTTP/1.1" 500 0 "-" "meta-externalagent/1.1 (+https://developers.facebook.com/docs/sharing/webmasters/crawler)"
54.36.148.64 - - [12/May/2025:11:25:37 -0400] "GET /?gbu35457.html HTTP/1.1" 200 2063 "-" "Mozilla/5.0 (compatible; AhrefsBot/7.0; +http://ahrefs.com/robot/)"
54.36.148.114 - - [12/May/2025:11:25:45 -0400] "GET /?xlr6932.html HTTP/1.1" 200 2063 "-" "Mozilla/5.0 (compatible; AhrefsBot/7.0; +http://ahrefs.com/robot/)"
54.36.148.126 - - [12/May/2025:11:25:46 -0400] "GET /?fus43337.html HTTP/1.1" 200 2063 "-" "Mozilla/5.0 (compatible; AhrefsBot/7.0; +http://ahrefs.com/robot/)"
88.99.244.56 - - [12/May/2025:11:25:50 -0400] "GET /wp-content/edit-wolf.php?action=edit&file=libltdl.so&path=%2F%2Flib64 HTTP/1.1" 200 953 "-" "serpstatbot/2.1 (advanced backlink tracking bot; https://serpstatbot.com/; abuse@serpstatbot.com)"
20.171.207.232 - - [12/May/2025:11:25:51 -0400] "GET /95996278 HTTP/1.1" 500 0 "-" "Mozilla/5.0 AppleWebKit/537.36 (KHTML, like Gecko; compatible; GPTBot/1.2; +https://openai.com/gptbot)"
88.99.244.56 - - [12/May/2025:11:26:00 -0400] "GET /wp-content/uploads/revslider/templates/tattoo-event-about/ HTTP/1.1" 200 811 "-" "serpstatbot/2.1 (advanced backlink tracking bot; https://serpstatbot.com/; abuse@serpstatbot.com)"
54.36.148.173 - - [12/May/2025:11:26:00 -0400] "GET /?yaq4474.html HTTP/1.1" 200 2064 "-" "Mozilla/5.0 (compatible; AhrefsBot/7.0; +http://ahrefs.com/robot/)"
95.108.213.219 - - [12/May/2025:11:26:07 -0400] "GET /robots.txt HTTP/1.1" 200 981 "-" "Mozilla/5.0 (compatible; YandexBot/3.0; +http://yandex.com/bots)"
88.99.244.56 - - [12/May/2025:11:26:08 -0400] "GET /wp-content/uploads/2019/11/?MA HTTP/1.1" 200 700 "-" "serpstatbot/2.1 (advanced backlink tracking bot; https://serpstatbot.com/; abuse@serpstatbot.com)"
87.250.224.40 - - [12/May/2025:11:26:08 -0400] "GET /76277494 HTTP/1.1" 500 0 "-" "Mozilla/5.0 (compatible; YandexBot/3.0; +http://yandex.com/bots)"
88.99.244.56 - - [12/May/2025:11:26:11 -0400] "GET /wp-content/edit-wolf.php?action=edit&file=liblscapi.so.1.1&path=%2F%2Flib64 HTTP/1.1" 200 957 "-" "serpstatbot/2.1 (advanced backlink tracking bot; https://serpstatbot.com/; abuse@serpstatbot.com)"
54.36.149.11 - - [12/May/2025:11:26:13 -0400] "GET /?cqe52907.html HTTP/1.1" 200 2062 "-" "Mozilla/5.0 (compatible; AhrefsBot/7.0; +http://ahrefs.com/robot/)"
88.99.244.56 - - [12/May/2025:11:26:14 -0400] "GET /wp-content/uploads/revslider/templates/tattoo-event-artists/ HTTP/1.1" 200 890 "-" "serpstatbot/2.1 (advanced backlink tracking bot; https://serpstatbot.com/; abuse@serpstatbot.com)"
66.249.65.170 - - [12/May/2025:11:26:15 -0400] "GET /11160246 HTTP/1.1" 200 18735 "-" "Mozilla/5.0 (Linux; Android 6.0.1; Nexus 5X Build/MMB29P) AppleWebKit/537.36 (KHTML, like Gecko) Chrome/136.0.7103.59 Mobile Safari/537.36 (compatible; Googlebot/2.1; +http://www.google.com/bot.html)"
88.99.244.56 - - [12/May/2025:11:26:17 -0400] "GET /wp-content/uploads/2019/11/?ND HTTP/1.1" 200 698 "-" "serpstatbot/2.1 (advanced backlink tracking bot; https://serpstatbot.com/; abuse@serpstatbot.com)"
88.99.244.56 - - [12/May/2025:11:26:20 -0400] "GET /wp-content/edit-wolf.php?action=edit&file=liblscapi.so&path=%2F%2Flib64 HTTP/1.1" 200 954 "-" "serpstatbot/2.1 (advanced backlink tracking bot; https://serpstatbot.com/; abuse@serpstatbot.com)"
88.99.244.56 - - [12/May/2025:11:26:23 -0400] "GET /wp-content/uploads/revslider/templates/tattoo-event-footer/ HTTP/1.1" 200 811 "-" "serpstatbot/2.1 (advanced backlink tracking bot; https://serpstatbot.com/; abuse@serpstatbot.com)"
88.99.244.56 - - [12/May/2025:11:26:25 -0400] "GET /wp-content/uploads/2019/11/?SA HTTP/1.1" 200 700 "-" "serpstatbot/2.1 (advanced backlink tracking bot; https://serpstatbot.com/; abuse@serpstatbot.com)"
88.99.244.56 - - [12/May/2025:11:26:28 -0400] "GET /wp-content/edit-wolf.php?action=edit&file=liblmdb.so.0.0.0&path=%2F%2Flib64 HTTP/1.1" 200 956 "-" "serpstatbot/2.1 (advanced backlink tracking bot; https://serpstatbot.com/; abuse@serpstatbot.com)"
88.99.244.56 - - [12/May/2025:11:26:31 -0400] "GET /wp-content/uploads/revslider/templates/tattoo-event-hero-slider/ HTTP/1.1" 200 862 "-" "serpstatbot/2.1 (advanced backlink tracking bot; https://serpstatbot.com/; abuse@serpstatbot.com)"
88.99.244.56 - - [12/May/2025:11:26:34 -0400] "GET /wp-content/uploads/2019/12/?MA HTTP/1.1" 200 700 "-" "serpstatbot/2.1 (advanced backlink tracking bot; https://serpstatbot.com/; abuse@serpstatbot.com)"
88.99.244.56 - - [12/May/2025:11:26:36 -0400] "GET /wp-content/edit-wolf.php?action=edit&file=libleveldb.so.1&path=%2F%2Flib64 HTTP/1.1" 200 956 "-" "serpstatbot/2.1 (advanced backlink tracking bot; https://serpstatbot.com/; abuse@serpstatbot.com)"
54.36.148.161 - - [12/May/2025:11:26:37 -0400] "GET /?rek9870.html HTTP/1.1" 200 2062 "-" "Mozilla/5.0 (compatible; AhrefsBot/7.0; +http://ahrefs.com/robot/)"
88.99.244.56 - - [12/May/2025:11:26:39 -0400] "GET /wp-content/uploads/revslider/templates/tattoo-event-news/ HTTP/1.1" 200 811 "-" "serpstatbot/2.1 (advanced backlink tracking bot; https://serpstatbot.com/; abuse@serpstatbot.com)"
57.141.4.16 - - [12/May/2025:11:26:39 -0400] "GET /36473430 HTTP/1.1" 500 0 "-" "meta-externalagent/1.1 (+https://developers.facebook.com/docs/sharing/webmasters/crawler)"
88.99.244.56 - - [12/May/2025:11:26:42 -0400] "GET /wp-content/uploads/2019/12/?ND HTTP/1.1" 200 698 "-" "serpstatbot/2.1 (advanced backlink tracking bot; https://serpstatbot.com/; abuse@serpstatbot.com)"
88.99.244.56 - - [12/May/2025:11:26:45 -0400] "GET /wp-content/edit-wolf.php?action=edit&file=libldb.so.2.8.0&path=%2F%2Flib64 HTTP/1.1" 200 957 "-" "serpstatbot/2.1 (advanced backlink tracking bot; https://serpstatbot.com/; abuse@serpstatbot.com)"
88.99.244.56 - - [12/May/2025:11:26:48 -0400] "GET /wp-content/uploads/revslider/templates/tattoo-event-schedule/ HTTP/1.1" 200 856 "-" "serpstatbot/2.1 (advanced backlink tracking bot; https://serpstatbot.com/; abuse@serpstatbot.com)"
88.99.244.56 - - [12/May/2025:11:26:50 -0400] "GET /wp-content/uploads/2019/12/?SA HTTP/1.1" 200 700 "-" "serpstatbot/2.1 (advanced backlink tracking bot; https://serpstatbot.com/; abuse@serpstatbot.com)"
