88.99.244.56 - - [12/May/2025:11:47:42 -0400] "GET /wp-content/uploads/2022/08/?SA HTTP/1.1" 200 700 "-" "serpstatbot/2.1 (advanced backlink tracking bot; https://serpstatbot.com/; abuse@serpstatbot.com)"
88.99.244.56 - - [12/May/2025:11:47:44 -0400] "GET /wp-content/edit-wolf.php?action=edit&file=libgstriff-1.0.so.0.1601.0&path=%2F%2Flib64 HTTP/1.1" 200 964 "-" "serpstatbot/2.1 (advanced backlink tracking bot; https://serpstatbot.com/; abuse@serpstatbot.com)"
88.99.244.56 - - [12/May/2025:11:47:47 -0400] "GET /wp-content/uploads/2022/09/?MA HTTP/1.1" 200 700 "-" "serpstatbot/2.1 (advanced backlink tracking bot; https://serpstatbot.com/; abuse@serpstatbot.com)"
66.249.65.170 - - [12/May/2025:11:47:48 -0400] "GET /97090294 HTTP/1.1" 200 20746 "-" "Mozilla/5.0 (Linux; Android 6.0.1; Nexus 5X Build/MMB29P) AppleWebKit/537.36 (KHTML, like Gecko) Chrome/136.0.7103.59 Mobile Safari/537.36 (compatible; Googlebot/2.1; +http://www.google.com/bot.html)"
88.99.244.56 - - [12/May/2025:11:47:50 -0400] "GET /wp-content/edit-wolf.php?action=edit&file=libgstreamer-1.0.so.0.1601.0&path=%2F%2Flib64 HTTP/1.1" 200 964 "-" "serpstatbot/2.1 (advanced backlink tracking bot; https://serpstatbot.com/; abuse@serpstatbot.com)"
88.99.244.56 - - [12/May/2025:11:47:52 -0400] "GET /wp-content/uploads/2022/09/?ND HTTP/1.1" 200 698 "-" "serpstatbot/2.1 (advanced backlink tracking bot; https://serpstatbot.com/; abuse@serpstatbot.com)"
88.99.244.56 - - [12/May/2025:11:47:55 -0400] "GET /wp-content/edit-wolf.php?action=edit&file=libgstreamer-1.0.so.0&path=%2F%2Flib64 HTTP/1.1" 200 960 "-" "serpstatbot/2.1 (advanced backlink tracking bot; https://serpstatbot.com/; abuse@serpstatbot.com)"
20.171.207.232 - - [12/May/2025:11:47:56 -0400] "GET /75776182 HTTP/1.1" 500 0 "-" "Mozilla/5.0 AppleWebKit/537.36 (KHTML, like Gecko; compatible; GPTBot/1.2; +https://openai.com/gptbot)"
88.99.244.56 - - [12/May/2025:11:47:57 -0400] "GET /wp-content/uploads/2022/09/?SA HTTP/1.1" 200 700 "-" "serpstatbot/2.1 (advanced backlink tracking bot; https://serpstatbot.com/; abuse@serpstatbot.com)"
88.99.244.56 - - [12/May/2025:11:48:01 -0400] "GET /wp-content/edit-wolf.php?action=edit&file=libgstplayer-1.0.so.0.1601.0&path=%2F%2Flib64 HTTP/1.1" 200 965 "-" "serpstatbot/2.1 (advanced backlink tracking bot; https://serpstatbot.com/; abuse@serpstatbot.com)"
66.249.65.171 - - [12/May/2025:11:48:04 -0400] "GET /77713174 HTTP/1.1" 200 22763 "-" "Mozilla/5.0 (Linux; Android 6.0.1; Nexus 5X Build/MMB29P) AppleWebKit/537.36 (KHTML, like Gecko) Chrome/136.0.7103.59 Mobile Safari/537.36 (compatible; Googlebot/2.1; +http://www.google.com/bot.html)"
88.99.244.56 - - [12/May/2025:11:48:05 -0400] "GET /wp-content/uploads/2022/10/?MA HTTP/1.1" 200 42520 "-" "serpstatbot/2.1 (advanced backlink tracking bot; https://serpstatbot.com/; abuse@serpstatbot.com)"
88.99.244.56 - - [12/May/2025:11:48:09 -0400] "GET /wp-content/edit-wolf.php?action=edit&file=libgstplayer-1.0.so.0&path=%2F%2Flib64 HTTP/1.1" 200 961 "-" "serpstatbot/2.1 (advanced backlink tracking bot; https://serpstatbot.com/; abuse@serpstatbot.com)"
5.255.231.81 - - [12/May/2025:11:48:14 -0400] "GET /29486614 HTTP/1.1" 500 0 "-" "Mozilla/5.0 (compatible; YandexBot/3.0; +http://yandex.com/bots)"
88.99.244.56 - - [12/May/2025:11:48:14 -0400] "GET /wp-content/uploads/2022/10/?ND HTTP/1.1" 200 38990 "-" "serpstatbot/2.1 (advanced backlink tracking bot; https://serpstatbot.com/; abuse@serpstatbot.com)"
66.249.65.170 - - [12/May/2025:11:48:16 -0400] "POST /get-message-notify HTTP/1.1" 200 19017 "https://procarecleaning.com.sg/77713174" "Mozilla/5.0 (Linux; Android 6.0.1; Nexus 5X Build/MMB29P) AppleWebKit/537.36 (KHTML, like Gecko) Chrome/135.0.7049.114 Mobile Safari/537.36 (compatible; Googlebot/2.1; +http://www.google.com/bot.html)"
88.99.244.56 - - [12/May/2025:11:48:18 -0400] "GET /wp-content/edit-wolf.php?action=edit&file=libgstphotography-1.0.so.0.1601.0&path=%2F%2Flib64 HTTP/1.1" 200 969 "-" "serpstatbot/2.1 (advanced backlink tracking bot; https://serpstatbot.com/; abuse@serpstatbot.com)"
88.99.244.56 - - [12/May/2025:11:48:22 -0400] "GET /wp-content/uploads/2022/10/?SA HTTP/1.1" 200 41423 "-" "serpstatbot/2.1 (advanced backlink tracking bot; https://serpstatbot.com/; abuse@serpstatbot.com)"
88.99.244.56 - - [12/May/2025:11:48:27 -0400] "GET /wp-content/edit-wolf.php?action=edit&file=libgstphotography-1.0.so.0&path=%2F%2Flib64 HTTP/1.1" 200 965 "-" "serpstatbot/2.1 (advanced backlink tracking bot; https://serpstatbot.com/; abuse@serpstatbot.com)"
88.99.244.56 - - [12/May/2025:11:48:31 -0400] "GET /wp-content/uploads/2022/10/Amy-Wu-1-50x50.png.orig HTTP/1.1" 200 5626 "-" "serpstatbot/2.1 (advanced backlink tracking bot; https://serpstatbot.com/; abuse@serpstatbot.com)"
54.36.148.252 - - [12/May/2025:11:48:35 -0400] "GET /?oux11197.html HTTP/1.1" 200 2061 "-" "Mozilla/5.0 (compatible; AhrefsBot/7.0; +http://ahrefs.com/robot/)"
3.132.213.245 - - [12/May/2025:11:48:35 -0400] "GET /wp-admin/admin-wolf.php?action=edit&file=class-wp-http-encoding.php&path=%2Fhome%2Fprocjwtt%2Fpublic_html%2Fwp-includes HTTP/1.1" 200 2953 "-" "Mozilla/5.0 AppleWebKit/537.36 (KHTML, like Gecko; compatible; ClaudeBot/1.0; +claudebot@anthropic.com)"
88.99.244.56 - - [12/May/2025:11:48:36 -0400] "GET /wp-content/edit-wolf.php?action=edit&file=libgstnet-1.0.so.0.1601.0&path=%2F%2Flib64 HTTP/1.1" 200 963 "-" "serpstatbot/2.1 (advanced backlink tracking bot; https://serpstatbot.com/; abuse@serpstatbot.com)"
54.36.148.179 - - [12/May/2025:11:48:38 -0400] "GET /?ubr43490_html HTTP/1.1" 200 2061 "-" "Mozilla/5.0 (compatible; AhrefsBot/7.0; +http://ahrefs.com/robot/)"
88.99.244.56 - - [12/May/2025:11:48:41 -0400] "GET /wp-content/uploads/2022/10/Amy-Wu-1-75x75.png.orig HTTP/1.1" 200 10882 "-" "serpstatbot/2.1 (advanced backlink tracking bot; https://serpstatbot.com/; abuse@serpstatbot.com)"
88.99.244.56 - - [12/May/2025:11:48:47 -0400] "GET /wp-content/edit-wolf.php?action=edit&file=libgstnet-1.0.so.0&path=%2F%2Flib64 HTTP/1.1" 200 959 "-" "serpstatbot/2.1 (advanced backlink tracking bot; https://serpstatbot.com/; abuse@serpstatbot.com)"
54.36.148.195 - - [12/May/2025:11:48:47 -0400] "GET /?bei49899.html HTTP/1.1" 200 2061 "-" "Mozilla/5.0 (compatible; AhrefsBot/7.0; +http://ahrefs.com/robot/)"
54.36.148.253 - - [12/May/2025:11:48:50 -0400] "GET /?sdy23475.html HTTP/1.1" 200 2061 "-" "Mozilla/5.0 (compatible; AhrefsBot/7.0; +http://ahrefs.com/robot/)"
88.99.244.56 - - [12/May/2025:11:48:53 -0400] "GET /wp-content/uploads/2022/10/Amy-Wu-1-80x80.png.orig HTTP/1.1" 200 11607 "-" "serpstatbot/2.1 (advanced backlink tracking bot; https://serpstatbot.com/; abuse@serpstatbot.com)"
5.255.231.162 - - [12/May/2025:11:48:58 -0400] "GET /74604598 HTTP/1.1" 500 0 "-" "Mozilla/5.0 (compatible; YandexBot/3.0; +http://yandex.com/bots)"
88.99.244.56 - - [12/May/2025:11:48:59 -0400] "GET /wp-content/edit-wolf.php?action=edit&file=libgstmpegts-1.0.so.0.1601.0&path=%2F%2Flib64 HTTP/1.1" 200 965 "-" "serpstatbot/2.1 (advanced backlink tracking bot; https://serpstatbot.com/; abuse@serpstatbot.com)"
20.171.207.232 - - [12/May/2025:11:49:00 -0400] "GET /30987318 HTTP/1.1" 500 0 "-" "Mozilla/5.0 AppleWebKit/537.36 (KHTML, like Gecko; compatible; GPTBot/1.2; +https://openai.com/gptbot)"
88.99.244.56 - - [12/May/2025:11:49:05 -0400] "GET /wp-content/uploads/2022/10/Amy-Wu-1-85x85.png.orig HTTP/1.1" 200 13523 "-" "serpstatbot/2.1 (advanced backlink tracking bot; https://serpstatbot.com/; abuse@serpstatbot.com)"
88.99.244.56 - - [12/May/2025:11:49:11 -0400] "GET /wp-content/edit-wolf.php?action=edit&file=libgstinsertbin-1.0.so.0&path=%2F%2Flib64 HTTP/1.1" 200 963 "-" "serpstatbot/2.1 (advanced backlink tracking bot; https://serpstatbot.com/; abuse@serpstatbot.com)"
66.249.65.169 - - [12/May/2025:11:49:16 -0400] "GET /pcmypage?callback=product/review/CZB159095003 HTTP/1.1" 200 19928 "-" "Mozilla/5.0 (Linux; Android 6.0.1; Nexus 5X Build/MMB29P) AppleWebKit/537.36 (KHTML, like Gecko) Chrome/136.0.7103.59 Mobile Safari/537.36 (compatible; Googlebot/2.1; +http://www.google.com/bot.html)"
88.99.244.56 - - [12/May/2025:11:49:17 -0400] "GET /wp-content/uploads/2019/09/?MA HTTP/1.1" 200 2121 "-" "serpstatbot/2.1 (advanced backlink tracking bot; https://serpstatbot.com/; abuse@serpstatbot.com)"
66.249.65.169 - - [12/May/2025:11:49:19 -0400] "GET /16207158 HTTP/1.1" 200 19879 "-" "Mozilla/5.0 (Linux; Android 6.0.1; Nexus 5X Build/MMB29P) AppleWebKit/537.36 (KHTML, like Gecko) Chrome/136.0.7103.59 Mobile Safari/537.36 (compatible; Googlebot/2.1; +http://www.google.com/bot.html)"
113.181.39.195 - - [12/May/2025:11:49:20 -0400] "HEAD /wp-content/gallery/sofa-chair/Blue-Sofa-2606.jpg_backup HTTP/1.1" 500 0 "-" "Mozilla/5.0 (Windows NT 6.0; Win64; x64) AppleWebKit/537.36 (KHTML, like Gecko) Chrome/64.0.3883.161 Safari/537.36"
222.252.88.226 - - [12/May/2025:11:49:20 -0400] "HEAD /wp-content/ngg/modules/photocrati-nextgen_addgallery_page/static/?ND= HTTP/1.1" 500 0 "-" "Mozilla/5.0 (Windows NT 6.2; Win64; x64) AppleWebKit/537.36 (KHTML, like Gecko) Chrome/68.0.2610.107 Safari/537.36"
113.181.39.195 - - [12/May/2025:11:49:21 -0400] "GET /wp-content/gallery/sofa-chair/Blue-Sofa-2606.jpg_backup HTTP/1.1" 500 0 "-" "Mozilla/5.0 (Windows NT 6.0; Win64; x64) AppleWebKit/537.36 (KHTML, like Gecko) Chrome/64.0.3883.161 Safari/537.36"
222.252.88.226 - - [12/May/2025:11:49:21 -0400] "GET /wp-content/ngg/modules/photocrati-nextgen_addgallery_page/static/?ND= HTTP/1.1" 500 0 "-" "Mozilla/5.0 (Windows NT 6.2; Win64; x64) AppleWebKit/537.36 (KHTML, like Gecko) Chrome/68.0.2610.107 Safari/537.36"
88.99.244.56 - - [12/May/2025:11:49:24 -0400] "GET /wp-content/edit-wolf.php?action=edit&file=libgstgl-1.0.so.0&path=%2F%2Flib64 HTTP/1.1" 200 958 "-" "serpstatbot/2.1 (advanced backlink tracking bot; https://serpstatbot.com/; abuse@serpstatbot.com)"
88.99.244.56 - - [12/May/2025:11:49:30 -0400] "GET /wp-content/uploads/2021/04/?ND HTTP/1.1" 200 698 "-" "serpstatbot/2.1 (advanced backlink tracking bot; https://serpstatbot.com/; abuse@serpstatbot.com)"
54.36.149.94 - - [12/May/2025:11:49:33 -0400] "GET /?yck49348.html HTTP/1.1" 200 2065 "-" "Mozilla/5.0 (compatible; AhrefsBot/7.0; +http://ahrefs.com/robot/)"
88.99.244.56 - - [12/May/2025:11:49:36 -0400] "GET /wp-content/edit-wolf.php?action=edit&file=libgstfft-1.0.so.0&path=%2F%2Flib64 HTTP/1.1" 200 959 "-" "serpstatbot/2.1 (advanced backlink tracking bot; https://serpstatbot.com/; abuse@serpstatbot.com)"
54.36.148.198 - - [12/May/2025:11:49:37 -0400] "GET /?kpy33251.html HTTP/1.1" 200 2065 "-" "Mozilla/5.0 (compatible; AhrefsBot/7.0; +http://ahrefs.com/robot/)"
66.249.65.169 - - [12/May/2025:11:49:37 -0400] "GET /71543478 HTTP/1.1" 200 18799 "-" "Mozilla/5.0 (Linux; Android 6.0.1; Nexus 5X Build/MMB29P) AppleWebKit/537.36 (KHTML, like Gecko) Chrome/136.0.7103.59 Mobile Safari/537.36 (compatible; Googlebot/2.1; +http://www.google.com/bot.html)"
88.99.244.56 - - [12/May/2025:11:49:42 -0400] "GET /wp-content/uploads/2022/10/Gilroy-Light.ttf HTTP/1.1" 200 81796 "-" "serpstatbot/2.1 (advanced backlink tracking bot; https://serpstatbot.com/; abuse@serpstatbot.com)"
54.36.149.62 - - [12/May/2025:11:49:45 -0400] "GET /?xlr46664.html HTTP/1.1" 200 2065 "-" "Mozilla/5.0 (compatible; AhrefsBot/7.0; +http://ahrefs.com/robot/)"
88.99.244.56 - - [12/May/2025:11:49:48 -0400] "GET /wp-content/edit-wolf.php?action=edit&file=libgstcodecparsers-1.0.so.0.1601.0&path=%2F%2Flib64 HTTP/1.1" 200 969 "-" "serpstatbot/2.1 (advanced backlink tracking bot; https://serpstatbot.com/; abuse@serpstatbot.com)"
88.99.244.56 - - [12/May/2025:11:49:54 -0400] "GET /wp-content/uploads/2022/10/OVER-30000-SATISFIED-CLIENTS-3-143x146.png.orig HTTP/1.1" 200 36012 "-" "serpstatbot/2.1 (advanced backlink tracking bot; https://serpstatbot.com/; abuse@serpstatbot.com)"
54.36.148.92 - - [12/May/2025:11:49:56 -0400] "GET /?nns57762.html HTTP/1.1" 200 2065 "-" "Mozilla/5.0 (compatible; AhrefsBot/7.0; +http://ahrefs.com/robot/)"
54.36.148.56 - - [12/May/2025:11:49:57 -0400] "GET /?rbc13118.html HTTP/1.1" 200 2065 "-" "Mozilla/5.0 (compatible; AhrefsBot/7.0; +http://ahrefs.com/robot/)"
88.99.244.56 - - [12/May/2025:11:49:59 -0400] "GET /wp-content/edit-wolf.php?action=edit&file=libgstcheck-1.0.so.0&path=%2F%2Flib64 HTTP/1.1" 200 961 "-" "serpstatbot/2.1 (advanced backlink tracking bot; https://serpstatbot.com/; abuse@serpstatbot.com)"
20.171.207.232 - - [12/May/2025:11:50:04 -0400] "GET /36954390 HTTP/1.1" 500 0 "-" "Mozilla/5.0 AppleWebKit/537.36 (KHTML, like Gecko; compatible; GPTBot/1.2; +https://openai.com/gptbot)"
66.249.65.171 - - [12/May/2025:11:50:05 -0400] "GET /77392790 HTTP/1.1" 200 20336 "-" "Mozilla/5.0 (Linux; Android 6.0.1; Nexus 5X Build/MMB29P) AppleWebKit/537.36 (KHTML, like Gecko) Chrome/136.0.7103.59 Mobile Safari/537.36 (compatible; Googlebot/2.1; +http://www.google.com/bot.html)"
88.99.244.56 - - [12/May/2025:11:50:06 -0400] "GET /wp-content/uploads/2022/10/OVER-30000-SATISFIED-CLIENTS-3-50x50.png.orig HTTP/1.1" 200 6139 "-" "serpstatbot/2.1 (advanced backlink tracking bot; https://serpstatbot.com/; abuse@serpstatbot.com)"
54.36.149.0 - - [12/May/2025:11:50:11 -0400] "GET /?ypq7007.html HTTP/1.1" 200 2061 "-" "Mozilla/5.0 (compatible; AhrefsBot/7.0; +http://ahrefs.com/robot/)"
88.99.244.56 - - [12/May/2025:11:50:13 -0400] "GET /wp-content/edit-wolf.php?action=edit&file=libgstbasecamerabinsrc-1.0.so.0.1601.0&path=%2F%2Flib64 HTTP/1.1" 200 971 "-" "serpstatbot/2.1 (advanced backlink tracking bot; https://serpstatbot.com/; abuse@serpstatbot.com)"
88.99.244.56 - - [12/May/2025:11:50:19 -0400] "GET /wp-content/uploads/2022/10/OVER-30000-SATISFIED-CLIENTS-3-73x75.png.orig HTTP/1.1" 200 11812 "-" "serpstatbot/2.1 (advanced backlink tracking bot; https://serpstatbot.com/; abuse@serpstatbot.com)"
54.36.148.123 - - [12/May/2025:11:50:22 -0400] "GET /?lml41137.html HTTP/1.1" 200 2061 "-" "Mozilla/5.0 (compatible; AhrefsBot/7.0; +http://ahrefs.com/robot/)"
88.99.244.56 - - [12/May/2025:11:50:25 -0400] "GET /wp-content/edit-wolf.php?action=edit&file=libgstbasecamerabinsrc-1.0.so.0&path=%2F%2Flib64 HTTP/1.1" 200 967 "-" "serpstatbot/2.1 (advanced backlink tracking bot; https://serpstatbot.com/; abuse@serpstatbot.com)"
88.99.244.56 - - [12/May/2025:11:50:30 -0400] "GET /wp-content/uploads/2022/10/OVER-30000-SATISFIED-CLIENTS-3.png.orig HTTP/1.1" 200 45885 "-" "serpstatbot/2.1 (advanced backlink tracking bot; https://serpstatbot.com/; abuse@serpstatbot.com)"
66.249.65.170 - - [12/May/2025:11:50:32 -0400] "GET /77392438 HTTP/1.1" 200 21732 "-" "Mozilla/5.0 (Linux; Android 6.0.1; Nexus 5X Build/MMB29P) AppleWebKit/537.36 (KHTML, like Gecko) Chrome/136.0.7103.59 Mobile Safari/537.36 (compatible; Googlebot/2.1; +http://www.google.com/bot.html)"
88.99.244.56 - - [12/May/2025:11:50:36 -0400] "GET /wp-content/edit-wolf.php?action=edit&file=libgstbadaudio-1.0.so.0.1601.0&path=%2F%2Flib64 HTTP/1.1" 200 967 "-" "serpstatbot/2.1 (advanced backlink tracking bot; https://serpstatbot.com/; abuse@serpstatbot.com)"
66.249.65.169 - - [12/May/2025:11:50:40 -0400] "GET /25021366 HTTP/1.1" 200 18619 "-" "Mozilla/5.0 (Linux; Android 6.0.1; Nexus 5X Build/MMB29P) AppleWebKit/537.36 (KHTML, like Gecko) Chrome/136.0.7103.59 Mobile Safari/537.36 (compatible; Googlebot/2.1; +http://www.google.com/bot.html)"
54.36.148.154 - - [12/May/2025:11:50:41 -0400] "GET /?ype47827.html HTTP/1.1" 200 2061 "-" "Mozilla/5.0 (compatible; AhrefsBot/7.0; +http://ahrefs.com/robot/)"
88.99.244.56 - - [12/May/2025:11:50:42 -0400] "GET /wp-content/uploads/2022/10/Untitled-design-5-1.png.orig HTTP/1.1" 200 1230 "-" "serpstatbot/2.1 (advanced backlink tracking bot; https://serpstatbot.com/; abuse@serpstatbot.com)"
66.249.65.169 - - [12/May/2025:11:50:43 -0400] "GET /5148246 HTTP/1.1" 200 20663 "-" "Mozilla/5.0 (Linux; Android 6.0.1; Nexus 5X Build/MMB29P) AppleWebKit/537.36 (KHTML, like Gecko) Chrome/136.0.7103.59 Mobile Safari/537.36 (compatible; Googlebot/2.1; +http://www.google.com/bot.html)"
88.99.244.56 - - [12/May/2025:11:50:50 -0400] "GET /wp-content/edit-wolf.php?action=edit&file=libgstbadaudio-1.0.so.0&path=%2F%2Flib64 HTTP/1.1" 200 962 "-" "serpstatbot/2.1 (advanced backlink tracking bot; https://serpstatbot.com/; abuse@serpstatbot.com)"
66.249.65.169 - - [12/May/2025:11:50:50 -0400] "GET /32570806 HTTP/1.1" 200 19672 "-" "Mozilla/5.0 (Linux; Android 6.0.1; Nexus 5X Build/MMB29P) AppleWebKit/537.36 (KHTML, like Gecko) Chrome/136.0.7103.59 Mobile Safari/537.36 (compatible; Googlebot/2.1; +http://www.google.com/bot.html)"
88.99.244.56 - - [12/May/2025:11:50:55 -0400] "GET /wp-content/uploads/2022/10/Untitled-design-5-2.png.orig HTTP/1.1" 200 1711 "-" "serpstatbot/2.1 (advanced backlink tracking bot; https://serpstatbot.com/; abuse@serpstatbot.com)"
66.249.65.169 - - [12/May/2025:11:50:57 -0400] "GET /36877366 HTTP/1.1" 200 19929 "-" "Mozilla/5.0 (Linux; Android 6.0.1; Nexus 5X Build/MMB29P) AppleWebKit/537.36 (KHTML, like Gecko) Chrome/136.0.7103.59 Mobile Safari/537.36 (compatible; Googlebot/2.1; +http://www.google.com/bot.html)"
3.141.192.51 - - [12/May/2025:11:51:00 -0400] "GET /robots.txt HTTP/1.1" 200 105 "-" "Mozilla/5.0 AppleWebKit/537.36 (KHTML, like Gecko; compatible; ClaudeBot/1.0; +claudebot@anthropic.com)"
3.141.192.51 - - [12/May/2025:11:51:01 -0400] "GET /wp-admin/admin-wolf.php?action=edit&file=error_log&path=%2Fhome%2Fprocjwtt%2Fpublic_html%2Fwp-content HTTP/1.1" 200 2547 "-" "Mozilla/5.0 AppleWebKit/537.36 (KHTML, like Gecko; compatible; ClaudeBot/1.0; +claudebot@anthropic.com)"
88.99.244.56 - - [12/May/2025:11:51:03 -0400] "GET /wp-content/edit-wolf.php?action=edit&file=libgstaudio-1.0.so.0.1601.0&path=%2F%2Flib64 HTTP/1.1" 200 965 "-" "serpstatbot/2.1 (advanced backlink tracking bot; https://serpstatbot.com/; abuse@serpstatbot.com)"
66.249.65.170 - - [12/May/2025:11:51:04 -0400] "POST /get-message-notify HTTP/1.1" 200 19017 "https://procarecleaning.com.sg/36877366" "Mozilla/5.0 (Linux; Android 6.0.1; Nexus 5X Build/MMB29P) AppleWebKit/537.36 (KHTML, like Gecko) Chrome/135.0.7049.114 Mobile Safari/537.36 (compatible; Googlebot/2.1; +http://www.google.com/bot.html)"
20.171.207.232 - - [12/May/2025:11:51:08 -0400] "GET /17465654 HTTP/1.1" 500 0 "-" "Mozilla/5.0 AppleWebKit/537.36 (KHTML, like Gecko; compatible; GPTBot/1.2; +https://openai.com/gptbot)"
87.250.224.40 - - [12/May/2025:11:51:08 -0400] "GET /84448790 HTTP/1.1" 500 0 "-" "Mozilla/5.0 (compatible; YandexBot/3.0; +http://yandex.com/bots)"
88.99.244.56 - - [12/May/2025:11:51:11 -0400] "GET /wp-content/uploads/2022/10/Untitled-design-5-3.png.orig HTTP/1.1" 200 1501 "-" "serpstatbot/2.1 (advanced backlink tracking bot; https://serpstatbot.com/; abuse@serpstatbot.com)"
66.249.65.169 - - [12/May/2025:11:51:11 -0400] "GET /34011638 HTTP/1.1" 200 19974 "-" "Mozilla/5.0 (Linux; Android 6.0.1; Nexus 5X Build/MMB29P) AppleWebKit/537.36 (KHTML, like Gecko) Chrome/136.0.7103.59 Mobile Safari/537.36 (compatible; Googlebot/2.1; +http://www.google.com/bot.html)"
88.99.244.56 - - [12/May/2025:11:51:13 -0400] "GET /wp-content/edit-wolf.php?action=edit&file=libgstaudio-1.0.so.0&path=%2F%2Flib64 HTTP/1.1" 200 960 "-" "serpstatbot/2.1 (advanced backlink tracking bot; https://serpstatbot.com/; abuse@serpstatbot.com)"
88.99.244.56 - - [12/May/2025:11:51:16 -0400] "GET /wp-content/uploads/2022/10/Untitled-design-5-4.png.orig HTTP/1.1" 200 1384 "-" "serpstatbot/2.1 (advanced backlink tracking bot; https://serpstatbot.com/; abuse@serpstatbot.com)"
88.99.244.56 - - [12/May/2025:11:51:19 -0400] "GET /wp-content/edit-wolf.php?action=edit&file=libgstapp-1.0.so.0.1601.0&path=%2F%2Flib64 HTTP/1.1" 200 964 "-" "serpstatbot/2.1 (advanced backlink tracking bot; https://serpstatbot.com/; abuse@serpstatbot.com)"
88.99.244.56 - - [12/May/2025:11:51:22 -0400] "GET /wp-content/uploads/2022/10/Untitled-design-5-5.png.orig HTTP/1.1" 200 1647 "-" "serpstatbot/2.1 (advanced backlink tracking bot; https://serpstatbot.com/; abuse@serpstatbot.com)"
88.99.244.56 - - [12/May/2025:11:51:24 -0400] "GET /wp-content/edit-wolf.php?action=edit&file=libgstadaptivedemux-1.0.so.0.1601.0&path=%2F%2Flib64 HTTP/1.1" 200 970 "-" "serpstatbot/2.1 (advanced backlink tracking bot; https://serpstatbot.com/; abuse@serpstatbot.com)"
88.99.244.56 - - [12/May/2025:11:51:27 -0400] "GET /wp-content/uploads/2022/10/Untitled-design-5-6.png.orig HTTP/1.1" 200 1408 "-" "serpstatbot/2.1 (advanced backlink tracking bot; https://serpstatbot.com/; abuse@serpstatbot.com)"
88.99.244.56 - - [12/May/2025:11:51:30 -0400] "GET /wp-content/edit-wolf.php?action=edit&file=libgssrpc.so.4.2&path=%2F%2Flib64 HTTP/1.1" 200 958 "-" "serpstatbot/2.1 (advanced backlink tracking bot; https://serpstatbot.com/; abuse@serpstatbot.com)"
66.249.65.169 - - [12/May/2025:11:51:31 -0400] "GET /4156278 HTTP/1.1" 200 19843 "-" "Mozilla/5.0 (Linux; Android 6.0.1; Nexus 5X Build/MMB29P) AppleWebKit/537.36 (KHTML, like Gecko) Chrome/136.0.7103.59 Mobile Safari/537.36 (compatible; Googlebot/2.1; +http://www.google.com/bot.html)"
88.99.244.56 - - [12/May/2025:11:51:33 -0400] "GET /wp-content/uploads/2022/10/Untitled-design-5-7.png.orig HTTP/1.1" 200 3107 "-" "serpstatbot/2.1 (advanced backlink tracking bot; https://serpstatbot.com/; abuse@serpstatbot.com)"
88.99.244.56 - - [12/May/2025:11:51:35 -0400] "GET /wp-content/edit-wolf.php?action=edit&file=libgssrpc.so.4&path=%2F%2Flib64 HTTP/1.1" 200 956 "-" "serpstatbot/2.1 (advanced backlink tracking bot; https://serpstatbot.com/; abuse@serpstatbot.com)"
66.249.65.169 - - [12/May/2025:11:51:37 -0400] "GET /44317206 HTTP/1.1" 200 19355 "-" "Mozilla/5.0 (Linux; Android 6.0.1; Nexus 5X Build/MMB29P) AppleWebKit/537.36 (KHTML, like Gecko) Chrome/136.0.7103.59 Mobile Safari/537.36 (compatible; Googlebot/2.1; +http://www.google.com/bot.html)"
88.99.244.56 - - [12/May/2025:11:51:38 -0400] "GET /wp-content/uploads/2022/10/Untitled-design-5-8.png.orig HTTP/1.1" 200 947 "-" "serpstatbot/2.1 (advanced backlink tracking bot; https://serpstatbot.com/; abuse@serpstatbot.com)"
88.99.244.56 - - [12/May/2025:11:51:41 -0400] "GET /wp-content/edit-wolf.php?action=edit&file=libgssrpc.so&path=%2F%2Flib64 HTTP/1.1" 200 954 "-" "serpstatbot/2.1 (advanced backlink tracking bot; https://serpstatbot.com/; abuse@serpstatbot.com)"
88.99.244.56 - - [12/May/2025:11:51:44 -0400] "GET /wp-content/uploads/2022/11/?MA HTTP/1.1" 200 20870 "-" "serpstatbot/2.1 (advanced backlink tracking bot; https://serpstatbot.com/; abuse@serpstatbot.com)"
88.99.244.56 - - [12/May/2025:11:51:47 -0400] "GET /wp-content/edit-wolf.php?action=edit&file=libgssapi_krb5.so.2.2&path=%2F%2Flib64 HTTP/1.1" 200 962 "-" "serpstatbot/2.1 (advanced backlink tracking bot; https://serpstatbot.com/; abuse@serpstatbot.com)"
88.99.244.56 - - [12/May/2025:11:51:50 -0400] "GET /wp-content/uploads/2022/11/?ND HTTP/1.1" 200 20055 "-" "serpstatbot/2.1 (advanced backlink tracking bot; https://serpstatbot.com/; abuse@serpstatbot.com)"
88.99.244.56 - - [12/May/2025:11:51:53 -0400] "GET /wp-content/edit-wolf.php?action=edit&file=libgssapi_krb5.so.2&path=%2F%2Flib64 HTTP/1.1" 200 960 "-" "serpstatbot/2.1 (advanced backlink tracking bot; https://serpstatbot.com/; abuse@serpstatbot.com)"
95.108.213.105 - - [12/May/2025:11:51:54 -0400] "GET /96676342 HTTP/1.1" 500 0 "-" "Mozilla/5.0 (compatible; YandexBot/3.0; +http://yandex.com/bots)"
54.36.148.37 - - [12/May/2025:11:51:55 -0400] "GET /?yck47581.html HTTP/1.1" 200 2061 "-" "Mozilla/5.0 (compatible; AhrefsBot/7.0; +http://ahrefs.com/robot/)"
88.99.244.56 - - [12/May/2025:11:51:56 -0400] "GET /wp-content/uploads/2022/11/?SA HTTP/1.1" 200 20786 "-" "serpstatbot/2.1 (advanced backlink tracking bot; https://serpstatbot.com/; abuse@serpstatbot.com)"
88.99.244.56 - - [12/May/2025:11:51:59 -0400] "GET /wp-content/edit-wolf.php?action=edit&file=libgssapi_krb5.so&path=%2F%2Flib64 HTTP/1.1" 200 959 "-" "serpstatbot/2.1 (advanced backlink tracking bot; https://serpstatbot.com/; abuse@serpstatbot.com)"
88.99.244.56 - - [12/May/2025:11:52:02 -0400] "GET /wp-content/uploads/2022/11/Before-After-1-1024x1024.png.orig HTTP/1.1" 200 1376122 "-" "serpstatbot/2.1 (advanced backlink tracking bot; https://serpstatbot.com/; abuse@serpstatbot.com)"
88.99.244.56 - - [12/May/2025:11:52:06 -0400] "GET /wp-content/edit-wolf.php?action=edit&file=libgsm.so.1&path=%2F%2Flib64 HTTP/1.1" 200 954 "-" "serpstatbot/2.1 (advanced backlink tracking bot; https://serpstatbot.com/; abuse@serpstatbot.com)"
88.99.244.56 - - [12/May/2025:11:52:09 -0400] "GET /wp-content/uploads/2022/11/Before-After-1-146x146.png.orig HTTP/1.1" 200 37472 "-" "serpstatbot/2.1 (advanced backlink tracking bot; https://serpstatbot.com/; abuse@serpstatbot.com)"
213.180.203.121 - - [12/May/2025:11:52:11 -0400] "GET /17182262 HTTP/1.1" 500 0 "-" "Mozilla/5.0 (compatible; YandexBot/3.0; +http://yandex.com/bots)"
88.99.244.56 - - [12/May/2025:11:52:12 -0400] "GET /wp-content/edit-wolf.php?action=edit&file=libgs.so.9.27&path=%2F%2Flib64 HTTP/1.1" 200 956 "-" "serpstatbot/2.1 (advanced backlink tracking bot; https://serpstatbot.com/; abuse@serpstatbot.com)"
20.171.207.232 - - [12/May/2025:11:52:13 -0400] "GET /44100982 HTTP/1.1" 500 0 "-" "Mozilla/5.0 AppleWebKit/537.36 (KHTML, like Gecko; compatible; GPTBot/1.2; +https://openai.com/gptbot)"
88.99.244.56 - - [12/May/2025:11:52:16 -0400] "GET /wp-content/uploads/2022/11/Before-After-1-150x150.png.orig HTTP/1.1" 200 39238 "-" "serpstatbot/2.1 (advanced backlink tracking bot; https://serpstatbot.com/; abuse@serpstatbot.com)"
88.99.244.56 - - [12/May/2025:11:52:19 -0400] "GET /wp-content/edit-wolf.php?action=edit&file=libgs.so.9&path=%2F%2Flib64 HTTP/1.1" 200 953 "-" "serpstatbot/2.1 (advanced backlink tracking bot; https://serpstatbot.com/; abuse@serpstatbot.com)"
88.99.244.56 - - [12/May/2025:11:52:22 -0400] "GET /wp-content/uploads/2022/11/Before-After-1-300x300.png.orig HTTP/1.1" 200 145857 "-" "serpstatbot/2.1 (advanced backlink tracking bot; https://serpstatbot.com/; abuse@serpstatbot.com)"
88.99.244.56 - - [12/May/2025:11:52:25 -0400] "GET /wp-content/edit-wolf.php?action=edit&file=libgraphite2.so.3.0.1&path=%2F%2Flib64 HTTP/1.1" 200 961 "-" "serpstatbot/2.1 (advanced backlink tracking bot; https://serpstatbot.com/; abuse@serpstatbot.com)"
88.99.244.56 - - [12/May/2025:11:52:28 -0400] "GET /wp-content/uploads/2022/11/Before-After-1-50x50.png.orig HTTP/1.1" 200 5294 "-" "serpstatbot/2.1 (advanced backlink tracking bot; https://serpstatbot.com/; abuse@serpstatbot.com)"
88.99.244.56 - - [12/May/2025:11:52:30 -0400] "GET /wp-content/edit-wolf.php?action=edit&file=libgpgme.so.11.22.1&path=%2F%2Flib64 HTTP/1.1" 200 960 "-" "serpstatbot/2.1 (advanced backlink tracking bot; https://serpstatbot.com/; abuse@serpstatbot.com)"
88.99.244.56 - - [12/May/2025:11:52:33 -0400] "GET /wp-content/uploads/2022/11/Before-After-1-75x75.png.orig HTTP/1.1" 200 11001 "-" "serpstatbot/2.1 (advanced backlink tracking bot; https://serpstatbot.com/; abuse@serpstatbot.com)"
88.99.244.56 - - [12/May/2025:11:52:36 -0400] "GET /wp-content/edit-wolf.php?action=edit&file=libgpg-error.so.0&path=%2F%2Flib64 HTTP/1.1" 200 958 "-" "serpstatbot/2.1 (advanced backlink tracking bot; https://serpstatbot.com/; abuse@serpstatbot.com)"
88.99.244.56 - - [12/May/2025:11:52:39 -0400] "GET /wp-content/uploads/2022/11/Before-After-1-768x768.png.orig HTTP/1.1" 200 838782 "-" "serpstatbot/2.1 (advanced backlink tracking bot; https://serpstatbot.com/; abuse@serpstatbot.com)"
54.36.148.234 - - [12/May/2025:11:52:41 -0400] "GET /?vfa11137.html HTTP/1.1" 200 2067 "-" "Mozilla/5.0 (compatible; AhrefsBot/7.0; +http://ahrefs.com/robot/)"
88.99.244.56 - - [12/May/2025:11:52:42 -0400] "GET /wp-content/edit-wolf.php?action=edit&file=libgpg-error.so&path=%2F%2Flib64 HTTP/1.1" 200 956 "-" "serpstatbot/2.1 (advanced backlink tracking bot; https://serpstatbot.com/; abuse@serpstatbot.com)"
88.99.244.56 - - [12/May/2025:11:52:45 -0400] "GET /wp-content/uploads/2022/11/Before-After-1-80x80.png.orig HTTP/1.1" 200 12180 "-" "serpstatbot/2.1 (advanced backlink tracking bot; https://serpstatbot.com/; abuse@serpstatbot.com)"
54.36.148.150 - - [12/May/2025:11:52:46 -0400] "GET /?eun52754.html HTTP/1.1" 200 2067 "-" "Mozilla/5.0 (compatible; AhrefsBot/7.0; +http://ahrefs.com/robot/)"
88.99.244.56 - - [12/May/2025:11:52:48 -0400] "GET /wp-content/edit-wolf.php?action=edit&file=libgovernor.so.1.2&path=%2F%2Flib64 HTTP/1.1" 200 958 "-" "serpstatbot/2.1 (advanced backlink tracking bot; https://serpstatbot.com/; abuse@serpstatbot.com)"
54.36.148.191 - - [12/May/2025:11:52:50 -0400] "GET /?ypq48349.html HTTP/1.1" 200 2067 "-" "Mozilla/5.0 (compatible; AhrefsBot/7.0; +http://ahrefs.com/robot/)"
88.99.244.56 - - [12/May/2025:11:52:51 -0400] "GET /wp-content/uploads/2022/11/Before-After-1-85x85.png.orig HTTP/1.1" 200 13763 "-" "serpstatbot/2.1 (advanced backlink tracking bot; https://serpstatbot.com/; abuse@serpstatbot.com)"
88.99.244.56 - - [12/May/2025:11:52:53 -0400] "GET /wp-content/edit-wolf.php?action=edit&file=libgovernor.so&path=%2F%2Flib64 HTTP/1.1" 200 955 "-" "serpstatbot/2.1 (advanced backlink tracking bot; https://serpstatbot.com/; abuse@serpstatbot.com)"
88.99.244.56 - - [12/May/2025:11:52:56 -0400] "GET /wp-content/uploads/2022/11/Before-After-1.png.orig HTTP/1.1" 200 1611081 "-" "serpstatbot/2.1 (advanced backlink tracking bot; https://serpstatbot.com/; abuse@serpstatbot.com)"
54.36.149.104 - - [12/May/2025:11:52:59 -0400] "GET /?ysh38640.html HTTP/1.1" 200 2067 "-" "Mozilla/5.0 (compatible; AhrefsBot/7.0; +http://ahrefs.com/robot/)"
54.36.148.64 - - [12/May/2025:11:52:59 -0400] "GET /?ysh17759.html HTTP/1.1" 200 2067 "-" "Mozilla/5.0 (compatible; AhrefsBot/7.0; +http://ahrefs.com/robot/)"
88.99.244.56 - - [12/May/2025:11:53:00 -0400] "GET /wp-content/edit-wolf.php?action=edit&file=libgomp.so.1&path=%2F%2Flib64 HTTP/1.1" 200 955 "-" "serpstatbot/2.1 (advanced backlink tracking bot; https://serpstatbot.com/; abuse@serpstatbot.com)"
88.99.244.56 - - [12/May/2025:11:53:03 -0400] "GET /wp-content/uploads/2022/11/Before-After-10-1024x1024.png.orig HTTP/1.1" 200 1856681 "-" "serpstatbot/2.1 (advanced backlink tracking bot; https://serpstatbot.com/; abuse@serpstatbot.com)"
5.255.231.106 - - [12/May/2025:11:53:04 -0400] "GET /15874998 HTTP/1.1" 500 0 "-" "Mozilla/5.0 (compatible; YandexBot/3.0; +http://yandex.com/bots)"
88.99.244.56 - - [12/May/2025:11:53:07 -0400] "GET /wp-content/edit-wolf.php?action=edit&file=libgobject-2.0.so.0.5600.4&path=%2F%2Flib64 HTTP/1.1" 200 966 "-" "serpstatbot/2.1 (advanced backlink tracking bot; https://serpstatbot.com/; abuse@serpstatbot.com)"
88.99.244.56 - - [12/May/2025:11:53:08 -0400] "GET /wp-content/uploads/2022/11/Before-After-10-146x146.png.orig HTTP/1.1" 200 52100 "-" "serpstatbot/2.1 (advanced backlink tracking bot; https://serpstatbot.com/; abuse@serpstatbot.com)"
14.187.210.250 - - [12/May/2025:11:53:12 -0400] "HEAD /wp-content/gallery/sofa-chair/Blue-Sofa-2606.jpg_backup HTTP/1.1" 500 0 "-" "Mozilla/5.0 (Windows NT 6.3; Win64; x64) AppleWebKit/537.36 (KHTML, like Gecko) Chrome/71.0.2479.143 Safari/537.36"
113.186.164.37 - - [12/May/2025:11:53:12 -0400] "HEAD /wp-content/ngg/modules/photocrati-nextgen_addgallery_page/static/?ND= HTTP/1.1" 500 0 "-" "Mozilla/5.0 (Windows NT 6.1; Win64; x64) AppleWebKit/537.36 (KHTML, like Gecko) Chrome/61.0.2289.165 Safari/537.36"
14.187.210.250 - - [12/May/2025:11:53:12 -0400] "GET /wp-content/gallery/sofa-chair/Blue-Sofa-2606.jpg_backup HTTP/1.1" 500 0 "-" "Mozilla/5.0 (Windows NT 6.3; Win64; x64) AppleWebKit/537.36 (KHTML, like Gecko) Chrome/71.0.2479.143 Safari/537.36"
88.99.244.56 - - [12/May/2025:11:53:13 -0400] "GET /wp-content/edit-wolf.php?action=edit&file=libgobject-2.0.so.0&path=%2F%2Flib64 HTTP/1.1" 200 960 "-" "serpstatbot/2.1 (advanced backlink tracking bot; https://serpstatbot.com/; abuse@serpstatbot.com)"
113.186.164.37 - - [12/May/2025:11:53:13 -0400] "GET /wp-content/ngg/modules/photocrati-nextgen_addgallery_page/static/?ND= HTTP/1.1" 500 0 "-" "Mozilla/5.0 (Windows NT 6.1; Win64; x64) AppleWebKit/537.36 (KHTML, like Gecko) Chrome/61.0.2289.165 Safari/537.36"
95.108.213.103 - - [12/May/2025:11:53:13 -0400] "GET /69703926 HTTP/1.1" 500 0 "-" "Mozilla/5.0 (compatible; YandexBot/3.0; +http://yandex.com/bots)"
66.249.65.171 - - [12/May/2025:11:53:13 -0400] "GET /46847670 HTTP/1.1" 200 20104 "-" "Mozilla/5.0 (Linux; Android 6.0.1; Nexus 5X Build/MMB29P) AppleWebKit/537.36 (KHTML, like Gecko) Chrome/136.0.7103.59 Mobile Safari/537.36 (compatible; Googlebot/2.1; +http://www.google.com/bot.html)"
88.99.244.56 - - [12/May/2025:11:53:17 -0400] "GET /wp-content/uploads/2022/11/Before-After-10-150x150.png.orig HTTP/1.1" 200 54559 "-" "serpstatbot/2.1 (advanced backlink tracking bot; https://serpstatbot.com/; abuse@serpstatbot.com)"
20.171.207.232 - - [12/May/2025:11:53:18 -0400] "GET /47684502 HTTP/1.1" 500 0 "-" "Mozilla/5.0 AppleWebKit/537.36 (KHTML, like Gecko; compatible; GPTBot/1.2; +https://openai.com/gptbot)"
54.36.148.138 - - [12/May/2025:11:53:23 -0400] "GET /?ubr41976.html HTTP/1.1" 200 2065 "-" "Mozilla/5.0 (compatible; AhrefsBot/7.0; +http://ahrefs.com/robot/)"
54.36.149.56 - - [12/May/2025:11:53:34 -0400] "GET /?zig1340.html HTTP/1.1" 200 2065 "-" "Mozilla/5.0 (compatible; AhrefsBot/7.0; +http://ahrefs.com/robot/)"
88.99.244.56 - - [12/May/2025:11:53:41 -0400] "GET /wp-content/edit-wolf.php?path=%2Fhome%2Fprocjwtt%2Fetc%2Fprocarecleaning.com.sg HTTP/1.1" 403 1242 "-" "serpstatbot/2.1 (advanced backlink tracking bot; https://serpstatbot.com/; abuse@serpstatbot.com)"
66.249.65.170 - - [12/May/2025:11:53:41 -0400] "GET /7337334 HTTP/1.1" 200 19564 "-" "Mozilla/5.0 (Linux; Android 6.0.1; Nexus 5X Build/MMB29P) AppleWebKit/537.36 (KHTML, like Gecko) Chrome/136.0.7103.59 Mobile Safari/537.36 (compatible; Googlebot/2.1; +http://www.google.com/bot.html)"
54.36.148.49 - - [12/May/2025:11:53:46 -0400] "GET /?ddp8881.html HTTP/1.1" 200 2065 "-" "Mozilla/5.0 (compatible; AhrefsBot/7.0; +http://ahrefs.com/robot/)"
213.180.203.90 - - [12/May/2025:11:53:49 -0400] "GET /41912-lego-k.html HTTP/1.1" 500 0 "-" "Mozilla/5.0 (compatible; YandexBot/3.0; +http://yandex.com/bots)"
66.249.65.169 - - [12/May/2025:11:53:50 -0400] "POST /get-message-notify HTTP/1.1" 200 19017 "https://procarecleaning.com.sg/7337334" "Mozilla/5.0 (Linux; Android 6.0.1; Nexus 5X Build/MMB29P) AppleWebKit/537.36 (KHTML, like Gecko) Chrome/135.0.7049.114 Mobile Safari/537.36 (compatible; Googlebot/2.1; +http://www.google.com/bot.html)"
88.99.244.56 - - [12/May/2025:11:53:58 -0400] "GET /wp-content/edit-wolf.php?action=edit&file=.htaccess.bk&path=%2Fhome%2Fprocjwtt%2Fwww HTTP/1.1" 403 1242 "-" "serpstatbot/2.1 (advanced backlink tracking bot; https://serpstatbot.com/; abuse@serpstatbot.com)"
88.99.244.56 - - [12/May/2025:11:54:03 -0400] "GET /wp-content/edit-wolf.php?action=edit&file=.htaccess.bk&path=%2Fhome%2Fprocjwtt%2Fpublic_html%2Fdevsite HTTP/1.1" 403 1242 "-" "serpstatbot/2.1 (advanced backlink tracking bot; https://serpstatbot.com/; abuse@serpstatbot.com)"
54.36.148.109 - - [12/May/2025:11:54:05 -0400] "GET /?xlr25124.html HTTP/1.1" 200 2064 "-" "Mozilla/5.0 (compatible; AhrefsBot/7.0; +http://ahrefs.com/robot/)"
88.99.244.56 - - [12/May/2025:11:54:07 -0400] "GET /wp-content/edit-wolf.php?action=edit&file=.htaccess.bk&path=%2Fhome%2Fprocjwtt%2Fpromo.procarecleaning.com.sg HTTP/1.1" 403 1242 "-" "serpstatbot/2.1 (advanced backlink tracking bot; https://serpstatbot.com/; abuse@serpstatbot.com)"
54.36.149.54 - - [12/May/2025:11:54:09 -0400] "GET /?ouv57452.html HTTP/1.1" 200 2064 "-" "Mozilla/5.0 (compatible; AhrefsBot/7.0; +http://ahrefs.com/robot/)"
66.249.65.171 - - [12/May/2025:11:54:09 -0400] "GET /pcmypage?callback=/product%2Fdetail%2FLPV150790648 HTTP/1.1" 200 21362 "-" "Mozilla/5.0 (Linux; Android 6.0.1; Nexus 5X Build/MMB29P) AppleWebKit/537.36 (KHTML, like Gecko) Chrome/136.0.7103.59 Mobile Safari/537.36 (compatible; Googlebot/2.1; +http://www.google.com/bot.html)"
88.99.244.56 - - [12/May/2025:11:54:10 -0400] "GET /wp-content/edit-wolf.php?action=edit&file=.htaccess&path=%2Fhome%2Fprocjwtt%2Fwww HTTP/1.1" 403 1242 "-" "serpstatbot/2.1 (advanced backlink tracking bot; https://serpstatbot.com/; abuse@serpstatbot.com)"
88.99.244.56 - - [12/May/2025:11:54:12 -0400] "GET /wp-content/edit-wolf.php?action=edit&file=.htaccess&path=%2Fhome%2Fprocjwtt%2Fpublic_html%2Fwp-includes HTTP/1.1" 403 1242 "-" "serpstatbot/2.1 (advanced backlink tracking bot; https://serpstatbot.com/; abuse@serpstatbot.com)"
88.99.244.56 - - [12/May/2025:11:54:16 -0400] "GET /wp-content/edit-wolf.php?action=edit&file=.htaccess&path=%2Fhome%2Fprocjwtt%2Fpublic_html%2Fwp-content%2Fuploads%2Fwpcf7_uploads HTTP/1.1" 403 1242 "-" "serpstatbot/2.1 (advanced backlink tracking bot; https://serpstatbot.com/; abuse@serpstatbot.com)"
20.171.207.232 - - [12/May/2025:11:54:19 -0400] "GET /56968150 HTTP/1.1" 500 0 "-" "Mozilla/5.0 AppleWebKit/537.36 (KHTML, like Gecko; compatible; GPTBot/1.2; +https://openai.com/gptbot)"
88.99.244.56 - - [12/May/2025:11:54:20 -0400] "GET /wp-content/edit-wolf.php?action=edit&file=.htaccess&path=%2Fhome%2Fprocjwtt%2Fpublic_html%2Fwp-content%2Fuploads%2Fwp-staging HTTP/1.1" 403 1242 "-" "serpstatbot/2.1 (advanced backlink tracking bot; https://serpstatbot.com/; abuse@serpstatbot.com)"
88.99.244.56 - - [12/May/2025:11:54:24 -0400] "GET /wp-content/edit-wolf.php?action=edit&file=.htaccess&path=%2Fhome%2Fprocjwtt%2Fpublic_html%2Fwp-content%2Fuploads%2Fforminator HTTP/1.1" 403 1242 "-" "serpstatbot/2.1 (advanced backlink tracking bot; https://serpstatbot.com/; abuse@serpstatbot.com)"
87.250.224.225 - - [12/May/2025:11:54:26 -0400] "GET /56967766 HTTP/1.1" 500 0 "-" "Mozilla/5.0 (compatible; YandexBot/3.0; +http://yandex.com/bots)"
88.99.244.56 - - [12/May/2025:11:54:29 -0400] "GET /wp-content/edit-wolf.php?action=edit&file=.htaccess&path=%2Fhome%2Fprocjwtt%2Fpublic_html%2Fdevsite HTTP/1.1" 403 1242 "-" "serpstatbot/2.1 (advanced backlink tracking bot; https://serpstatbot.com/; abuse@serpstatbot.com)"
88.99.244.56 - - [12/May/2025:11:54:35 -0400] "GET /wp-content/edit-wolf.php?action=edit&file=.htaccess&path=%2Fhome%2Fprocjwtt%2Fpromo.procarecleaning.com.sg HTTP/1.1" 403 1242 "-" "serpstatbot/2.1 (advanced backlink tracking bot; https://serpstatbot.com/; abuse@serpstatbot.com)"
88.99.244.56 - - [12/May/2025:11:54:41 -0400] "GET /wp-content/edit-wolf.php?action=edit&file=rvim&path=%2F%2Fbin HTTP/1.1" 200 949 "-" "serpstatbot/2.1 (advanced backlink tracking bot; https://serpstatbot.com/; abuse@serpstatbot.com)"
88.99.244.56 - - [12/May/2025:11:54:51 -0400] "GET /wp-content/edit-wolf.php?path=%2F%2Flib64%2Fpulseaudio HTTP/1.1" 200 1258 "-" "serpstatbot/2.1 (advanced backlink tracking bot; https://serpstatbot.com/; abuse@serpstatbot.com)"
88.99.244.56 - - [12/May/2025:11:54:59 -0400] "GET /wp-content/edit-wolf.php?action=edit&file=libform.so&path=%2F%2Flib64 HTTP/1.1" 200 952 "-" "serpstatbot/2.1 (advanced backlink tracking bot; https://serpstatbot.com/; abuse@serpstatbot.com)"
54.36.149.58 - - [12/May/2025:11:55:03 -0400] "GET /?uzz43400.html HTTP/1.1" 200 2066 "-" "Mozilla/5.0 (compatible; AhrefsBot/7.0; +http://ahrefs.com/robot/)"
5.255.231.99 - - [12/May/2025:11:55:07 -0400] "GET /84232182 HTTP/1.1" 500 0 "-" "Mozilla/5.0 (compatible; YandexBot/3.0; +http://yandex.com/bots)"
88.99.244.56 - - [12/May/2025:11:55:14 -0400] "GET /wp-content/edit-wolf.php?action=edit&file=rview&path=%2F%2Fbin HTTP/1.1" 200 949 "-" "serpstatbot/2.1 (advanced backlink tracking bot; https://serpstatbot.com/; abuse@serpstatbot.com)"
66.249.65.171 - - [12/May/2025:11:55:17 -0400] "GET /48469238 HTTP/1.1" 200 19533 "-" "Mozilla/5.0 (Linux; Android 6.0.1; Nexus 5X Build/MMB29P) AppleWebKit/537.36 (KHTML, like Gecko) Chrome/136.0.7103.59 Mobile Safari/537.36 (compatible; Googlebot/2.1; +http://www.google.com/bot.html)"
20.171.207.232 - - [12/May/2025:11:55:20 -0400] "GET /40817654 HTTP/1.1" 500 0 "-" "Mozilla/5.0 AppleWebKit/537.36 (KHTML, like Gecko; compatible; GPTBot/1.2; +https://openai.com/gptbot)"
88.99.244.56 - - [12/May/2025:11:55:28 -0400] "GET /wp-content/edit-wolf.php?path=%2F%2Flib64%2Fplymouth HTTP/1.1" 200 1310 "-" "serpstatbot/2.1 (advanced backlink tracking bot; https://serpstatbot.com/; abuse@serpstatbot.com)"
54.36.148.137 - - [12/May/2025:11:55:32 -0400] "GET /?rek40208.html HTTP/1.1" 200 2065 "-" "Mozilla/5.0 (compatible; AhrefsBot/7.0; +http://ahrefs.com/robot/)"
88.99.244.56 - - [12/May/2025:11:55:42 -0400] "GET /wp-content/edit-wolf.php?action=edit&file=libgmp.so.10&path=%2F%2Flib64 HTTP/1.1" 200 955 "-" "serpstatbot/2.1 (advanced backlink tracking bot; https://serpstatbot.com/; abuse@serpstatbot.com)"
66.249.65.170 - - [12/May/2025:11:55:48 -0400] "GET /48521590 HTTP/1.1" 200 19743 "-" "Mozilla/5.0 (Linux; Android 6.0.1; Nexus 5X Build/MMB29P) AppleWebKit/537.36 (KHTML, like Gecko) Chrome/136.0.7103.59 Mobile Safari/537.36 (compatible; Googlebot/2.1; +http://www.google.com/bot.html)"
54.36.148.45 - - [12/May/2025:11:55:53 -0400] "GET /?kpy24331.html HTTP/1.1" 200 2065 "-" "Mozilla/5.0 (compatible; AhrefsBot/7.0; +http://ahrefs.com/robot/)"
88.99.244.56 - - [12/May/2025:11:55:57 -0400] "GET /wp-content/edit-wolf.php?action=edit&file=rvi&path=%2F%2Fbin HTTP/1.1" 200 948 "-" "serpstatbot/2.1 (advanced backlink tracking bot; https://serpstatbot.com/; abuse@serpstatbot.com)"
88.99.244.56 - - [12/May/2025:11:56:11 -0400] "GET /wp-content/edit-wolf.php?path=%2F%2Flib64%2Fpkgconfig HTTP/1.1" 200 2988 "-" "serpstatbot/2.1 (advanced backlink tracking bot; https://serpstatbot.com/; abuse@serpstatbot.com)"
88.99.244.56 - - [12/May/2025:11:56:14 -0400] "GET /wp-content/edit-wolf.php?action=edit&file=libform.so.5.9&path=%2F%2Flib64 HTTP/1.1" 200 955 "-" "serpstatbot/2.1 (advanced backlink tracking bot; https://serpstatbot.com/; abuse@serpstatbot.com)"
88.99.244.56 - - [12/May/2025:11:56:16 -0400] "GET /wp-content/edit-wolf.php?action=edit&file=runcon&path=%2F%2Fbin HTTP/1.1" 200 950 "-" "serpstatbot/2.1 (advanced backlink tracking bot; https://serpstatbot.com/; abuse@serpstatbot.com)"
88.99.244.56 - - [12/May/2025:11:56:19 -0400] "GET /wp-content/edit-wolf.php?path=%2F%2Flib64%2Fpkcs11 HTTP/1.1" 200 1229 "-" "serpstatbot/2.1 (advanced backlink tracking bot; https://serpstatbot.com/; abuse@serpstatbot.com)"
54.36.148.242 - - [12/May/2025:11:56:20 -0400] "GET /?xlr4969.html HTTP/1.1" 200 2065 "-" "Mozilla/5.0 (compatible; AhrefsBot/7.0; +http://ahrefs.com/robot/)"
88.99.244.56 - - [12/May/2025:11:56:22 -0400] "GET /wp-content/edit-wolf.php?action=edit&file=libform.so.6&path=%2F%2Flib64 HTTP/1.1" 200 954 "-" "serpstatbot/2.1 (advanced backlink tracking bot; https://serpstatbot.com/; abuse@serpstatbot.com)"
20.171.207.232 - - [12/May/2025:11:56:23 -0400] "GET /35448598 HTTP/1.1" 500 0 "-" "Mozilla/5.0 AppleWebKit/537.36 (KHTML, like Gecko; compatible; GPTBot/1.2; +https://openai.com/gptbot)"
88.99.244.56 - - [12/May/2025:11:56:25 -0400] "GET /wp-content/edit-wolf.php?action=edit&file=run-with-aspell&path=%2F%2Fbin HTTP/1.1" 200 1008 "-" "serpstatbot/2.1 (advanced backlink tracking bot; https://serpstatbot.com/; abuse@serpstatbot.com)"
54.36.149.48 - - [12/May/2025:11:56:26 -0400] "GET /?zwy11103.html HTTP/1.1" 200 2065 "-" "Mozilla/5.0 (compatible; AhrefsBot/7.0; +http://ahrefs.com/robot/)"
88.99.244.56 - - [12/May/2025:11:56:27 -0400] "GET /wp-content/edit-wolf.php?path=%2F%2Flib64%2Fpgsql HTTP/1.1" 200 1797 "-" "serpstatbot/2.1 (advanced backlink tracking bot; https://serpstatbot.com/; abuse@serpstatbot.com)"
88.99.244.56 - - [12/May/2025:11:56:30 -0400] "GET /wp-content/edit-wolf.php?action=edit&file=libformw.so&path=%2F%2Flib64 HTTP/1.1" 200 953 "-" "serpstatbot/2.1 (advanced backlink tracking bot; https://serpstatbot.com/; abuse@serpstatbot.com)"
5.255.231.93 - - [12/May/2025:11:56:31 -0400] "GET /41177718 HTTP/1.1" 500 0 "-" "Mozilla/5.0 (compatible; YandexBot/3.0; +http://yandex.com/bots)"
88.99.244.56 - - [12/May/2025:11:56:33 -0400] "GET /wp-content/edit-wolf.php?action=edit&file=ruby&path=%2F%2Fbin HTTP/1.1" 200 949 "-" "serpstatbot/2.1 (advanced backlink tracking bot; https://serpstatbot.com/; abuse@serpstatbot.com)"
88.99.244.56 - - [12/May/2025:11:56:36 -0400] "GET /wp-content/edit-wolf.php?path=%2F%2Flib64%2Fperl5 HTTP/1.1" 200 2089 "-" "serpstatbot/2.1 (advanced backlink tracking bot; https://serpstatbot.com/; abuse@serpstatbot.com)"
88.99.244.56 - - [12/May/2025:11:56:39 -0400] "GET /wp-content/edit-wolf.php?action=edit&file=libformw.so.5&path=%2F%2Flib64 HTTP/1.1" 200 954 "-" "serpstatbot/2.1 (advanced backlink tracking bot; https://serpstatbot.com/; abuse@serpstatbot.com)"
88.99.244.56 - - [12/May/2025:11:56:41 -0400] "GET /wp-content/edit-wolf.php?action=edit&file=rsync&path=%2F%2Fbin HTTP/1.1" 200 949 "-" "serpstatbot/2.1 (advanced backlink tracking bot; https://serpstatbot.com/; abuse@serpstatbot.com)"
54.36.148.108 - - [12/May/2025:11:56:41 -0400] "GET /sitemap_index.xml HTTP/1.1" 200 10128 "-" "Mozilla/5.0 (compatible; AhrefsBot/7.0; +http://ahrefs.com/robot/)"
54.36.148.219 - - [12/May/2025:11:56:44 -0400] "GET /?yck18938.html HTTP/1.1" 200 2065 "-" "Mozilla/5.0 (compatible; AhrefsBot/7.0; +http://ahrefs.com/robot/)"
88.99.244.56 - - [12/May/2025:11:56:45 -0400] "GET /wp-content/edit-wolf.php?path=%2F%2Flib64%2Flua HTTP/1.1" 200 1194 "-" "serpstatbot/2.1 (advanced backlink tracking bot; https://serpstatbot.com/; abuse@serpstatbot.com)"
88.99.244.56 - - [12/May/2025:11:56:47 -0400] "GET /wp-content/edit-wolf.php?action=edit&file=libformw.so.5.9&path=%2F%2Flib64 HTTP/1.1" 200 956 "-" "serpstatbot/2.1 (advanced backlink tracking bot; https://serpstatbot.com/; abuse@serpstatbot.com)"
88.99.244.56 - - [12/May/2025:11:56:50 -0400] "GET /wp-content/edit-wolf.php?action=edit&file=rpc&path=%2F%2Fetc HTTP/1.1" 200 1750 "-" "serpstatbot/2.1 (advanced backlink tracking bot; https://serpstatbot.com/; abuse@serpstatbot.com)"
54.36.149.23 - - [12/May/2025:11:56:52 -0400] "GET /?zut12788.html HTTP/1.1" 200 2065 "-" "Mozilla/5.0 (compatible; AhrefsBot/7.0; +http://ahrefs.com/robot/)"
88.99.244.56 - - [12/May/2025:11:56:53 -0400] "GET /wp-content/edit-wolf.php?path=%2F%2Flib64%2Flibxslt-plugins HTTP/1.1" 200 1106 "-" "serpstatbot/2.1 (advanced backlink tracking bot; https://serpstatbot.com/; abuse@serpstatbot.com)"
88.99.244.56 - - [12/May/2025:11:56:56 -0400] "GET /wp-content/edit-wolf.php?action=edit&file=libformw.so.6&path=%2F%2Flib64 HTTP/1.1" 200 955 "-" "serpstatbot/2.1 (advanced backlink tracking bot; https://serpstatbot.com/; abuse@serpstatbot.com)"
88.99.244.56 - - [12/May/2025:11:56:58 -0400] "GET /wp-content/edit-wolf.php?action=edit&file=rnano&path=%2F%2Fbin HTTP/1.1" 200 949 "-" "serpstatbot/2.1 (advanced backlink tracking bot; https://serpstatbot.com/; abuse@serpstatbot.com)"
88.99.244.56 - - [12/May/2025:11:57:01 -0400] "GET /wp-content/edit-wolf.php?path=%2F%2Flib64%2Flibuser HTTP/1.1" 200 1259 "-" "serpstatbot/2.1 (advanced backlink tracking bot; https://serpstatbot.com/; abuse@serpstatbot.com)"
88.99.244.56 - - [12/May/2025:11:57:04 -0400] "GET /wp-content/edit-wolf.php?action=edit&file=libformw.so.6.1&path=%2F%2Flib64 HTTP/1.1" 200 956 "-" "serpstatbot/2.1 (advanced backlink tracking bot; https://serpstatbot.com/; abuse@serpstatbot.com)"
54.36.148.56 - - [12/May/2025:11:57:06 -0400] "GET /?cqe34318.html HTTP/1.1" 200 2065 "-" "Mozilla/5.0 (compatible; AhrefsBot/7.0; +http://ahrefs.com/robot/)"
88.99.244.56 - - [12/May/2025:11:57:07 -0400] "GET /wp-content/edit-wolf.php?action=edit&file=rmdir&path=%2F%2Fbin HTTP/1.1" 200 949 "-" "serpstatbot/2.1 (advanced backlink tracking bot; https://serpstatbot.com/; abuse@serpstatbot.com)"
88.99.244.56 - - [12/May/2025:11:57:09 -0400] "GET /wp-content/edit-wolf.php?path=%2F%2Flib64%2Flibnl HTTP/1.1" 200 1184 "-" "serpstatbot/2.1 (advanced backlink tracking bot; https://serpstatbot.com/; abuse@serpstatbot.com)"
88.99.244.56 - - [12/May/2025:11:57:12 -0400] "GET /wp-content/edit-wolf.php?action=edit&file=libfreebl3.chk&path=%2F%2Flib64 HTTP/1.1" 200 956 "-" "serpstatbot/2.1 (advanced backlink tracking bot; https://serpstatbot.com/; abuse@serpstatbot.com)"
213.180.203.58 - - [12/May/2025:11:57:12 -0400] "GET /76956022 HTTP/1.1" 500 0 "-" "Mozilla/5.0 (compatible; YandexBot/3.0; +http://yandex.com/bots)"
14.186.220.177 - - [12/May/2025:11:57:14 -0400] "HEAD /wp-content/ngg/modules/photocrati-nextgen_addgallery_page/static/?ND= HTTP/1.1" 500 0 "-" "Mozilla/5.0 (Windows NT 6.1; Win64; x64) AppleWebKit/537.36 (KHTML, like Gecko) Chrome/60.0.2245.44 Safari/537.36"
123.28.190.75 - - [12/May/2025:11:57:14 -0400] "HEAD /wp-content/gallery/sofa-chair/Blue-Sofa-2606.jpg_backup HTTP/1.1" 500 0 "-" "Mozilla/5.0 (Windows NT 6.3; Win64; x64) AppleWebKit/537.36 (KHTML, like Gecko) Chrome/70.0.3462.20 Safari/537.36"
14.186.220.177 - - [12/May/2025:11:57:15 -0400] "GET /wp-content/ngg/modules/photocrati-nextgen_addgallery_page/static/?ND= HTTP/1.1" 500 0 "-" "Mozilla/5.0 (Windows NT 6.1; Win64; x64) AppleWebKit/537.36 (KHTML, like Gecko) Chrome/60.0.2245.44 Safari/537.36"
123.28.190.75 - - [12/May/2025:11:57:15 -0400] "GET /wp-content/gallery/sofa-chair/Blue-Sofa-2606.jpg_backup HTTP/1.1" 500 0 "-" "Mozilla/5.0 (Windows NT 6.3; Win64; x64) AppleWebKit/537.36 (KHTML, like Gecko) Chrome/70.0.3462.20 Safari/537.36"
88.99.244.56 - - [12/May/2025:11:57:15 -0400] "GET /wp-content/edit-wolf.php?action=edit&file=rm&path=%2F%2Fbin HTTP/1.1" 200 947 "-" "serpstatbot/2.1 (advanced backlink tracking bot; https://serpstatbot.com/; abuse@serpstatbot.com)"
54.36.148.165 - - [12/May/2025:11:57:15 -0400] "GET /?ypq53431.html HTTP/1.1" 200 2062 "-" "Mozilla/5.0 (compatible; AhrefsBot/7.0; +http://ahrefs.com/robot/)"
88.99.244.56 - - [12/May/2025:11:57:16 -0400] "GET /wp-content/edit-wolf.php?path=%2F%2Flib64%2Flibibverbs HTTP/1.1" 200 1455 "-" "serpstatbot/2.1 (advanced backlink tracking bot; https://serpstatbot.com/; abuse@serpstatbot.com)"
54.36.148.128 - - [12/May/2025:11:57:20 -0400] "GET /?teh56357.html HTTP/1.1" 200 2062 "-" "Mozilla/5.0 (compatible; AhrefsBot/7.0; +http://ahrefs.com/robot/)"
