54.36.148.27 - - [12/May/2025:11:38:11 -0400] "GET /?mqi43715.html HTTP/1.1" 200 2063 "-" "Mozilla/5.0 (compatible; AhrefsBot/7.0; +http://ahrefs.com/robot/)"
88.99.244.56 - - [12/May/2025:11:38:12 -0400] "GET /wp-content/uploads/revslider/templates/rockable-gallery-title/ HTTP/1.1" 200 813 "-" "serpstatbot/2.1 (advanced backlink tracking bot; https://serpstatbot.com/; abuse@serpstatbot.com)"
88.99.244.56 - - [12/May/2025:11:38:15 -0400] "GET /wp-content/uploads/2020/?SD HTTP/1.1" 200 1239 "-" "serpstatbot/2.1 (advanced backlink tracking bot; https://serpstatbot.com/; abuse@serpstatbot.com)"
88.99.244.56 - - [12/May/2025:11:38:20 -0400] "GET /wp-content/edit-wolf.php?action=edit&file=libisccfg.so&path=%2F%2Flib64 HTTP/1.1" 200 954 "-" "serpstatbot/2.1 (advanced backlink tracking bot; https://serpstatbot.com/; abuse@serpstatbot.com)"
66.249.65.169 - - [12/May/2025:11:38:20 -0400] "GET /56378454 HTTP/1.1" 200 18400 "-" "Mozilla/5.0 (Linux; Android 6.0.1; Nexus 5X Build/MMB29P) AppleWebKit/537.36 (KHTML, like Gecko) Chrome/136.0.7103.59 Mobile Safari/537.36 (compatible; Googlebot/2.1; +http://www.google.com/bot.html)"
88.99.244.56 - - [12/May/2025:11:38:25 -0400] "GET /wp-content/uploads/revslider/templates/rockable-footer/ HTTP/1.1" 200 808 "-" "serpstatbot/2.1 (advanced backlink tracking bot; https://serpstatbot.com/; abuse@serpstatbot.com)"
20.171.207.232 - - [12/May/2025:11:38:27 -0400] "GET /95213014 HTTP/1.1" 500 0 "-" "Mozilla/5.0 AppleWebKit/537.36 (KHTML, like Gecko; compatible; GPTBot/1.2; +https://openai.com/gptbot)"
88.99.244.56 - - [12/May/2025:11:38:28 -0400] "GET /wp-content/uploads/2021/01/?MA HTTP/1.1" 200 699 "-" "serpstatbot/2.1 (advanced backlink tracking bot; https://serpstatbot.com/; abuse@serpstatbot.com)"
88.99.244.56 - - [12/May/2025:11:38:32 -0400] "GET /wp-content/edit-wolf.php?action=edit&file=libisccc.so.161.0.1&path=%2F%2Flib64 HTTP/1.1" 200 960 "-" "serpstatbot/2.1 (advanced backlink tracking bot; https://serpstatbot.com/; abuse@serpstatbot.com)"
66.249.65.169 - - [12/May/2025:11:38:36 -0400] "GET /29699798 HTTP/1.1" 200 19358 "-" "Mozilla/5.0 (Linux; Android 6.0.1; Nexus 5X Build/MMB29P) AppleWebKit/537.36 (KHTML, like Gecko) Chrome/136.0.7103.59 Mobile Safari/537.36 (compatible; Googlebot/2.1; +http://www.google.com/bot.html)"
88.99.244.56 - - [12/May/2025:11:38:36 -0400] "GET /wp-content/uploads/revslider/templates/rockable-detail-modal/ HTTP/1.1" 200 812 "-" "serpstatbot/2.1 (advanced backlink tracking bot; https://serpstatbot.com/; abuse@serpstatbot.com)"
88.99.244.56 - - [12/May/2025:11:38:41 -0400] "GET /wp-content/uploads/2021/01/?ND HTTP/1.1" 200 698 "-" "serpstatbot/2.1 (advanced backlink tracking bot; https://serpstatbot.com/; abuse@serpstatbot.com)"
54.36.148.58 - - [12/May/2025:11:38:41 -0400] "GET /?lez19324.html HTTP/1.1" 200 2065 "-" "Mozilla/5.0 (compatible; AhrefsBot/7.0; +http://ahrefs.com/robot/)"
88.99.244.56 - - [12/May/2025:11:38:46 -0400] "GET /wp-content/edit-wolf.php?action=edit&file=libisccc.so.161&path=%2F%2Flib64 HTTP/1.1" 200 957 "-" "serpstatbot/2.1 (advanced backlink tracking bot; https://serpstatbot.com/; abuse@serpstatbot.com)"
88.99.244.56 - - [12/May/2025:11:38:50 -0400] "GET /wp-content/uploads/revslider/templates/rockable-detail-modal-2/ HTTP/1.1" 200 813 "-" "serpstatbot/2.1 (advanced backlink tracking bot; https://serpstatbot.com/; abuse@serpstatbot.com)"
66.249.65.169 - - [12/May/2025:11:38:52 -0400] "GET /15007062 HTTP/1.1" 200 18892 "-" "Mozilla/5.0 (Linux; Android 6.0.1; Nexus 5X Build/MMB29P) AppleWebKit/537.36 (KHTML, like Gecko) Chrome/136.0.7103.59 Mobile Safari/537.36 (compatible; Googlebot/2.1; +http://www.google.com/bot.html)"
88.99.244.56 - - [12/May/2025:11:38:53 -0400] "GET /wp-content/uploads/2021/01/?SA HTTP/1.1" 200 699 "-" "serpstatbot/2.1 (advanced backlink tracking bot; https://serpstatbot.com/; abuse@serpstatbot.com)"
88.99.244.56 - - [12/May/2025:11:38:57 -0400] "GET /wp-content/edit-wolf.php?action=edit&file=libisccc.so&path=%2F%2Flib64 HTTP/1.1" 200 953 "-" "serpstatbot/2.1 (advanced backlink tracking bot; https://serpstatbot.com/; abuse@serpstatbot.com)"
3.22.27.22 - - [12/May/2025:11:38:59 -0400] "GET /wp-admin/admin-wolf.php?action=edit&file=compat.php&path=%2Fhome%2Fprocjwtt%2Fpublic_html%2Fwp-includes HTTP/1.1" 200 5361 "-" "Mozilla/5.0 AppleWebKit/537.36 (KHTML, like Gecko; compatible; ClaudeBot/1.0; +claudebot@anthropic.com)"
88.99.244.56 - - [12/May/2025:11:39:02 -0400] "GET /wp-content/uploads/revslider/templates/reveal-add-on/ HTTP/1.1" 200 857 "-" "serpstatbot/2.1 (advanced backlink tracking bot; https://serpstatbot.com/; abuse@serpstatbot.com)"
88.99.244.56 - - [12/May/2025:11:39:06 -0400] "GET /wp-content/uploads/2021/02/?MA HTTP/1.1" 200 699 "-" "serpstatbot/2.1 (advanced backlink tracking bot; https://serpstatbot.com/; abuse@serpstatbot.com)"
5.255.231.93 - - [12/May/2025:11:39:11 -0400] "GET /19775318 HTTP/1.1" 500 0 "-" "Mozilla/5.0 (compatible; YandexBot/3.0; +http://yandex.com/bots)"
88.99.244.56 - - [12/May/2025:11:39:12 -0400] "GET /wp-content/edit-wolf.php?action=edit&file=libisc.so.1107.0.7&path=%2F%2Flib64 HTTP/1.1" 200 960 "-" "serpstatbot/2.1 (advanced backlink tracking bot; https://serpstatbot.com/; abuse@serpstatbot.com)"
54.36.149.92 - - [12/May/2025:11:39:14 -0400] "GET /?bei9120.html HTTP/1.1" 200 2060 "-" "Mozilla/5.0 (compatible; AhrefsBot/7.0; +http://ahrefs.com/robot/)"
54.36.148.108 - - [12/May/2025:11:39:15 -0400] "GET /?ype14082.html HTTP/1.1" 200 2060 "-" "Mozilla/5.0 (compatible; AhrefsBot/7.0; +http://ahrefs.com/robot/)"
88.99.244.56 - - [12/May/2025:11:39:17 -0400] "GET /wp-content/uploads/revslider/templates/restaurant-menu/ HTTP/1.1" 200 857 "-" "serpstatbot/2.1 (advanced backlink tracking bot; https://serpstatbot.com/; abuse@serpstatbot.com)"
54.36.148.155 - - [12/May/2025:11:39:22 -0400] "GET /?dda7517.html HTTP/1.1" 200 2060 "-" "Mozilla/5.0 (compatible; AhrefsBot/7.0; +http://ahrefs.com/robot/)"
88.99.244.56 - - [12/May/2025:11:39:25 -0400] "GET /wp-content/uploads/2021/02/?ND HTTP/1.1" 200 698 "-" "serpstatbot/2.1 (advanced backlink tracking bot; https://serpstatbot.com/; abuse@serpstatbot.com)"
88.99.244.56 - - [12/May/2025:11:39:30 -0400] "GET /wp-content/edit-wolf.php?action=edit&file=libisc.so.1107&path=%2F%2Flib64 HTTP/1.1" 200 957 "-" "serpstatbot/2.1 (advanced backlink tracking bot; https://serpstatbot.com/; abuse@serpstatbot.com)"
20.171.207.232 - - [12/May/2025:11:39:32 -0400] "GET /51147510 HTTP/1.1" 500 0 "-" "Mozilla/5.0 AppleWebKit/537.36 (KHTML, like Gecko; compatible; GPTBot/1.2; +https://openai.com/gptbot)"
88.99.244.56 - - [12/May/2025:11:39:37 -0400] "GET /wp-content/uploads/revslider/templates/realestate-slider/ HTTP/1.1" 200 880 "-" "serpstatbot/2.1 (advanced backlink tracking bot; https://serpstatbot.com/; abuse@serpstatbot.com)"
54.36.148.140 - - [12/May/2025:11:39:39 -0400] "GET /?kzu54081.html HTTP/1.1" 200 2062 "-" "Mozilla/5.0 (compatible; AhrefsBot/7.0; +http://ahrefs.com/robot/)"
88.99.244.56 - - [12/May/2025:11:39:42 -0400] "GET /wp-content/uploads/2021/02/?SA HTTP/1.1" 200 700 "-" "serpstatbot/2.1 (advanced backlink tracking bot; https://serpstatbot.com/; abuse@serpstatbot.com)"
88.99.244.56 - - [12/May/2025:11:39:48 -0400] "GET /wp-content/edit-wolf.php?action=edit&file=libisc.so&path=%2F%2Flib64 HTTP/1.1" 200 952 "-" "serpstatbot/2.1 (advanced backlink tracking bot; https://serpstatbot.com/; abuse@serpstatbot.com)"
88.99.244.56 - - [12/May/2025:11:39:54 -0400] "GET /wp-content/uploads/revslider/templates/real-estate-slider/ HTTP/1.1" 200 854 "-" "serpstatbot/2.1 (advanced backlink tracking bot; https://serpstatbot.com/; abuse@serpstatbot.com)"
88.99.244.56 - - [12/May/2025:11:40:01 -0400] "GET /wp-content/uploads/2021/03/?MA HTTP/1.1" 200 700 "-" "serpstatbot/2.1 (advanced backlink tracking bot; https://serpstatbot.com/; abuse@serpstatbot.com)"
88.99.244.56 - - [12/May/2025:11:40:07 -0400] "GET /wp-content/edit-wolf.php?action=edit&file=libirs.so.161&path=%2F%2Flib64 HTTP/1.1" 200 956 "-" "serpstatbot/2.1 (advanced backlink tracking bot; https://serpstatbot.com/; abuse@serpstatbot.com)"
88.99.244.56 - - [12/May/2025:11:40:14 -0400] "GET /wp-content/uploads/revslider/templates/r_products/ HTTP/1.1" 200 857 "-" "serpstatbot/2.1 (advanced backlink tracking bot; https://serpstatbot.com/; abuse@serpstatbot.com)"
88.99.244.56 - - [12/May/2025:11:40:20 -0400] "GET /wp-content/uploads/2021/03/?ND HTTP/1.1" 200 698 "-" "serpstatbot/2.1 (advanced backlink tracking bot; https://serpstatbot.com/; abuse@serpstatbot.com)"
114.119.143.11 - - [12/May/2025:11:40:24 -0400] "GET /?zut51236.html HTTP/1.1" 200 2432 "https://procarecleaning.com.sg/combinationjcwno/2lhv3.html" "Mozilla/5.0 (Linux; Android 7.0;) AppleWebKit/537.36 (KHTML, like Gecko) Mobile Safari/537.36 (compatible; PetalBot;+https://webmaster.petalsearch.com/site/petalbot)"
88.99.244.56 - - [12/May/2025:11:40:26 -0400] "GET /wp-content/edit-wolf.php?action=edit&file=libirs.so&path=%2F%2Flib64 HTTP/1.1" 200 952 "-" "serpstatbot/2.1 (advanced backlink tracking bot; https://serpstatbot.com/; abuse@serpstatbot.com)"
54.36.149.20 - - [12/May/2025:11:40:28 -0400] "GET /?ddp55164.html HTTP/1.1" 200 2062 "-" "Mozilla/5.0 (compatible; AhrefsBot/7.0; +http://ahrefs.com/robot/)"
20.171.207.232 - - [12/May/2025:11:40:33 -0400] "GET /22747126 HTTP/1.1" 500 0 "-" "Mozilla/5.0 AppleWebKit/537.36 (KHTML, like Gecko; compatible; GPTBot/1.2; +https://openai.com/gptbot)"
54.36.148.43 - - [12/May/2025:11:40:39 -0400] "GET /?zsy2757.html HTTP/1.1" 200 2064 "-" "Mozilla/5.0 (compatible; AhrefsBot/7.0; +http://ahrefs.com/robot/)"
66.249.65.169 - - [12/May/2025:11:40:40 -0400] "GET /48807574 HTTP/1.1" 200 20518 "-" "Mozilla/5.0 (Linux; Android 6.0.1; Nexus 5X Build/MMB29P) AppleWebKit/537.36 (KHTML, like Gecko) Chrome/136.0.7103.59 Mobile Safari/537.36 (compatible; Googlebot/2.1; +http://www.google.com/bot.html)"
88.99.244.56 - - [12/May/2025:11:40:41 -0400] "GET /wp-content/uploads/revslider/templates/r_menu/ HTTP/1.1" 200 800 "-" "serpstatbot/2.1 (advanced backlink tracking bot; https://serpstatbot.com/; abuse@serpstatbot.com)"
66.249.65.169 - - [12/May/2025:11:40:54 -0400] "GET /39521110 HTTP/1.1" 200 19052 "-" "Mozilla/5.0 (Linux; Android 6.0.1; Nexus 5X Build/MMB29P) AppleWebKit/537.36 (KHTML, like Gecko) Chrome/136.0.7103.59 Mobile Safari/537.36 (compatible; Googlebot/2.1; +http://www.google.com/bot.html)"
88.99.244.56 - - [12/May/2025:11:41:04 -0400] "GET /wp-content/uploads/2021/03/?SA HTTP/1.1" 200 700 "-" "serpstatbot/2.1 (advanced backlink tracking bot; https://serpstatbot.com/; abuse@serpstatbot.com)"
88.99.244.56 - - [12/May/2025:11:41:11 -0400] "GET /wp-content/edit-wolf.php?action=edit&file=libip6tc.so.2.0.0&path=%2F%2Flib64 HTTP/1.1" 200 959 "-" "serpstatbot/2.1 (advanced backlink tracking bot; https://serpstatbot.com/; abuse@serpstatbot.com)"
66.249.65.170 - - [12/May/2025:11:41:12 -0400] "GET /7919158 HTTP/1.1" 200 18573 "-" "Mozilla/5.0 (Linux; Android 6.0.1; Nexus 5X Build/MMB29P) AppleWebKit/537.36 (KHTML, like Gecko) Chrome/136.0.7103.59 Mobile Safari/537.36 (compatible; Googlebot/2.1; +http://www.google.com/bot.html)"
88.99.244.56 - - [12/May/2025:11:41:14 -0400] "GET /wp-content/uploads/revslider/templates/r_info/ HTTP/1.1" 200 802 "-" "serpstatbot/2.1 (advanced backlink tracking bot; https://serpstatbot.com/; abuse@serpstatbot.com)"
88.99.244.56 - - [12/May/2025:11:41:16 -0400] "GET /wp-content/uploads/2021/04/?MA HTTP/1.1" 200 699 "-" "serpstatbot/2.1 (advanced backlink tracking bot; https://serpstatbot.com/; abuse@serpstatbot.com)"
213.180.203.58 - - [12/May/2025:11:41:16 -0400] "GET /77076342 HTTP/1.1" 500 0 "-" "Mozilla/5.0 (compatible; YandexBot/3.0; +http://yandex.com/bots)"
88.99.244.56 - - [12/May/2025:11:41:19 -0400] "GET /wp-content/edit-wolf.php?action=edit&file=libinotifytools.so.0&path=%2F%2Flib64 HTTP/1.1" 200 960 "-" "serpstatbot/2.1 (advanced backlink tracking bot; https://serpstatbot.com/; abuse@serpstatbot.com)"
66.249.65.170 - - [12/May/2025:11:41:21 -0400] "GET /pcmypage?callback=/product%2Fdetail%2FVSK84800218 HTTP/1.1" 200 21999 "-" "Mozilla/5.0 (Linux; Android 6.0.1; Nexus 5X Build/MMB29P) AppleWebKit/537.36 (KHTML, like Gecko) Chrome/136.0.7103.59 Mobile Safari/537.36 (compatible; Googlebot/2.1; +http://www.google.com/bot.html)"
88.99.244.56 - - [12/May/2025:11:41:22 -0400] "GET /wp-content/uploads/revslider/templates/r_hero/ HTTP/1.1" 200 802 "-" "serpstatbot/2.1 (advanced backlink tracking bot; https://serpstatbot.com/; abuse@serpstatbot.com)"
87.250.224.98 - - [12/May/2025:11:41:24 -0400] "GET /48145878 HTTP/1.1" 500 0 "-" "Mozilla/5.0 (compatible; YandexBot/3.0; +http://yandex.com/bots)"
88.99.244.56 - - [12/May/2025:11:41:25 -0400] "GET /wp-content/uploads/2019/09/?ND HTTP/1.1" 200 2081 "-" "serpstatbot/2.1 (advanced backlink tracking bot; https://serpstatbot.com/; abuse@serpstatbot.com)"
66.249.65.169 - - [12/May/2025:11:41:25 -0400] "GET /75853270 HTTP/1.1" 200 20054 "-" "Mozilla/5.0 (Linux; Android 6.0.1; Nexus 5X Build/MMB29P) AppleWebKit/537.36 (KHTML, like Gecko) Chrome/136.0.7103.59 Mobile Safari/537.36 (compatible; Googlebot/2.1; +http://www.google.com/bot.html)"
88.99.244.56 - - [12/May/2025:11:41:28 -0400] "GET /wp-content/edit-wolf.php?action=edit&file=libini_config.so.5&path=%2F%2Flib64 HTTP/1.1" 200 959 "-" "serpstatbot/2.1 (advanced backlink tracking bot; https://serpstatbot.com/; abuse@serpstatbot.com)"
54.36.148.243 - - [12/May/2025:11:41:29 -0400] "GET /?zig43447.html HTTP/1.1" 200 2063 "-" "Mozilla/5.0 (compatible; AhrefsBot/7.0; +http://ahrefs.com/robot/)"
113.170.129.137 - - [12/May/2025:11:41:30 -0400] "HEAD /wp-content/gallery/sofa-chair/Blue-Sofa-2606.jpg_backup HTTP/1.1" 500 0 "-" "Mozilla/5.0 (Windows NT 6.1; Win64; x64) AppleWebKit/537.36 (KHTML, like Gecko) Chrome/64.0.2643.153 Safari/537.36"
113.23.54.75 - - [12/May/2025:11:41:30 -0400] "HEAD /wp-content/ngg/modules/photocrati-nextgen_addgallery_page/static/?ND= HTTP/1.1" 500 0 "-" "Mozilla/5.0 (Windows NT 6.1; Win64; x64) AppleWebKit/537.36 (KHTML, like Gecko) Chrome/70.0.3274.165 Safari/537.36"
88.99.244.56 - - [12/May/2025:11:41:30 -0400] "GET /wp-content/uploads/revslider/templates/r_about/ HTTP/1.1" 200 803 "-" "serpstatbot/2.1 (advanced backlink tracking bot; https://serpstatbot.com/; abuse@serpstatbot.com)"
113.170.129.137 - - [12/May/2025:11:41:30 -0400] "GET /wp-content/gallery/sofa-chair/Blue-Sofa-2606.jpg_backup HTTP/1.1" 500 0 "-" "Mozilla/5.0 (Windows NT 6.1; Win64; x64) AppleWebKit/537.36 (KHTML, like Gecko) Chrome/64.0.2643.153 Safari/537.36"
113.23.54.75 - - [12/May/2025:11:41:31 -0400] "GET /wp-content/ngg/modules/photocrati-nextgen_addgallery_page/static/?ND= HTTP/1.1" 500 0 "-" "Mozilla/5.0 (Windows NT 6.1; Win64; x64) AppleWebKit/537.36 (KHTML, like Gecko) Chrome/70.0.3274.165 Safari/537.36"
88.99.244.56 - - [12/May/2025:11:41:33 -0400] "GET /wp-content/uploads/2019/09/?SA HTTP/1.1" 200 2134 "-" "serpstatbot/2.1 (advanced backlink tracking bot; https://serpstatbot.com/; abuse@serpstatbot.com)"
18.119.103.13 - - [12/May/2025:11:41:33 -0400] "GET /wp-admin/admin-wolf.php?action=edit&file=ms-load.php&path=%2Fhome%2Fprocjwtt%2Fpublic_html%2Fwp-includes HTTP/1.1" 200 7159 "-" "Mozilla/5.0 AppleWebKit/537.36 (KHTML, like Gecko; compatible; ClaudeBot/1.0; +claudebot@anthropic.com)"
88.99.244.56 - - [12/May/2025:11:41:36 -0400] "GET /wp-content/edit-wolf.php?action=edit&file=libimaevm.so.2.0.0&path=%2F%2Flib64 HTTP/1.1" 200 959 "-" "serpstatbot/2.1 (advanced backlink tracking bot; https://serpstatbot.com/; abuse@serpstatbot.com)"
88.99.244.56 - - [12/May/2025:11:41:39 -0400] "GET /wp-content/uploads/revslider/templates/projects1/ HTTP/1.1" 200 1232 "-" "serpstatbot/2.1 (advanced backlink tracking bot; https://serpstatbot.com/; abuse@serpstatbot.com)"
20.171.207.232 - - [12/May/2025:11:41:39 -0400] "GET /30521046 HTTP/1.1" 500 0 "-" "Mozilla/5.0 AppleWebKit/537.36 (KHTML, like Gecko; compatible; GPTBot/1.2; +https://openai.com/gptbot)"
54.36.148.32 - - [12/May/2025:11:41:39 -0400] "GET /?nyb1807.html HTTP/1.1" 200 2064 "-" "Mozilla/5.0 (compatible; AhrefsBot/7.0; +http://ahrefs.com/robot/)"
54.36.148.125 - - [12/May/2025:11:41:41 -0400] "GET /?azk35711.html HTTP/1.1" 200 2064 "-" "Mozilla/5.0 (compatible; AhrefsBot/7.0; +http://ahrefs.com/robot/)"
88.99.244.56 - - [12/May/2025:11:41:41 -0400] "GET /wp-content/uploads/2019/10/?MA HTTP/1.1" 200 959 "-" "serpstatbot/2.1 (advanced backlink tracking bot; https://serpstatbot.com/; abuse@serpstatbot.com)"
66.249.65.169 - - [12/May/2025:11:41:42 -0400] "GET /86008726 HTTP/1.1" 200 20431 "-" "Mozilla/5.0 (Linux; Android 6.0.1; Nexus 5X Build/MMB29P) AppleWebKit/537.36 (KHTML, like Gecko) Chrome/136.0.7103.59 Mobile Safari/537.36 (compatible; Googlebot/2.1; +http://www.google.com/bot.html)"
88.99.244.56 - - [12/May/2025:11:41:44 -0400] "GET /wp-content/edit-wolf.php?action=edit&file=libijs-0.35.so&path=%2F%2Flib64 HTTP/1.1" 200 957 "-" "serpstatbot/2.1 (advanced backlink tracking bot; https://serpstatbot.com/; abuse@serpstatbot.com)"
88.99.244.56 - - [12/May/2025:11:41:47 -0400] "GET /wp-content/uploads/revslider/templates/projects-modal-3/ HTTP/1.1" 200 1238 "-" "serpstatbot/2.1 (advanced backlink tracking bot; https://serpstatbot.com/; abuse@serpstatbot.com)"
88.99.244.56 - - [12/May/2025:11:41:49 -0400] "GET /wp-content/uploads/2021/05/?ND HTTP/1.1" 200 698 "-" "serpstatbot/2.1 (advanced backlink tracking bot; https://serpstatbot.com/; abuse@serpstatbot.com)"
88.99.244.56 - - [12/May/2025:11:41:52 -0400] "GET /wp-content/edit-wolf.php?action=edit&file=libidn.so.11.6.18&path=%2F%2Flib64 HTTP/1.1" 200 959 "-" "serpstatbot/2.1 (advanced backlink tracking bot; https://serpstatbot.com/; abuse@serpstatbot.com)"
66.249.65.169 - - [12/May/2025:11:41:55 -0400] "GET /68891478 HTTP/1.1" 200 19349 "-" "Mozilla/5.0 (Linux; Android 6.0.1; Nexus 5X Build/MMB29P) AppleWebKit/537.36 (KHTML, like Gecko) Chrome/136.0.7103.59 Mobile Safari/537.36 (compatible; Googlebot/2.1; +http://www.google.com/bot.html)"
88.99.244.56 - - [12/May/2025:11:41:55 -0400] "GET /wp-content/uploads/revslider/templates/projects-modal-2/ HTTP/1.1" 200 1250 "-" "serpstatbot/2.1 (advanced backlink tracking bot; https://serpstatbot.com/; abuse@serpstatbot.com)"
88.99.244.56 - - [12/May/2025:11:41:58 -0400] "GET /wp-content/uploads/2021/05/?SA HTTP/1.1" 200 700 "-" "serpstatbot/2.1 (advanced backlink tracking bot; https://serpstatbot.com/; abuse@serpstatbot.com)"
88.99.244.56 - - [12/May/2025:11:42:00 -0400] "GET /wp-content/edit-wolf.php?action=edit&file=libidn.so&path=%2F%2Flib64 HTTP/1.1" 200 952 "-" "serpstatbot/2.1 (advanced backlink tracking bot; https://serpstatbot.com/; abuse@serpstatbot.com)"
88.99.244.56 - - [12/May/2025:11:42:03 -0400] "GET /wp-content/uploads/revslider/templates/projects-modal-1/ HTTP/1.1" 200 1236 "-" "serpstatbot/2.1 (advanced backlink tracking bot; https://serpstatbot.com/; abuse@serpstatbot.com)"
88.99.244.56 - - [12/May/2025:11:42:06 -0400] "GET /wp-content/uploads/2021/06/?MA HTTP/1.1" 200 700 "-" "serpstatbot/2.1 (advanced backlink tracking bot; https://serpstatbot.com/; abuse@serpstatbot.com)"
88.99.244.56 - - [12/May/2025:11:42:09 -0400] "GET /wp-content/edit-wolf.php?action=edit&file=libicuuc.so.60.3&path=%2F%2Flib64 HTTP/1.1" 200 959 "-" "serpstatbot/2.1 (advanced backlink tracking bot; https://serpstatbot.com/; abuse@serpstatbot.com)"
88.99.244.56 - - [12/May/2025:11:42:11 -0400] "GET /wp-content/uploads/revslider/templates/projects-3/ HTTP/1.1" 200 850 "-" "serpstatbot/2.1 (advanced backlink tracking bot; https://serpstatbot.com/; abuse@serpstatbot.com)"
88.99.244.56 - - [12/May/2025:11:42:14 -0400] "GET /wp-content/uploads/2021/06/?ND HTTP/1.1" 200 698 "-" "serpstatbot/2.1 (advanced backlink tracking bot; https://serpstatbot.com/; abuse@serpstatbot.com)"
88.99.244.56 - - [12/May/2025:11:42:17 -0400] "GET /wp-content/edit-wolf.php?action=edit&file=libicutu.so.60.3&path=%2F%2Flib64 HTTP/1.1" 200 958 "-" "serpstatbot/2.1 (advanced backlink tracking bot; https://serpstatbot.com/; abuse@serpstatbot.com)"
88.99.244.56 - - [12/May/2025:11:42:20 -0400] "GET /wp-content/uploads/revslider/templates/story-menu/ HTTP/1.1" 200 805 "-" "serpstatbot/2.1 (advanced backlink tracking bot; https://serpstatbot.com/; abuse@serpstatbot.com)"
88.99.244.56 - - [12/May/2025:11:42:22 -0400] "GET /wp-content/uploads/2021/06/?SA HTTP/1.1" 200 700 "-" "serpstatbot/2.1 (advanced backlink tracking bot; https://serpstatbot.com/; abuse@serpstatbot.com)"
88.99.244.56 - - [12/May/2025:11:42:25 -0400] "GET /wp-content/edit-wolf.php?action=edit&file=libicutest.so.60&path=%2F%2Flib64 HTTP/1.1" 200 958 "-" "serpstatbot/2.1 (advanced backlink tracking bot; https://serpstatbot.com/; abuse@serpstatbot.com)"
88.99.244.56 - - [12/May/2025:11:42:28 -0400] "GET /wp-content/uploads/revslider/templates/story-content-3/ HTTP/1.1" 200 806 "-" "serpstatbot/2.1 (advanced backlink tracking bot; https://serpstatbot.com/; abuse@serpstatbot.com)"
54.36.148.63 - - [12/May/2025:11:42:28 -0400] "GET /?gtu17926.html HTTP/1.1" 200 2064 "-" "Mozilla/5.0 (compatible; AhrefsBot/7.0; +http://ahrefs.com/robot/)"
88.99.244.56 - - [12/May/2025:11:42:31 -0400] "GET /wp-content/uploads/2021/07/?MA HTTP/1.1" 200 700 "-" "serpstatbot/2.1 (advanced backlink tracking bot; https://serpstatbot.com/; abuse@serpstatbot.com)"
88.99.244.56 - - [12/May/2025:11:42:33 -0400] "GET /wp-content/edit-wolf.php?action=edit&file=libicuio.so.60&path=%2F%2Flib64 HTTP/1.1" 200 956 "-" "serpstatbot/2.1 (advanced backlink tracking bot; https://serpstatbot.com/; abuse@serpstatbot.com)"
88.99.244.56 - - [12/May/2025:11:42:36 -0400] "GET /wp-content/uploads/revslider/templates/startup-video-modal/ HTTP/1.1" 200 812 "-" "serpstatbot/2.1 (advanced backlink tracking bot; https://serpstatbot.com/; abuse@serpstatbot.com)"
88.99.244.56 - - [12/May/2025:11:42:39 -0400] "GET /wp-content/uploads/2021/07/?ND HTTP/1.1" 200 698 "-" "serpstatbot/2.1 (advanced backlink tracking bot; https://serpstatbot.com/; abuse@serpstatbot.com)"
66.249.65.169 - - [12/May/2025:11:42:40 -0400] "GET /49712566 HTTP/1.1" 200 18281 "-" "Mozilla/5.0 (Linux; Android 6.0.1; Nexus 5X Build/MMB29P) AppleWebKit/537.36 (KHTML, like Gecko) Chrome/136.0.7103.59 Mobile Safari/537.36 (compatible; Googlebot/2.1; +http://www.google.com/bot.html)"
88.99.244.56 - - [12/May/2025:11:42:42 -0400] "GET /wp-content/edit-wolf.php?action=edit&file=libicui18n.so.60.3&path=%2F%2Flib64 HTTP/1.1" 200 960 "-" "serpstatbot/2.1 (advanced backlink tracking bot; https://serpstatbot.com/; abuse@serpstatbot.com)"
20.171.207.232 - - [12/May/2025:11:42:43 -0400] "GET /86724566 HTTP/1.1" 500 0 "-" "Mozilla/5.0 AppleWebKit/537.36 (KHTML, like Gecko; compatible; GPTBot/1.2; +https://openai.com/gptbot)"
88.99.244.56 - - [12/May/2025:11:42:45 -0400] "GET /wp-content/uploads/2021/07/?SA HTTP/1.1" 200 700 "-" "serpstatbot/2.1 (advanced backlink tracking bot; https://serpstatbot.com/; abuse@serpstatbot.com)"
88.99.244.56 - - [12/May/2025:11:42:47 -0400] "GET /wp-content/edit-wolf.php?action=edit&file=libicui18n.so.60&path=%2F%2Flib64 HTTP/1.1" 200 958 "-" "serpstatbot/2.1 (advanced backlink tracking bot; https://serpstatbot.com/; abuse@serpstatbot.com)"
88.99.244.56 - - [12/May/2025:11:42:50 -0400] "GET /wp-content/uploads/2021/08/?MA HTTP/1.1" 200 699 "-" "serpstatbot/2.1 (advanced backlink tracking bot; https://serpstatbot.com/; abuse@serpstatbot.com)"
66.249.65.169 - - [12/May/2025:11:42:52 -0400] "GET /50948822 HTTP/1.1" 200 20067 "-" "Mozilla/5.0 (Linux; Android 6.0.1; Nexus 5X Build/MMB29P) AppleWebKit/537.36 (KHTML, like Gecko) Chrome/136.0.7103.59 Mobile Safari/537.36 (compatible; Googlebot/2.1; +http://www.google.com/bot.html)"
88.99.244.56 - - [12/May/2025:11:42:53 -0400] "GET /wp-content/edit-wolf.php?action=edit&file=libicudata.so.60.3&path=%2F%2Flib64 HTTP/1.1" 200 960 "-" "serpstatbot/2.1 (advanced backlink tracking bot; https://serpstatbot.com/; abuse@serpstatbot.com)"
88.99.244.56 - - [12/May/2025:11:42:56 -0400] "GET /wp-content/uploads/2021/08/?ND HTTP/1.1" 200 698 "-" "serpstatbot/2.1 (advanced backlink tracking bot; https://serpstatbot.com/; abuse@serpstatbot.com)"
88.99.244.56 - - [12/May/2025:11:42:59 -0400] "GET /wp-content/edit-wolf.php?action=edit&file=libicudata.so.60&path=%2F%2Flib64 HTTP/1.1" 200 958 "-" "serpstatbot/2.1 (advanced backlink tracking bot; https://serpstatbot.com/; abuse@serpstatbot.com)"
88.99.244.56 - - [12/May/2025:11:43:01 -0400] "GET /wp-content/uploads/2021/08/?SA HTTP/1.1" 200 700 "-" "serpstatbot/2.1 (advanced backlink tracking bot; https://serpstatbot.com/; abuse@serpstatbot.com)"
88.99.244.56 - - [12/May/2025:11:43:04 -0400] "GET /wp-content/edit-wolf.php?action=edit&file=libib_util.so&path=%2F%2Flib64 HTTP/1.1" 200 955 "-" "serpstatbot/2.1 (advanced backlink tracking bot; https://serpstatbot.com/; abuse@serpstatbot.com)"
88.99.244.56 - - [12/May/2025:11:43:07 -0400] "GET /wp-content/uploads/2021/09/?MA HTTP/1.1" 200 1558 "-" "serpstatbot/2.1 (advanced backlink tracking bot; https://serpstatbot.com/; abuse@serpstatbot.com)"
88.99.244.56 - - [12/May/2025:11:43:10 -0400] "GET /wp-content/edit-wolf.php?action=edit&file=libhunspell-1.6.so.0.0.1&path=%2F%2Flib64 HTTP/1.1" 200 963 "-" "serpstatbot/2.1 (advanced backlink tracking bot; https://serpstatbot.com/; abuse@serpstatbot.com)"
54.36.149.102 - - [12/May/2025:11:43:12 -0400] "GET /?zut34638.html HTTP/1.1" 200 2064 "-" "Mozilla/5.0 (compatible; AhrefsBot/7.0; +http://ahrefs.com/robot/)"
88.99.244.56 - - [12/May/2025:11:43:12 -0400] "GET /wp-content/uploads/2021/09/?ND HTTP/1.1" 200 1553 "-" "serpstatbot/2.1 (advanced backlink tracking bot; https://serpstatbot.com/; abuse@serpstatbot.com)"
54.36.149.21 - - [12/May/2025:11:43:13 -0400] "GET /?ulo16568.html HTTP/1.1" 200 2064 "-" "Mozilla/5.0 (compatible; AhrefsBot/7.0; +http://ahrefs.com/robot/)"
54.36.148.255 - - [12/May/2025:11:43:14 -0400] "GET /?nns35523.html HTTP/1.1" 200 2064 "-" "Mozilla/5.0 (compatible; AhrefsBot/7.0; +http://ahrefs.com/robot/)"
88.99.244.56 - - [12/May/2025:11:43:15 -0400] "GET /wp-content/edit-wolf.php?action=edit&file=libhunspell-1.6.so.0&path=%2F%2Flib64 HTTP/1.1" 200 961 "-" "serpstatbot/2.1 (advanced backlink tracking bot; https://serpstatbot.com/; abuse@serpstatbot.com)"
88.99.244.56 - - [12/May/2025:11:43:18 -0400] "GET /wp-content/uploads/2021/09/?SA HTTP/1.1" 200 1549 "-" "serpstatbot/2.1 (advanced backlink tracking bot; https://serpstatbot.com/; abuse@serpstatbot.com)"
88.99.244.56 - - [12/May/2025:11:43:20 -0400] "GET /wp-content/edit-wolf.php?action=edit&file=libhogweed.so.4.5&path=%2F%2Flib64 HTTP/1.1" 200 958 "-" "serpstatbot/2.1 (advanced backlink tracking bot; https://serpstatbot.com/; abuse@serpstatbot.com)"
87.250.224.56 - - [12/May/2025:11:43:23 -0400] "GET /65934006 HTTP/1.1" 500 0 "-" "Mozilla/5.0 (compatible; YandexBot/3.0; +http://yandex.com/bots)"
88.99.244.56 - - [12/May/2025:11:43:24 -0400] "GET /wp-content/uploads/2021/10/?MA HTTP/1.1" 200 699 "-" "serpstatbot/2.1 (advanced backlink tracking bot; https://serpstatbot.com/; abuse@serpstatbot.com)"
54.36.148.29 - - [12/May/2025:11:43:26 -0400] "GET /?lml24896.html HTTP/1.1" 200 2064 "-" "Mozilla/5.0 (compatible; AhrefsBot/7.0; +http://ahrefs.com/robot/)"
88.99.244.56 - - [12/May/2025:11:43:28 -0400] "GET /wp-content/edit-wolf.php?action=edit&file=libhistory.so.7.0&path=%2F%2Flib64 HTTP/1.1" 200 959 "-" "serpstatbot/2.1 (advanced backlink tracking bot; https://serpstatbot.com/; abuse@serpstatbot.com)"
54.36.148.164 - - [12/May/2025:11:43:30 -0400] "GET /?ysh30778.html HTTP/1.1" 200 2064 "-" "Mozilla/5.0 (compatible; AhrefsBot/7.0; +http://ahrefs.com/robot/)"
88.99.244.56 - - [12/May/2025:11:43:33 -0400] "GET /wp-content/uploads/2021/10/?ND HTTP/1.1" 200 698 "-" "serpstatbot/2.1 (advanced backlink tracking bot; https://serpstatbot.com/; abuse@serpstatbot.com)"
88.99.244.56 - - [12/May/2025:11:43:38 -0400] "GET /wp-content/edit-wolf.php?action=edit&file=libhiredis.so.0.13&path=%2F%2Flib64 HTTP/1.1" 200 959 "-" "serpstatbot/2.1 (advanced backlink tracking bot; https://serpstatbot.com/; abuse@serpstatbot.com)"
54.36.148.130 - - [12/May/2025:11:43:40 -0400] "GET /?dda51236.html HTTP/1.1" 200 2064 "-" "Mozilla/5.0 (compatible; AhrefsBot/7.0; +http://ahrefs.com/robot/)"
88.99.244.56 - - [12/May/2025:11:43:42 -0400] "GET /wp-content/uploads/2021/10/?SA HTTP/1.1" 200 699 "-" "serpstatbot/2.1 (advanced backlink tracking bot; https://serpstatbot.com/; abuse@serpstatbot.com)"
20.171.207.232 - - [12/May/2025:11:43:46 -0400] "GET /14676950 HTTP/1.1" 500 0 "-" "Mozilla/5.0 AppleWebKit/537.36 (KHTML, like Gecko; compatible; GPTBot/1.2; +https://openai.com/gptbot)"
88.99.244.56 - - [12/May/2025:11:43:47 -0400] "GET /wp-content/edit-wolf.php?action=edit&file=libhiredis.so.0&path=%2F%2Flib64 HTTP/1.1" 200 956 "-" "serpstatbot/2.1 (advanced backlink tracking bot; https://serpstatbot.com/; abuse@serpstatbot.com)"
88.99.244.56 - - [12/May/2025:11:43:51 -0400] "GET /wp-content/uploads/2021/11/?MA HTTP/1.1" 200 699 "-" "serpstatbot/2.1 (advanced backlink tracking bot; https://serpstatbot.com/; abuse@serpstatbot.com)"
66.249.65.169 - - [12/May/2025:11:43:52 -0400] "GET /85634934 HTTP/1.1" 200 18907 "-" "Mozilla/5.0 (Linux; Android 6.0.1; Nexus 5X Build/MMB29P) AppleWebKit/537.36 (KHTML, like Gecko) Chrome/136.0.7103.59 Mobile Safari/537.36 (compatible; Googlebot/2.1; +http://www.google.com/bot.html)"
54.36.149.29 - - [12/May/2025:11:43:53 -0400] "GET /?vfa40728.html HTTP/1.1" 200 2063 "-" "Mozilla/5.0 (compatible; AhrefsBot/7.0; +http://ahrefs.com/robot/)"
88.99.244.56 - - [12/May/2025:11:43:55 -0400] "GET /wp-content/edit-wolf.php?action=edit&file=libhgfs.so.0.0.0&path=%2F%2Flib64 HTTP/1.1" 200 956 "-" "serpstatbot/2.1 (advanced backlink tracking bot; https://serpstatbot.com/; abuse@serpstatbot.com)"
88.99.244.56 - - [12/May/2025:11:44:00 -0400] "GET /wp-content/uploads/2021/11/?ND HTTP/1.1" 200 698 "-" "serpstatbot/2.1 (advanced backlink tracking bot; https://serpstatbot.com/; abuse@serpstatbot.com)"
88.99.244.56 - - [12/May/2025:11:44:04 -0400] "GET /wp-content/edit-wolf.php?action=edit&file=libhgfs.so.0&path=%2F%2Flib64 HTTP/1.1" 200 955 "-" "serpstatbot/2.1 (advanced backlink tracking bot; https://serpstatbot.com/; abuse@serpstatbot.com)"
54.36.149.70 - - [12/May/2025:11:44:05 -0400] "GET /?pgu16003.html HTTP/1.1" 200 2063 "-" "Mozilla/5.0 (compatible; AhrefsBot/7.0; +http://ahrefs.com/robot/)"
88.99.244.56 - - [12/May/2025:11:44:08 -0400] "GET /wp-content/uploads/2021/11/?SA HTTP/1.1" 200 699 "-" "serpstatbot/2.1 (advanced backlink tracking bot; https://serpstatbot.com/; abuse@serpstatbot.com)"
88.99.244.56 - - [12/May/2025:11:44:12 -0400] "GET /wp-content/edit-wolf.php?action=edit&file=libhashkit.so.2.0.0&path=%2F%2Flib64 HTTP/1.1" 200 960 "-" "serpstatbot/2.1 (advanced backlink tracking bot; https://serpstatbot.com/; abuse@serpstatbot.com)"
88.99.244.56 - - [12/May/2025:11:44:16 -0400] "GET /wp-content/uploads/2021/12/?MA HTTP/1.1" 200 699 "-" "serpstatbot/2.1 (advanced backlink tracking bot; https://serpstatbot.com/; abuse@serpstatbot.com)"
43.166.132.142 - - [12/May/2025:11:44:18 -0400] "GET / HTTP/1.1" 200 2435 "http://procarecleaning.com.sg" "Mozilla/5.0 (iPhone; CPU iPhone OS 13_2_3 like Mac OS X) AppleWebKit/605.1.15 (KHTML, like Gecko) Version/13.0.3 Mobile/15E148 Safari/604.1"
88.99.244.56 - - [12/May/2025:11:44:22 -0400] "GET /wp-content/edit-wolf.php?action=edit&file=libhashkit.so.2&path=%2F%2Flib64 HTTP/1.1" 200 957 "-" "serpstatbot/2.1 (advanced backlink tracking bot; https://serpstatbot.com/; abuse@serpstatbot.com)"
88.99.244.56 - - [12/May/2025:11:44:28 -0400] "GET /wp-content/uploads/2021/12/?ND HTTP/1.1" 200 698 "-" "serpstatbot/2.1 (advanced backlink tracking bot; https://serpstatbot.com/; abuse@serpstatbot.com)"
88.99.244.56 - - [12/May/2025:11:44:35 -0400] "GET /wp-content/edit-wolf.php?action=edit&file=libharfbuzz.so.0.10705.0&path=%2F%2Flib64 HTTP/1.1" 200 965 "-" "serpstatbot/2.1 (advanced backlink tracking bot; https://serpstatbot.com/; abuse@serpstatbot.com)"
88.99.244.56 - - [12/May/2025:11:44:41 -0400] "GET /wp-content/uploads/2021/12/?SA HTTP/1.1" 200 700 "-" "serpstatbot/2.1 (advanced backlink tracking bot; https://serpstatbot.com/; abuse@serpstatbot.com)"
88.99.244.56 - - [12/May/2025:11:44:47 -0400] "GET /wp-content/edit-wolf.php?action=edit&file=libhandle.so.1&path=%2F%2Flib64 HTTP/1.1" 200 956 "-" "serpstatbot/2.1 (advanced backlink tracking bot; https://serpstatbot.com/; abuse@serpstatbot.com)"
20.171.207.232 - - [12/May/2025:11:44:49 -0400] "GET /95155638 HTTP/1.1" 500 0 "-" "Mozilla/5.0 AppleWebKit/537.36 (KHTML, like Gecko; compatible; GPTBot/1.2; +https://openai.com/gptbot)"
54.36.148.145 - - [12/May/2025:11:44:50 -0400] "GET /?uzz37275.html HTTP/1.1" 200 2066 "-" "Mozilla/5.0 (compatible; AhrefsBot/7.0; +http://ahrefs.com/robot/)"
88.99.244.56 - - [12/May/2025:11:44:52 -0400] "GET /wp-content/uploads/2021/?MD HTTP/1.1" 200 1264 "-" "serpstatbot/2.1 (advanced backlink tracking bot; https://serpstatbot.com/; abuse@serpstatbot.com)"
88.99.244.56 - - [12/May/2025:11:44:56 -0400] "GET /wp-content/edit-wolf.php?action=edit&file=libgvc.so.6.0.0&path=%2F%2Flib64 HTTP/1.1" 200 958 "-" "serpstatbot/2.1 (advanced backlink tracking bot; https://serpstatbot.com/; abuse@serpstatbot.com)"
54.36.148.100 - - [12/May/2025:11:45:01 -0400] "GET /?rbc13054.html HTTP/1.1" 200 2066 "-" "Mozilla/5.0 (compatible; AhrefsBot/7.0; +http://ahrefs.com/robot/)"
88.99.244.56 - - [12/May/2025:11:45:02 -0400] "GET /wp-content/uploads/2021/?NA HTTP/1.1" 200 1258 "-" "serpstatbot/2.1 (advanced backlink tracking bot; https://serpstatbot.com/; abuse@serpstatbot.com)"
88.99.244.56 - - [12/May/2025:11:45:06 -0400] "GET /wp-content/edit-wolf.php?action=edit&file=libgvc.so.6&path=%2F%2Flib64 HTTP/1.1" 200 955 "-" "serpstatbot/2.1 (advanced backlink tracking bot; https://serpstatbot.com/; abuse@serpstatbot.com)"
54.36.149.21 - - [12/May/2025:11:45:10 -0400] "GET /?kzu47626.html HTTP/1.1" 200 2066 "-" "Mozilla/5.0 (compatible; AhrefsBot/7.0; +http://ahrefs.com/robot/)"
88.99.244.56 - - [12/May/2025:11:45:11 -0400] "GET /wp-content/uploads/2021/?SD HTTP/1.1" 200 1271 "-" "serpstatbot/2.1 (advanced backlink tracking bot; https://serpstatbot.com/; abuse@serpstatbot.com)"
54.36.148.55 - - [12/May/2025:11:45:13 -0400] "GET /?cqe42459.html HTTP/1.1" 200 2066 "-" "Mozilla/5.0 (compatible; AhrefsBot/7.0; +http://ahrefs.com/robot/)"
88.99.244.56 - - [12/May/2025:11:45:15 -0400] "GET /wp-content/edit-wolf.php?action=edit&file=libguilereadline-v-18.so.18&path=%2F%2Flib64 HTTP/1.1" 200 964 "-" "serpstatbot/2.1 (advanced backlink tracking bot; https://serpstatbot.com/; abuse@serpstatbot.com)"
88.99.244.56 - - [12/May/2025:11:45:20 -0400] "GET /wp-content/uploads/2022/01/?MA HTTP/1.1" 200 699 "-" "serpstatbot/2.1 (advanced backlink tracking bot; https://serpstatbot.com/; abuse@serpstatbot.com)"
88.99.244.56 - - [12/May/2025:11:45:23 -0400] "GET /wp-content/edit-wolf.php?action=edit&file=libguilereadline-v-18.so&path=%2F%2Flib64 HTTP/1.1" 200 962 "-" "serpstatbot/2.1 (advanced backlink tracking bot; https://serpstatbot.com/; abuse@serpstatbot.com)"
88.99.244.56 - - [12/May/2025:11:45:28 -0400] "GET /wp-content/uploads/2022/01/?ND HTTP/1.1" 200 698 "-" "serpstatbot/2.1 (advanced backlink tracking bot; https://serpstatbot.com/; abuse@serpstatbot.com)"
66.249.65.169 - - [12/May/2025:11:45:31 -0400] "GET /81306326 HTTP/1.1" 200 21466 "-" "Mozilla/5.0 (Linux; Android 6.0.1; Nexus 5X Build/MMB29P) AppleWebKit/537.36 (KHTML, like Gecko) Chrome/136.0.7103.59 Mobile Safari/537.36 (compatible; Googlebot/2.1; +http://www.google.com/bot.html)"
88.99.244.56 - - [12/May/2025:11:45:32 -0400] "GET /wp-content/edit-wolf.php?action=edit&file=libguile-2.0.so.22.8.1&path=%2F%2Flib64 HTTP/1.1" 200 962 "-" "serpstatbot/2.1 (advanced backlink tracking bot; https://serpstatbot.com/; abuse@serpstatbot.com)"
88.99.244.56 - - [12/May/2025:11:45:36 -0400] "GET /wp-content/uploads/2022/01/?SA HTTP/1.1" 200 700 "-" "serpstatbot/2.1 (advanced backlink tracking bot; https://serpstatbot.com/; abuse@serpstatbot.com)"
88.99.244.56 - - [12/May/2025:11:45:40 -0400] "GET /wp-content/edit-wolf.php?action=edit&file=libguile-2.0.so.22&path=%2F%2Flib64 HTTP/1.1" 200 959 "-" "serpstatbot/2.1 (advanced backlink tracking bot; https://serpstatbot.com/; abuse@serpstatbot.com)"
66.249.65.169 - - [12/May/2025:11:45:40 -0400] "GET /66678774 HTTP/1.1" 200 19757 "-" "Mozilla/5.0 (Linux; Android 6.0.1; Nexus 5X Build/MMB29P) AppleWebKit/537.36 (KHTML, like Gecko) Chrome/136.0.7103.59 Mobile Safari/537.36 (compatible; Googlebot/2.1; +http://www.google.com/bot.html)"
88.99.244.56 - - [12/May/2025:11:45:43 -0400] "GET /wp-content/uploads/2022/02/?MA HTTP/1.1" 200 699 "-" "serpstatbot/2.1 (advanced backlink tracking bot; https://serpstatbot.com/; abuse@serpstatbot.com)"
54.36.148.69 - - [12/May/2025:11:45:47 -0400] "GET /?gbu45134.html HTTP/1.1" 200 2066 "-" "Mozilla/5.0 (compatible; AhrefsBot/7.0; +http://ahrefs.com/robot/)"
88.99.244.56 - - [12/May/2025:11:45:48 -0400] "GET /wp-content/edit-wolf.php?action=edit&file=libguestlib.so.0.0.0&path=%2F%2Flib64 HTTP/1.1" 200 958 "-" "serpstatbot/2.1 (advanced backlink tracking bot; https://serpstatbot.com/; abuse@serpstatbot.com)"
20.171.207.232 - - [12/May/2025:11:45:51 -0400] "GET /31949750 HTTP/1.1" 500 0 "-" "Mozilla/5.0 AppleWebKit/537.36 (KHTML, like Gecko; compatible; GPTBot/1.2; +https://openai.com/gptbot)"
88.99.244.56 - - [12/May/2025:11:45:52 -0400] "GET /wp-content/uploads/2022/02/?ND HTTP/1.1" 200 698 "-" "serpstatbot/2.1 (advanced backlink tracking bot; https://serpstatbot.com/; abuse@serpstatbot.com)"
54.36.148.72 - - [12/May/2025:11:45:53 -0400] "GET /?ulo11710.html HTTP/1.1" 200 2065 "-" "Mozilla/5.0 (compatible; AhrefsBot/7.0; +http://ahrefs.com/robot/)"
88.99.244.56 - - [12/May/2025:11:45:56 -0400] "GET /wp-content/edit-wolf.php?action=edit&file=libguestlib.so.0&path=%2F%2Flib64 HTTP/1.1" 200 956 "-" "serpstatbot/2.1 (advanced backlink tracking bot; https://serpstatbot.com/; abuse@serpstatbot.com)"
14.176.17.226 - - [12/May/2025:11:45:56 -0400] "HEAD /wp-content/gallery/sofa-chair/Blue-Sofa-2606.jpg_backup HTTP/1.1" 500 0 "-" "Mozilla/5.0 (Windows NT 10.0; Win64; x64) AppleWebKit/537.36 (KHTML, like Gecko) Chrome/75.0.2378.106 Safari/537.36"
14.176.17.226 - - [12/May/2025:11:45:56 -0400] "GET /wp-content/gallery/sofa-chair/Blue-Sofa-2606.jpg_backup HTTP/1.1" 500 0 "-" "Mozilla/5.0 (Windows NT 10.0; Win64; x64) AppleWebKit/537.36 (KHTML, like Gecko) Chrome/75.0.2378.106 Safari/537.36"
88.99.244.56 - - [12/May/2025:11:46:00 -0400] "GET /wp-content/uploads/2022/02/?SA HTTP/1.1" 200 700 "-" "serpstatbot/2.1 (advanced backlink tracking bot; https://serpstatbot.com/; abuse@serpstatbot.com)"
88.99.244.56 - - [12/May/2025:11:46:04 -0400] "GET /wp-content/edit-wolf.php?action=edit&file=libguestStoreClient.so.0.0.0&path=%2F%2Flib64 HTTP/1.1" 200 964 "-" "serpstatbot/2.1 (advanced backlink tracking bot; https://serpstatbot.com/; abuse@serpstatbot.com)"
88.99.244.56 - - [12/May/2025:11:46:08 -0400] "GET /wp-content/uploads/2022/03/?MA HTTP/1.1" 200 700 "-" "serpstatbot/2.1 (advanced backlink tracking bot; https://serpstatbot.com/; abuse@serpstatbot.com)"
88.99.244.56 - - [12/May/2025:11:46:11 -0400] "GET /wp-content/edit-wolf.php?action=edit&file=libguestStoreClient.so.0&path=%2F%2Flib64 HTTP/1.1" 200 963 "-" "serpstatbot/2.1 (advanced backlink tracking bot; https://serpstatbot.com/; abuse@serpstatbot.com)"
54.36.148.103 - - [12/May/2025:11:46:14 -0400] "GET /?vgs57310.html HTTP/1.1" 200 2108 "-" "Mozilla/5.0 (compatible; AhrefsBot/7.0; +http://ahrefs.com/robot/)"
88.99.244.56 - - [12/May/2025:11:46:14 -0400] "GET /wp-content/uploads/2022/03/?ND HTTP/1.1" 200 698 "-" "serpstatbot/2.1 (advanced backlink tracking bot; https://serpstatbot.com/; abuse@serpstatbot.com)"
88.99.244.56 - - [12/May/2025:11:46:16 -0400] "GET /wp-content/edit-wolf.php?action=edit&file=libgudev-1.0.so.0.2.0&path=%2F%2Flib64 HTTP/1.1" 200 961 "-" "serpstatbot/2.1 (advanced backlink tracking bot; https://serpstatbot.com/; abuse@serpstatbot.com)"
54.36.148.249 - - [12/May/2025:11:46:17 -0400] "GET /?nyb26082.html HTTP/1.1" 200 2066 "-" "Mozilla/5.0 (compatible; AhrefsBot/7.0; +http://ahrefs.com/robot/)"
66.249.65.171 - - [12/May/2025:11:46:18 -0400] "GET /83172950 HTTP/1.1" 200 18405 "-" "Mozilla/5.0 (Linux; Android 6.0.1; Nexus 5X Build/MMB29P) AppleWebKit/537.36 (KHTML, like Gecko) Chrome/136.0.7103.59 Mobile Safari/537.36 (compatible; Googlebot/2.1; +http://www.google.com/bot.html)"
88.99.244.56 - - [12/May/2025:11:46:19 -0400] "GET /wp-content/uploads/2022/03/?SA HTTP/1.1" 200 700 "-" "serpstatbot/2.1 (advanced backlink tracking bot; https://serpstatbot.com/; abuse@serpstatbot.com)"
88.99.244.56 - - [12/May/2025:11:46:22 -0400] "GET /wp-content/edit-wolf.php?action=edit&file=libgudev-1.0.so.0&path=%2F%2Flib64 HTTP/1.1" 200 958 "-" "serpstatbot/2.1 (advanced backlink tracking bot; https://serpstatbot.com/; abuse@serpstatbot.com)"
88.99.244.56 - - [12/May/2025:11:46:25 -0400] "GET /wp-content/uploads/2022/04/?MA HTTP/1.1" 200 699 "-" "serpstatbot/2.1 (advanced backlink tracking bot; https://serpstatbot.com/; abuse@serpstatbot.com)"
88.99.244.56 - - [12/May/2025:11:46:28 -0400] "GET /wp-content/edit-wolf.php?action=edit&file=libgthread-2.0.so.0.5600.4&path=%2F%2Flib64 HTTP/1.1" 200 965 "-" "serpstatbot/2.1 (advanced backlink tracking bot; https://serpstatbot.com/; abuse@serpstatbot.com)"
88.99.244.56 - - [12/May/2025:11:46:30 -0400] "GET /wp-content/uploads/2022/04/?ND HTTP/1.1" 200 698 "-" "serpstatbot/2.1 (advanced backlink tracking bot; https://serpstatbot.com/; abuse@serpstatbot.com)"
54.36.148.48 - - [12/May/2025:11:46:31 -0400] "GET /?oux38501.html HTTP/1.1" 200 2108 "-" "Mozilla/5.0 (compatible; AhrefsBot/7.0; +http://ahrefs.com/robot/)"
52.167.144.180 - - [12/May/2025:11:46:31 -0400] "GET /farquharczwt9/1amaf.html HTTP/1.1" 200 19690 "-" "Mozilla/5.0 AppleWebKit/537.36 (KHTML, like Gecko; compatible; bingbot/2.0; +http://www.bing.com/bingbot.htm) Chrome/116.0.1938.76 Safari/537.36"
88.99.244.56 - - [12/May/2025:11:46:33 -0400] "GET /wp-content/edit-wolf.php?action=edit&file=libgstwebrtc-1.0.so.0.1601.0&path=%2F%2Flib64 HTTP/1.1" 200 965 "-" "serpstatbot/2.1 (advanced backlink tracking bot; https://serpstatbot.com/; abuse@serpstatbot.com)"
88.99.244.56 - - [12/May/2025:11:46:36 -0400] "GET /wp-content/uploads/2022/04/?SA HTTP/1.1" 200 700 "-" "serpstatbot/2.1 (advanced backlink tracking bot; https://serpstatbot.com/; abuse@serpstatbot.com)"
88.99.244.56 - - [12/May/2025:11:46:39 -0400] "GET /wp-content/edit-wolf.php?action=edit&file=libgstwebrtc-1.0.so.0&path=%2F%2Flib64 HTTP/1.1" 200 961 "-" "serpstatbot/2.1 (advanced backlink tracking bot; https://serpstatbot.com/; abuse@serpstatbot.com)"
184.73.167.217 - - [12/May/2025:11:46:40 -0400] "GET /robots.txt HTTP/1.1" 200 142 "-" "Mozilla/5.0 AppleWebKit/537.36 (KHTML, like Gecko; compatible; Amazonbot/0.1; +https://developer.amazon.com/support/amazonbot) Chrome/119.0.6045.214 Safari/537.36"
88.99.244.56 - - [12/May/2025:11:46:41 -0400] "GET /wp-content/uploads/2022/05/?MA HTTP/1.1" 200 699 "-" "serpstatbot/2.1 (advanced backlink tracking bot; https://serpstatbot.com/; abuse@serpstatbot.com)"
34.236.135.14 - - [12/May/2025:11:46:43 -0400] "GET /wp-content/edit-wolf.php?path=/home/procjwtt/public_html/wp-includes/fonts HTTP/1.1" 200 1451 "-" "Mozilla/5.0 AppleWebKit/537.36 (KHTML, like Gecko; compatible; Amazonbot/0.1; +https://developer.amazon.com/support/amazonbot) Chrome/119.0.6045.214 Safari/537.36"
88.99.244.56 - - [12/May/2025:11:46:44 -0400] "GET /wp-content/edit-wolf.php?action=edit&file=libgstwayland-1.0.so.0.1601.0&path=%2F%2Flib64 HTTP/1.1" 200 966 "-" "serpstatbot/2.1 (advanced backlink tracking bot; https://serpstatbot.com/; abuse@serpstatbot.com)"
88.99.244.56 - - [12/May/2025:11:46:47 -0400] "GET /wp-content/uploads/2022/05/?ND HTTP/1.1" 200 698 "-" "serpstatbot/2.1 (advanced backlink tracking bot; https://serpstatbot.com/; abuse@serpstatbot.com)"
54.36.148.190 - - [12/May/2025:11:46:49 -0400] "GET /?kzu26595.html HTTP/1.1" 200 2066 "-" "Mozilla/5.0 (compatible; AhrefsBot/7.0; +http://ahrefs.com/robot/)"
88.99.244.56 - - [12/May/2025:11:46:50 -0400] "GET /wp-content/edit-wolf.php?action=edit&file=libgstwayland-1.0.so.0&path=%2F%2Flib64 HTTP/1.1" 200 962 "-" "serpstatbot/2.1 (advanced backlink tracking bot; https://serpstatbot.com/; abuse@serpstatbot.com)"
88.99.244.56 - - [12/May/2025:11:46:52 -0400] "GET /wp-content/uploads/2022/05/?SA HTTP/1.1" 200 700 "-" "serpstatbot/2.1 (advanced backlink tracking bot; https://serpstatbot.com/; abuse@serpstatbot.com)"
20.171.207.232 - - [12/May/2025:11:46:53 -0400] "GET /74682422 HTTP/1.1" 500 0 "-" "Mozilla/5.0 AppleWebKit/537.36 (KHTML, like Gecko; compatible; GPTBot/1.2; +https://openai.com/gptbot)"
54.36.148.71 - - [12/May/2025:11:46:53 -0400] "GET /?teh26401.html HTTP/1.1" 200 2065 "-" "Mozilla/5.0 (compatible; AhrefsBot/7.0; +http://ahrefs.com/robot/)"
88.99.244.56 - - [12/May/2025:11:46:55 -0400] "GET /wp-content/edit-wolf.php?action=edit&file=libgstvideo-1.0.so.0.1601.0&path=%2F%2Flib64 HTTP/1.1" 200 964 "-" "serpstatbot/2.1 (advanced backlink tracking bot; https://serpstatbot.com/; abuse@serpstatbot.com)"
88.99.244.56 - - [12/May/2025:11:46:58 -0400] "GET /wp-content/uploads/2022/06/?MA HTTP/1.1" 200 700 "-" "serpstatbot/2.1 (advanced backlink tracking bot; https://serpstatbot.com/; abuse@serpstatbot.com)"
88.99.244.56 - - [12/May/2025:11:47:01 -0400] "GET /wp-content/edit-wolf.php?action=edit&file=libgsturidownloader-1.0.so.0.1601.0&path=%2F%2Flib64 HTTP/1.1" 200 970 "-" "serpstatbot/2.1 (advanced backlink tracking bot; https://serpstatbot.com/; abuse@serpstatbot.com)"
88.99.244.56 - - [12/May/2025:11:47:03 -0400] "GET /wp-content/uploads/2022/06/?ND HTTP/1.1" 200 698 "-" "serpstatbot/2.1 (advanced backlink tracking bot; https://serpstatbot.com/; abuse@serpstatbot.com)"
88.99.244.56 - - [12/May/2025:11:47:06 -0400] "GET /wp-content/edit-wolf.php?action=edit&file=libgsttag-1.0.so.0.1601.0&path=%2F%2Flib64 HTTP/1.1" 200 963 "-" "serpstatbot/2.1 (advanced backlink tracking bot; https://serpstatbot.com/; abuse@serpstatbot.com)"
66.249.65.170 - - [12/May/2025:11:47:07 -0400] "GET /16425974 HTTP/1.1" 200 21080 "-" "Mozilla/5.0 (Linux; Android 6.0.1; Nexus 5X Build/MMB29P) AppleWebKit/537.36 (KHTML, like Gecko) Chrome/136.0.7103.59 Mobile Safari/537.36 (compatible; Googlebot/2.1; +http://www.google.com/bot.html)"
88.99.244.56 - - [12/May/2025:11:47:09 -0400] "GET /wp-content/uploads/2022/06/?SA HTTP/1.1" 200 700 "-" "serpstatbot/2.1 (advanced backlink tracking bot; https://serpstatbot.com/; abuse@serpstatbot.com)"
88.99.244.56 - - [12/May/2025:11:47:12 -0400] "GET /wp-content/edit-wolf.php?action=edit&file=libgstsdp-1.0.so.0&path=%2F%2Flib64 HTTP/1.1" 200 959 "-" "serpstatbot/2.1 (advanced backlink tracking bot; https://serpstatbot.com/; abuse@serpstatbot.com)"
88.99.244.56 - - [12/May/2025:11:47:14 -0400] "GET /wp-content/uploads/2022/07/?MA HTTP/1.1" 200 700 "-" "serpstatbot/2.1 (advanced backlink tracking bot; https://serpstatbot.com/; abuse@serpstatbot.com)"
88.99.244.56 - - [12/May/2025:11:47:17 -0400] "GET /wp-content/edit-wolf.php?action=edit&file=libgstsctp-1.0.so.0.1601.0&path=%2F%2Flib64 HTTP/1.1" 200 964 "-" "serpstatbot/2.1 (advanced backlink tracking bot; https://serpstatbot.com/; abuse@serpstatbot.com)"
88.99.244.56 - - [12/May/2025:11:47:20 -0400] "GET /wp-content/uploads/2022/07/?ND HTTP/1.1" 200 698 "-" "serpstatbot/2.1 (advanced backlink tracking bot; https://serpstatbot.com/; abuse@serpstatbot.com)"
88.99.244.56 - - [12/May/2025:11:47:22 -0400] "GET /wp-content/edit-wolf.php?action=edit&file=libgstsctp-1.0.so.0&path=%2F%2Flib64 HTTP/1.1" 200 960 "-" "serpstatbot/2.1 (advanced backlink tracking bot; https://serpstatbot.com/; abuse@serpstatbot.com)"
54.36.148.130 - - [12/May/2025:11:47:23 -0400] "GET /?zig50082.html HTTP/1.1" 200 2065 "-" "Mozilla/5.0 (compatible; AhrefsBot/7.0; +http://ahrefs.com/robot/)"
3.143.115.168 - - [12/May/2025:11:47:24 -0400] "GET /wp-admin/admin-wolf.php?action=edit&file=.htaccess&path=%2Fhome%2Fprocjwtt%2Fpublic_html%2Fwp-content HTTP/1.1" 403 1242 "-" "Mozilla/5.0 AppleWebKit/537.36 (KHTML, like Gecko; compatible; ClaudeBot/1.0; +claudebot@anthropic.com)"
88.99.244.56 - - [12/May/2025:11:47:25 -0400] "GET /wp-content/uploads/2022/07/?SA HTTP/1.1" 200 700 "-" "serpstatbot/2.1 (advanced backlink tracking bot; https://serpstatbot.com/; abuse@serpstatbot.com)"
213.180.203.149 - - [12/May/2025:11:47:28 -0400] "GET /final-fantasy-psp-theme-k.html HTTP/1.1" 500 0 "-" "Mozilla/5.0 (compatible; YandexBot/3.0; +http://yandex.com/bots)"
88.99.244.56 - - [12/May/2025:11:47:28 -0400] "GET /wp-content/edit-wolf.php?action=edit&file=libgstrtsp-1.0.so.0&path=%2F%2Flib64 HTTP/1.1" 200 959 "-" "serpstatbot/2.1 (advanced backlink tracking bot; https://serpstatbot.com/; abuse@serpstatbot.com)"
88.99.244.56 - - [12/May/2025:11:47:31 -0400] "GET /wp-content/uploads/2022/08/?MA HTTP/1.1" 200 699 "-" "serpstatbot/2.1 (advanced backlink tracking bot; https://serpstatbot.com/; abuse@serpstatbot.com)"
88.99.244.56 - - [12/May/2025:11:47:33 -0400] "GET /wp-content/edit-wolf.php?action=edit&file=libgstrtp-1.0.so.0.1601.0&path=%2F%2Flib64 HTTP/1.1" 200 963 "-" "serpstatbot/2.1 (advanced backlink tracking bot; https://serpstatbot.com/; abuse@serpstatbot.com)"
88.99.244.56 - - [12/May/2025:11:47:36 -0400] "GET /wp-content/uploads/2022/08/?ND HTTP/1.1" 200 698 "-" "serpstatbot/2.1 (advanced backlink tracking bot; https://serpstatbot.com/; abuse@serpstatbot.com)"
88.99.244.56 - - [12/May/2025:11:47:39 -0400] "GET /wp-content/edit-wolf.php?action=edit&file=libgstrtp-1.0.so.0&path=%2F%2Flib64 HTTP/1.1" 200 959 "-" "serpstatbot/2.1 (advanced backlink tracking bot; https://serpstatbot.com/; abuse@serpstatbot.com)"
