54.36.149.52 - - [12/May/2025:10:14:46 -0400] "GET /?zwy53196.html HTTP/1.1" 200 2066 "-" "Mozilla/5.0 (compatible; AhrefsBot/7.0; +http://ahrefs.com/robot/)"
66.249.65.169 - - [12/May/2025:10:14:49 -0400] "GET /36533014 HTTP/1.1" 200 18759 "-" "Mozilla/5.0 (Linux; Android 6.0.1; Nexus 5X Build/MMB29P) AppleWebKit/537.36 (KHTML, like Gecko) Chrome/136.0.7103.59 Mobile Safari/537.36 (compatible; Googlebot/2.1; +http://www.google.com/bot.html)"
88.99.244.56 - - [12/May/2025:10:14:58 -0400] "GET /wp-content/edit-wolf.php?path=%2Fhome%2Fprocjwtt%2F.analytic HTTP/1.1" 200 1108 "-" "serpstatbot/2.1 (advanced backlink tracking bot; https://serpstatbot.com/; abuse@serpstatbot.com)"
66.249.65.171 - - [12/May/2025:10:15:01 -0400] "GET /30274870 HTTP/1.1" 200 20603 "-" "Mozilla/5.0 (Linux; Android 6.0.1; Nexus 5X Build/MMB29P) AppleWebKit/537.36 (KHTML, like Gecko) Chrome/136.0.7103.59 Mobile Safari/537.36 (compatible; Googlebot/2.1; +http://www.google.com/bot.html)"
66.249.65.169 - - [12/May/2025:10:15:04 -0400] "GET /34279382 HTTP/1.1" 200 18804 "-" "Mozilla/5.0 (Linux; Android 6.0.1; Nexus 5X Build/MMB29P) AppleWebKit/537.36 (KHTML, like Gecko) Chrome/136.0.7103.59 Mobile Safari/537.36 (compatible; Googlebot/2.1; +http://www.google.com/bot.html)"
66.249.65.170 - - [12/May/2025:10:15:10 -0400] "GET /55578358 HTTP/1.1" 200 19115 "-" "Mozilla/5.0 (Linux; Android 6.0.1; Nexus 5X Build/MMB29P) AppleWebKit/537.36 (KHTML, like Gecko) Chrome/136.0.7103.59 Mobile Safari/537.36 (compatible; Googlebot/2.1; +http://www.google.com/bot.html)"
54.36.148.86 - - [12/May/2025:10:15:11 -0400] "GET /?nns57011.html HTTP/1.1" 200 2066 "-" "Mozilla/5.0 (compatible; AhrefsBot/7.0; +http://ahrefs.com/robot/)"
88.99.244.56 - - [12/May/2025:10:15:12 -0400] "GET /wp-content/edit-wolf.php?path=%2F%2Fvar HTTP/1.1" 200 1310 "-" "serpstatbot/2.1 (advanced backlink tracking bot; https://serpstatbot.com/; abuse@serpstatbot.com)"
54.36.148.245 - - [12/May/2025:10:15:15 -0400] "GET /?ouv32196.html HTTP/1.1" 200 2066 "-" "Mozilla/5.0 (compatible; AhrefsBot/7.0; +http://ahrefs.com/robot/)"
95.108.213.155 - - [12/May/2025:10:15:19 -0400] "GET /33164790 HTTP/1.1" 500 0 "-" "Mozilla/5.0 (compatible; YandexBot/3.0; +http://yandex.com/bots)"
66.249.65.169 - - [12/May/2025:10:15:21 -0400] "GET /56193142 HTTP/1.1" 200 19152 "-" "Mozilla/5.0 (Linux; Android 6.0.1; Nexus 5X Build/MMB29P) AppleWebKit/537.36 (KHTML, like Gecko) Chrome/136.0.7103.59 Mobile Safari/537.36 (compatible; Googlebot/2.1; +http://www.google.com/bot.html)"
5.255.231.74 - - [12/May/2025:10:15:22 -0400] "GET /39707574 HTTP/1.1" 500 0 "-" "Mozilla/5.0 (compatible; YandexBot/3.0; +http://yandex.com/bots)"
88.99.244.56 - - [12/May/2025:10:15:24 -0400] "GET /wp-content/edit-wolf.php?path=%2F%2Fusr HTTP/1.1" 200 1276 "-" "serpstatbot/2.1 (advanced backlink tracking bot; https://serpstatbot.com/; abuse@serpstatbot.com)"
66.249.65.169 - - [12/May/2025:10:15:27 -0400] "GET /8749878 HTTP/1.1" 200 19577 "-" "Mozilla/5.0 (Linux; Android 6.0.1; Nexus 5X Build/MMB29P) AppleWebKit/537.36 (KHTML, like Gecko) Chrome/136.0.7103.59 Mobile Safari/537.36 (compatible; Googlebot/2.1; +http://www.google.com/bot.html)"
95.108.213.219 - - [12/May/2025:10:15:29 -0400] "GET /65628086 HTTP/1.1" 500 0 "-" "Mozilla/5.0 (compatible; YandexBot/3.0; +http://yandex.com/bots)"
57.141.4.11 - - [12/May/2025:10:15:32 -0400] "GET /10055510 HTTP/1.1" 500 0 "-" "meta-externalagent/1.1 (+https://developers.facebook.com/docs/sharing/webmasters/crawler)"
88.99.244.56 - - [12/May/2025:10:15:35 -0400] "GET /wp-content/edit-wolf.php?path=%2F%2Ftmp HTTP/1.1" 200 1247 "-" "serpstatbot/2.1 (advanced backlink tracking bot; https://serpstatbot.com/; abuse@serpstatbot.com)"
66.249.65.169 - - [12/May/2025:10:15:38 -0400] "GET /97054294 HTTP/1.1" 200 20021 "-" "Mozilla/5.0 (Linux; Android 6.0.1; Nexus 5X Build/MMB29P) AppleWebKit/537.36 (KHTML, like Gecko) Chrome/136.0.7103.59 Mobile Safari/537.36 (compatible; GoogleOther)"
66.249.65.169 - - [12/May/2025:10:15:42 -0400] "GET /34677430 HTTP/1.1" 200 19508 "-" "Mozilla/5.0 (Linux; Android 6.0.1; Nexus 5X Build/MMB29P) AppleWebKit/537.36 (KHTML, like Gecko) Chrome/136.0.7103.59 Mobile Safari/537.36 (compatible; Googlebot/2.1; +http://www.google.com/bot.html)"
88.99.244.56 - - [12/May/2025:10:15:46 -0400] "GET /wp-content/edit-wolf.php?path=%2F%2Fsbin HTTP/1.1" 200 2074 "-" "serpstatbot/2.1 (advanced backlink tracking bot; https://serpstatbot.com/; abuse@serpstatbot.com)"
88.99.244.56 - - [12/May/2025:10:15:57 -0400] "GET /wp-content/edit-wolf.php?path=%2F%2Frun HTTP/1.1" 200 1393 "-" "serpstatbot/2.1 (advanced backlink tracking bot; https://serpstatbot.com/; abuse@serpstatbot.com)"
95.108.213.188 - - [12/May/2025:10:15:59 -0400] "GET /24196278 HTTP/1.1" 500 0 "-" "Mozilla/5.0 (compatible; YandexBot/3.0; +http://yandex.com/bots)"
54.36.148.82 - - [12/May/2025:10:16:03 -0400] "GET /?znb38278.html HTTP/1.1" 200 2066 "-" "Mozilla/5.0 (compatible; AhrefsBot/7.0; +http://ahrefs.com/robot/)"
88.99.244.56 - - [12/May/2025:10:16:08 -0400] "GET /wp-content/edit-wolf.php?path=%2F%2Froot HTTP/1.1" 200 1083 "-" "serpstatbot/2.1 (advanced backlink tracking bot; https://serpstatbot.com/; abuse@serpstatbot.com)"
88.99.244.56 - - [12/May/2025:10:16:11 -0400] "GET /wp-content/edit-wolf.php?action=edit&file=.htaccess&path=%2Fhome%2Fprocjwtt%2Fpublic_html%2Fwp-content HTTP/1.1" 403 1242 "-" "serpstatbot/2.1 (advanced backlink tracking bot; https://serpstatbot.com/; abuse@serpstatbot.com)"
88.99.244.56 - - [12/May/2025:10:16:16 -0400] "GET /wp-includes/l10n/error_log HTTP/1.1" 403 1242 "-" "serpstatbot/2.1 (advanced backlink tracking bot; https://serpstatbot.com/; abuse@serpstatbot.com)"
88.99.244.56 - - [12/May/2025:10:16:19 -0400] "GET /wp-includes/l10n/class-wp-translation-file-php.php HTTP/1.1" 500 0 "-" "serpstatbot/2.1 (advanced backlink tracking bot; https://serpstatbot.com/; abuse@serpstatbot.com)"
88.99.244.56 - - [12/May/2025:10:16:21 -0400] "GET /wp-includes/l10n/class-wp-translation-file-mo.php HTTP/1.1" 500 0 "-" "serpstatbot/2.1 (advanced backlink tracking bot; https://serpstatbot.com/; abuse@serpstatbot.com)"
88.99.244.56 - - [12/May/2025:10:16:24 -0400] "GET /wp-includes/block-supports/typography.php HTTP/1.1" 500 0 "-" "serpstatbot/2.1 (advanced backlink tracking bot; https://serpstatbot.com/; abuse@serpstatbot.com)"
88.99.244.56 - - [12/May/2025:10:16:27 -0400] "GET /wp-includes/block-supports/spacing.php HTTP/1.1" 500 0 "-" "serpstatbot/2.1 (advanced backlink tracking bot; https://serpstatbot.com/; abuse@serpstatbot.com)"
54.36.148.113 - - [12/May/2025:10:16:29 -0400] "GET /?ouv4452.html HTTP/1.1" 200 2066 "-" "Mozilla/5.0 (compatible; AhrefsBot/7.0; +http://ahrefs.com/robot/)"
88.99.244.56 - - [12/May/2025:10:16:31 -0400] "GET /wp-includes/block-supports/shadow.php HTTP/1.1" 500 0 "-" "serpstatbot/2.1 (advanced backlink tracking bot; https://serpstatbot.com/; abuse@serpstatbot.com)"
66.249.65.169 - - [12/May/2025:10:16:33 -0400] "GET /24041462 HTTP/1.1" 200 21063 "-" "Mozilla/5.0 (Linux; Android 6.0.1; Nexus 5X Build/MMB29P) AppleWebKit/537.36 (KHTML, like Gecko) Chrome/136.0.7103.59 Mobile Safari/537.36 (compatible; Googlebot/2.1; +http://www.google.com/bot.html)"
88.99.244.56 - - [12/May/2025:10:16:33 -0400] "GET /wp-includes/block-supports/settings.php HTTP/1.1" 500 0 "-" "serpstatbot/2.1 (advanced backlink tracking bot; https://serpstatbot.com/; abuse@serpstatbot.com)"
88.99.244.56 - - [12/May/2025:10:16:34 -0400] "GET /wp-includes/block-supports/position.php HTTP/1.1" 500 0 "-" "serpstatbot/2.1 (advanced backlink tracking bot; https://serpstatbot.com/; abuse@serpstatbot.com)"
88.99.244.56 - - [12/May/2025:10:16:37 -0400] "GET /wp-includes/block-supports/layout.php HTTP/1.1" 500 0 "-" "serpstatbot/2.1 (advanced backlink tracking bot; https://serpstatbot.com/; abuse@serpstatbot.com)"
57.141.4.1 - - [12/May/2025:10:16:39 -0400] "GET /43647574 HTTP/1.1" 500 0 "-" "meta-externalagent/1.1 (+https://developers.facebook.com/docs/sharing/webmasters/crawler)"
88.99.244.56 - - [12/May/2025:10:16:40 -0400] "GET /wp-includes/block-supports/generated-classname.php HTTP/1.1" 500 0 "-" "serpstatbot/2.1 (advanced backlink tracking bot; https://serpstatbot.com/; abuse@serpstatbot.com)"
66.249.65.169 - - [12/May/2025:10:16:43 -0400] "GET /66797430 HTTP/1.1" 200 19609 "-" "Mozilla/5.0 (Linux; Android 6.0.1; Nexus 5X Build/MMB29P) AppleWebKit/537.36 (KHTML, like Gecko) Chrome/136.0.7103.59 Mobile Safari/537.36 (compatible; Googlebot/2.1; +http://www.google.com/bot.html)"
88.99.244.56 - - [12/May/2025:10:16:44 -0400] "GET /wp-includes/block-supports/error_log HTTP/1.1" 403 1242 "-" "serpstatbot/2.1 (advanced backlink tracking bot; https://serpstatbot.com/; abuse@serpstatbot.com)"
66.249.65.169 - - [12/May/2025:10:16:48 -0400] "GET /68190550 HTTP/1.1" 200 21328 "-" "Mozilla/5.0 (Linux; Android 6.0.1; Nexus 5X Build/MMB29P) AppleWebKit/537.36 (KHTML, like Gecko) Chrome/136.0.7103.59 Mobile Safari/537.36 (compatible; Googlebot/2.1; +http://www.google.com/bot.html)"
88.99.244.56 - - [12/May/2025:10:16:48 -0400] "GET /wp-includes/block-supports/elements.php HTTP/1.1" 500 0 "-" "serpstatbot/2.1 (advanced backlink tracking bot; https://serpstatbot.com/; abuse@serpstatbot.com)"
54.36.148.218 - - [12/May/2025:10:16:51 -0400] "GET /?uzz47456.html HTTP/1.1" 200 2064 "-" "Mozilla/5.0 (compatible; AhrefsBot/7.0; +http://ahrefs.com/robot/)"
88.99.244.56 - - [12/May/2025:10:16:51 -0400] "GET /wp-includes/block-supports/duotone.php HTTP/1.1" 500 0 "-" "serpstatbot/2.1 (advanced backlink tracking bot; https://serpstatbot.com/; abuse@serpstatbot.com)"
88.99.244.56 - - [12/May/2025:10:16:55 -0400] "GET /wp-includes/block-supports/dimensions.php HTTP/1.1" 500 0 "-" "serpstatbot/2.1 (advanced backlink tracking bot; https://serpstatbot.com/; abuse@serpstatbot.com)"
88.99.244.56 - - [12/May/2025:10:16:59 -0400] "GET /wp-includes/block-supports/custom-classname.php HTTP/1.1" 500 0 "-" "serpstatbot/2.1 (advanced backlink tracking bot; https://serpstatbot.com/; abuse@serpstatbot.com)"
66.249.65.169 - - [12/May/2025:10:16:59 -0400] "GET /pcmypage?callback=product%2Fdetail%2FVNF108456875 HTTP/1.1" 200 18880 "-" "Mozilla/5.0 (Linux; Android 6.0.1; Nexus 5X Build/MMB29P) AppleWebKit/537.36 (KHTML, like Gecko) Chrome/136.0.7103.59 Mobile Safari/537.36 (compatible; Googlebot/2.1; +http://www.google.com/bot.html)"
88.99.244.56 - - [12/May/2025:10:17:03 -0400] "GET /wp-includes/block-supports/colors.php HTTP/1.1" 500 0 "-" "serpstatbot/2.1 (advanced backlink tracking bot; https://serpstatbot.com/; abuse@serpstatbot.com)"
66.249.65.169 - - [12/May/2025:10:17:06 -0400] "GET /59671926 HTTP/1.1" 200 20444 "-" "Mozilla/5.0 (Linux; Android 6.0.1; Nexus 5X Build/MMB29P) AppleWebKit/537.36 (KHTML, like Gecko) Chrome/136.0.7103.59 Mobile Safari/537.36 (compatible; Googlebot/2.1; +http://www.google.com/bot.html)"
88.99.244.56 - - [12/May/2025:10:17:08 -0400] "GET /wp-includes/block-supports/border.php HTTP/1.1" 500 0 "-" "serpstatbot/2.1 (advanced backlink tracking bot; https://serpstatbot.com/; abuse@serpstatbot.com)"
54.36.149.61 - - [12/May/2025:10:17:11 -0400] "GET /?ouv4966.html HTTP/1.1" 200 2064 "-" "Mozilla/5.0 (compatible; AhrefsBot/7.0; +http://ahrefs.com/robot/)"
88.99.244.56 - - [12/May/2025:10:17:11 -0400] "GET /wp-includes/block-supports/block-style-variations.php HTTP/1.1" 500 0 "-" "serpstatbot/2.1 (advanced backlink tracking bot; https://serpstatbot.com/; abuse@serpstatbot.com)"
66.249.65.169 - - [12/May/2025:10:17:13 -0400] "GET /pcmypage?callback=product%2Fdetail%2FBFGZ90411405 HTTP/1.1" 200 19769 "-" "Mozilla/5.0 (Linux; Android 6.0.1; Nexus 5X Build/MMB29P) AppleWebKit/537.36 (KHTML, like Gecko) Chrome/136.0.7103.59 Mobile Safari/537.36 (compatible; Googlebot/2.1; +http://www.google.com/bot.html)"
66.249.65.169 - - [12/May/2025:10:17:15 -0400] "GET /search?category=&search_word=&restrict[]=person_id(int)=VNF HTTP/1.1" 200 19398 "-" "Mozilla/5.0 (Linux; Android 6.0.1; Nexus 5X Build/MMB29P) AppleWebKit/537.36 (KHTML, like Gecko) Chrome/136.0.7103.59 Mobile Safari/537.36 (compatible; Googlebot/2.1; +http://www.google.com/bot.html)"
88.99.244.56 - - [12/May/2025:10:17:16 -0400] "GET /wp-includes/block-supports/background.php HTTP/1.1" 500 0 "-" "serpstatbot/2.1 (advanced backlink tracking bot; https://serpstatbot.com/; abuse@serpstatbot.com)"
88.99.244.56 - - [12/May/2025:10:17:21 -0400] "GET /wp-includes/block-supports/align.php HTTP/1.1" 500 0 "-" "serpstatbot/2.1 (advanced backlink tracking bot; https://serpstatbot.com/; abuse@serpstatbot.com)"
66.249.65.169 - - [12/May/2025:10:17:21 -0400] "GET /pcmypage?callback=product%2Fdetail%2FLVUM34966687 HTTP/1.1" 200 18500 "-" "Mozilla/5.0 (Linux; Android 6.0.1; Nexus 5X Build/MMB29P) AppleWebKit/537.36 (KHTML, like Gecko) Chrome/136.0.7103.59 Mobile Safari/537.36 (compatible; Googlebot/2.1; +http://www.google.com/bot.html)"
66.249.65.169 - - [12/May/2025:10:17:24 -0400] "GET /69632726 HTTP/1.1" 200 19582 "-" "Mozilla/5.0 (Linux; Android 6.0.1; Nexus 5X Build/MMB29P) AppleWebKit/537.36 (KHTML, like Gecko) Chrome/136.0.7103.59 Mobile Safari/537.36 (compatible; Googlebot/2.1; +http://www.google.com/bot.html)"
88.99.244.56 - - [12/May/2025:10:17:26 -0400] "GET /wp-content/uploads/wpcf7_uploads/ HTTP/1.1" 403 1242 "-" "serpstatbot/2.1 (advanced backlink tracking bot; https://serpstatbot.com/; abuse@serpstatbot.com)"
54.36.148.51 - - [12/May/2025:10:17:26 -0400] "GET /?cze5352.html HTTP/1.1" 200 2064 "-" "Mozilla/5.0 (compatible; AhrefsBot/7.0; +http://ahrefs.com/robot/)"
66.249.65.169 - - [12/May/2025:10:17:27 -0400] "GET /96027734 HTTP/1.1" 200 22031 "-" "Mozilla/5.0 (Linux; Android 6.0.1; Nexus 5X Build/MMB29P) AppleWebKit/537.36 (KHTML, like Gecko) Chrome/136.0.7103.59 Mobile Safari/537.36 (compatible; Googlebot/2.1; +http://www.google.com/bot.html)"
66.249.65.169 - - [12/May/2025:10:17:30 -0400] "GET /53378838 HTTP/1.1" 200 19290 "-" "Mozilla/5.0 (Linux; Android 6.0.1; Nexus 5X Build/MMB29P) AppleWebKit/537.36 (KHTML, like Gecko) Chrome/136.0.7103.59 Mobile Safari/537.36 (compatible; Googlebot/2.1; +http://www.google.com/bot.html)"
95.108.213.1 - - [12/May/2025:10:17:42 -0400] "GET /robots.txt HTTP/1.1" 200 981 "-" "Mozilla/5.0 (compatible; YandexBot/3.0; +http://yandex.com/bots)"
95.108.213.2 - - [12/May/2025:10:17:43 -0400] "GET /55404406 HTTP/1.1" 500 0 "-" "Mozilla/5.0 (compatible; YandexBot/3.0; +http://yandex.com/bots)"
213.180.203.209 - - [12/May/2025:10:17:44 -0400] "GET /55404406 HTTP/1.1" 500 0 "-" "Mozilla/5.0 (compatible; YandexBot/3.0; +http://yandex.com/bots)"
57.141.4.27 - - [12/May/2025:10:17:46 -0400] "GET /36303958 HTTP/1.1" 500 0 "-" "meta-externalagent/1.1 (+https://developers.facebook.com/docs/sharing/webmasters/crawler)"
54.36.148.173 - - [12/May/2025:10:17:47 -0400] "GET /?guu24052.html HTTP/1.1" 200 2065 "-" "Mozilla/5.0 (compatible; AhrefsBot/7.0; +http://ahrefs.com/robot/)"
47.239.148.221 - - [12/May/2025:10:17:49 -0400] "HEAD /wp-content/uploads/2022/11/Before-After-1-768x768.png.orig HTTP/1.1" 200 0 "-" "Mozilla/5.0 (Windows NT 6.0; Win64; x64) AppleWebKit/537.36 (KHTML, like Gecko) Chrome/66.0.2551.68 Safari/537.36"
47.239.147.39 - - [12/May/2025:10:17:49 -0400] "HEAD /wp-content/ngg/modules/photocrati-nextgen_addgallery_page/static/?ND= HTTP/1.1" 500 0 "-" "Mozilla/5.0 (Windows NT 6.0; Win64; x64) AppleWebKit/537.36 (KHTML, like Gecko) Chrome/68.0.3991.124 Safari/537.36"
47.239.147.46 - - [12/May/2025:10:17:49 -0400] "HEAD /wp-content/gallery/sofa-chair/Blue-Sofa-2606.jpg_backup HTTP/1.1" 500 0 "-" "Mozilla/5.0 (Windows NT 6.1; Win64; x64) AppleWebKit/537.36 (KHTML, like Gecko) Chrome/73.0.3919.37 Safari/537.36"
47.239.147.46 - - [12/May/2025:10:17:49 -0400] "GET /wp-content/gallery/sofa-chair/Blue-Sofa-2606.jpg_backup HTTP/1.1" 500 0 "-" "Mozilla/5.0 (Windows NT 6.1; Win64; x64) AppleWebKit/537.36 (KHTML, like Gecko) Chrome/73.0.3919.37 Safari/537.36"
47.239.147.39 - - [12/May/2025:10:17:49 -0400] "GET /wp-content/ngg/modules/photocrati-nextgen_addgallery_page/static/?ND= HTTP/1.1" 500 0 "-" "Mozilla/5.0 (Windows NT 6.0; Win64; x64) AppleWebKit/537.36 (KHTML, like Gecko) Chrome/68.0.3991.124 Safari/537.36"
66.249.65.169 - - [12/May/2025:10:17:50 -0400] "GET /61674870 HTTP/1.1" 200 18535 "-" "Mozilla/5.0 (Linux; Android 6.0.1; Nexus 5X Build/MMB29P) AppleWebKit/537.36 (KHTML, like Gecko) Chrome/136.0.7103.59 Mobile Safari/537.36 (compatible; Googlebot/2.1; +http://www.google.com/bot.html)"
66.249.65.171 - - [12/May/2025:10:18:02 -0400] "GET /search?category=&search_word=&restrict[]=person_id(int)=UXHL HTTP/1.1" 200 19616 "-" "Mozilla/5.0 (Linux; Android 6.0.1; Nexus 5X Build/MMB29P) AppleWebKit/537.36 (KHTML, like Gecko) Chrome/136.0.7103.59 Mobile Safari/537.36 (compatible; Googlebot/2.1; +http://www.google.com/bot.html)"
66.249.65.170 - - [12/May/2025:10:18:07 -0400] "GET /43182806 HTTP/1.1" 200 19082 "-" "Mozilla/5.0 (Linux; Android 6.0.1; Nexus 5X Build/MMB29P) AppleWebKit/537.36 (KHTML, like Gecko) Chrome/136.0.7103.59 Mobile Safari/537.36 (compatible; Googlebot/2.1; +http://www.google.com/bot.html)"
66.249.65.169 - - [12/May/2025:10:18:12 -0400] "GET /7617014 HTTP/1.1" 200 19183 "-" "Mozilla/5.0 (Linux; Android 6.0.1; Nexus 5X Build/MMB29P) AppleWebKit/537.36 (KHTML, like Gecko) Chrome/136.0.7103.59 Mobile Safari/537.36 (compatible; Googlebot/2.1; +http://www.google.com/bot.html)"
54.36.148.208 - - [12/May/2025:10:18:16 -0400] "GET /?znb10607.html HTTP/1.1" 200 2063 "-" "Mozilla/5.0 (compatible; AhrefsBot/7.0; +http://ahrefs.com/robot/)"
66.249.65.169 - - [12/May/2025:10:18:18 -0400] "POST /get-message-notify HTTP/1.1" 200 19018 "https://procarecleaning.com.sg/43182806" "Mozilla/5.0 (Linux; Android 6.0.1; Nexus 5X Build/MMB29P) AppleWebKit/537.36 (KHTML, like Gecko) Chrome/135.0.7049.114 Mobile Safari/537.36 (compatible; Googlebot/2.1; +http://www.google.com/bot.html)"
66.249.65.169 - - [12/May/2025:10:18:23 -0400] "GET /48458870 HTTP/1.1" 200 20150 "-" "Mozilla/5.0 (Linux; Android 6.0.1; Nexus 5X Build/MMB29P) AppleWebKit/537.36 (KHTML, like Gecko) Chrome/136.0.7103.59 Mobile Safari/537.36 (compatible; Googlebot/2.1; +http://www.google.com/bot.html)"
54.36.149.62 - - [12/May/2025:10:18:26 -0400] "GET /?znb51433.html HTTP/1.1" 200 2063 "-" "Mozilla/5.0 (compatible; AhrefsBot/7.0; +http://ahrefs.com/robot/)"
88.99.244.56 - - [12/May/2025:10:18:30 -0400] "GET /wp-content/edit-wolf.php?path=%2F%2Fproc HTTP/1.1" 200 1992 "-" "serpstatbot/2.1 (advanced backlink tracking bot; https://serpstatbot.com/; abuse@serpstatbot.com)"
66.249.65.169 - - [12/May/2025:10:18:31 -0400] "POST /get-message-notify HTTP/1.1" 200 19018 "https://procarecleaning.com.sg/48458870" "Mozilla/5.0 (Linux; Android 6.0.1; Nexus 5X Build/MMB29P) AppleWebKit/537.36 (KHTML, like Gecko) Chrome/135.0.7049.114 Mobile Safari/537.36 (compatible; Googlebot/2.1; +http://www.google.com/bot.html)"
54.36.148.83 - - [12/May/2025:10:18:33 -0400] "GET /?sdy37682.html HTTP/1.1" 200 2063 "-" "Mozilla/5.0 (compatible; AhrefsBot/7.0; +http://ahrefs.com/robot/)"
88.99.244.56 - - [12/May/2025:10:18:38 -0400] "GET /wp-content/edit-wolf.php?path=%2F%2Fopt HTTP/1.1" 200 1390 "-" "serpstatbot/2.1 (advanced backlink tracking bot; https://serpstatbot.com/; abuse@serpstatbot.com)"
54.36.148.59 - - [12/May/2025:10:18:38 -0400] "GET /?gtu38053.html HTTP/1.1" 200 2063 "-" "Mozilla/5.0 (compatible; AhrefsBot/7.0; +http://ahrefs.com/robot/)"
66.249.65.169 - - [12/May/2025:10:18:44 -0400] "GET /pcmypage?callback=/product%2Fdetail%2FYXPCF208255689 HTTP/1.1" 200 18597 "-" "Mozilla/5.0 (Linux; Android 6.0.1; Nexus 5X Build/MMB29P) AppleWebKit/537.36 (KHTML, like Gecko) Chrome/136.0.7103.59 Mobile Safari/537.36 (compatible; Googlebot/2.1; +http://www.google.com/bot.html)"
54.36.148.37 - - [12/May/2025:10:18:46 -0400] "GET /?kzu18455.html HTTP/1.1" 200 2063 "-" "Mozilla/5.0 (compatible; AhrefsBot/7.0; +http://ahrefs.com/robot/)"
88.99.244.56 - - [12/May/2025:10:18:47 -0400] "GET /wp-content/edit-wolf.php?path=%2F%2Flib64 HTTP/1.1" 200 26279 "-" "serpstatbot/2.1 (advanced backlink tracking bot; https://serpstatbot.com/; abuse@serpstatbot.com)"
66.249.65.169 - - [12/May/2025:10:18:49 -0400] "GET /87892886 HTTP/1.1" 200 18599 "-" "Mozilla/5.0 (Linux; Android 6.0.1; Nexus 5X Build/MMB29P) AppleWebKit/537.36 (KHTML, like Gecko) Chrome/136.0.7103.59 Mobile Safari/537.36 (compatible; Googlebot/2.1; +http://www.google.com/bot.html)"
54.36.149.45 - - [12/May/2025:10:18:50 -0400] "GET /?cox47104.html HTTP/1.1" 200 2063 "-" "Mozilla/5.0 (compatible; AhrefsBot/7.0; +http://ahrefs.com/robot/)"
57.141.4.26 - - [12/May/2025:10:18:52 -0400] "GET /69782358 HTTP/1.1" 500 0 "-" "meta-externalagent/1.1 (+https://developers.facebook.com/docs/sharing/webmasters/crawler)"
88.99.244.56 - - [12/May/2025:10:18:55 -0400] "GET /wp-content/edit-wolf.php?path=%2F%2Flib HTTP/1.1" 200 1709 "-" "serpstatbot/2.1 (advanced backlink tracking bot; https://serpstatbot.com/; abuse@serpstatbot.com)"
66.249.65.169 - - [12/May/2025:10:18:55 -0400] "GET /17446998 HTTP/1.1" 200 20470 "-" "Mozilla/5.0 (Linux; Android 6.0.1; Nexus 5X Build/MMB29P) AppleWebKit/537.36 (KHTML, like Gecko) Chrome/136.0.7103.59 Mobile Safari/537.36 (compatible; Googlebot/2.1; +http://www.google.com/bot.html)"
88.99.244.56 - - [12/May/2025:10:19:01 -0400] "GET /wp-content/edit-wolf.php?path=%2F%2Fhome4 HTTP/1.1" 200 1084 "-" "serpstatbot/2.1 (advanced backlink tracking bot; https://serpstatbot.com/; abuse@serpstatbot.com)"
54.36.149.43 - - [12/May/2025:10:19:06 -0400] "GET /?cqe1657.html HTTP/1.1" 200 2062 "-" "Mozilla/5.0 (compatible; AhrefsBot/7.0; +http://ahrefs.com/robot/)"
88.99.244.56 - - [12/May/2025:10:19:07 -0400] "GET /wp-content/edit-wolf.php?path=%2F%2Fhome3 HTTP/1.1" 200 1084 "-" "serpstatbot/2.1 (advanced backlink tracking bot; https://serpstatbot.com/; abuse@serpstatbot.com)"
66.249.65.169 - - [12/May/2025:10:19:10 -0400] "GET /pcmypage?callback=product%2Fdetail%2FEHL5678351 HTTP/1.1" 200 19845 "-" "Mozilla/5.0 (Linux; Android 6.0.1; Nexus 5X Build/MMB29P) AppleWebKit/537.36 (KHTML, like Gecko) Chrome/136.0.7103.59 Mobile Safari/537.36 (compatible; Googlebot/2.1; +http://www.google.com/bot.html)"
88.99.244.56 - - [12/May/2025:10:19:13 -0400] "GET /wp-content/edit-wolf.php?path=%2F%2Fhome2 HTTP/1.1" 200 1084 "-" "serpstatbot/2.1 (advanced backlink tracking bot; https://serpstatbot.com/; abuse@serpstatbot.com)"
88.99.244.56 - - [12/May/2025:10:19:18 -0400] "GET /wp-content/edit-wolf.php?path=%2F%2Fhome HTTP/1.1" 200 1173 "-" "serpstatbot/2.1 (advanced backlink tracking bot; https://serpstatbot.com/; abuse@serpstatbot.com)"
54.36.148.120 - - [12/May/2025:10:19:18 -0400] "GET /?nyb19631.html HTTP/1.1" 200 2062 "-" "Mozilla/5.0 (compatible; AhrefsBot/7.0; +http://ahrefs.com/robot/)"
66.249.65.169 - - [12/May/2025:10:19:22 -0400] "GET /search?category=&search_word=&restrict[]=person_id(int)=YXPCF HTTP/1.1" 200 19246 "-" "Mozilla/5.0 (Linux; Android 6.0.1; Nexus 5X Build/MMB29P) AppleWebKit/537.36 (KHTML, like Gecko) Chrome/136.0.7103.59 Mobile Safari/537.36 (compatible; Googlebot/2.1; +http://www.google.com/bot.html)"
88.99.244.56 - - [12/May/2025:10:19:24 -0400] "GET /wp-content/edit-wolf.php?path=%2F%2Fetc HTTP/1.1" 200 2389 "-" "serpstatbot/2.1 (advanced backlink tracking bot; https://serpstatbot.com/; abuse@serpstatbot.com)"
54.36.148.83 - - [12/May/2025:10:19:29 -0400] "GET /?ype15391.html HTTP/1.1" 200 2104 "-" "Mozilla/5.0 (compatible; AhrefsBot/7.0; +http://ahrefs.com/robot/)"
88.99.244.56 - - [12/May/2025:10:19:31 -0400] "GET /wp-content/edit-wolf.php?path=%2F%2Fdev HTTP/1.1" 200 1392 "-" "serpstatbot/2.1 (advanced backlink tracking bot; https://serpstatbot.com/; abuse@serpstatbot.com)"
66.249.65.169 - - [12/May/2025:10:19:31 -0400] "GET /16778454 HTTP/1.1" 200 19302 "-" "Mozilla/5.0 (Linux; Android 6.0.1; Nexus 5X Build/MMB29P) AppleWebKit/537.36 (KHTML, like Gecko) Chrome/136.0.7103.59 Mobile Safari/537.36 (compatible; Googlebot/2.1; +http://www.google.com/bot.html)"
54.36.148.31 - - [12/May/2025:10:19:34 -0400] "GET /?cqe55936.html HTTP/1.1" 200 2104 "-" "Mozilla/5.0 (compatible; AhrefsBot/7.0; +http://ahrefs.com/robot/)"
88.99.244.56 - - [12/May/2025:10:19:36 -0400] "GET /wp-content/edit-wolf.php?path=%2F%2Fbin HTTP/1.1" 200 8938 "-" "serpstatbot/2.1 (advanced backlink tracking bot; https://serpstatbot.com/; abuse@serpstatbot.com)"
66.249.65.169 - - [12/May/2025:10:19:40 -0400] "GET /70089078 HTTP/1.1" 200 20661 "-" "Mozilla/5.0 (Linux; Android 6.0.1; Nexus 5X Build/MMB29P) AppleWebKit/537.36 (KHTML, like Gecko) Chrome/136.0.7103.59 Mobile Safari/537.36 (compatible; Googlebot/2.1; +http://www.google.com/bot.html)"
88.99.244.56 - - [12/May/2025:10:19:42 -0400] "GET /wp-content/edit-wolf.php?action=edit&file=zi3qaTTO&path=%2Fhome%2Fprocjwtt%2Fpublic_html HTTP/1.1" 500 876 "-" "serpstatbot/2.1 (advanced backlink tracking bot; https://serpstatbot.com/; abuse@serpstatbot.com)"
88.99.244.56 - - [12/May/2025:10:19:47 -0400] "GET /wp-content/edit-wolf.php?action=edit&file=xmlrpc.php&path=%2Fhome%2Fprocjwtt%2Fpublic_html HTTP/1.1" 200 2423 "-" "serpstatbot/2.1 (advanced backlink tracking bot; https://serpstatbot.com/; abuse@serpstatbot.com)"
66.249.65.169 - - [12/May/2025:10:19:49 -0400] "GET /71152918 HTTP/1.1" 200 19378 "-" "Mozilla/5.0 (Linux; Android 6.0.1; Nexus 5X Build/MMB29P) AppleWebKit/537.36 (KHTML, like Gecko) Chrome/136.0.7103.59 Mobile Safari/537.36 (compatible; Googlebot/2.1; +http://www.google.com/bot.html)"
54.36.148.178 - - [12/May/2025:10:19:52 -0400] "GET /?yaq40852.html HTTP/1.1" 200 2062 "-" "Mozilla/5.0 (compatible; AhrefsBot/7.0; +http://ahrefs.com/robot/)"
88.99.244.56 - - [12/May/2025:10:19:53 -0400] "GET /wp-content/edit-wolf.php?action=edit&file=wp-trackback.php&path=%2Fhome%2Fprocjwtt%2Fpublic_html HTTP/1.1" 200 2992 "-" "serpstatbot/2.1 (advanced backlink tracking bot; https://serpstatbot.com/; abuse@serpstatbot.com)"
57.141.4.24 - - [12/May/2025:10:19:59 -0400] "GET /77860438 HTTP/1.1" 500 0 "-" "meta-externalagent/1.1 (+https://developers.facebook.com/docs/sharing/webmasters/crawler)"
88.99.244.56 - - [12/May/2025:10:19:59 -0400] "GET /wp-content/edit-wolf.php?action=edit&file=wp-signup.php&path=%2Fhome%2Fprocjwtt%2Fpublic_html HTTP/1.1" 200 11328 "-" "serpstatbot/2.1 (advanced backlink tracking bot; https://serpstatbot.com/; abuse@serpstatbot.com)"
66.249.65.171 - - [12/May/2025:10:20:01 -0400] "GET /24636310 HTTP/1.1" 200 19152 "-" "Mozilla/5.0 (Linux; Android 6.0.1; Nexus 5X Build/MMB29P) AppleWebKit/537.36 (KHTML, like Gecko) Chrome/136.0.7103.59 Mobile Safari/537.36 (compatible; Googlebot/2.1; +http://www.google.com/bot.html)"
88.99.244.56 - - [12/May/2025:10:20:06 -0400] "GET /wp-content/edit-wolf.php?action=edit&file=wp-settings.php&path=%2Fhome%2Fprocjwtt%2Fpublic_html HTTP/1.1" 200 7791 "-" "serpstatbot/2.1 (advanced backlink tracking bot; https://serpstatbot.com/; abuse@serpstatbot.com)"
66.249.65.169 - - [12/May/2025:10:20:07 -0400] "GET /52619670 HTTP/1.1" 200 20644 "-" "Mozilla/5.0 (Linux; Android 6.0.1; Nexus 5X Build/MMB29P) AppleWebKit/537.36 (KHTML, like Gecko) Chrome/136.0.7103.59 Mobile Safari/537.36 (compatible; Googlebot/2.1; +http://www.google.com/bot.html)"
88.99.244.56 - - [12/May/2025:10:20:11 -0400] "GET /wp-content/edit-wolf.php?action=edit&file=wp-sec.php&path=%2Fhome%2Fprocjwtt%2Fpublic_html HTTP/1.1" 200 59422 "-" "serpstatbot/2.1 (advanced backlink tracking bot; https://serpstatbot.com/; abuse@serpstatbot.com)"
66.249.65.169 - - [12/May/2025:10:20:13 -0400] "GET /36697174 HTTP/1.1" 200 19544 "-" "Mozilla/5.0 (Linux; Android 6.0.1; Nexus 5X Build/MMB29P) AppleWebKit/537.36 (KHTML, like Gecko) Chrome/136.0.7103.59 Mobile Safari/537.36 (compatible; Googlebot/2.1; +http://www.google.com/bot.html)"
88.99.244.56 - - [12/May/2025:10:20:16 -0400] "GET /wp-content/edit-wolf.php?action=edit&file=wp-mail.php&path=%2Fhome%2Fprocjwtt%2Fpublic_html HTTP/1.1" 200 4270 "-" "serpstatbot/2.1 (advanced backlink tracking bot; https://serpstatbot.com/; abuse@serpstatbot.com)"
66.249.65.169 - - [12/May/2025:10:20:18 -0400] "GET /61110326 HTTP/1.1" 200 19378 "-" "Mozilla/5.0 (Linux; Android 6.0.1; Nexus 5X Build/MMB29P) AppleWebKit/537.36 (KHTML, like Gecko) Chrome/136.0.7103.59 Mobile Safari/537.36 (compatible; Googlebot/2.1; +http://www.google.com/bot.html)"
54.36.149.76 - - [12/May/2025:10:20:18 -0400] "GET /?vgs19631.html HTTP/1.1" 200 2068 "-" "Mozilla/5.0 (compatible; AhrefsBot/7.0; +http://ahrefs.com/robot/)"
66.249.65.169 - - [12/May/2025:10:20:20 -0400] "POST /get-message-notify HTTP/1.1" 200 19018 "https://procarecleaning.com.sg/52619670" "Mozilla/5.0 (Linux; Android 6.0.1; Nexus 5X Build/MMB29P) AppleWebKit/537.36 (KHTML, like Gecko) Chrome/135.0.7049.114 Mobile Safari/537.36 (compatible; Googlebot/2.1; +http://www.google.com/bot.html)"
88.99.244.56 - - [12/May/2025:10:20:21 -0400] "GET /wp-content/edit-wolf.php?action=edit&file=wp-login.php&path=%2Fhome%2Fprocjwtt%2Fpublic_html HTTP/1.1" 200 17669 "-" "serpstatbot/2.1 (advanced backlink tracking bot; https://serpstatbot.com/; abuse@serpstatbot.com)"
66.249.65.169 - - [12/May/2025:10:20:25 -0400] "GET /93787830 HTTP/1.1" 200 19664 "-" "Mozilla/5.0 (Linux; Android 6.0.1; Nexus 5X Build/MMB29P) AppleWebKit/537.36 (KHTML, like Gecko) Chrome/136.0.7103.59 Mobile Safari/537.36 (compatible; Googlebot/2.1; +http://www.google.com/bot.html)"
88.99.244.56 - - [12/May/2025:10:20:28 -0400] "GET /wp-content/edit-wolf.php?action=edit&file=wp-load.php&path=%2Fhome%2Fprocjwtt%2Fpublic_html HTTP/1.1" 200 2700 "-" "serpstatbot/2.1 (advanced backlink tracking bot; https://serpstatbot.com/; abuse@serpstatbot.com)"
66.249.65.169 - - [12/May/2025:10:20:32 -0400] "GET /46859286 HTTP/1.1" 200 19762 "-" "Mozilla/5.0 (Linux; Android 6.0.1; Nexus 5X Build/MMB29P) AppleWebKit/537.36 (KHTML, like Gecko) Chrome/136.0.7103.59 Mobile Safari/537.36 (compatible; Googlebot/2.1; +http://www.google.com/bot.html)"
88.99.244.56 - - [12/May/2025:10:20:35 -0400] "GET /wp-content/edit-wolf.php?action=edit&file=wp-links-opml.php&path=%2Fhome%2Fprocjwtt%2Fpublic_html HTTP/1.1" 200 2130 "-" "serpstatbot/2.1 (advanced backlink tracking bot; https://serpstatbot.com/; abuse@serpstatbot.com)"
66.249.65.169 - - [12/May/2025:10:20:37 -0400] "GET /59937046 HTTP/1.1" 200 23625 "-" "Mozilla/5.0 (Linux; Android 6.0.1; Nexus 5X Build/MMB29P) AppleWebKit/537.36 (KHTML, like Gecko) Chrome/136.0.7103.59 Mobile Safari/537.36 (compatible; Googlebot/2.1; +http://www.google.com/bot.html)"
66.249.65.169 - - [12/May/2025:10:20:39 -0400] "POST /get-message-notify HTTP/1.1" 200 19018 "https://procarecleaning.com.sg/46859286" "Mozilla/5.0 (Linux; Android 6.0.1; Nexus 5X Build/MMB29P) AppleWebKit/537.36 (KHTML, like Gecko) Chrome/135.0.7049.114 Mobile Safari/537.36 (compatible; Googlebot/2.1; +http://www.google.com/bot.html)"
88.99.244.56 - - [12/May/2025:10:20:41 -0400] "GET /wp-content/edit-wolf.php?action=edit&file=wp-cron.php&path=%2Fhome%2Fprocjwtt%2Fpublic_html HTTP/1.1" 200 3201 "-" "serpstatbot/2.1 (advanced backlink tracking bot; https://serpstatbot.com/; abuse@serpstatbot.com)"
66.249.65.169 - - [12/May/2025:10:20:44 -0400] "GET /pcmypage?callback=product%2Fdetail%2FDGA161495792 HTTP/1.1" 200 20197 "-" "Mozilla/5.0 (Linux; Android 6.0.1; Nexus 5X Build/MMB29P) AppleWebKit/537.36 (KHTML, like Gecko) Chrome/136.0.7103.59 Mobile Safari/537.36 (compatible; Googlebot/2.1; +http://www.google.com/bot.html)"
88.99.244.56 - - [12/May/2025:10:20:46 -0400] "GET /wp-content/edit-wolf.php?action=edit&file=wp-config.php&path=%2Fhome%2Fprocjwtt%2Fpublic_html HTTP/1.1" 403 1242 "-" "serpstatbot/2.1 (advanced backlink tracking bot; https://serpstatbot.com/; abuse@serpstatbot.com)"
87.250.224.105 - - [12/May/2025:10:20:48 -0400] "GET /86928246 HTTP/1.1" 500 0 "-" "Mozilla/5.0 (compatible; YandexBot/3.0; +http://yandex.com/bots)"
54.36.148.163 - - [12/May/2025:10:20:50 -0400] "GET /?ype5121.html HTTP/1.1" 200 2063 "-" "Mozilla/5.0 (compatible; AhrefsBot/7.0; +http://ahrefs.com/robot/)"
88.99.244.56 - - [12/May/2025:10:20:51 -0400] "GET /wp-content/edit-wolf.php?action=edit&file=wp-config-sample.php&path=%2Fhome%2Fprocjwtt%2Fpublic_html HTTP/1.1" 200 2319 "-" "serpstatbot/2.1 (advanced backlink tracking bot; https://serpstatbot.com/; abuse@serpstatbot.com)"
66.249.65.169 - - [12/May/2025:10:20:51 -0400] "POST /get-message-notify HTTP/1.1" 200 19018 "https://procarecleaning.com.sg/61110326" "Mozilla/5.0 (Linux; Android 6.0.1; Nexus 5X Build/MMB29P) AppleWebKit/537.36 (KHTML, like Gecko) Chrome/135.0.7049.114 Mobile Safari/537.36 (compatible; Googlebot/2.1; +http://www.google.com/bot.html)"
66.249.65.169 - - [12/May/2025:10:20:53 -0400] "GET /pcmypage?callback=/product%2Fdetail%2FJGFA237262590 HTTP/1.1" 200 20079 "-" "Mozilla/5.0 (Linux; Android 6.0.1; Nexus 5X Build/MMB29P) AppleWebKit/537.36 (KHTML, like Gecko) Chrome/136.0.7103.59 Mobile Safari/537.36 (compatible; Googlebot/2.1; +http://www.google.com/bot.html)"
88.99.244.56 - - [12/May/2025:10:20:56 -0400] "GET /wp-content/edit-wolf.php?action=edit&file=wp-comments-post.php&path=%2Fhome%2Fprocjwtt%2Fpublic_html HTTP/1.1" 200 2069 "-" "serpstatbot/2.1 (advanced backlink tracking bot; https://serpstatbot.com/; abuse@serpstatbot.com)"
66.249.65.169 - - [12/May/2025:10:20:58 -0400] "GET /59154646 HTTP/1.1" 200 19617 "-" "Mozilla/5.0 (Linux; Android 6.0.1; Nexus 5X Build/MMB29P) AppleWebKit/537.36 (KHTML, like Gecko) Chrome/136.0.7103.59 Mobile Safari/537.36 (compatible; Googlebot/2.1; +http://www.google.com/bot.html)"
88.99.244.56 - - [12/May/2025:10:21:01 -0400] "GET /wp-content/edit-wolf.php?action=edit&file=wp-blog-header.php&path=%2Fhome%2Fprocjwtt%2Fpublic_html HTTP/1.1" 200 1152 "-" "serpstatbot/2.1 (advanced backlink tracking bot; https://serpstatbot.com/; abuse@serpstatbot.com)"
66.249.65.171 - - [12/May/2025:10:21:05 -0400] "GET /17372758 HTTP/1.1" 200 19971 "-" "Mozilla/5.0 (Linux; Android 6.0.1; Nexus 5X Build/MMB29P) AppleWebKit/537.36 (KHTML, like Gecko) Chrome/136.0.7103.59 Mobile Safari/537.36 (compatible; Googlebot/2.1; +http://www.google.com/bot.html)"
57.141.4.16 - - [12/May/2025:10:21:06 -0400] "GET /49745142 HTTP/1.1" 500 0 "-" "meta-externalagent/1.1 (+https://developers.facebook.com/docs/sharing/webmasters/crawler)"
88.99.244.56 - - [12/May/2025:10:21:06 -0400] "GET /wp-content/edit-wolf.php?action=edit&file=wp-activate.php&path=%2Fhome%2Fprocjwtt%2Fpublic_html HTTP/1.1" 200 3777 "-" "serpstatbot/2.1 (advanced backlink tracking bot; https://serpstatbot.com/; abuse@serpstatbot.com)"
88.99.244.56 - - [12/May/2025:10:21:11 -0400] "GET /wp-content/edit-wolf.php?action=edit&file=style.php&path=%2Fhome%2Fprocjwtt%2Fpublic_html HTTP/1.1" 200 979 "-" "serpstatbot/2.1 (advanced backlink tracking bot; https://serpstatbot.com/; abuse@serpstatbot.com)"
88.99.244.56 - - [12/May/2025:10:21:13 -0400] "GET /wp-content/edit-wolf.php?action=edit&file=sbb&path=%2Fhome%2Fprocjwtt%2Fpublic_html HTTP/1.1" 200 948 "-" "serpstatbot/2.1 (advanced backlink tracking bot; https://serpstatbot.com/; abuse@serpstatbot.com)"
66.249.65.170 - - [12/May/2025:10:21:14 -0400] "GET /pcmypage?callback=product%2Fdetail%2FJGFA237262590 HTTP/1.1" 200 19575 "-" "Mozilla/5.0 (Linux; Android 6.0.1; Nexus 5X Build/MMB29P) AppleWebKit/537.36 (KHTML, like Gecko) Chrome/136.0.7103.59 Mobile Safari/537.36 (compatible; Googlebot/2.1; +http://www.google.com/bot.html)"
88.99.244.56 - - [12/May/2025:10:21:16 -0400] "GET /wp-content/edit-wolf.php?action=edit&file=readme.html&path=%2Fhome%2Fprocjwtt%2Fpublic_html HTTP/1.1" 200 4359 "-" "serpstatbot/2.1 (advanced backlink tracking bot; https://serpstatbot.com/; abuse@serpstatbot.com)"
88.99.244.56 - - [12/May/2025:10:21:19 -0400] "GET /wp-content/edit-wolf.php?action=edit&file=parking-page.shtml&path=%2Fhome%2Fprocjwtt%2Fpublic_html HTTP/1.1" 200 2505 "-" "serpstatbot/2.1 (advanced backlink tracking bot; https://serpstatbot.com/; abuse@serpstatbot.com)"
88.99.244.56 - - [12/May/2025:10:21:21 -0400] "GET /wp-content/edit-wolf.php?action=edit&file=index.php&path=%2Fhome%2Fprocjwtt%2Fpublic_html HTTP/1.1" 200 1200 "-" "serpstatbot/2.1 (advanced backlink tracking bot; https://serpstatbot.com/; abuse@serpstatbot.com)"
66.249.65.169 - - [12/May/2025:10:21:23 -0400] "GET /search?category=&search_word=&restrict[]=person_id(int)=DGA HTTP/1.1" 200 20235 "-" "Mozilla/5.0 (Linux; Android 6.0.1; Nexus 5X Build/MMB29P) AppleWebKit/537.36 (KHTML, like Gecko) Chrome/136.0.7103.59 Mobile Safari/537.36 (compatible; Googlebot/2.1; +http://www.google.com/bot.html)"
88.99.244.56 - - [12/May/2025:10:21:24 -0400] "GET /wp-content/edit-wolf.php?action=edit&file=googlef6644c9c32f32c05.html&path=%2Fhome%2Fprocjwtt%2Fpublic_html HTTP/1.1" 200 985 "-" "serpstatbot/2.1 (advanced backlink tracking bot; https://serpstatbot.com/; abuse@serpstatbot.com)"
88.99.244.56 - - [12/May/2025:10:21:27 -0400] "GET /wp-content/edit-wolf.php?action=edit&file=google95729e1d67957d9c.html&path=%2Fhome%2Fprocjwtt%2Fpublic_html HTTP/1.1" 200 984 "-" "serpstatbot/2.1 (advanced backlink tracking bot; https://serpstatbot.com/; abuse@serpstatbot.com)"
88.99.244.56 - - [12/May/2025:10:21:30 -0400] "GET /wp-content/edit-wolf.php?action=edit&file=google659b141b79041384.html&path=%2Fhome%2Fprocjwtt%2Fpublic_html HTTP/1.1" 200 986 "-" "serpstatbot/2.1 (advanced backlink tracking bot; https://serpstatbot.com/; abuse@serpstatbot.com)"
88.99.244.56 - - [12/May/2025:10:21:32 -0400] "GET /wp-content/edit-wolf.php?action=edit&file=error_log&path=%2Fhome%2Fprocjwtt%2Fpublic_html HTTP/1.1" 200 26569 "-" "serpstatbot/2.1 (advanced backlink tracking bot; https://serpstatbot.com/; abuse@serpstatbot.com)"
88.99.244.56 - - [12/May/2025:10:21:35 -0400] "GET /wp-content/edit-wolf.php?action=edit&file=cwclass.php&path=%2Fhome%2Fprocjwtt%2Fpublic_html HTTP/1.1" 200 1278 "-" "serpstatbot/2.1 (advanced backlink tracking bot; https://serpstatbot.com/; abuse@serpstatbot.com)"
66.249.65.169 - - [12/May/2025:10:21:36 -0400] "GET /81076950 HTTP/1.1" 200 19393 "-" "Mozilla/5.0 (Linux; Android 6.0.1; Nexus 5X Build/MMB29P) AppleWebKit/537.36 (KHTML, like Gecko) Chrome/136.0.7103.59 Mobile Safari/537.36 (compatible; Googlebot/2.1; +http://www.google.com/bot.html)"
88.99.244.56 - - [12/May/2025:10:21:38 -0400] "GET /wp-content/edit-wolf.php?action=edit&file=ahrefs_06f9a8fce6374ea013ea2a112a1588c8922fa0f2a69f4e502d25dbb021a63b31&path=%2Fhome%2Fprocjwtt%2Fpublic_html HTTP/1.1" 200 1021 "-" "serpstatbot/2.1 (advanced backlink tracking bot; https://serpstatbot.com/; abuse@serpstatbot.com)"
66.249.65.169 - - [12/May/2025:10:21:39 -0400] "GET /87135734 HTTP/1.1" 200 19702 "-" "Mozilla/5.0 (Linux; Android 6.0.1; Nexus 5X Build/MMB29P) AppleWebKit/537.36 (KHTML, like Gecko) Chrome/136.0.7103.59 Mobile Safari/537.36 (compatible; Googlebot/2.1; +http://www.google.com/bot.html)"
88.99.244.56 - - [12/May/2025:10:21:41 -0400] "GET /wp-content/edit-wolf.php?action=edit&file=.spbldr_localStorage&path=%2Fhome%2Fprocjwtt HTTP/1.1" 200 1056 "-" "serpstatbot/2.1 (advanced backlink tracking bot; https://serpstatbot.com/; abuse@serpstatbot.com)"
47.239.147.77 - - [12/May/2025:10:21:41 -0400] "HEAD /wp-content/gallery/sofa-chair/Blue-Sofa-2606.jpg_backup HTTP/1.1" 500 0 "-" "Mozilla/5.0 (Windows NT 6.2; Win64; x64) AppleWebKit/537.36 (KHTML, like Gecko) Chrome/72.0.2388.102 Safari/537.36"
47.239.146.186 - - [12/May/2025:10:21:41 -0400] "HEAD /wp-content/ngg/modules/photocrati-nextgen_addgallery_page/static/?ND= HTTP/1.1" 500 0 "-" "Mozilla/5.0 (Windows NT 6.0; Win64; x64) AppleWebKit/537.36 (KHTML, like Gecko) Chrome/79.0.2370.109 Safari/537.36"
47.239.147.77 - - [12/May/2025:10:21:41 -0400] "GET /wp-content/gallery/sofa-chair/Blue-Sofa-2606.jpg_backup HTTP/1.1" 500 0 "-" "Mozilla/5.0 (Windows NT 6.2; Win64; x64) AppleWebKit/537.36 (KHTML, like Gecko) Chrome/72.0.2388.102 Safari/537.36"
47.239.146.186 - - [12/May/2025:10:21:41 -0400] "GET /wp-content/ngg/modules/photocrati-nextgen_addgallery_page/static/?ND= HTTP/1.1" 500 0 "-" "Mozilla/5.0 (Windows NT 6.0; Win64; x64) AppleWebKit/537.36 (KHTML, like Gecko) Chrome/79.0.2370.109 Safari/537.36"
54.36.148.196 - - [12/May/2025:10:21:42 -0400] "GET /?bei18672.html HTTP/1.1" 200 2066 "-" "Mozilla/5.0 (compatible; AhrefsBot/7.0; +http://ahrefs.com/robot/)"
88.99.244.56 - - [12/May/2025:10:21:43 -0400] "GET /wp-content/edit-wolf.php?action=edit&file=.spamassassinenable&path=%2Fhome%2Fprocjwtt HTTP/1.1" 200 958 "-" "serpstatbot/2.1 (advanced backlink tracking bot; https://serpstatbot.com/; abuse@serpstatbot.com)"
88.99.244.56 - - [12/May/2025:10:21:46 -0400] "GET /wp-content/edit-wolf.php?action=edit&file=.spamassassinboxenable&path=%2Fhome%2Fprocjwtt HTTP/1.1" 200 960 "-" "serpstatbot/2.1 (advanced backlink tracking bot; https://serpstatbot.com/; abuse@serpstatbot.com)"
88.99.244.56 - - [12/May/2025:10:21:49 -0400] "GET /wp-content/edit-wolf.php?action=edit&file=.myimunify_id&path=%2Fhome%2Fprocjwtt HTTP/1.1" 200 1034 "-" "serpstatbot/2.1 (advanced backlink tracking bot; https://serpstatbot.com/; abuse@serpstatbot.com)"
88.99.244.56 - - [12/May/2025:10:21:52 -0400] "GET /wp-content/edit-wolf.php?action=edit&file=.litespeed_flag&path=%2Fhome%2Fprocjwtt%2Fpublic_html HTTP/1.1" 200 1125 "-" "serpstatbot/2.1 (advanced backlink tracking bot; https://serpstatbot.com/; abuse@serpstatbot.com)"
66.249.65.169 - - [12/May/2025:10:21:52 -0400] "GET /90412310 HTTP/1.1" 200 19712 "-" "Mozilla/5.0 (Linux; Android 6.0.1; Nexus 5X Build/MMB29P) AppleWebKit/537.36 (KHTML, like Gecko) Chrome/136.0.7103.59 Mobile Safari/537.36 (compatible; Googlebot/2.1; +http://www.google.com/bot.html)"
88.99.244.56 - - [12/May/2025:10:21:54 -0400] "GET /wp-content/edit-wolf.php?action=edit&file=.lastlogin&path=%2Fhome%2Fprocjwtt HTTP/1.1" 200 1206 "-" "serpstatbot/2.1 (advanced backlink tracking bot; https://serpstatbot.com/; abuse@serpstatbot.com)"
66.249.65.169 - - [12/May/2025:10:21:55 -0400] "GET /18638838 HTTP/1.1" 200 20109 "-" "Mozilla/5.0 (Linux; Android 6.0.1; Nexus 5X Build/MMB29P) AppleWebKit/537.36 (KHTML, like Gecko) Chrome/136.0.7103.59 Mobile Safari/537.36 (compatible; Googlebot/2.1; +http://www.google.com/bot.html)"
88.99.244.56 - - [12/May/2025:10:21:57 -0400] "GET /wp-content/edit-wolf.php?action=edit&file=.last.inodes&path=%2Fhome%2Fprocjwtt HTTP/1.1" 200 1946 "-" "serpstatbot/2.1 (advanced backlink tracking bot; https://serpstatbot.com/; abuse@serpstatbot.com)"
54.36.148.100 - - [12/May/2025:10:21:58 -0400] "GET /?ulo55431.html HTTP/1.1" 200 2066 "-" "Mozilla/5.0 (compatible; AhrefsBot/7.0; +http://ahrefs.com/robot/)"
88.99.244.56 - - [12/May/2025:10:22:00 -0400] "GET /wp-content/edit-wolf.php?action=edit&file=.imunify_patch_id&path=%2Fhome%2Fprocjwtt HTTP/1.1" 200 1039 "-" "serpstatbot/2.1 (advanced backlink tracking bot; https://serpstatbot.com/; abuse@serpstatbot.com)"
66.249.65.171 - - [12/May/2025:10:22:02 -0400] "GET /53163542 HTTP/1.1" 200 20020 "-" "Mozilla/5.0 (Linux; Android 6.0.1; Nexus 5X Build/MMB29P) AppleWebKit/537.36 (KHTML, like Gecko) Chrome/136.0.7103.59 Mobile Safari/537.36 (compatible; Googlebot/2.1; +http://www.google.com/bot.html)"
88.99.244.56 - - [12/May/2025:10:22:03 -0400] "GET /wp-content/edit-wolf.php?action=edit&file=.htaccess.bk&path=%2Fhome%2Fprocjwtt%2Fpublic_html HTTP/1.1" 403 1242 "-" "serpstatbot/2.1 (advanced backlink tracking bot; https://serpstatbot.com/; abuse@serpstatbot.com)"
88.99.244.56 - - [12/May/2025:10:22:06 -0400] "GET /wp-content/edit-wolf.php?action=edit&file=.htaccess&path=%2Fhome%2Fprocjwtt%2Fpublic_html HTTP/1.1" 403 1242 "-" "serpstatbot/2.1 (advanced backlink tracking bot; https://serpstatbot.com/; abuse@serpstatbot.com)"
88.99.244.56 - - [12/May/2025:10:22:09 -0400] "GET /wp-content/edit-wolf.php?action=edit&file=.hcflag&path=%2Fhome%2Fprocjwtt%2Fpublic_html HTTP/1.1" 200 976 "-" "serpstatbot/2.1 (advanced backlink tracking bot; https://serpstatbot.com/; abuse@serpstatbot.com)"
88.99.244.56 - - [12/May/2025:10:22:12 -0400] "GET /wp-content/edit-wolf.php?action=edit&file=.gemrc&path=%2Fhome%2Fprocjwtt HTTP/1.1" 200 1037 "-" "serpstatbot/2.1 (advanced backlink tracking bot; https://serpstatbot.com/; abuse@serpstatbot.com)"
54.36.148.253 - - [12/May/2025:10:22:12 -0400] "GET /?eun13751.html HTTP/1.1" 200 2066 "-" "Mozilla/5.0 (compatible; AhrefsBot/7.0; +http://ahrefs.com/robot/)"
57.141.4.11 - - [12/May/2025:10:22:12 -0400] "GET /69563926 HTTP/1.1" 500 0 "-" "meta-externalagent/1.1 (+https://developers.facebook.com/docs/sharing/webmasters/crawler)"
54.36.148.108 - - [12/May/2025:10:22:14 -0400] "GET /?tsz52888.html HTTP/1.1" 200 2063 "-" "Mozilla/5.0 (compatible; AhrefsBot/7.0; +http://ahrefs.com/robot/)"
66.249.65.170 - - [12/May/2025:10:22:14 -0400] "GET /pcmypage?callback=product/review/MRHW3042418 HTTP/1.1" 200 21736 "-" "Mozilla/5.0 (Linux; Android 6.0.1; Nexus 5X Build/MMB29P) AppleWebKit/537.36 (KHTML, like Gecko) Chrome/136.0.7103.59 Mobile Safari/537.36 (compatible; Googlebot/2.1; +http://www.google.com/bot.html)"
88.99.244.56 - - [12/May/2025:10:22:14 -0400] "GET /wp-content/edit-wolf.php?action=edit&file=.bashrc&path=%2Fhome%2Fprocjwtt HTTP/1.1" 200 1174 "-" "serpstatbot/2.1 (advanced backlink tracking bot; https://serpstatbot.com/; abuse@serpstatbot.com)"
54.36.148.135 - - [12/May/2025:10:22:15 -0400] "GET /?lxa21200.html HTTP/1.1" 200 2063 "-" "Mozilla/5.0 (compatible; AhrefsBot/7.0; +http://ahrefs.com/robot/)"
88.99.244.56 - - [12/May/2025:10:22:17 -0400] "GET /wp-content/edit-wolf.php?action=edit&file=.bash_profile&path=%2Fhome%2Fprocjwtt HTTP/1.1" 200 1038 "-" "serpstatbot/2.1 (advanced backlink tracking bot; https://serpstatbot.com/; abuse@serpstatbot.com)"
88.99.244.56 - - [12/May/2025:10:22:20 -0400] "GET /wp-content/edit-wolf.php?action=edit&file=.bash_logout&path=%2Fhome%2Fprocjwtt HTTP/1.1" 200 963 "-" "serpstatbot/2.1 (advanced backlink tracking bot; https://serpstatbot.com/; abuse@serpstatbot.com)"
88.99.244.56 - - [12/May/2025:10:22:23 -0400] "GET /nc_assets/img/pictograms/?SA HTTP/1.1" 200 778 "-" "serpstatbot/2.1 (advanced backlink tracking bot; https://serpstatbot.com/; abuse@serpstatbot.com)"
88.99.244.56 - - [12/May/2025:10:22:25 -0400] "GET /nc_assets/img/pictograms/?ND HTTP/1.1" 200 773 "-" "serpstatbot/2.1 (advanced backlink tracking bot; https://serpstatbot.com/; abuse@serpstatbot.com)"
66.249.65.169 - - [12/May/2025:10:22:26 -0400] "POST /get-message-notify HTTP/1.1" 200 19018 "https://procarecleaning.com.sg/pcmypage?callback=product/review/MRHW3042418" "Mozilla/5.0 (Linux; Android 6.0.1; Nexus 5X Build/MMB29P) AppleWebKit/537.36 (KHTML, like Gecko) Chrome/135.0.7049.114 Mobile Safari/537.36 (compatible; Googlebot/2.1; +http://www.google.com/bot.html)"
88.99.244.56 - - [12/May/2025:10:22:27 -0400] "GET /nc_assets/img/pictograms/?MA HTTP/1.1" 200 780 "-" "serpstatbot/2.1 (advanced backlink tracking bot; https://serpstatbot.com/; abuse@serpstatbot.com)"
66.249.65.169 - - [12/May/2025:10:22:30 -0400] "GET /search?category=&search_word=&restrict[]=person_id(int)=MRHW HTTP/1.1" 200 20693 "-" "Mozilla/5.0 (Linux; Android 6.0.1; Nexus 5X Build/MMB29P) AppleWebKit/537.36 (KHTML, like Gecko) Chrome/136.0.7103.59 Mobile Safari/537.36 (compatible; Googlebot/2.1; +http://www.google.com/bot.html)"
88.99.244.56 - - [12/May/2025:10:22:31 -0400] "GET /nc_assets/img/pictograms/150/ HTTP/1.1" 200 1236 "-" "serpstatbot/2.1 (advanced backlink tracking bot; https://serpstatbot.com/; abuse@serpstatbot.com)"
88.99.244.56 - - [12/May/2025:10:22:35 -0400] "GET /nc_assets/img/nc-icon/?SA HTTP/1.1" 200 1296 "-" "serpstatbot/2.1 (advanced backlink tracking bot; https://serpstatbot.com/; abuse@serpstatbot.com)"
88.99.244.56 - - [12/May/2025:10:22:39 -0400] "GET /nc_assets/img/nc-icon/?ND HTTP/1.1" 200 1298 "-" "serpstatbot/2.1 (advanced backlink tracking bot; https://serpstatbot.com/; abuse@serpstatbot.com)"
54.36.148.107 - - [12/May/2025:10:22:40 -0400] "GET /?zut27757.html HTTP/1.1" 200 2063 "-" "Mozilla/5.0 (compatible; AhrefsBot/7.0; +http://ahrefs.com/robot/)"
88.99.244.56 - - [12/May/2025:10:22:44 -0400] "GET /nc_assets/img/nc-icon/?MA HTTP/1.1" 200 1316 "-" "serpstatbot/2.1 (advanced backlink tracking bot; https://serpstatbot.com/; abuse@serpstatbot.com)"
54.36.149.80 - - [12/May/2025:10:22:46 -0400] "GET /?vfa47582.html HTTP/1.1" 200 2063 "-" "Mozilla/5.0 (compatible; AhrefsBot/7.0; +http://ahrefs.com/robot/)"
88.99.244.56 - - [12/May/2025:10:22:47 -0400] "GET /nc_assets/img/logos/index.php HTTP/1.1" 200 0 "-" "serpstatbot/2.1 (advanced backlink tracking bot; https://serpstatbot.com/; abuse@serpstatbot.com)"
87.250.224.212 - - [12/May/2025:10:22:48 -0400] "GET /12173046 HTTP/1.1" 500 0 "-" "Mozilla/5.0 (compatible; YandexBot/3.0; +http://yandex.com/bots)"
88.99.244.56 - - [12/May/2025:10:22:52 -0400] "GET /nc_assets/img/logos/?SA HTTP/1.1" 200 902 "-" "serpstatbot/2.1 (advanced backlink tracking bot; https://serpstatbot.com/; abuse@serpstatbot.com)"
54.36.148.168 - - [12/May/2025:10:22:54 -0400] "GET /?rek16622.html HTTP/1.1" 200 2064 "-" "Mozilla/5.0 (compatible; AhrefsBot/7.0; +http://ahrefs.com/robot/)"
88.99.244.56 - - [12/May/2025:10:22:57 -0400] "GET /nc_assets/img/logos/?ND HTTP/1.1" 200 899 "-" "serpstatbot/2.1 (advanced backlink tracking bot; https://serpstatbot.com/; abuse@serpstatbot.com)"
88.99.244.56 - - [12/May/2025:10:23:00 -0400] "GET /nc_assets/img/logos/?MA HTTP/1.1" 200 901 "-" "serpstatbot/2.1 (advanced backlink tracking bot; https://serpstatbot.com/; abuse@serpstatbot.com)"
54.36.148.114 - - [12/May/2025:10:23:04 -0400] "GET /?eun48202.html HTTP/1.1" 200 2064 "-" "Mozilla/5.0 (compatible; AhrefsBot/7.0; +http://ahrefs.com/robot/)"
88.99.244.56 - - [12/May/2025:10:23:05 -0400] "GET /nc_assets/img/logos/466891/ HTTP/1.1" 200 785 "-" "serpstatbot/2.1 (advanced backlink tracking bot; https://serpstatbot.com/; abuse@serpstatbot.com)"
88.99.244.56 - - [12/May/2025:10:23:09 -0400] "GET /nc_assets/img/icons/?SA HTTP/1.1" 200 817 "-" "serpstatbot/2.1 (advanced backlink tracking bot; https://serpstatbot.com/; abuse@serpstatbot.com)"
