5.255.231.249 - - [12/May/2025:10:57:37 -0400] "GET /71741302 HTTP/1.1" 500 0 "-" "Mozilla/5.0 (compatible; YandexBot/3.0; +http://yandex.com/bots)"
54.36.148.96 - - [12/May/2025:10:57:39 -0400] "GET /?cox38070.html HTTP/1.1" 200 2063 "-" "Mozilla/5.0 (compatible; AhrefsBot/7.0; +http://ahrefs.com/robot/)"
88.99.244.56 - - [12/May/2025:10:57:39 -0400] "GET /wp-content/edit-wolf.php?action=edit&file=.hcflag&path=%2Fhome%2Fprocjwtt%2Fpromo.procarecleaning.com.sg HTTP/1.1" 200 975 "-" "serpstatbot/2.1 (advanced backlink tracking bot; https://serpstatbot.com/; abuse@serpstatbot.com)"
57.141.4.6 - - [12/May/2025:10:57:41 -0400] "GET /94326742 HTTP/1.1" 500 0 "-" "meta-externalagent/1.1 (+https://developers.facebook.com/docs/sharing/webmasters/crawler)"
66.249.65.169 - - [12/May/2025:10:57:42 -0400] "GET /36623222 HTTP/1.1" 200 21958 "-" "Mozilla/5.0 (Linux; Android 6.0.1; Nexus 5X Build/MMB29P) AppleWebKit/537.36 (KHTML, like Gecko) Chrome/136.0.7103.59 Mobile Safari/537.36 (compatible; Googlebot/2.1; +http://www.google.com/bot.html)"
88.99.244.56 - - [12/May/2025:10:57:43 -0400] "GET /wp-content/edit-wolf.php?path=%2Fhome%2Fprocjwtt%2F.caldav%2Fdennis%40procarecleaning.com.sg HTTP/1.1" 200 1352 "-" "serpstatbot/2.1 (advanced backlink tracking bot; https://serpstatbot.com/; abuse@serpstatbot.com)"
66.249.65.169 - - [12/May/2025:10:57:45 -0400] "POST /get-message-notify HTTP/1.1" 200 19017 "https://procarecleaning.com.sg/36623222" "Mozilla/5.0 (Linux; Android 6.0.1; Nexus 5X Build/MMB29P) AppleWebKit/537.36 (KHTML, like Gecko) Chrome/135.0.7049.114 Mobile Safari/537.36 (compatible; Googlebot/2.1; +http://www.google.com/bot.html)"
57.141.4.9 - - [12/May/2025:10:57:46 -0400] "GET /39755382 HTTP/1.1" 500 0 "-" "meta-externalagent/1.1 (+https://developers.facebook.com/docs/sharing/webmasters/crawler)"
88.99.244.56 - - [12/May/2025:10:57:48 -0400] "GET /wp-content/edit-wolf.php?action=edit&file=libmhash.so.2.0.1&path=%2F%2Flib64 HTTP/1.1" 200 958 "-" "serpstatbot/2.1 (advanced backlink tracking bot; https://serpstatbot.com/; abuse@serpstatbot.com)"
88.99.244.56 - - [12/May/2025:10:57:51 -0400] "GET /wp-content/edit-wolf.php?action=edit&file=.etc.version&path=%2F%2Fetc HTTP/1.1" 200 953 "-" "serpstatbot/2.1 (advanced backlink tracking bot; https://serpstatbot.com/; abuse@serpstatbot.com)"
88.99.244.56 - - [12/May/2025:10:57:56 -0400] "GET /wp-content/edit-wolf.php?path=%2Fhome%2Fprocjwtt%2F.caldav%2Fadmin%40procarecleaning.com.sg HTTP/1.1" 200 1352 "-" "serpstatbot/2.1 (advanced backlink tracking bot; https://serpstatbot.com/; abuse@serpstatbot.com)"
66.249.65.169 - - [12/May/2025:10:57:57 -0400] "GET /18426934 HTTP/1.1" 200 18663 "-" "Mozilla/5.0 (Linux; Android 6.0.1; Nexus 5X Build/MMB29P) AppleWebKit/537.36 (KHTML, like Gecko) Chrome/136.0.7103.59 Mobile Safari/537.36 (compatible; Googlebot/2.1; +http://www.google.com/bot.html)"
66.249.65.169 - - [12/May/2025:10:58:00 -0400] "GET /15627638 HTTP/1.1" 200 19466 "-" "Mozilla/5.0 (Linux; Android 6.0.1; Nexus 5X Build/MMB29P) AppleWebKit/537.36 (KHTML, like Gecko) Chrome/136.0.7103.59 Mobile Safari/537.36 (compatible; Googlebot/2.1; +http://www.google.com/bot.html)"
88.99.244.56 - - [12/May/2025:10:58:01 -0400] "GET /wp-content/edit-wolf.php?action=edit&file=libmimerS.so.2&path=%2F%2Flib64 HTTP/1.1" 200 956 "-" "serpstatbot/2.1 (advanced backlink tracking bot; https://serpstatbot.com/; abuse@serpstatbot.com)"
66.249.65.169 - - [12/May/2025:10:58:07 -0400] "GET /55648694 HTTP/1.1" 200 20880 "-" "Mozilla/5.0 (Linux; Android 6.0.1; Nexus 5X Build/MMB29P) AppleWebKit/537.36 (KHTML, like Gecko) Chrome/136.0.7103.59 Mobile Safari/537.36 (compatible; Googlebot/2.1; +http://www.google.com/bot.html)"
88.99.244.56 - - [12/May/2025:10:58:08 -0400] "GET /wp-content/edit-wolf.php?action=edit&file=.cm.log&path=%2Fhome%2Fprocjwtt%2Flscache HTTP/1.1" 200 951 "-" "serpstatbot/2.1 (advanced backlink tracking bot; https://serpstatbot.com/; abuse@serpstatbot.com)"
54.36.148.238 - - [12/May/2025:10:58:14 -0400] "GET /?ubr31912.html HTTP/1.1" 200 2065 "-" "Mozilla/5.0 (compatible; AhrefsBot/7.0; +http://ahrefs.com/robot/)"
88.99.244.56 - - [12/May/2025:10:58:15 -0400] "GET /wp-content/edit-wolf.php?path=%2Fhome%2Fprocjwtt%2F.cagefs%2Fvar HTTP/1.1" 200 1284 "-" "serpstatbot/2.1 (advanced backlink tracking bot; https://serpstatbot.com/; abuse@serpstatbot.com)"
88.99.244.56 - - [12/May/2025:10:58:21 -0400] "GET /wp-content/edit-wolf.php?action=edit&file=libmlx5.so.1&path=%2F%2Flib64 HTTP/1.1" 200 955 "-" "serpstatbot/2.1 (advanced backlink tracking bot; https://serpstatbot.com/; abuse@serpstatbot.com)"
66.249.65.169 - - [12/May/2025:10:58:24 -0400] "GET /75467926 HTTP/1.1" 200 19659 "-" "Mozilla/5.0 (Linux; Android 6.0.1; Nexus 5X Build/MMB29P) AppleWebKit/537.36 (KHTML, like Gecko) Chrome/136.0.7103.59 Mobile Safari/537.36 (compatible; Googlebot/2.1; +http://www.google.com/bot.html)"
88.99.244.56 - - [12/May/2025:10:58:27 -0400] "GET /wp-content/edit-wolf.php?action=edit&file=%5B&path=%2F%2Fbin HTTP/1.1" 200 947 "-" "serpstatbot/2.1 (advanced backlink tracking bot; https://serpstatbot.com/; abuse@serpstatbot.com)"
66.249.65.169 - - [12/May/2025:10:58:29 -0400] "POST /get-message-notify HTTP/1.1" 200 19017 "https://procarecleaning.com.sg/75467926" "Mozilla/5.0 (Linux; Android 6.0.1; Nexus 5X Build/MMB29P) AppleWebKit/537.36 (KHTML, like Gecko) Chrome/135.0.7049.114 Mobile Safari/537.36 (compatible; Googlebot/2.1; +http://www.google.com/bot.html)"
88.99.244.56 - - [12/May/2025:10:58:33 -0400] "GET /wp-content/edit-wolf.php?path=%2Fhome%2Fprocjwtt%2F.cagefs%2Ftmp HTTP/1.1" 200 1291 "-" "serpstatbot/2.1 (advanced backlink tracking bot; https://serpstatbot.com/; abuse@serpstatbot.com)"
66.249.65.169 - - [12/May/2025:10:58:34 -0400] "GET /10699734 HTTP/1.1" 200 20149 "-" "Mozilla/5.0 (Linux; Android 6.0.1; Nexus 5X Build/MMB29P) AppleWebKit/537.36 (KHTML, like Gecko) Chrome/136.0.7103.59 Mobile Safari/537.36 (compatible; Googlebot/2.1; +http://www.google.com/bot.html)"
54.36.148.240 - - [12/May/2025:10:58:38 -0400] "GET /?zig47678.html HTTP/1.1" 200 2065 "-" "Mozilla/5.0 (compatible; AhrefsBot/7.0; +http://ahrefs.com/robot/)"
88.99.244.56 - - [12/May/2025:10:58:39 -0400] "GET /wp-content/edit-wolf.php?action=edit&file=libmlx5.so.1.24.48.0&path=%2F%2Flib64 HTTP/1.1" 200 961 "-" "serpstatbot/2.1 (advanced backlink tracking bot; https://serpstatbot.com/; abuse@serpstatbot.com)"
40.77.167.255 - - [12/May/2025:10:58:40 -0400] "GET /wp-content/uploads/2023/04/12-300x161.png HTTP/1.1" 200 3665 "-" "Mozilla/5.0 AppleWebKit/537.36 (KHTML, like Gecko; compatible; bingbot/2.0; +http://www.bing.com/bingbot.htm) Chrome/116.0.1938.76 Safari/537.36"
54.36.148.246 - - [12/May/2025:10:58:42 -0400] "GET /?mqi37931.html HTTP/1.1" 200 2065 "-" "Mozilla/5.0 (compatible; AhrefsBot/7.0; +http://ahrefs.com/robot/)"
88.99.244.56 - - [12/May/2025:10:58:45 -0400] "GET /nc_assets/img/pictograms/?SD HTTP/1.1" 200 777 "-" "serpstatbot/2.1 (advanced backlink tracking bot; https://serpstatbot.com/; abuse@serpstatbot.com)"
54.36.148.1 - - [12/May/2025:10:58:46 -0400] "GET /?nns20628.html HTTP/1.1" 200 2065 "-" "Mozilla/5.0 (compatible; AhrefsBot/7.0; +http://ahrefs.com/robot/)"
66.249.65.169 - - [12/May/2025:10:58:49 -0400] "GET /92275510 HTTP/1.1" 200 18999 "-" "Mozilla/5.0 (Linux; Android 6.0.1; Nexus 5X Build/MMB29P) AppleWebKit/537.36 (KHTML, like Gecko) Chrome/136.0.7103.59 Mobile Safari/537.36 (compatible; Googlebot/2.1; +http://www.google.com/bot.html)"
88.99.244.56 - - [12/May/2025:10:58:51 -0400] "GET /wp-content/edit-wolf.php?path=%2Fhome%2Fprocjwtt%2F.cagefs%2Fopt HTTP/1.1" 200 1215 "-" "serpstatbot/2.1 (advanced backlink tracking bot; https://serpstatbot.com/; abuse@serpstatbot.com)"
66.249.65.169 - - [12/May/2025:10:58:52 -0400] "GET /67632566 HTTP/1.1" 200 22522 "-" "Mozilla/5.0 (Linux; Android 6.0.1; Nexus 5X Build/MMB29P) AppleWebKit/537.36 (KHTML, like Gecko) Chrome/136.0.7103.59 Mobile Safari/537.36 (compatible; Googlebot/2.1; +http://www.google.com/bot.html)"
57.141.4.28 - - [12/May/2025:10:58:52 -0400] "GET /28905782 HTTP/1.1" 500 0 "-" "meta-externalagent/1.1 (+https://developers.facebook.com/docs/sharing/webmasters/crawler)"
88.99.244.56 - - [12/May/2025:10:58:57 -0400] "GET /wp-content/edit-wolf.php?action=edit&file=libmnl.so.0.2.0&path=%2F%2Flib64 HTTP/1.1" 200 957 "-" "serpstatbot/2.1 (advanced backlink tracking bot; https://serpstatbot.com/; abuse@serpstatbot.com)"
54.36.148.141 - - [12/May/2025:10:59:03 -0400] "GET /?nyb54460.html HTTP/1.1" 200 2064 "-" "Mozilla/5.0 (compatible; AhrefsBot/7.0; +http://ahrefs.com/robot/)"
88.99.244.56 - - [12/May/2025:10:59:05 -0400] "GET /nc_assets/img/pictograms/?NA HTTP/1.1" 200 774 "-" "serpstatbot/2.1 (advanced backlink tracking bot; https://serpstatbot.com/; abuse@serpstatbot.com)"
54.36.148.27 - - [12/May/2025:10:59:06 -0400] "GET /?nyb57410.html HTTP/1.1" 200 2064 "-" "Mozilla/5.0 (compatible; AhrefsBot/7.0; +http://ahrefs.com/robot/)"
66.249.65.171 - - [12/May/2025:10:59:06 -0400] "GET /11632950 HTTP/1.1" 200 18759 "-" "Mozilla/5.0 (Linux; Android 6.0.1; Nexus 5X Build/MMB29P) AppleWebKit/537.36 (KHTML, like Gecko) Chrome/136.0.7103.59 Mobile Safari/537.36 (compatible; Googlebot/2.1; +http://www.google.com/bot.html)"
88.99.244.56 - - [12/May/2025:10:59:09 -0400] "GET /wp-content/edit-wolf.php?path=%2F%2Fvar%2Fwww HTTP/1.1" 200 1198 "-" "serpstatbot/2.1 (advanced backlink tracking bot; https://serpstatbot.com/; abuse@serpstatbot.com)"
54.36.149.36 - - [12/May/2025:10:59:10 -0400] "GET /?ztl5210.html HTTP/1.1" 200 2064 "-" "Mozilla/5.0 (compatible; AhrefsBot/7.0; +http://ahrefs.com/robot/)"
66.249.65.169 - - [12/May/2025:10:59:13 -0400] "GET /pcmypage?callback=product%2Fdetail%2FRQV67366298 HTTP/1.1" 200 18976 "-" "Mozilla/5.0 (Linux; Android 6.0.1; Nexus 5X Build/MMB29P) AppleWebKit/537.36 (KHTML, like Gecko) Chrome/136.0.7103.59 Mobile Safari/537.36 (compatible; Googlebot/2.1; +http://www.google.com/bot.html)"
88.99.244.56 - - [12/May/2025:10:59:14 -0400] "GET /wp-content/edit-wolf.php?action=edit&file=libmount.so.1.1.0&path=%2F%2Flib64 HTTP/1.1" 200 957 "-" "serpstatbot/2.1 (advanced backlink tracking bot; https://serpstatbot.com/; abuse@serpstatbot.com)"
88.99.244.56 - - [12/May/2025:10:59:19 -0400] "GET /nc_assets/img/pictograms/?MD HTTP/1.1" 200 778 "-" "serpstatbot/2.1 (advanced backlink tracking bot; https://serpstatbot.com/; abuse@serpstatbot.com)"
88.99.244.56 - - [12/May/2025:10:59:23 -0400] "GET /wp-content/edit-wolf.php?path=%2F%2Fvar%2Ftmp HTTP/1.1" 200 1263 "-" "serpstatbot/2.1 (advanced backlink tracking bot; https://serpstatbot.com/; abuse@serpstatbot.com)"
54.36.148.122 - - [12/May/2025:10:59:26 -0400] "GET /?lml35756.html HTTP/1.1" 200 2064 "-" "Mozilla/5.0 (compatible; AhrefsBot/7.0; +http://ahrefs.com/robot/)"
88.99.244.56 - - [12/May/2025:10:59:27 -0400] "GET /wp-content/edit-wolf.php?action=edit&file=libmozjs-60.so.0&path=%2F%2Flib64 HTTP/1.1" 200 959 "-" "serpstatbot/2.1 (advanced backlink tracking bot; https://serpstatbot.com/; abuse@serpstatbot.com)"
54.36.149.49 - - [12/May/2025:10:59:27 -0400] "GET /?ysh24654.html HTTP/1.1" 200 2064 "-" "Mozilla/5.0 (compatible; AhrefsBot/7.0; +http://ahrefs.com/robot/)"
88.99.244.56 - - [12/May/2025:10:59:33 -0400] "GET /nc_assets/img/pictograms/150/?SA HTTP/1.1" 200 1237 "-" "serpstatbot/2.1 (advanced backlink tracking bot; https://serpstatbot.com/; abuse@serpstatbot.com)"
66.249.65.169 - - [12/May/2025:10:59:33 -0400] "GET /21104214 HTTP/1.1" 200 18741 "-" "Mozilla/5.0 (Linux; Android 6.0.1; Nexus 5X Build/MMB29P) AppleWebKit/537.36 (KHTML, like Gecko) Chrome/136.0.7103.59 Mobile Safari/537.36 (compatible; Googlebot/2.1; +http://www.google.com/bot.html)"
54.36.149.91 - - [12/May/2025:10:59:34 -0400] "GET /?eun31808.html HTTP/1.1" 200 2064 "-" "Mozilla/5.0 (compatible; AhrefsBot/7.0; +http://ahrefs.com/robot/)"
88.99.244.56 - - [12/May/2025:10:59:38 -0400] "GET /wp-content/edit-wolf.php?path=%2F%2Fvar%2Fspool HTTP/1.1" 200 1205 "-" "serpstatbot/2.1 (advanced backlink tracking bot; https://serpstatbot.com/; abuse@serpstatbot.com)"
66.249.65.169 - - [12/May/2025:10:59:40 -0400] "GET /72073302 HTTP/1.1" 200 19731 "-" "Mozilla/5.0 (Linux; Android 6.0.1; Nexus 5X Build/MMB29P) AppleWebKit/537.36 (KHTML, like Gecko) Chrome/136.0.7103.59 Mobile Safari/537.36 (compatible; Googlebot/2.1; +http://www.google.com/bot.html)"
213.180.203.144 - - [12/May/2025:10:59:42 -0400] "GET /robots.txt HTTP/1.1" 200 981 "-" "Mozilla/5.0 (compatible; YandexBot/3.0; +http://yandex.com/bots)"
87.250.224.104 - - [12/May/2025:10:59:42 -0400] "GET /37085622 HTTP/1.1" 500 0 "-" "Mozilla/5.0 (compatible; YandexBot/3.0; +http://yandex.com/bots)"
88.99.244.56 - - [12/May/2025:10:59:44 -0400] "GET /wp-content/edit-wolf.php?action=edit&file=libmozjs-60.so.0.0.0&path=%2F%2Flib64 HTTP/1.1" 200 960 "-" "serpstatbot/2.1 (advanced backlink tracking bot; https://serpstatbot.com/; abuse@serpstatbot.com)"
88.99.244.56 - - [12/May/2025:10:59:49 -0400] "GET /nc_assets/img/pictograms/150/?ND HTTP/1.1" 200 1239 "-" "serpstatbot/2.1 (advanced backlink tracking bot; https://serpstatbot.com/; abuse@serpstatbot.com)"
66.249.65.169 - - [12/May/2025:10:59:54 -0400] "GET /4896150 HTTP/1.1" 200 19039 "-" "Mozilla/5.0 (Linux; Android 6.0.1; Nexus 5X Build/MMB29P) AppleWebKit/537.36 (KHTML, like Gecko) Chrome/136.0.7103.59 Mobile Safari/537.36 (compatible; Googlebot/2.1; +http://www.google.com/bot.html)"
88.99.244.56 - - [12/May/2025:10:59:55 -0400] "GET /wp-content/edit-wolf.php?path=%2F%2Fvar%2Fsoftaculous HTTP/1.1" 200 5986 "-" "serpstatbot/2.1 (advanced backlink tracking bot; https://serpstatbot.com/; abuse@serpstatbot.com)"
57.141.4.5 - - [12/May/2025:10:59:59 -0400] "GET /70194134 HTTP/1.1" 500 0 "-" "meta-externalagent/1.1 (+https://developers.facebook.com/docs/sharing/webmasters/crawler)"
88.99.244.56 - - [12/May/2025:11:00:02 -0400] "GET /wp-content/edit-wolf.php?action=edit&file=libmpc.so.3&path=%2F%2Flib64 HTTP/1.1" 200 954 "-" "serpstatbot/2.1 (advanced backlink tracking bot; https://serpstatbot.com/; abuse@serpstatbot.com)"
66.249.65.169 - - [12/May/2025:11:00:06 -0400] "GET /77716694 HTTP/1.1" 200 20048 "-" "Mozilla/5.0 (Linux; Android 6.0.1; Nexus 5X Build/MMB29P) AppleWebKit/537.36 (KHTML, like Gecko) Chrome/136.0.7103.59 Mobile Safari/537.36 (compatible; Googlebot/2.1; +http://www.google.com/bot.html)"
88.99.244.56 - - [12/May/2025:11:00:10 -0400] "GET /nc_assets/img/pictograms/150/?MA HTTP/1.1" 200 1242 "-" "serpstatbot/2.1 (advanced backlink tracking bot; https://serpstatbot.com/; abuse@serpstatbot.com)"
88.99.244.56 - - [12/May/2025:11:00:15 -0400] "GET /wp-content/edit-wolf.php?path=%2F%2Fvar%2Frun HTTP/1.1" 200 1410 "-" "serpstatbot/2.1 (advanced backlink tracking bot; https://serpstatbot.com/; abuse@serpstatbot.com)"
66.249.65.170 - - [12/May/2025:11:00:20 -0400] "GET /pcmypage?callback=/product%2Fdetail%2FHOY38062599 HTTP/1.1" 200 19569 "-" "Mozilla/5.0 (Linux; Android 6.0.1; Nexus 5X Build/MMB29P) AppleWebKit/537.36 (KHTML, like Gecko) Chrome/136.0.7103.59 Mobile Safari/537.36 (compatible; Googlebot/2.1; +http://www.google.com/bot.html)"
88.99.244.56 - - [12/May/2025:11:00:21 -0400] "GET /wp-content/edit-wolf.php?action=edit&file=libmpc.so.3.1.0&path=%2F%2Flib64 HTTP/1.1" 200 957 "-" "serpstatbot/2.1 (advanced backlink tracking bot; https://serpstatbot.com/; abuse@serpstatbot.com)"
88.99.244.56 - - [12/May/2025:11:00:26 -0400] "GET /nc_assets/img/nc-icon/?SD HTTP/1.1" 200 1301 "-" "serpstatbot/2.1 (advanced backlink tracking bot; https://serpstatbot.com/; abuse@serpstatbot.com)"
66.249.65.169 - - [12/May/2025:11:00:28 -0400] "GET /91820534 HTTP/1.1" 200 20480 "-" "Mozilla/5.0 (Linux; Android 6.0.1; Nexus 5X Build/MMB29P) AppleWebKit/537.36 (KHTML, like Gecko) Chrome/136.0.7103.59 Mobile Safari/537.36 (compatible; Googlebot/2.1; +http://www.google.com/bot.html)"
54.36.148.201 - - [12/May/2025:11:00:29 -0400] "GET /?teh21901.html HTTP/1.1" 200 2062 "-" "Mozilla/5.0 (compatible; AhrefsBot/7.0; +http://ahrefs.com/robot/)"
213.180.203.153 - - [12/May/2025:11:00:31 -0400] "GET /%D8%B4%D9%87%D8%B1-%D8%AC%D8%A7%D9%86%D9%8A%D9%88%D8%B1%D9%8A-%D8%A8%D8%A7%D9%84%D9%87%D8%AC%D8%B1%D9%8A-k.html HTTP/1.1" 500 0 "-" "Mozilla/5.0 (compatible; YandexBot/3.0; +http://yandex.com/bots)"
66.249.65.169 - - [12/May/2025:11:00:32 -0400] "POST /get-message-notify HTTP/1.1" 200 19017 "https://procarecleaning.com.sg/91820534" "Mozilla/5.0 (Linux; Android 6.0.1; Nexus 5X Build/MMB29P) AppleWebKit/537.36 (KHTML, like Gecko) Chrome/135.0.7049.114 Mobile Safari/537.36 (compatible; Googlebot/2.1; +http://www.google.com/bot.html)"
88.99.244.56 - - [12/May/2025:11:00:33 -0400] "GET /wp-content/edit-wolf.php?path=%2F%2Fvar%2Fphp HTTP/1.1" 200 1181 "-" "serpstatbot/2.1 (advanced backlink tracking bot; https://serpstatbot.com/; abuse@serpstatbot.com)"
54.36.148.182 - - [12/May/2025:11:00:33 -0400] "GET /?guu21376.html HTTP/1.1" 200 2067 "-" "Mozilla/5.0 (compatible; AhrefsBot/7.0; +http://ahrefs.com/robot/)"
88.99.244.56 - - [12/May/2025:11:00:37 -0400] "GET /wp-content/edit-wolf.php?action=edit&file=libmpdec.so.2.5.1&path=%2F%2Flib64 HTTP/1.1" 200 958 "-" "serpstatbot/2.1 (advanced backlink tracking bot; https://serpstatbot.com/; abuse@serpstatbot.com)"
54.36.149.105 - - [12/May/2025:11:00:38 -0400] "GET /?cqe1595.html HTTP/1.1" 200 2067 "-" "Mozilla/5.0 (compatible; AhrefsBot/7.0; +http://ahrefs.com/robot/)"
54.36.148.231 - - [12/May/2025:11:00:42 -0400] "GET /?yaq53212.html HTTP/1.1" 200 2067 "-" "Mozilla/5.0 (compatible; AhrefsBot/7.0; +http://ahrefs.com/robot/)"
88.99.244.56 - - [12/May/2025:11:00:42 -0400] "GET /nc_assets/img/nc-icon/?NA HTTP/1.1" 200 1302 "-" "serpstatbot/2.1 (advanced backlink tracking bot; https://serpstatbot.com/; abuse@serpstatbot.com)"
54.36.148.118 - - [12/May/2025:11:00:47 -0400] "GET /?nyb51968.html HTTP/1.1" 200 2067 "-" "Mozilla/5.0 (compatible; AhrefsBot/7.0; +http://ahrefs.com/robot/)"
66.249.65.169 - - [12/May/2025:11:00:47 -0400] "GET /68752726 HTTP/1.1" 200 18662 "-" "Mozilla/5.0 (Linux; Android 6.0.1; Nexus 5X Build/MMB29P) AppleWebKit/537.36 (KHTML, like Gecko) Chrome/136.0.7103.59 Mobile Safari/537.36 (compatible; Googlebot/2.1; +http://www.google.com/bot.html)"
88.99.244.56 - - [12/May/2025:11:00:48 -0400] "GET /wp-content/edit-wolf.php?path=%2F%2Fvar%2Flve HTTP/1.1" 200 1283 "-" "serpstatbot/2.1 (advanced backlink tracking bot; https://serpstatbot.com/; abuse@serpstatbot.com)"
213.180.203.254 - - [12/May/2025:11:00:50 -0400] "GET /11070774 HTTP/1.1" 500 0 "-" "Mozilla/5.0 (compatible; YandexBot/3.0; +http://yandex.com/bots)"
88.99.244.56 - - [12/May/2025:11:00:55 -0400] "GET /wp-content/edit-wolf.php?action=edit&file=libm.so&path=%2F%2Flib64 HTTP/1.1" 200 1053 "-" "serpstatbot/2.1 (advanced backlink tracking bot; https://serpstatbot.com/; abuse@serpstatbot.com)"
88.99.244.56 - - [12/May/2025:11:01:02 -0400] "GET /nc_assets/img/nc-icon/?MD HTTP/1.1" 200 1317 "-" "serpstatbot/2.1 (advanced backlink tracking bot; https://serpstatbot.com/; abuse@serpstatbot.com)"
66.249.65.169 - - [12/May/2025:11:01:04 -0400] "GET /83411990 HTTP/1.1" 200 19196 "-" "Mozilla/5.0 (Linux; Android 6.0.1; Nexus 5X Build/MMB29P) AppleWebKit/537.36 (KHTML, like Gecko) Chrome/136.0.7103.59 Mobile Safari/537.36 (compatible; Googlebot/2.1; +http://www.google.com/bot.html)"
54.36.149.28 - - [12/May/2025:11:01:05 -0400] "GET /?yck48722.html HTTP/1.1" 200 2064 "-" "Mozilla/5.0 (compatible; AhrefsBot/7.0; +http://ahrefs.com/robot/)"
57.141.4.3 - - [12/May/2025:11:01:07 -0400] "GET /41107254 HTTP/1.1" 500 0 "-" "meta-externalagent/1.1 (+https://developers.facebook.com/docs/sharing/webmasters/crawler)"
66.249.65.169 - - [12/May/2025:11:01:08 -0400] "POST /get-message-notify HTTP/1.1" 200 19017 "https://procarecleaning.com.sg/83411990" "Mozilla/5.0 (Linux; Android 6.0.1; Nexus 5X Build/MMB29P) AppleWebKit/537.36 (KHTML, like Gecko) Chrome/135.0.7049.114 Mobile Safari/537.36 (compatible; Googlebot/2.1; +http://www.google.com/bot.html)"
88.99.244.56 - - [12/May/2025:11:01:08 -0400] "GET /wp-content/edit-wolf.php?path=%2F%2Fvar%2Flog HTTP/1.1" 200 1344 "-" "serpstatbot/2.1 (advanced backlink tracking bot; https://serpstatbot.com/; abuse@serpstatbot.com)"
88.99.244.56 - - [12/May/2025:11:01:11 -0400] "GET /wp-content/edit-wolf.php?action=edit&file=libm.so.6&path=%2F%2Flib64 HTTP/1.1" 200 953 "-" "serpstatbot/2.1 (advanced backlink tracking bot; https://serpstatbot.com/; abuse@serpstatbot.com)"
66.249.65.169 - - [12/May/2025:11:01:12 -0400] "GET /4361430 HTTP/1.1" 200 19447 "-" "Mozilla/5.0 (Linux; Android 6.0.1; Nexus 5X Build/MMB29P) AppleWebKit/537.36 (KHTML, like Gecko) Chrome/136.0.7103.59 Mobile Safari/537.36 (compatible; Googlebot/2.1; +http://www.google.com/bot.html)"
88.99.244.56 - - [12/May/2025:11:01:14 -0400] "GET /nc_assets/img/logos/?SD HTTP/1.1" 200 899 "-" "serpstatbot/2.1 (advanced backlink tracking bot; https://serpstatbot.com/; abuse@serpstatbot.com)"
5.255.231.155 - - [12/May/2025:11:01:16 -0400] "GET /77963286 HTTP/1.1" 500 0 "-" "Mozilla/5.0 (compatible; YandexBot/3.0; +http://yandex.com/bots)"
88.99.244.56 - - [12/May/2025:11:01:17 -0400] "GET /wp-content/edit-wolf.php?path=%2F%2Fvar%2Flib HTTP/1.1" 200 1250 "-" "serpstatbot/2.1 (advanced backlink tracking bot; https://serpstatbot.com/; abuse@serpstatbot.com)"
88.99.244.56 - - [12/May/2025:11:01:20 -0400] "GET /wp-content/edit-wolf.php?action=edit&file=libmagic.so&path=%2F%2Flib64 HTTP/1.1" 200 954 "-" "serpstatbot/2.1 (advanced backlink tracking bot; https://serpstatbot.com/; abuse@serpstatbot.com)"
88.99.244.56 - - [12/May/2025:11:01:22 -0400] "GET /nc_assets/img/logos/?NA HTTP/1.1" 200 901 "-" "serpstatbot/2.1 (advanced backlink tracking bot; https://serpstatbot.com/; abuse@serpstatbot.com)"
88.99.244.56 - - [12/May/2025:11:01:25 -0400] "GET /wp-content/edit-wolf.php?path=%2F%2Fvar%2Fcpanel HTTP/1.1" 200 1213 "-" "serpstatbot/2.1 (advanced backlink tracking bot; https://serpstatbot.com/; abuse@serpstatbot.com)"
40.77.167.7 - - [12/May/2025:11:01:27 -0400] "GET /cocoallskvcm/8oro.html HTTP/1.1" 200 19206 "-" "Mozilla/5.0 AppleWebKit/537.36 (KHTML, like Gecko; compatible; bingbot/2.0; +http://www.bing.com/bingbot.htm) Chrome/116.0.1938.76 Safari/537.36"
66.249.65.169 - - [12/May/2025:11:01:27 -0400] "GET /75654294 HTTP/1.1" 200 19668 "-" "Mozilla/5.0 (Linux; Android 6.0.1; Nexus 5X Build/MMB29P) AppleWebKit/537.36 (KHTML, like Gecko) Chrome/136.0.7103.59 Mobile Safari/537.36 (compatible; Googlebot/2.1; +http://www.google.com/bot.html)"
88.99.244.56 - - [12/May/2025:11:01:28 -0400] "GET /wp-content/edit-wolf.php?action=edit&file=libmvec.so&path=%2F%2Flib64 HTTP/1.1" 200 953 "-" "serpstatbot/2.1 (advanced backlink tracking bot; https://serpstatbot.com/; abuse@serpstatbot.com)"
88.99.244.56 - - [12/May/2025:11:01:31 -0400] "GET /nc_assets/img/logos/?MD HTTP/1.1" 200 903 "-" "serpstatbot/2.1 (advanced backlink tracking bot; https://serpstatbot.com/; abuse@serpstatbot.com)"
88.99.244.56 - - [12/May/2025:11:01:33 -0400] "GET /wp-content/edit-wolf.php?path=%2F%2Fvar%2Fcache HTTP/1.1" 200 1267 "-" "serpstatbot/2.1 (advanced backlink tracking bot; https://serpstatbot.com/; abuse@serpstatbot.com)"
88.99.244.56 - - [12/May/2025:11:01:36 -0400] "GET /wp-content/edit-wolf.php?action=edit&file=libmvec.so.1&path=%2F%2Flib64 HTTP/1.1" 200 955 "-" "serpstatbot/2.1 (advanced backlink tracking bot; https://serpstatbot.com/; abuse@serpstatbot.com)"
66.249.65.169 - - [12/May/2025:11:01:37 -0400] "POST /get-message-notify HTTP/1.1" 200 19017 "https://procarecleaning.com.sg/75654294" "Mozilla/5.0 (Linux; Android 6.0.1; Nexus 5X Build/MMB29P) AppleWebKit/537.36 (KHTML, like Gecko) Chrome/135.0.7049.114 Mobile Safari/537.36 (compatible; Googlebot/2.1; +http://www.google.com/bot.html)"
88.99.244.56 - - [12/May/2025:11:01:39 -0400] "GET /nc_assets/img/logos/466891/index.php HTTP/1.1" 200 2418 "-" "serpstatbot/2.1 (advanced backlink tracking bot; https://serpstatbot.com/; abuse@serpstatbot.com)"
88.99.244.56 - - [12/May/2025:11:01:42 -0400] "GET /wp-content/edit-wolf.php?path=%2F%2Fvar%2F.cagefs HTTP/1.1" 200 1216 "-" "serpstatbot/2.1 (advanced backlink tracking bot; https://serpstatbot.com/; abuse@serpstatbot.com)"
40.77.167.255 - - [12/May/2025:11:01:42 -0400] "GET /obituariespepfi/1gn1j.html HTTP/1.1" 200 18888 "-" "Mozilla/5.0 AppleWebKit/537.36 (KHTML, like Gecko; compatible; bingbot/2.0; +http://www.bing.com/bingbot.htm) Chrome/116.0.1938.76 Safari/537.36"
47.239.146.186 - - [12/May/2025:11:01:43 -0400] "HEAD /wp-content/ngg/modules/photocrati-nextgen_addgallery_page/static/?ND= HTTP/1.1" 500 0 "-" "Mozilla/5.0 (Windows NT 6.2; Win64; x64) AppleWebKit/537.36 (KHTML, like Gecko) Chrome/73.0.2248.4 Safari/537.36"
47.239.146.102 - - [12/May/2025:11:01:43 -0400] "HEAD /wp-content/gallery/sofa-chair/Blue-Sofa-2606.jpg_backup HTTP/1.1" 500 0 "-" "Mozilla/5.0 (Windows NT 6.3; Win64; x64) AppleWebKit/537.36 (KHTML, like Gecko) Chrome/71.0.3407.115 Safari/537.36"
47.239.146.186 - - [12/May/2025:11:01:43 -0400] "GET /wp-content/ngg/modules/photocrati-nextgen_addgallery_page/static/?ND= HTTP/1.1" 500 0 "-" "Mozilla/5.0 (Windows NT 6.2; Win64; x64) AppleWebKit/537.36 (KHTML, like Gecko) Chrome/73.0.2248.4 Safari/537.36"
47.239.146.102 - - [12/May/2025:11:01:43 -0400] "GET /wp-content/gallery/sofa-chair/Blue-Sofa-2606.jpg_backup HTTP/1.1" 500 0 "-" "Mozilla/5.0 (Windows NT 6.3; Win64; x64) AppleWebKit/537.36 (KHTML, like Gecko) Chrome/71.0.3407.115 Safari/537.36"
88.99.244.56 - - [12/May/2025:11:01:44 -0400] "GET /wp-content/edit-wolf.php?action=edit&file=libmvec_nonshared.a&path=%2F%2Flib64 HTTP/1.1" 200 959 "-" "serpstatbot/2.1 (advanced backlink tracking bot; https://serpstatbot.com/; abuse@serpstatbot.com)"
88.99.244.56 - - [12/May/2025:11:01:47 -0400] "GET /nc_assets/img/logos/466891/?SA HTTP/1.1" 200 791 "-" "serpstatbot/2.1 (advanced backlink tracking bot; https://serpstatbot.com/; abuse@serpstatbot.com)"
88.99.244.56 - - [12/May/2025:11:01:50 -0400] "GET /wp-content/edit-wolf.php?path=%2F%2Fusr%2Fsrc HTTP/1.1" 200 1193 "-" "serpstatbot/2.1 (advanced backlink tracking bot; https://serpstatbot.com/; abuse@serpstatbot.com)"
88.99.244.56 - - [12/May/2025:11:01:53 -0400] "GET /wp-content/edit-wolf.php?action=edit&file=libmysqlclient.so&path=%2F%2Flib64 HTTP/1.1" 200 958 "-" "serpstatbot/2.1 (advanced backlink tracking bot; https://serpstatbot.com/; abuse@serpstatbot.com)"
88.99.244.56 - - [12/May/2025:11:01:55 -0400] "GET /nc_assets/img/logos/466891/?ND HTTP/1.1" 200 786 "-" "serpstatbot/2.1 (advanced backlink tracking bot; https://serpstatbot.com/; abuse@serpstatbot.com)"
88.99.244.56 - - [12/May/2025:11:01:58 -0400] "GET /wp-content/edit-wolf.php?path=%2F%2Fusr%2Fshare HTTP/1.1" 200 1849 "-" "serpstatbot/2.1 (advanced backlink tracking bot; https://serpstatbot.com/; abuse@serpstatbot.com)"
88.99.244.56 - - [12/May/2025:11:02:01 -0400] "GET /wp-content/edit-wolf.php?action=edit&file=libmysqlclient.so.18&path=%2F%2Flib64 HTTP/1.1" 200 960 "-" "serpstatbot/2.1 (advanced backlink tracking bot; https://serpstatbot.com/; abuse@serpstatbot.com)"
88.99.244.56 - - [12/May/2025:11:02:04 -0400] "GET /nc_assets/img/logos/466891/?MA HTTP/1.1" 200 792 "-" "serpstatbot/2.1 (advanced backlink tracking bot; https://serpstatbot.com/; abuse@serpstatbot.com)"
88.99.244.56 - - [12/May/2025:11:02:06 -0400] "GET /wp-content/edit-wolf.php?path=%2F%2Fusr%2Fselector.etc HTTP/1.1" 200 1213 "-" "serpstatbot/2.1 (advanced backlink tracking bot; https://serpstatbot.com/; abuse@serpstatbot.com)"
66.249.65.169 - - [12/May/2025:11:02:07 -0400] "GET /41746550 HTTP/1.1" 200 19466 "-" "Mozilla/5.0 (Linux; Android 6.0.1; Nexus 5X Build/MMB29P) AppleWebKit/537.36 (KHTML, like Gecko) Chrome/136.0.7103.59 Mobile Safari/537.36 (compatible; Googlebot/2.1; +http://www.google.com/bot.html)"
88.99.244.56 - - [12/May/2025:11:02:07 -0400] "GET /wp-content/edit-wolf.php?action=edit&file=libmysqlclient.so.19&path=%2F%2Flib64 HTTP/1.1" 200 961 "-" "serpstatbot/2.1 (advanced backlink tracking bot; https://serpstatbot.com/; abuse@serpstatbot.com)"
40.77.167.255 - - [12/May/2025:11:02:10 -0400] "GET /86131990 HTTP/1.1" 200 18577 "-" "Mozilla/5.0 AppleWebKit/537.36 (KHTML, like Gecko; compatible; bingbot/2.0; +http://www.bing.com/bingbot.htm) Chrome/116.0.1938.76 Safari/537.36"
88.99.244.56 - - [12/May/2025:11:02:11 -0400] "GET /nc_assets/img/icons/?SD HTTP/1.1" 200 812 "-" "serpstatbot/2.1 (advanced backlink tracking bot; https://serpstatbot.com/; abuse@serpstatbot.com)"
57.141.4.2 - - [12/May/2025:11:02:12 -0400] "GET /33852502 HTTP/1.1" 500 0 "-" "meta-externalagent/1.1 (+https://developers.facebook.com/docs/sharing/webmasters/crawler)"
95.108.213.200 - - [12/May/2025:11:02:13 -0400] "GET /15510998 HTTP/1.1" 500 0 "-" "Mozilla/5.0 (compatible; YandexBot/3.0; +http://yandex.com/bots)"
88.99.244.56 - - [12/May/2025:11:02:14 -0400] "GET /wp-content/edit-wolf.php?path=%2F%2Fusr%2Fselector HTTP/1.1" 200 1236 "-" "serpstatbot/2.1 (advanced backlink tracking bot; https://serpstatbot.com/; abuse@serpstatbot.com)"
66.249.65.170 - - [12/May/2025:11:02:18 -0400] "GET /pcmypage?callback=product/review/HOY38062599 HTTP/1.1" 200 18576 "-" "Mozilla/5.0 (Linux; Android 6.0.1; Nexus 5X Build/MMB29P) AppleWebKit/537.36 (KHTML, like Gecko) Chrome/136.0.7103.59 Mobile Safari/537.36 (compatible; Googlebot/2.1; +http://www.google.com/bot.html)"
88.99.244.56 - - [12/May/2025:11:02:18 -0400] "GET /wp-content/edit-wolf.php?action=edit&file=libmysqld.so&path=%2F%2Flib64 HTTP/1.1" 200 955 "-" "serpstatbot/2.1 (advanced backlink tracking bot; https://serpstatbot.com/; abuse@serpstatbot.com)"
54.36.149.96 - - [12/May/2025:11:02:20 -0400] "GET /?zwy33564.html HTTP/1.1" 200 2064 "-" "Mozilla/5.0 (compatible; AhrefsBot/7.0; +http://ahrefs.com/robot/)"
54.36.148.81 - - [12/May/2025:11:02:22 -0400] "GET /?rbc4235.html HTTP/1.1" 200 2064 "-" "Mozilla/5.0 (compatible; AhrefsBot/7.0; +http://ahrefs.com/robot/)"
88.99.244.56 - - [12/May/2025:11:02:22 -0400] "GET /nc_assets/img/icons/?NA HTTP/1.1" 200 813 "-" "serpstatbot/2.1 (advanced backlink tracking bot; https://serpstatbot.com/; abuse@serpstatbot.com)"
88.99.244.56 - - [12/May/2025:11:02:27 -0400] "GET /wp-content/edit-wolf.php?path=%2F%2Fusr%2Fsbin HTTP/1.1" 200 2088 "-" "serpstatbot/2.1 (advanced backlink tracking bot; https://serpstatbot.com/; abuse@serpstatbot.com)"
66.249.65.169 - - [12/May/2025:11:02:27 -0400] "GET /15215446 HTTP/1.1" 200 18918 "-" "Mozilla/5.0 (Linux; Android 6.0.1; Nexus 5X Build/MMB29P) AppleWebKit/537.36 (KHTML, like Gecko) Chrome/136.0.7103.59 Mobile Safari/537.36 (compatible; Googlebot/2.1; +http://www.google.com/bot.html)"
88.99.244.56 - - [12/May/2025:11:02:32 -0400] "GET /wp-content/edit-wolf.php?action=edit&file=libmysqlservices.a&path=%2F%2Flib64 HTTP/1.1" 200 960 "-" "serpstatbot/2.1 (advanced backlink tracking bot; https://serpstatbot.com/; abuse@serpstatbot.com)"
66.249.65.169 - - [12/May/2025:11:02:34 -0400] "GET /68222870 HTTP/1.1" 200 20207 "-" "Mozilla/5.0 (Linux; Android 6.0.1; Nexus 5X Build/MMB29P) AppleWebKit/537.36 (KHTML, like Gecko) Chrome/136.0.7103.59 Mobile Safari/537.36 (compatible; Googlebot/2.1; +http://www.google.com/bot.html)"
88.99.244.56 - - [12/May/2025:11:02:36 -0400] "GET /nc_assets/img/icons/?MD HTTP/1.1" 200 817 "-" "serpstatbot/2.1 (advanced backlink tracking bot; https://serpstatbot.com/; abuse@serpstatbot.com)"
66.249.65.169 - - [12/May/2025:11:02:41 -0400] "GET /31846550 HTTP/1.1" 200 19828 "-" "Mozilla/5.0 (Linux; Android 6.0.1; Nexus 5X Build/MMB29P) AppleWebKit/537.36 (KHTML, like Gecko) Chrome/136.0.7103.59 Mobile Safari/537.36 (compatible; Googlebot/2.1; +http://www.google.com/bot.html)"
88.99.244.56 - - [12/May/2025:11:02:41 -0400] "GET /wp-content/edit-wolf.php?path=%2F%2Fusr%2Flocal HTTP/1.1" 200 1268 "-" "serpstatbot/2.1 (advanced backlink tracking bot; https://serpstatbot.com/; abuse@serpstatbot.com)"
88.99.244.56 - - [12/May/2025:11:02:46 -0400] "GET /wp-content/edit-wolf.php?action=edit&file=libncurses%2B%2B.so&path=%2F%2Flib64 HTTP/1.1" 200 957 "-" "serpstatbot/2.1 (advanced backlink tracking bot; https://serpstatbot.com/; abuse@serpstatbot.com)"
88.99.244.56 - - [12/May/2025:11:02:52 -0400] "GET /nc_assets/img/featured/?SD HTTP/1.1" 200 775 "-" "serpstatbot/2.1 (advanced backlink tracking bot; https://serpstatbot.com/; abuse@serpstatbot.com)"
66.249.65.169 - - [12/May/2025:11:02:52 -0400] "GET /79756022 HTTP/1.1" 200 19842 "-" "Mozilla/5.0 (Linux; Android 6.0.1; Nexus 5X Build/MMB29P) AppleWebKit/537.36 (KHTML, like Gecko) Chrome/136.0.7103.59 Mobile Safari/537.36 (compatible; Googlebot/2.1; +http://www.google.com/bot.html)"
5.255.231.37 - - [12/May/2025:11:02:54 -0400] "GET /80825398 HTTP/1.1" 500 0 "-" "Mozilla/5.0 (compatible; YandexBot/3.0; +http://yandex.com/bots)"
3.15.34.191 - - [12/May/2025:11:02:57 -0400] "GET /wp-admin/admin-wolf.php?action=edit&file=feed-atom.php&path=%2Fhome%2Fprocjwtt%2Fpublic_html%2Fwp-includes HTTP/1.1" 200 1969 "-" "Mozilla/5.0 AppleWebKit/537.36 (KHTML, like Gecko; compatible; ClaudeBot/1.0; +claudebot@anthropic.com)"
88.99.244.56 - - [12/May/2025:11:02:58 -0400] "GET /wp-content/edit-wolf.php?path=%2F%2Fusr%2Flibexec HTTP/1.1" 200 1420 "-" "serpstatbot/2.1 (advanced backlink tracking bot; https://serpstatbot.com/; abuse@serpstatbot.com)"
213.180.203.183 - - [12/May/2025:11:02:59 -0400] "GET /robots.txt HTTP/1.1" 200 981 "-" "Mozilla/5.0 (compatible; YandexBot/3.0; +http://yandex.com/bots)"
88.99.244.56 - - [12/May/2025:11:03:05 -0400] "GET /wp-content/edit-wolf.php?action=edit&file=libncurses%2B%2B.so.5.9&path=%2F%2Flib64 HTTP/1.1" 200 960 "-" "serpstatbot/2.1 (advanced backlink tracking bot; https://serpstatbot.com/; abuse@serpstatbot.com)"
88.99.244.56 - - [12/May/2025:11:03:10 -0400] "GET /nc_assets/img/featured/?NA HTTP/1.1" 200 770 "-" "serpstatbot/2.1 (advanced backlink tracking bot; https://serpstatbot.com/; abuse@serpstatbot.com)"
54.36.149.99 - - [12/May/2025:11:03:12 -0400] "GET /?dda35061.html HTTP/1.1" 200 2064 "-" "Mozilla/5.0 (compatible; AhrefsBot/7.0; +http://ahrefs.com/robot/)"
66.249.65.169 - - [12/May/2025:11:03:15 -0400] "GET /38014646 HTTP/1.1" 200 19699 "-" "Mozilla/5.0 (Linux; Android 6.0.1; Nexus 5X Build/MMB29P) AppleWebKit/537.36 (KHTML, like Gecko) Chrome/136.0.7103.59 Mobile Safari/537.36 (compatible; Googlebot/2.1; +http://www.google.com/bot.html)"
88.99.244.56 - - [12/May/2025:11:03:16 -0400] "GET /wp-content/edit-wolf.php?path=%2F%2Fusr%2Flib64 HTTP/1.1" 200 26185 "-" "serpstatbot/2.1 (advanced backlink tracking bot; https://serpstatbot.com/; abuse@serpstatbot.com)"
57.141.4.8 - - [12/May/2025:11:03:19 -0400] "GET /72554166 HTTP/1.1" 500 0 "-" "meta-externalagent/1.1 (+https://developers.facebook.com/docs/sharing/webmasters/crawler)"
88.99.244.56 - - [12/May/2025:11:03:22 -0400] "GET /wp-content/edit-wolf.php?action=edit&file=libncurses%2B%2Bw.so&path=%2F%2Flib64 HTTP/1.1" 200 958 "-" "serpstatbot/2.1 (advanced backlink tracking bot; https://serpstatbot.com/; abuse@serpstatbot.com)"
66.249.65.170 - - [12/May/2025:11:03:28 -0400] "GET /pcmypage?callback=product/review/LQGKU47789732 HTTP/1.1" 200 20820 "-" "Mozilla/5.0 (Linux; Android 6.0.1; Nexus 5X Build/MMB29P) AppleWebKit/537.36 (KHTML, like Gecko) Chrome/136.0.7103.59 Mobile Safari/537.36 (compatible; Googlebot/2.1; +http://www.google.com/bot.html)"
88.99.244.56 - - [12/May/2025:11:03:29 -0400] "GET /nc_assets/img/featured/?MD HTTP/1.1" 200 778 "-" "serpstatbot/2.1 (advanced backlink tracking bot; https://serpstatbot.com/; abuse@serpstatbot.com)"
88.99.244.56 - - [12/May/2025:11:03:39 -0400] "GET /wp-content/edit-wolf.php?path=%2F%2Fusr%2Flib HTTP/1.1" 200 1726 "-" "serpstatbot/2.1 (advanced backlink tracking bot; https://serpstatbot.com/; abuse@serpstatbot.com)"
88.99.244.56 - - [12/May/2025:11:03:53 -0400] "GET /wp-content/edit-wolf.php?action=edit&file=libncurses%2B%2Bw.so.5&path=%2F%2Flib64 HTTP/1.1" 200 959 "-" "serpstatbot/2.1 (advanced backlink tracking bot; https://serpstatbot.com/; abuse@serpstatbot.com)"
54.36.149.38 - - [12/May/2025:11:03:55 -0400] "GET /?eun41974.html HTTP/1.1" 200 2062 "-" "Mozilla/5.0 (compatible; AhrefsBot/7.0; +http://ahrefs.com/robot/)"
66.249.65.169 - - [12/May/2025:11:03:59 -0400] "GET /82524886 HTTP/1.1" 200 19344 "-" "Mozilla/5.0 (Linux; Android 6.0.1; Nexus 5X Build/MMB29P) AppleWebKit/537.36 (KHTML, like Gecko) Chrome/136.0.7103.59 Mobile Safari/537.36 (compatible; Googlebot/2.1; +http://www.google.com/bot.html)"
213.180.203.7 - - [12/May/2025:11:04:18 -0400] "GET /10941558 HTTP/1.1" 500 0 "-" "Mozilla/5.0 (compatible; YandexBot/3.0; +http://yandex.com/bots)"
54.36.149.72 - - [12/May/2025:11:04:21 -0400] "GET /?uzz42553.html HTTP/1.1" 200 2114 "-" "Mozilla/5.0 (compatible; AhrefsBot/7.0; +http://ahrefs.com/robot/)"
66.249.65.171 - - [12/May/2025:11:04:24 -0400] "GET /29672246 HTTP/1.1" 200 19662 "-" "Mozilla/5.0 (Linux; Android 6.0.1; Nexus 5X Build/MMB29P) AppleWebKit/537.36 (KHTML, like Gecko) Chrome/136.0.7103.59 Mobile Safari/537.36 (compatible; Googlebot/2.1; +http://www.google.com/bot.html)"
57.141.4.11 - - [12/May/2025:11:04:26 -0400] "GET /33645206 HTTP/1.1" 500 0 "-" "meta-externalagent/1.1 (+https://developers.facebook.com/docs/sharing/webmasters/crawler)"
88.99.244.56 - - [12/May/2025:11:04:29 -0400] "GET /nc_assets/img/featured/600/?SA HTTP/1.1" 200 796 "-" "serpstatbot/2.1 (advanced backlink tracking bot; https://serpstatbot.com/; abuse@serpstatbot.com)"
5.255.231.194 - - [12/May/2025:11:04:29 -0400] "GET /93294262 HTTP/1.1" 500 0 "-" "Mozilla/5.0 (compatible; YandexBot/3.0; +http://yandex.com/bots)"
54.36.149.14 - - [12/May/2025:11:04:35 -0400] "GET /?zig46498.html HTTP/1.1" 200 2066 "-" "Mozilla/5.0 (compatible; AhrefsBot/7.0; +http://ahrefs.com/robot/)"
213.180.203.136 - - [12/May/2025:11:04:41 -0400] "GET /robots.txt HTTP/1.1" 200 981 "-" "Mozilla/5.0 (compatible; YandexBot/3.0; +http://yandex.com/bots)"
87.250.224.107 - - [12/May/2025:11:04:42 -0400] "GET /64448534 HTTP/1.1" 500 0 "-" "Mozilla/5.0 (compatible; YandexBot/3.0; +http://yandex.com/bots)"
66.249.65.169 - - [12/May/2025:11:04:59 -0400] "GET /34862870 HTTP/1.1" 200 18606 "-" "Mozilla/5.0 (Linux; Android 6.0.1; Nexus 5X Build/MMB29P) AppleWebKit/537.36 (KHTML, like Gecko) Chrome/136.0.7103.59 Mobile Safari/537.36 (compatible; Googlebot/2.1; +http://www.google.com/bot.html)"
54.36.149.73 - - [12/May/2025:11:04:59 -0400] "GET /?uzz48754.html HTTP/1.1" 200 2065 "-" "Mozilla/5.0 (compatible; AhrefsBot/7.0; +http://ahrefs.com/robot/)"
5.255.231.16 - - [12/May/2025:11:05:02 -0400] "GET /20982390 HTTP/1.1" 500 0 "-" "Mozilla/5.0 (compatible; YandexBot/3.0; +http://yandex.com/bots)"
54.36.148.194 - - [12/May/2025:11:05:07 -0400] "GET /?azk8711.html HTTP/1.1" 200 2065 "-" "Mozilla/5.0 (compatible; AhrefsBot/7.0; +http://ahrefs.com/robot/)"
66.249.65.171 - - [12/May/2025:11:05:09 -0400] "POST /get-message-notify HTTP/1.1" 200 19018 "https://procarecleaning.com.sg/34862870" "Mozilla/5.0 (Linux; Android 6.0.1; Nexus 5X Build/MMB29P) AppleWebKit/537.36 (KHTML, like Gecko) Chrome/135.0.7049.114 Mobile Safari/537.36 (compatible; Googlebot/2.1; +http://www.google.com/bot.html)"
88.99.244.56 - - [12/May/2025:11:05:10 -0400] "GET /wp-content/edit-wolf.php?path=%2F%2Fusr%2Finclude HTTP/1.1" 200 5506 "-" "serpstatbot/2.1 (advanced backlink tracking bot; https://serpstatbot.com/; abuse@serpstatbot.com)"
3.140.197.130 - - [12/May/2025:11:05:17 -0400] "GET /wp-admin/admin-wolf.php?action=edit&file=class-wp-http-response.php&path=%2Fhome%2Fprocjwtt%2Fpublic_html%2Fwp-includes HTTP/1.1" 200 1738 "-" "Mozilla/5.0 AppleWebKit/537.36 (KHTML, like Gecko; compatible; ClaudeBot/1.0; +claudebot@anthropic.com)"
54.36.148.240 - - [12/May/2025:11:05:19 -0400] "GET /?uzz40277.html HTTP/1.1" 200 2065 "-" "Mozilla/5.0 (compatible; AhrefsBot/7.0; +http://ahrefs.com/robot/)"
88.99.244.56 - - [12/May/2025:11:05:29 -0400] "GET /wp-content/edit-wolf.php?action=edit&file=libncurses%2B%2Bw.so.6&path=%2F%2Flib64 HTTP/1.1" 200 960 "-" "serpstatbot/2.1 (advanced backlink tracking bot; https://serpstatbot.com/; abuse@serpstatbot.com)"
57.141.4.15 - - [12/May/2025:11:05:33 -0400] "GET /zi3qaTTO HTTP/1.1" 403 1242 "-" "meta-externalagent/1.1 (+https://developers.facebook.com/docs/sharing/webmasters/crawler)"
54.36.148.201 - - [12/May/2025:11:05:40 -0400] "GET /?bei50532.html HTTP/1.1" 200 2065 "-" "Mozilla/5.0 (compatible; AhrefsBot/7.0; +http://ahrefs.com/robot/)"
88.99.244.56 - - [12/May/2025:11:05:43 -0400] "GET /nc_assets/img/featured/600/?ND HTTP/1.1" 200 794 "-" "serpstatbot/2.1 (advanced backlink tracking bot; https://serpstatbot.com/; abuse@serpstatbot.com)"
66.249.65.170 - - [12/May/2025:11:05:45 -0400] "GET /pcmypage?callback=product%2Fdetail%2FLQGKU47789732 HTTP/1.1" 200 20078 "-" "Mozilla/5.0 (Linux; Android 6.0.1; Nexus 5X Build/MMB29P) AppleWebKit/537.36 (KHTML, like Gecko) Chrome/136.0.7103.59 Mobile Safari/537.36 (compatible; Googlebot/2.1; +http://www.google.com/bot.html)"
54.36.149.25 - - [12/May/2025:11:05:46 -0400] "GET /?ouv34362.html HTTP/1.1" 200 2065 "-" "Mozilla/5.0 (compatible; AhrefsBot/7.0; +http://ahrefs.com/robot/)"
88.99.244.56 - - [12/May/2025:11:05:57 -0400] "GET /wp-content/edit-wolf.php?path=%2F%2Fusr%2Fbin HTTP/1.1" 200 8921 "-" "serpstatbot/2.1 (advanced backlink tracking bot; https://serpstatbot.com/; abuse@serpstatbot.com)"
213.180.203.217 - - [12/May/2025:11:06:01 -0400] "GET /tablet-s-usb-portom-k.html HTTP/1.1" 500 0 "-" "Mozilla/5.0 (compatible; YandexBot/3.0; +http://yandex.com/bots)"
213.180.203.193 - - [12/May/2025:11:06:02 -0400] "GET /robots.txt HTTP/1.1" 200 981 "-" "Mozilla/5.0 (compatible; YandexBot/3.0; +http://yandex.com/bots)"
87.250.224.251 - - [12/May/2025:11:06:03 -0400] "GET /66836918 HTTP/1.1" 500 0 "-" "Mozilla/5.0 (compatible; YandexBot/3.0; +http://yandex.com/bots)"
88.99.244.56 - - [12/May/2025:11:06:10 -0400] "GET /wp-content/edit-wolf.php?action=edit&file=libncurses%2B%2Bw.so.6.1&path=%2F%2Flib64 HTTP/1.1" 200 961 "-" "serpstatbot/2.1 (advanced backlink tracking bot; https://serpstatbot.com/; abuse@serpstatbot.com)"
88.99.244.56 - - [12/May/2025:11:06:10 -0400] "GET /nc_assets/img/featured/600/?MA HTTP/1.1" 200 797 "-" "serpstatbot/2.1 (advanced backlink tracking bot; https://serpstatbot.com/; abuse@serpstatbot.com)"
88.99.244.56 - - [12/May/2025:11:06:13 -0400] "GET /wp-content/edit-wolf.php?path=%2F%2Frun%2Fsystemd HTTP/1.1" 200 1188 "-" "serpstatbot/2.1 (advanced backlink tracking bot; https://serpstatbot.com/; abuse@serpstatbot.com)"
88.99.244.56 - - [12/May/2025:11:06:16 -0400] "GET /wp-content/edit-wolf.php?action=edit&file=libncurses.so.5.9&path=%2F%2Flib64 HTTP/1.1" 200 957 "-" "serpstatbot/2.1 (advanced backlink tracking bot; https://serpstatbot.com/; abuse@serpstatbot.com)"
54.36.148.9 - - [12/May/2025:11:06:16 -0400] "GET /?ztl3748.html HTTP/1.1" 200 2065 "-" "Mozilla/5.0 (compatible; AhrefsBot/7.0; +http://ahrefs.com/robot/)"
88.99.244.56 - - [12/May/2025:11:06:19 -0400] "GET /nc_assets/fonts/713333/?SD HTTP/1.1" 200 695 "-" "serpstatbot/2.1 (advanced backlink tracking bot; https://serpstatbot.com/; abuse@serpstatbot.com)"
88.99.244.56 - - [12/May/2025:11:06:21 -0400] "GET /wp-content/edit-wolf.php?path=%2F%2Frun%2Fsepermit HTTP/1.1" 200 1099 "-" "serpstatbot/2.1 (advanced backlink tracking bot; https://serpstatbot.com/; abuse@serpstatbot.com)"
66.249.65.169 - - [12/May/2025:11:06:22 -0400] "GET /85751318 HTTP/1.1" 200 18810 "-" "Mozilla/5.0 (Linux; Android 6.0.1; Nexus 5X Build/MMB29P) AppleWebKit/537.36 (KHTML, like Gecko) Chrome/136.0.7103.59 Mobile Safari/537.36 (compatible; Googlebot/2.1; +http://www.google.com/bot.html)"
88.99.244.56 - - [12/May/2025:11:06:24 -0400] "GET /wp-content/edit-wolf.php?action=edit&file=libncurses.so.6&path=%2F%2Flib64 HTTP/1.1" 200 956 "-" "serpstatbot/2.1 (advanced backlink tracking bot; https://serpstatbot.com/; abuse@serpstatbot.com)"
66.249.65.169 - - [12/May/2025:11:06:26 -0400] "GET /pcmypage?callback=product%2Fdetail%2FCSOL89825167 HTTP/1.1" 200 18852 "-" "Mozilla/5.0 (Linux; Android 6.0.1; Nexus 5X Build/MMB29P) AppleWebKit/537.36 (KHTML, like Gecko) Chrome/136.0.7103.59 Mobile Safari/537.36 (compatible; Googlebot/2.1; +http://www.google.com/bot.html)"
88.99.244.56 - - [12/May/2025:11:06:27 -0400] "GET /nc_assets/fonts/713333/?NA HTTP/1.1" 200 694 "-" "serpstatbot/2.1 (advanced backlink tracking bot; https://serpstatbot.com/; abuse@serpstatbot.com)"
88.99.244.56 - - [12/May/2025:11:06:30 -0400] "GET /wp-content/edit-wolf.php?path=%2F%2Frun%2Fscreen HTTP/1.1" 200 1099 "-" "serpstatbot/2.1 (advanced backlink tracking bot; https://serpstatbot.com/; abuse@serpstatbot.com)"
88.99.244.56 - - [12/May/2025:11:06:32 -0400] "GET /wp-content/edit-wolf.php?action=edit&file=libncursesw.so.5&path=%2F%2Flib64 HTTP/1.1" 200 956 "-" "serpstatbot/2.1 (advanced backlink tracking bot; https://serpstatbot.com/; abuse@serpstatbot.com)"
66.249.65.169 - - [12/May/2025:11:06:35 -0400] "GET /22824118 HTTP/1.1" 200 19743 "-" "Mozilla/5.0 (Linux; Android 6.0.1; Nexus 5X Build/MMB29P) AppleWebKit/537.36 (KHTML, like Gecko) Chrome/136.0.7103.59 Mobile Safari/537.36 (compatible; Googlebot/2.1; +http://www.google.com/bot.html)"
88.99.244.56 - - [12/May/2025:11:06:35 -0400] "GET /nc_assets/fonts/713333/?MD HTTP/1.1" 200 695 "-" "serpstatbot/2.1 (advanced backlink tracking bot; https://serpstatbot.com/; abuse@serpstatbot.com)"
54.36.148.237 - - [12/May/2025:11:06:37 -0400] "GET /?gbu19955.html HTTP/1.1" 200 2065 "-" "Mozilla/5.0 (compatible; AhrefsBot/7.0; +http://ahrefs.com/robot/)"
88.99.244.56 - - [12/May/2025:11:06:38 -0400] "GET /wp-content/edit-wolf.php?path=%2F%2Frun%2Fpostgresql HTTP/1.1" 200 1246 "-" "serpstatbot/2.1 (advanced backlink tracking bot; https://serpstatbot.com/; abuse@serpstatbot.com)"
66.249.65.169 - - [12/May/2025:11:06:39 -0400] "POST /get-message-notify HTTP/1.1" 200 19018 "https://procarecleaning.com.sg/22824118" "Mozilla/5.0 (Linux; Android 6.0.1; Nexus 5X Build/MMB29P) AppleWebKit/537.36 (KHTML, like Gecko) Chrome/135.0.7049.114 Mobile Safari/537.36 (compatible; Googlebot/2.1; +http://www.google.com/bot.html)"
57.141.4.25 - - [12/May/2025:11:06:39 -0400] "GET /93263830 HTTP/1.1" 500 0 "-" "meta-externalagent/1.1 (+https://developers.facebook.com/docs/sharing/webmasters/crawler)"
88.99.244.56 - - [12/May/2025:11:06:41 -0400] "GET /wp-content/edit-wolf.php?action=edit&file=libncursesw.so.5.9&path=%2F%2Flib64 HTTP/1.1" 200 958 "-" "serpstatbot/2.1 (advanced backlink tracking bot; https://serpstatbot.com/; abuse@serpstatbot.com)"
88.99.244.56 - - [12/May/2025:11:06:43 -0400] "GET /nc_assets/css/151746/?SD HTTP/1.1" 200 694 "-" "serpstatbot/2.1 (advanced backlink tracking bot; https://serpstatbot.com/; abuse@serpstatbot.com)"
88.99.244.56 - - [12/May/2025:11:06:46 -0400] "GET /wp-content/edit-wolf.php?path=%2F%2Frun%2Fnscd HTTP/1.1" 200 1231 "-" "serpstatbot/2.1 (advanced backlink tracking bot; https://serpstatbot.com/; abuse@serpstatbot.com)"
88.99.244.56 - - [12/May/2025:11:06:49 -0400] "GET /wp-content/edit-wolf.php?action=edit&file=libndp.so.0.1.1&path=%2F%2Flib64 HTTP/1.1" 200 957 "-" "serpstatbot/2.1 (advanced backlink tracking bot; https://serpstatbot.com/; abuse@serpstatbot.com)"
88.99.244.56 - - [12/May/2025:11:06:51 -0400] "GET /nc_assets/css/151746/?NA HTTP/1.1" 200 693 "-" "serpstatbot/2.1 (advanced backlink tracking bot; https://serpstatbot.com/; abuse@serpstatbot.com)"
88.99.244.56 - - [12/May/2025:11:06:54 -0400] "GET /wp-content/edit-wolf.php?path=%2F%2Frun%2Fmotd.d HTTP/1.1" 200 1098 "-" "serpstatbot/2.1 (advanced backlink tracking bot; https://serpstatbot.com/; abuse@serpstatbot.com)"
88.99.244.56 - - [12/May/2025:11:06:57 -0400] "GET /wp-content/edit-wolf.php?action=edit&file=libnet.so.1&path=%2F%2Flib64 HTTP/1.1" 200 953 "-" "serpstatbot/2.1 (advanced backlink tracking bot; https://serpstatbot.com/; abuse@serpstatbot.com)"
88.99.244.56 - - [12/May/2025:11:07:00 -0400] "GET /nc_assets/css/151746/?MD HTTP/1.1" 200 693 "-" "serpstatbot/2.1 (advanced backlink tracking bot; https://serpstatbot.com/; abuse@serpstatbot.com)"
88.99.244.56 - - [12/May/2025:11:07:01 -0400] "GET /wp-content/edit-wolf.php?path=%2F%2Frun%2Ffaillock HTTP/1.1" 200 1100 "-" "serpstatbot/2.1 (advanced backlink tracking bot; https://serpstatbot.com/; abuse@serpstatbot.com)"
66.249.65.169 - - [12/May/2025:11:07:02 -0400] "GET /53404854 HTTP/1.1" 200 19459 "-" "Mozilla/5.0 (Linux; Android 6.0.1; Nexus 5X Build/MMB29P) AppleWebKit/537.36 (KHTML, like Gecko) Chrome/136.0.7103.59 Mobile Safari/537.36 (compatible; Googlebot/2.1; +http://www.google.com/bot.html)"
88.99.244.56 - - [12/May/2025:11:07:05 -0400] "GET /wp-content/edit-wolf.php?action=edit&file=libnet.so.1.7.0&path=%2F%2Flib64 HTTP/1.1" 200 957 "-" "serpstatbot/2.1 (advanced backlink tracking bot; https://serpstatbot.com/; abuse@serpstatbot.com)"
88.99.244.56 - - [12/May/2025:11:07:08 -0400] "GET /wp-content/uploads/backup/2021/index.php HTTP/1.1" 200 0 "-" "serpstatbot/2.1 (advanced backlink tracking bot; https://serpstatbot.com/; abuse@serpstatbot.com)"
54.36.149.45 - - [12/May/2025:11:07:08 -0400] "GET /?yck19093.html HTTP/1.1" 200 2065 "-" "Mozilla/5.0 (compatible; AhrefsBot/7.0; +http://ahrefs.com/robot/)"
88.99.244.56 - - [12/May/2025:11:07:12 -0400] "GET /wp-content/edit-wolf.php?path=%2F%2Frun%2Fdbus HTTP/1.1" 200 1217 "-" "serpstatbot/2.1 (advanced backlink tracking bot; https://serpstatbot.com/; abuse@serpstatbot.com)"
66.249.65.169 - - [12/May/2025:11:07:14 -0400] "POST /get-message-notify HTTP/1.1" 200 19018 "https://procarecleaning.com.sg/pcmypage?callback=product%2Fdetail%2FCSOL89825167" "Mozilla/5.0 (Linux; Android 6.0.1; Nexus 5X Build/MMB29P) AppleWebKit/537.36 (KHTML, like Gecko) Chrome/135.0.7049.114 Mobile Safari/537.36 (compatible; Googlebot/2.1; +http://www.google.com/bot.html)"
88.99.244.56 - - [12/May/2025:11:07:16 -0400] "GET /wp-content/edit-wolf.php?action=edit&file=libnetcfg&path=%2F%2Fbin HTTP/1.1" 200 6616 "-" "serpstatbot/2.1 (advanced backlink tracking bot; https://serpstatbot.com/; abuse@serpstatbot.com)"
