88.99.244.56 - - [12/May/2025:10:46:30 -0400] "GET /wp-content/uploads/backup/2023/?SA HTTP/1.1" 200 1290 "-" "serpstatbot/2.1 (advanced backlink tracking bot; https://serpstatbot.com/; abuse@serpstatbot.com)"
88.99.244.56 - - [12/May/2025:10:46:33 -0400] "GET /wp-content/uploads/revslider/templates/techco-prices/ HTTP/1.1" 200 807 "-" "serpstatbot/2.1 (advanced backlink tracking bot; https://serpstatbot.com/; abuse@serpstatbot.com)"
66.249.65.170 - - [12/May/2025:10:46:33 -0400] "GET /28586678 HTTP/1.1" 200 20431 "-" "Mozilla/5.0 (Linux; Android 6.0.1; Nexus 5X Build/MMB29P) AppleWebKit/537.36 (KHTML, like Gecko) Chrome/136.0.7103.59 Mobile Safari/537.36 (compatible; Googlebot/2.1; +http://www.google.com/bot.html)"
88.99.244.56 - - [12/May/2025:10:46:36 -0400] "GET /wp-content/uploads/backup/2023/?ND HTTP/1.1" 200 1288 "-" "serpstatbot/2.1 (advanced backlink tracking bot; https://serpstatbot.com/; abuse@serpstatbot.com)"
54.36.148.112 - - [12/May/2025:10:46:38 -0400] "GET /?yaq27664.html HTTP/1.1" 200 2107 "-" "Mozilla/5.0 (compatible; AhrefsBot/7.0; +http://ahrefs.com/robot/)"
88.99.244.56 - - [12/May/2025:10:46:39 -0400] "GET /wp-content/uploads/revslider/templates/techco-menu/ HTTP/1.1" 200 806 "-" "serpstatbot/2.1 (advanced backlink tracking bot; https://serpstatbot.com/; abuse@serpstatbot.com)"
57.141.4.10 - - [12/May/2025:10:46:39 -0400] "GET /86347766 HTTP/1.1" 500 0 "-" "meta-externalagent/1.1 (+https://developers.facebook.com/docs/sharing/webmasters/crawler)"
88.99.244.56 - - [12/May/2025:10:46:41 -0400] "GET /wp-content/uploads/backup/2023/?MA HTTP/1.1" 200 1288 "-" "serpstatbot/2.1 (advanced backlink tracking bot; https://serpstatbot.com/; abuse@serpstatbot.com)"
88.99.244.56 - - [12/May/2025:10:46:44 -0400] "GET /wp-content/uploads/revslider/templates/techco-header/ HTTP/1.1" 200 807 "-" "serpstatbot/2.1 (advanced backlink tracking bot; https://serpstatbot.com/; abuse@serpstatbot.com)"
54.36.148.221 - - [12/May/2025:10:46:44 -0400] "GET /?tsz37461.html HTTP/1.1" 200 2064 "-" "Mozilla/5.0 (compatible; AhrefsBot/7.0; +http://ahrefs.com/robot/)"
66.249.65.169 - - [12/May/2025:10:46:44 -0400] "GET /17464822 HTTP/1.1" 200 18818 "-" "Mozilla/5.0 (Linux; Android 6.0.1; Nexus 5X Build/MMB29P) AppleWebKit/537.36 (KHTML, like Gecko) Chrome/136.0.7103.59 Mobile Safari/537.36 (compatible; Googlebot/2.1; +http://www.google.com/bot.html)"
88.99.244.56 - - [12/May/2025:10:46:47 -0400] "GET /wp-content/uploads/backup/2023/12/ HTTP/1.1" 200 900 "-" "serpstatbot/2.1 (advanced backlink tracking bot; https://serpstatbot.com/; abuse@serpstatbot.com)"
54.36.148.43 - - [12/May/2025:10:46:47 -0400] "GET /?fus6641.html HTTP/1.1" 200 2064 "-" "Mozilla/5.0 (compatible; AhrefsBot/7.0; +http://ahrefs.com/robot/)"
88.99.244.56 - - [12/May/2025:10:46:49 -0400] "GET /wp-content/uploads/revslider/templates/techco-footer/ HTTP/1.1" 200 807 "-" "serpstatbot/2.1 (advanced backlink tracking bot; https://serpstatbot.com/; abuse@serpstatbot.com)"
88.99.244.56 - - [12/May/2025:10:46:52 -0400] "GET /wp-content/uploads/backup/2023/08/ HTTP/1.1" 200 904 "-" "serpstatbot/2.1 (advanced backlink tracking bot; https://serpstatbot.com/; abuse@serpstatbot.com)"
54.36.148.0 - - [12/May/2025:10:46:53 -0400] "GET /?yaq23554.html HTTP/1.1" 200 2064 "-" "Mozilla/5.0 (compatible; AhrefsBot/7.0; +http://ahrefs.com/robot/)"
88.99.244.56 - - [12/May/2025:10:46:55 -0400] "GET /wp-content/uploads/revslider/templates/techco-about/ HTTP/1.1" 200 808 "-" "serpstatbot/2.1 (advanced backlink tracking bot; https://serpstatbot.com/; abuse@serpstatbot.com)"
88.99.244.56 - - [12/May/2025:10:46:58 -0400] "GET /wp-content/edit-wolf.php?path=%2Fhome%2Fprocjwtt%2F.htpasswds HTTP/1.1" 403 1242 "-" "serpstatbot/2.1 (advanced backlink tracking bot; https://serpstatbot.com/; abuse@serpstatbot.com)"
66.249.65.170 - - [12/May/2025:10:47:01 -0400] "GET /pcmypage?callback=/product%2Fdetail%2FEGMJ2315445 HTTP/1.1" 200 20083 "-" "Mozilla/5.0 (Linux; Android 6.0.1; Nexus 5X Build/MMB29P) AppleWebKit/537.36 (KHTML, like Gecko) Chrome/136.0.7103.59 Mobile Safari/537.36 (compatible; Googlebot/2.1; +http://www.google.com/bot.html)"
88.99.244.56 - - [12/May/2025:10:47:04 -0400] "GET /wp-content/edit-wolf.php?action=edit&file=libnm.so.0&path=%2F%2Flib64 HTTP/1.1" 200 953 "-" "serpstatbot/2.1 (advanced backlink tracking bot; https://serpstatbot.com/; abuse@serpstatbot.com)"
54.36.148.193 - - [12/May/2025:10:47:06 -0400] "GET /?fus49311.html HTTP/1.1" 200 2064 "-" "Mozilla/5.0 (compatible; AhrefsBot/7.0; +http://ahrefs.com/robot/)"
88.99.244.56 - - [12/May/2025:10:47:08 -0400] "GET /wp-content/edit-wolf.php?action=edit&file=.user_id_table&path=%2Fhome%2Fprocjwtt%2F.caldav HTTP/1.1" 200 1253 "-" "serpstatbot/2.1 (advanced backlink tracking bot; https://serpstatbot.com/; abuse@serpstatbot.com)"
88.99.244.56 - - [12/May/2025:10:47:11 -0400] "GET /wp-content/edit-wolf.php?path=%2Fhome%2Fprocjwtt%2Flscache%2F2 HTTP/1.1" 200 1338 "-" "serpstatbot/2.1 (advanced backlink tracking bot; https://serpstatbot.com/; abuse@serpstatbot.com)"
88.99.244.56 - - [12/May/2025:10:47:14 -0400] "GET /wp-content/edit-wolf.php?action=edit&file=libopenal.so.1&path=%2F%2Flib64 HTTP/1.1" 200 955 "-" "serpstatbot/2.1 (advanced backlink tracking bot; https://serpstatbot.com/; abuse@serpstatbot.com)"
88.99.244.56 - - [12/May/2025:10:47:17 -0400] "GET /wp-content/edit-wolf.php?action=edit&file=.user.ini&path=%2Fhome%2Fprocjwtt%2Fpromo.procarecleaning.com.sg HTTP/1.1" 200 952 "-" "serpstatbot/2.1 (advanced backlink tracking bot; https://serpstatbot.com/; abuse@serpstatbot.com)"
88.99.244.56 - - [12/May/2025:10:47:21 -0400] "GET /wp-content/edit-wolf.php?path=%2Fhome%2Fprocjwtt%2Flscache%2F1 HTTP/1.1" 200 1337 "-" "serpstatbot/2.1 (advanced backlink tracking bot; https://serpstatbot.com/; abuse@serpstatbot.com)"
66.249.65.170 - - [12/May/2025:10:47:25 -0400] "GET /62249046 HTTP/1.1" 200 18725 "-" "Mozilla/5.0 (Linux; Android 6.0.1; Nexus 5X Build/MMB29P) AppleWebKit/537.36 (KHTML, like Gecko) Chrome/136.0.7103.59 Mobile Safari/537.36 (compatible; Googlebot/2.1; +http://www.google.com/bot.html)"
54.36.149.7 - - [12/May/2025:10:47:28 -0400] "GET /?cox55870.html HTTP/1.1" 200 2064 "-" "Mozilla/5.0 (compatible; AhrefsBot/7.0; +http://ahrefs.com/robot/)"
66.249.65.169 - - [12/May/2025:10:47:28 -0400] "POST /get-message-notify HTTP/1.1" 200 19017 "https://procarecleaning.com.sg/62249046" "Mozilla/5.0 (Linux; Android 6.0.1; Nexus 5X Build/MMB29P) AppleWebKit/537.36 (KHTML, like Gecko) Chrome/135.0.7049.114 Mobile Safari/537.36 (compatible; Googlebot/2.1; +http://www.google.com/bot.html)"
88.99.244.56 - - [12/May/2025:10:47:29 -0400] "GET /wp-content/edit-wolf.php?action=edit&file=libmtdev.so.1&path=%2F%2Flib64 HTTP/1.1" 200 955 "-" "serpstatbot/2.1 (advanced backlink tracking bot; https://serpstatbot.com/; abuse@serpstatbot.com)"
88.99.244.56 - - [12/May/2025:10:47:39 -0400] "GET /wp-content/edit-wolf.php?action=edit&file=.s.PGSQL.5432&path=%2F%2Ftmp HTTP/1.1" 200 875 "-" "serpstatbot/2.1 (advanced backlink tracking bot; https://serpstatbot.com/; abuse@serpstatbot.com)"
54.36.148.11 - - [12/May/2025:10:47:39 -0400] "GET /?kpy47104.html HTTP/1.1" 200 2064 "-" "Mozilla/5.0 (compatible; AhrefsBot/7.0; +http://ahrefs.com/robot/)"
54.36.148.56 - - [12/May/2025:10:47:44 -0400] "GET /?azk1691.html HTTP/1.1" 200 2064 "-" "Mozilla/5.0 (compatible; AhrefsBot/7.0; +http://ahrefs.com/robot/)"
57.141.4.24 - - [12/May/2025:10:47:46 -0400] "GET /24312662 HTTP/1.1" 500 0 "-" "meta-externalagent/1.1 (+https://developers.facebook.com/docs/sharing/webmasters/crawler)"
207.46.13.126 - - [12/May/2025:10:47:46 -0400] "GET /goldplaza9adpi/22pbb.html HTTP/1.1" 200 19422 "-" "Mozilla/5.0 AppleWebKit/537.36 (KHTML, like Gecko; compatible; bingbot/2.0; +http://www.bing.com/bingbot.htm) Chrome/116.0.1938.76 Safari/537.36"
88.99.244.56 - - [12/May/2025:10:47:49 -0400] "GET /wp-content/edit-wolf.php?path=%2Fhome%2Fprocjwtt%2Flscache%2F0 HTTP/1.1" 200 1336 "-" "serpstatbot/2.1 (advanced backlink tracking bot; https://serpstatbot.com/; abuse@serpstatbot.com)"
54.36.148.52 - - [12/May/2025:10:47:52 -0400] "GET /?tsz15871.html HTTP/1.1" 200 2104 "-" "Mozilla/5.0 (compatible; AhrefsBot/7.0; +http://ahrefs.com/robot/)"
66.249.65.169 - - [12/May/2025:10:47:54 -0400] "GET /pcmypage?callback=product%2Fdetail%2FZUS182943769 HTTP/1.1" 200 20324 "-" "Mozilla/5.0 (Linux; Android 6.0.1; Nexus 5X Build/MMB29P) AppleWebKit/537.36 (KHTML, like Gecko) Chrome/136.0.7103.59 Mobile Safari/537.36 (compatible; Googlebot/2.1; +http://www.google.com/bot.html)"
66.249.65.169 - - [12/May/2025:10:47:57 -0400] "GET /pcmypage?callback=/product%2Fdetail%2FZUS182943769 HTTP/1.1" 200 19009 "-" "Mozilla/5.0 (Linux; Android 6.0.1; Nexus 5X Build/MMB29P) AppleWebKit/537.36 (KHTML, like Gecko) Chrome/136.0.7103.59 Mobile Safari/537.36 (compatible; Googlebot/2.1; +http://www.google.com/bot.html)"
88.99.244.56 - - [12/May/2025:10:48:03 -0400] "GET /wp-content/edit-wolf.php?action=edit&file=libmtdev.so.1.0.0&path=%2F%2Flib64 HTTP/1.1" 200 958 "-" "serpstatbot/2.1 (advanced backlink tracking bot; https://serpstatbot.com/; abuse@serpstatbot.com)"
66.249.65.170 - - [12/May/2025:10:48:03 -0400] "GET /36747318 HTTP/1.1" 200 19354 "-" "Mozilla/5.0 (Linux; Android 6.0.1; Nexus 5X Build/MMB29P) AppleWebKit/537.36 (KHTML, like Gecko) Chrome/136.0.7103.59 Mobile Safari/537.36 (compatible; Googlebot/2.1; +http://www.google.com/bot.html)"
66.249.65.170 - - [12/May/2025:10:48:13 -0400] "GET /15725206 HTTP/1.1" 200 20301 "-" "Mozilla/5.0 (Linux; Android 6.0.1; Nexus 5X Build/MMB29P) AppleWebKit/537.36 (KHTML, like Gecko) Chrome/136.0.7103.59 Mobile Safari/537.36 (compatible; Googlebot/2.1; +http://www.google.com/bot.html)"
54.36.148.117 - - [12/May/2025:10:48:13 -0400] "GET /?fus50427.html HTTP/1.1" 200 2063 "-" "Mozilla/5.0 (compatible; AhrefsBot/7.0; +http://ahrefs.com/robot/)"
66.249.65.170 - - [12/May/2025:10:48:15 -0400] "GET /47438614 HTTP/1.1" 200 19654 "-" "Mozilla/5.0 (Linux; Android 6.0.1; Nexus 5X Build/MMB29P) AppleWebKit/537.36 (KHTML, like Gecko) Chrome/136.0.7103.59 Mobile Safari/537.36 (compatible; Googlebot/2.1; +http://www.google.com/bot.html)"
66.249.65.169 - - [12/May/2025:10:48:27 -0400] "GET /pcmypage?callback=product/review/UPOIW24954246 HTTP/1.1" 200 19433 "-" "Mozilla/5.0 (Linux; Android 6.0.1; Nexus 5X Build/MMB29P) AppleWebKit/537.36 (KHTML, like Gecko) Chrome/136.0.7103.59 Mobile Safari/537.36 (compatible; GoogleOther)"
54.36.149.104 - - [12/May/2025:10:48:32 -0400] "GET /?lml4392.html HTTP/1.1" 200 2063 "-" "Mozilla/5.0 (compatible; AhrefsBot/7.0; +http://ahrefs.com/robot/)"
66.249.65.169 - - [12/May/2025:10:48:33 -0400] "POST /get-message-notify HTTP/1.1" 200 19017 "https://procarecleaning.com.sg/pcmypage?callback=product/review/UPOIW24954246" "Mozilla/5.0 (Linux; Android 6.0.1; Nexus 5X Build/MMB29P) AppleWebKit/537.36 (KHTML, like Gecko) Chrome/135.0.7049.114 Mobile Safari/537.36 (compatible; Googlebot/2.1; +http://www.google.com/bot.html)"
66.249.65.169 - - [12/May/2025:10:48:51 -0400] "GET /search?category=&search_word=&restrict[]=person_id(int)=BTJXI HTTP/1.1" 200 19567 "-" "Mozilla/5.0 (Linux; Android 6.0.1; Nexus 5X Build/MMB29P) AppleWebKit/537.36 (KHTML, like Gecko) Chrome/136.0.7103.59 Mobile Safari/537.36 (compatible; Googlebot/2.1; +http://www.google.com/bot.html)"
57.141.4.14 - - [12/May/2025:10:48:52 -0400] "GET /9290134 HTTP/1.1" 500 0 "-" "meta-externalagent/1.1 (+https://developers.facebook.com/docs/sharing/webmasters/crawler)"
66.249.65.169 - - [12/May/2025:10:48:56 -0400] "GET /62249046 HTTP/1.1" 200 18724 "-" "Mozilla/5.0 (Linux; Android 6.0.1; Nexus 5X Build/MMB29P) AppleWebKit/537.36 (KHTML, like Gecko) Chrome/136.0.7103.59 Mobile Safari/537.36 (compatible; GoogleOther)"
88.99.244.56 - - [12/May/2025:10:49:01 -0400] "GET /wp-content/edit-wolf.php?action=edit&file=.litespeed_flag&path=%2Fhome%2Fprocjwtt%2Fwww HTTP/1.1" 200 1125 "-" "serpstatbot/2.1 (advanced backlink tracking bot; https://serpstatbot.com/; abuse@serpstatbot.com)"
66.249.65.169 - - [12/May/2025:10:49:08 -0400] "GET /57406806 HTTP/1.1" 200 20529 "-" "Mozilla/5.0 (Linux; Android 6.0.1; Nexus 5X Build/MMB29P) AppleWebKit/537.36 (KHTML, like Gecko) Chrome/136.0.7103.59 Mobile Safari/537.36 (compatible; Googlebot/2.1; +http://www.google.com/bot.html)"
66.249.65.169 - - [12/May/2025:10:49:15 -0400] "GET /79372054 HTTP/1.1" 200 20588 "-" "Mozilla/5.0 (Linux; Android 6.0.1; Nexus 5X Build/MMB29P) AppleWebKit/537.36 (KHTML, like Gecko) Chrome/136.0.7103.59 Mobile Safari/537.36 (compatible; Googlebot/2.1; +http://www.google.com/bot.html)"
54.36.148.197 - - [12/May/2025:10:49:22 -0400] "GET /?gtu32238.html HTTP/1.1" 200 2061 "-" "Mozilla/5.0 (compatible; AhrefsBot/7.0; +http://ahrefs.com/robot/)"
66.249.65.169 - - [12/May/2025:10:49:26 -0400] "POST /get-message-notify HTTP/1.1" 200 19017 "https://procarecleaning.com.sg/79372054" "Mozilla/5.0 (Linux; Android 6.0.1; Nexus 5X Build/MMB29P) AppleWebKit/537.36 (KHTML, like Gecko) Chrome/135.0.7049.114 Mobile Safari/537.36 (compatible; Googlebot/2.1; +http://www.google.com/bot.html)"
66.249.65.169 - - [12/May/2025:10:49:34 -0400] "GET /15448438 HTTP/1.1" 200 20063 "-" "Mozilla/5.0 (Linux; Android 6.0.1; Nexus 5X Build/MMB29P) AppleWebKit/537.36 (KHTML, like Gecko) Chrome/136.0.7103.59 Mobile Safari/537.36 (compatible; Googlebot/2.1; +http://www.google.com/bot.html)"
88.99.244.56 - - [12/May/2025:10:49:36 -0400] "GET /wp-content/edit-wolf.php?path=%2Fhome%2Fprocjwtt%2Fetc%2Fprocarecleaning.com.sg HTTP/1.1" 403 1242 "-" "serpstatbot/2.1 (advanced backlink tracking bot; https://serpstatbot.com/; abuse@serpstatbot.com)"
66.249.65.169 - - [12/May/2025:10:49:40 -0400] "GET /15446518 HTTP/1.1" 200 20788 "-" "Mozilla/5.0 (Linux; Android 6.0.1; Nexus 5X Build/MMB29P) AppleWebKit/537.36 (KHTML, like Gecko) Chrome/136.0.7103.59 Mobile Safari/537.36 (compatible; Googlebot/2.1; +http://www.google.com/bot.html)"
47.239.146.94 - - [12/May/2025:10:49:41 -0400] "HEAD /wp-content/gallery/sofa-chair/Blue-Sofa-2606.jpg_backup HTTP/1.1" 500 0 "-" "Mozilla/5.0 (Windows NT 6.1; Win64; x64) AppleWebKit/537.36 (KHTML, like Gecko) Chrome/79.0.2443.178 Safari/537.36"
47.239.149.204 - - [12/May/2025:10:49:41 -0400] "HEAD /wp-content/ngg/modules/photocrati-nextgen_addgallery_page/static/?ND= HTTP/1.1" 500 0 "-" "Mozilla/5.0 (Windows NT 10.0; Win64; x64) AppleWebKit/537.36 (KHTML, like Gecko) Chrome/74.0.3368.37 Safari/537.36"
47.239.146.94 - - [12/May/2025:10:49:41 -0400] "GET /wp-content/gallery/sofa-chair/Blue-Sofa-2606.jpg_backup HTTP/1.1" 500 0 "-" "Mozilla/5.0 (Windows NT 6.1; Win64; x64) AppleWebKit/537.36 (KHTML, like Gecko) Chrome/79.0.2443.178 Safari/537.36"
47.239.149.204 - - [12/May/2025:10:49:41 -0400] "GET /wp-content/ngg/modules/photocrati-nextgen_addgallery_page/static/?ND= HTTP/1.1" 500 0 "-" "Mozilla/5.0 (Windows NT 10.0; Win64; x64) AppleWebKit/537.36 (KHTML, like Gecko) Chrome/74.0.3368.37 Safari/537.36"
66.249.65.169 - - [12/May/2025:10:49:48 -0400] "GET /85503446 HTTP/1.1" 200 20100 "-" "Mozilla/5.0 (Linux; Android 6.0.1; Nexus 5X Build/MMB29P) AppleWebKit/537.36 (KHTML, like Gecko) Chrome/136.0.7103.59 Mobile Safari/537.36 (compatible; Googlebot/2.1; +http://www.google.com/bot.html)"
66.249.65.169 - - [12/May/2025:10:49:50 -0400] "GET /92720950 HTTP/1.1" 200 20750 "-" "Mozilla/5.0 (Linux; Android 6.0.1; Nexus 5X Build/MMB29P) AppleWebKit/537.36 (KHTML, like Gecko) Chrome/136.0.7103.59 Mobile Safari/537.36 (compatible; Googlebot/2.1; +http://www.google.com/bot.html)"
66.249.65.169 - - [12/May/2025:10:49:56 -0400] "GET /73966934 HTTP/1.1" 200 19481 "-" "Mozilla/5.0 (Linux; Android 6.0.1; Nexus 5X Build/MMB29P) AppleWebKit/537.36 (KHTML, like Gecko) Chrome/136.0.7103.59 Mobile Safari/537.36 (compatible; Googlebot/2.1; +http://www.google.com/bot.html)"
18.118.173.146 - - [12/May/2025:10:49:57 -0400] "GET /robots.txt HTTP/1.1" 200 105 "-" "Mozilla/5.0 AppleWebKit/537.36 (KHTML, like Gecko; compatible; ClaudeBot/1.0; +claudebot@anthropic.com)"
18.118.173.146 - - [12/May/2025:10:49:57 -0400] "GET /wp-admin/admin-wolf.php?path=%2Fhome%2Fprocjwtt%2Fpublic_html%2Fwp-includes%2Fimages HTTP/1.1" 200 1575 "-" "Mozilla/5.0 AppleWebKit/537.36 (KHTML, like Gecko; compatible; ClaudeBot/1.0; +claudebot@anthropic.com)"
57.141.4.5 - - [12/May/2025:10:49:59 -0400] "GET /72148982 HTTP/1.1" 500 0 "-" "meta-externalagent/1.1 (+https://developers.facebook.com/docs/sharing/webmasters/crawler)"
88.99.244.56 - - [12/May/2025:10:50:00 -0400] "GET /wp-content/edit-wolf.php?action=edit&file=libmagic.so.1&path=%2F%2Flib64 HTTP/1.1" 200 955 "-" "serpstatbot/2.1 (advanced backlink tracking bot; https://serpstatbot.com/; abuse@serpstatbot.com)"
66.249.65.169 - - [12/May/2025:10:50:04 -0400] "GET /pcmypage?callback=product/review/ESQM15272448 HTTP/1.1" 200 19466 "-" "Mozilla/5.0 (Linux; Android 6.0.1; Nexus 5X Build/MMB29P) AppleWebKit/537.36 (KHTML, like Gecko) Chrome/136.0.7103.59 Mobile Safari/537.36 (compatible; Googlebot/2.1; +http://www.google.com/bot.html)"
95.108.213.90 - - [12/May/2025:10:50:13 -0400] "GET /71714838 HTTP/1.1" 500 0 "-" "Mozilla/5.0 (compatible; YandexBot/3.0; +http://yandex.com/bots)"
5.255.231.42 - - [12/May/2025:10:50:14 -0400] "GET /90258838 HTTP/1.1" 500 0 "-" "Mozilla/5.0 (compatible; YandexBot/3.0; +http://yandex.com/bots)"
213.180.203.92 - - [12/May/2025:10:50:17 -0400] "GET /69670198 HTTP/1.1" 500 0 "-" "Mozilla/5.0 (compatible; YandexBot/3.0; +http://yandex.com/bots)"
66.249.65.170 - - [12/May/2025:10:50:17 -0400] "GET /62844854 HTTP/1.1" 200 19530 "-" "Mozilla/5.0 (Linux; Android 6.0.1; Nexus 5X Build/MMB29P) AppleWebKit/537.36 (KHTML, like Gecko) Chrome/136.0.7103.59 Mobile Safari/537.36 (compatible; Googlebot/2.1; +http://www.google.com/bot.html)"
54.36.148.83 - - [12/May/2025:10:50:19 -0400] "GET /?vfa21982.html HTTP/1.1" 200 2062 "-" "Mozilla/5.0 (compatible; AhrefsBot/7.0; +http://ahrefs.com/robot/)"
88.99.244.56 - - [12/May/2025:10:50:22 -0400] "GET /wp-content/edit-wolf.php?action=edit&file=.litespeed_flag&path=%2Fhome%2Fprocjwtt%2Fpromo.procarecleaning.com.sg HTTP/1.1" 200 1125 "-" "serpstatbot/2.1 (advanced backlink tracking bot; https://serpstatbot.com/; abuse@serpstatbot.com)"
66.249.65.169 - - [12/May/2025:10:50:30 -0400] "GET /50814550 HTTP/1.1" 200 24337 "-" "Mozilla/5.0 (Linux; Android 6.0.1; Nexus 5X Build/MMB29P) AppleWebKit/537.36 (KHTML, like Gecko) Chrome/136.0.7103.59 Mobile Safari/537.36 (compatible; Googlebot/2.1; +http://www.google.com/bot.html)"
54.36.149.70 - - [12/May/2025:10:50:35 -0400] "GET /?zsy35271.html HTTP/1.1" 200 2062 "-" "Mozilla/5.0 (compatible; AhrefsBot/7.0; +http://ahrefs.com/robot/)"
66.249.65.169 - - [12/May/2025:10:50:35 -0400] "GET /63114774 HTTP/1.1" 200 19137 "-" "Mozilla/5.0 (Linux; Android 6.0.1; Nexus 5X Build/MMB29P) AppleWebKit/537.36 (KHTML, like Gecko) Chrome/136.0.7103.59 Mobile Safari/537.36 (compatible; GoogleOther)"
88.99.244.56 - - [12/May/2025:10:50:37 -0400] "GET /wp-content/edit-wolf.php?path=%2Fhome%2Fprocjwtt%2Fdev.procarecleaning.com.sg%2Fwp-content HTTP/1.1" 200 1239 "-" "serpstatbot/2.1 (advanced backlink tracking bot; https://serpstatbot.com/; abuse@serpstatbot.com)"
66.249.65.169 - - [12/May/2025:10:50:37 -0400] "POST /get-message-notify HTTP/1.1" 200 19017 "https://procarecleaning.com.sg/63114774" "Mozilla/5.0 (Linux; Android 6.0.1; Nexus 5X Build/MMB29P) AppleWebKit/537.36 (KHTML, like Gecko) Chrome/135.0.7049.114 Mobile Safari/537.36 (compatible; Googlebot/2.1; +http://www.google.com/bot.html)"
54.36.148.113 - - [12/May/2025:10:50:44 -0400] "GET /?vgs14979.html HTTP/1.1" 200 2108 "-" "Mozilla/5.0 (compatible; AhrefsBot/7.0; +http://ahrefs.com/robot/)"
213.180.203.208 - - [12/May/2025:10:50:45 -0400] "GET /22715510 HTTP/1.1" 500 0 "-" "Mozilla/5.0 (compatible; YandexBot/3.0; +http://yandex.com/bots)"
66.249.65.169 - - [12/May/2025:10:50:45 -0400] "GET /16344566 HTTP/1.1" 200 19023 "-" "Mozilla/5.0 (Linux; Android 6.0.1; Nexus 5X Build/MMB29P) AppleWebKit/537.36 (KHTML, like Gecko) Chrome/136.0.7103.59 Mobile Safari/537.36 (compatible; Googlebot/2.1; +http://www.google.com/bot.html)"
88.99.244.56 - - [12/May/2025:10:50:48 -0400] "GET /wp-content/edit-wolf.php?action=edit&file=libmagic.so.1.0.0&path=%2F%2Flib64 HTTP/1.1" 200 959 "-" "serpstatbot/2.1 (advanced backlink tracking bot; https://serpstatbot.com/; abuse@serpstatbot.com)"
66.249.65.169 - - [12/May/2025:10:50:53 -0400] "GET /36458870 HTTP/1.1" 200 19677 "-" "Mozilla/5.0 (Linux; Android 6.0.1; Nexus 5X Build/MMB29P) AppleWebKit/537.36 (KHTML, like Gecko) Chrome/136.0.7103.59 Mobile Safari/537.36 (compatible; Googlebot/2.1; +http://www.google.com/bot.html)"
88.99.244.56 - - [12/May/2025:10:50:58 -0400] "GET /wp-content/edit-wolf.php?action=edit&file=.libssl.so.10.hmac&path=%2F%2Flib64 HTTP/1.1" 200 1015 "-" "serpstatbot/2.1 (advanced backlink tracking bot; https://serpstatbot.com/; abuse@serpstatbot.com)"
57.141.4.13 - - [12/May/2025:10:51:06 -0400] "GET /sitemap-14.xml HTTP/1.1" 200 355833 "-" "meta-externalagent/1.1 (+https://developers.facebook.com/docs/sharing/webmasters/crawler)"
88.99.244.56 - - [12/May/2025:10:51:09 -0400] "GET /wp-content/edit-wolf.php?path=%2Fhome%2Fprocjwtt%2F.system-php%2Fini HTTP/1.1" 200 1306 "-" "serpstatbot/2.1 (advanced backlink tracking bot; https://serpstatbot.com/; abuse@serpstatbot.com)"
88.99.244.56 - - [12/May/2025:10:51:11 -0400] "GET /wp-content/edit-wolf.php?action=edit&file=libmana.so.1&path=%2F%2Flib64 HTTP/1.1" 200 954 "-" "serpstatbot/2.1 (advanced backlink tracking bot; https://serpstatbot.com/; abuse@serpstatbot.com)"
5.255.231.25 - - [12/May/2025:10:51:12 -0400] "GET /42888566 HTTP/1.1" 500 0 "-" "Mozilla/5.0 (compatible; YandexBot/3.0; +http://yandex.com/bots)"
88.99.244.56 - - [12/May/2025:10:51:14 -0400] "GET /wp-content/edit-wolf.php?action=edit&file=.libssl.so.1.1.hmac&path=%2F%2Flib64 HTTP/1.1" 200 1017 "-" "serpstatbot/2.1 (advanced backlink tracking bot; https://serpstatbot.com/; abuse@serpstatbot.com)"
88.99.244.56 - - [12/May/2025:10:51:17 -0400] "GET /wp-content/edit-wolf.php?path=%2Fhome%2Fprocjwtt%2F.system-php%2Fconf HTTP/1.1" 200 1249 "-" "serpstatbot/2.1 (advanced backlink tracking bot; https://serpstatbot.com/; abuse@serpstatbot.com)"
88.99.244.56 - - [12/May/2025:10:51:20 -0400] "GET /wp-content/edit-wolf.php?action=edit&file=libmana.so.1.0.48.0&path=%2F%2Flib64 HTTP/1.1" 200 960 "-" "serpstatbot/2.1 (advanced backlink tracking bot; https://serpstatbot.com/; abuse@serpstatbot.com)"
54.36.149.101 - - [12/May/2025:10:51:20 -0400] "GET /?tsz28690.html HTTP/1.1" 200 2109 "-" "Mozilla/5.0 (compatible; AhrefsBot/7.0; +http://ahrefs.com/robot/)"
88.99.244.56 - - [12/May/2025:10:51:22 -0400] "GET /wp-content/edit-wolf.php?action=edit&file=.libssl.so.1.0.2o.hmac&path=%2F%2Flib64 HTTP/1.1" 200 1018 "-" "serpstatbot/2.1 (advanced backlink tracking bot; https://serpstatbot.com/; abuse@serpstatbot.com)"
88.99.244.56 - - [12/May/2025:10:51:25 -0400] "GET /wp-content/edit-wolf.php?path=%2Fhome%2Fprocjwtt%2F.softaculous%2Fwp_manager HTTP/1.1" 200 1233 "-" "serpstatbot/2.1 (advanced backlink tracking bot; https://serpstatbot.com/; abuse@serpstatbot.com)"
88.99.244.56 - - [12/May/2025:10:51:28 -0400] "GET /wp-content/edit-wolf.php?action=edit&file=libmariadb.a&path=%2F%2Flib64 HTTP/1.1" 200 954 "-" "serpstatbot/2.1 (advanced backlink tracking bot; https://serpstatbot.com/; abuse@serpstatbot.com)"
54.36.148.218 - - [12/May/2025:10:51:28 -0400] "GET /?znb7689.html HTTP/1.1" 200 2063 "-" "Mozilla/5.0 (compatible; AhrefsBot/7.0; +http://ahrefs.com/robot/)"
88.99.244.56 - - [12/May/2025:10:51:31 -0400] "GET /wp-content/edit-wolf.php?action=edit&file=.libnettle.so.6.5.hmac&path=%2F%2Flib64 HTTP/1.1" 200 1017 "-" "serpstatbot/2.1 (advanced backlink tracking bot; https://serpstatbot.com/; abuse@serpstatbot.com)"
95.108.213.215 - - [12/May/2025:10:51:32 -0400] "GET /27408726 HTTP/1.1" 500 0 "-" "Mozilla/5.0 (compatible; YandexBot/3.0; +http://yandex.com/bots)"
54.36.148.133 - - [12/May/2025:10:51:33 -0400] "GET /?lml14941.html HTTP/1.1" 200 2064 "-" "Mozilla/5.0 (compatible; AhrefsBot/7.0; +http://ahrefs.com/robot/)"
88.99.244.56 - - [12/May/2025:10:51:34 -0400] "GET /wp-content/edit-wolf.php?path=%2Fhome%2Fprocjwtt%2F.softaculous%2Ftmp HTTP/1.1" 200 1123 "-" "serpstatbot/2.1 (advanced backlink tracking bot; https://serpstatbot.com/; abuse@serpstatbot.com)"
66.249.65.171 - - [12/May/2025:10:51:35 -0400] "GET /9714326 HTTP/1.1" 200 20399 "-" "Mozilla/5.0 (Linux; Android 6.0.1; Nexus 5X Build/MMB29P) AppleWebKit/537.36 (KHTML, like Gecko) Chrome/136.0.7103.59 Mobile Safari/537.36 (compatible; Googlebot/2.1; +http://www.google.com/bot.html)"
88.99.244.56 - - [12/May/2025:10:51:36 -0400] "GET /wp-content/edit-wolf.php?action=edit&file=libmariadb.so.3&path=%2F%2Flib64 HTTP/1.1" 200 956 "-" "serpstatbot/2.1 (advanced backlink tracking bot; https://serpstatbot.com/; abuse@serpstatbot.com)"
213.180.203.249 - - [12/May/2025:10:51:36 -0400] "GET /78677110 HTTP/1.1" 500 0 "-" "Mozilla/5.0 (compatible; YandexBot/3.0; +http://yandex.com/bots)"
88.99.244.56 - - [12/May/2025:10:51:39 -0400] "GET /wp-content/edit-wolf.php?action=edit&file=.libhogweed.so.4.hmac&path=%2F%2Flib64 HTTP/1.1" 200 1016 "-" "serpstatbot/2.1 (advanced backlink tracking bot; https://serpstatbot.com/; abuse@serpstatbot.com)"
5.255.231.54 - - [12/May/2025:10:51:40 -0400] "GET /64137654 HTTP/1.1" 500 0 "-" "Mozilla/5.0 (compatible; YandexBot/3.0; +http://yandex.com/bots)"
88.99.244.56 - - [12/May/2025:10:51:42 -0400] "GET /wp-content/edit-wolf.php?path=%2Fhome%2Fprocjwtt%2F.softaculous%2Fstatus HTTP/1.1" 200 1275 "-" "serpstatbot/2.1 (advanced backlink tracking bot; https://serpstatbot.com/; abuse@serpstatbot.com)"
88.99.244.56 - - [12/May/2025:10:51:44 -0400] "GET /wp-content/edit-wolf.php?action=edit&file=libmariadbd.so&path=%2F%2Flib64 HTTP/1.1" 200 955 "-" "serpstatbot/2.1 (advanced backlink tracking bot; https://serpstatbot.com/; abuse@serpstatbot.com)"
88.99.244.56 - - [12/May/2025:10:51:47 -0400] "GET /wp-content/edit-wolf.php?action=edit&file=.libhogweed.so.4.5.hmac&path=%2F%2Flib64 HTTP/1.1" 200 1018 "-" "serpstatbot/2.1 (advanced backlink tracking bot; https://serpstatbot.com/; abuse@serpstatbot.com)"
54.36.148.236 - - [12/May/2025:10:51:47 -0400] "GET /?oer56521.html HTTP/1.1" 200 2064 "-" "Mozilla/5.0 (compatible; AhrefsBot/7.0; +http://ahrefs.com/robot/)"
88.99.244.56 - - [12/May/2025:10:51:49 -0400] "GET /wp-content/edit-wolf.php?path=%2Fhome%2Fprocjwtt%2F.softaculous%2Fsess HTTP/1.1" 200 1123 "-" "serpstatbot/2.1 (advanced backlink tracking bot; https://serpstatbot.com/; abuse@serpstatbot.com)"
54.36.149.29 - - [12/May/2025:10:51:50 -0400] "GET /?ypq46124.html HTTP/1.1" 200 2064 "-" "Mozilla/5.0 (compatible; AhrefsBot/7.0; +http://ahrefs.com/robot/)"
54.36.148.137 - - [12/May/2025:10:51:52 -0400] "GET /?xlr21277.html HTTP/1.1" 200 2064 "-" "Mozilla/5.0 (compatible; AhrefsBot/7.0; +http://ahrefs.com/robot/)"
88.99.244.56 - - [12/May/2025:10:51:53 -0400] "GET /wp-content/edit-wolf.php?action=edit&file=libmariadbd.so.19&path=%2F%2Flib64 HTTP/1.1" 200 958 "-" "serpstatbot/2.1 (advanced backlink tracking bot; https://serpstatbot.com/; abuse@serpstatbot.com)"
54.36.148.144 - - [12/May/2025:10:51:56 -0400] "GET /?vgs11885.html HTTP/1.1" 200 2064 "-" "Mozilla/5.0 (compatible; AhrefsBot/7.0; +http://ahrefs.com/robot/)"
88.99.244.56 - - [12/May/2025:10:51:57 -0400] "GET /wp-content/edit-wolf.php?action=edit&file=.libgnutls.so.30.hmac&path=%2F%2Flib64 HTTP/1.1" 200 1018 "-" "serpstatbot/2.1 (advanced backlink tracking bot; https://serpstatbot.com/; abuse@serpstatbot.com)"
88.99.244.56 - - [12/May/2025:10:52:01 -0400] "GET /wp-content/edit-wolf.php?path=%2Fhome%2Fprocjwtt%2F.softaculous%2Flogs HTTP/1.1" 200 1273 "-" "serpstatbot/2.1 (advanced backlink tracking bot; https://serpstatbot.com/; abuse@serpstatbot.com)"
88.99.244.56 - - [12/May/2025:10:52:06 -0400] "GET /wp-content/edit-wolf.php?action=edit&file=libmaxminddb.so.0.0.7&path=%2F%2Flib64 HTTP/1.1" 200 960 "-" "serpstatbot/2.1 (advanced backlink tracking bot; https://serpstatbot.com/; abuse@serpstatbot.com)"
88.99.244.56 - - [12/May/2025:10:52:11 -0400] "GET /wp-content/edit-wolf.php?action=edit&file=.libgnutls.so.30.28.2.hmac&path=%2F%2Flib64 HTTP/1.1" 200 1022 "-" "serpstatbot/2.1 (advanced backlink tracking bot; https://serpstatbot.com/; abuse@serpstatbot.com)"
57.141.4.28 - - [12/May/2025:10:52:13 -0400] "GET /58469558 HTTP/1.1" 500 0 "-" "meta-externalagent/1.1 (+https://developers.facebook.com/docs/sharing/webmasters/crawler)"
88.99.244.56 - - [12/May/2025:10:52:18 -0400] "GET /wp-content/edit-wolf.php?path=%2Fhome%2Fprocjwtt%2F.softaculous%2Fbackups HTTP/1.1" 200 1446 "-" "serpstatbot/2.1 (advanced backlink tracking bot; https://serpstatbot.com/; abuse@serpstatbot.com)"
213.180.203.66 - - [12/May/2025:10:52:20 -0400] "GET /67870166 HTTP/1.1" 500 0 "-" "Mozilla/5.0 (compatible; YandexBot/3.0; +http://yandex.com/bots)"
88.99.244.56 - - [12/May/2025:10:52:24 -0400] "GET /wp-content/edit-wolf.php?action=edit&file=libmcheck.a&path=%2F%2Flib64 HTTP/1.1" 200 954 "-" "serpstatbot/2.1 (advanced backlink tracking bot; https://serpstatbot.com/; abuse@serpstatbot.com)"
54.36.148.129 - - [12/May/2025:10:52:24 -0400] "GET /?oer39025.html HTTP/1.1" 200 2066 "-" "Mozilla/5.0 (compatible; AhrefsBot/7.0; +http://ahrefs.com/robot/)"
87.250.224.228 - - [12/May/2025:10:52:25 -0400] "GET /53193846 HTTP/1.1" 500 0 "-" "Mozilla/5.0 (compatible; YandexBot/3.0; +http://yandex.com/bots)"
88.99.244.56 - - [12/May/2025:10:52:31 -0400] "GET /wp-content/edit-wolf.php?action=edit&file=.libgcrypt.so.20.hmac&path=%2F%2Flib64 HTTP/1.1" 200 1018 "-" "serpstatbot/2.1 (advanced backlink tracking bot; https://serpstatbot.com/; abuse@serpstatbot.com)"
88.99.244.56 - - [12/May/2025:10:52:37 -0400] "GET /wp-content/edit-wolf.php?path=%2Fhome%2Fprocjwtt%2F.pki%2Fnssdb HTTP/1.1" 200 1118 "-" "serpstatbot/2.1 (advanced backlink tracking bot; https://serpstatbot.com/; abuse@serpstatbot.com)"
88.99.244.56 - - [12/May/2025:10:52:44 -0400] "GET /wp-content/edit-wolf.php?action=edit&file=libmcpp.so.0.3.0&path=%2F%2Flib64 HTTP/1.1" 200 958 "-" "serpstatbot/2.1 (advanced backlink tracking bot; https://serpstatbot.com/; abuse@serpstatbot.com)"
88.99.244.56 - - [12/May/2025:10:52:52 -0400] "GET /wp-content/edit-wolf.php?action=edit&file=.libcrypto.so.10.hmac&path=%2F%2Flib64 HTTP/1.1" 200 1017 "-" "serpstatbot/2.1 (advanced backlink tracking bot; https://serpstatbot.com/; abuse@serpstatbot.com)"
47.239.148.104 - - [12/May/2025:10:52:55 -0400] "HEAD /wp-content/ngg/modules/photocrati-nextgen_addgallery_page/static/?ND= HTTP/1.1" 500 0 "-" "Mozilla/5.0 (Windows NT 6.1; Win64; x64) AppleWebKit/537.36 (KHTML, like Gecko) Chrome/64.0.3407.119 Safari/537.36"
47.239.148.104 - - [12/May/2025:10:52:55 -0400] "GET /wp-content/ngg/modules/photocrati-nextgen_addgallery_page/static/?ND= HTTP/1.1" 500 0 "-" "Mozilla/5.0 (Windows NT 6.1; Win64; x64) AppleWebKit/537.36 (KHTML, like Gecko) Chrome/64.0.3407.119 Safari/537.36"
88.99.244.56 - - [12/May/2025:10:53:01 -0400] "GET /wp-content/edit-wolf.php?path=%2Fhome%2Fprocjwtt%2F.cphorde%2Fvfsroot HTTP/1.1" 200 1122 "-" "serpstatbot/2.1 (advanced backlink tracking bot; https://serpstatbot.com/; abuse@serpstatbot.com)"
54.36.148.112 - - [12/May/2025:10:53:04 -0400] "GET /?pgu10631.html HTTP/1.1" 200 2069 "-" "Mozilla/5.0 (compatible; AhrefsBot/7.0; +http://ahrefs.com/robot/)"
54.36.148.86 - - [12/May/2025:10:53:11 -0400] "GET /?ubr42194.html HTTP/1.1" 200 2069 "-" "Mozilla/5.0 (compatible; AhrefsBot/7.0; +http://ahrefs.com/robot/)"
88.99.244.56 - - [12/May/2025:10:53:11 -0400] "GET /wp-content/edit-wolf.php?action=edit&file=libmcrypt.so.4&path=%2F%2Flib64 HTTP/1.1" 200 956 "-" "serpstatbot/2.1 (advanced backlink tracking bot; https://serpstatbot.com/; abuse@serpstatbot.com)"
54.36.148.155 - - [12/May/2025:10:53:12 -0400] "GET /?vfa1121.html HTTP/1.1" 200 2069 "-" "Mozilla/5.0 (compatible; AhrefsBot/7.0; +http://ahrefs.com/robot/)"
57.141.4.10 - - [12/May/2025:10:53:15 -0400] "GET /6837622 HTTP/1.1" 500 0 "-" "meta-externalagent/1.1 (+https://developers.facebook.com/docs/sharing/webmasters/crawler)"
57.141.4.20 - - [12/May/2025:10:53:19 -0400] "GET /77667286 HTTP/1.1" 500 0 "-" "meta-externalagent/1.1 (+https://developers.facebook.com/docs/sharing/webmasters/crawler)"
88.99.244.56 - - [12/May/2025:10:53:22 -0400] "GET /wp-content/edit-wolf.php?action=edit&file=.libcrypto.so.1.0.2o.hmac&path=%2F%2Flib64 HTTP/1.1" 200 1020 "-" "serpstatbot/2.1 (advanced backlink tracking bot; https://serpstatbot.com/; abuse@serpstatbot.com)"
88.99.244.56 - - [12/May/2025:10:53:35 -0400] "GET /wp-content/edit-wolf.php?path=%2Fhome%2Fprocjwtt%2F.cphorde%2Fmeta HTTP/1.1" 200 1118 "-" "serpstatbot/2.1 (advanced backlink tracking bot; https://serpstatbot.com/; abuse@serpstatbot.com)"
54.36.148.163 - - [12/May/2025:10:53:35 -0400] "GET /?kzu24560.html HTTP/1.1" 200 2064 "-" "Mozilla/5.0 (compatible; AhrefsBot/7.0; +http://ahrefs.com/robot/)"
66.249.65.169 - - [12/May/2025:10:53:37 -0400] "GET /49366230 HTTP/1.1" 200 19667 "-" "Mozilla/5.0 (Linux; Android 6.0.1; Nexus 5X Build/MMB29P) AppleWebKit/537.36 (KHTML, like Gecko) Chrome/136.0.7103.59 Mobile Safari/537.36 (compatible; Googlebot/2.1; +http://www.google.com/bot.html)"
66.249.65.169 - - [12/May/2025:10:53:50 -0400] "GET /4282902 HTTP/1.1" 200 20814 "-" "Mozilla/5.0 (Linux; Android 6.0.1; Nexus 5X Build/MMB29P) AppleWebKit/537.36 (KHTML, like Gecko) Chrome/136.0.7103.59 Mobile Safari/537.36 (compatible; Googlebot/2.1; +http://www.google.com/bot.html)"
88.99.244.56 - - [12/May/2025:10:53:59 -0400] "GET /wp-content/edit-wolf.php?action=edit&file=libmcrypt.so.4.4.8&path=%2F%2Flib64 HTTP/1.1" 200 958 "-" "serpstatbot/2.1 (advanced backlink tracking bot; https://serpstatbot.com/; abuse@serpstatbot.com)"
213.180.203.143 - - [12/May/2025:10:54:02 -0400] "GET /67473270 HTTP/1.1" 500 0 "-" "Mozilla/5.0 (compatible; YandexBot/3.0; +http://yandex.com/bots)"
13.58.48.103 - - [12/May/2025:10:54:15 -0400] "GET /wp-admin/admin-wolf.php?action=edit&file=class-wp-customize-control.php&path=%2Fhome%2Fprocjwtt%2Fpublic_html%2Fwp-includes HTTP/1.1" 200 6803 "-" "Mozilla/5.0 AppleWebKit/537.36 (KHTML, like Gecko; compatible; ClaudeBot/1.0; +claudebot@anthropic.com)"
54.36.149.106 - - [12/May/2025:10:54:22 -0400] "GET /?ztl4389.html HTTP/1.1" 200 2064 "-" "Mozilla/5.0 (compatible; AhrefsBot/7.0; +http://ahrefs.com/robot/)"
57.141.4.17 - - [12/May/2025:10:54:26 -0400] "GET /62011734 HTTP/1.1" 500 0 "-" "meta-externalagent/1.1 (+https://developers.facebook.com/docs/sharing/webmasters/crawler)"
88.99.244.56 - - [12/May/2025:10:54:29 -0400] "GET /wp-content/edit-wolf.php?action=edit&file=.libcrypt.so.1.hmac&path=%2F%2Flib64 HTTP/1.1" 200 1017 "-" "serpstatbot/2.1 (advanced backlink tracking bot; https://serpstatbot.com/; abuse@serpstatbot.com)"
66.249.65.169 - - [12/May/2025:10:54:32 -0400] "GET /70768630 HTTP/1.1" 200 19479 "-" "Mozilla/5.0 (Linux; Android 6.0.1; Nexus 5X Build/MMB29P) AppleWebKit/537.36 (KHTML, like Gecko) Chrome/136.0.7103.59 Mobile Safari/537.36 (compatible; Googlebot/2.1; +http://www.google.com/bot.html)"
54.36.148.2 - - [12/May/2025:10:54:50 -0400] "GET /?xlr52530.html HTTP/1.1" 200 2066 "-" "Mozilla/5.0 (compatible; AhrefsBot/7.0; +http://ahrefs.com/robot/)"
66.249.65.169 - - [12/May/2025:10:54:55 -0400] "GET /77983318 HTTP/1.1" 200 19953 "-" "Mozilla/5.0 (Linux; Android 6.0.1; Nexus 5X Build/MMB29P) AppleWebKit/537.36 (KHTML, like Gecko) Chrome/136.0.7103.59 Mobile Safari/537.36 (compatible; Googlebot/2.1; +http://www.google.com/bot.html)"
88.99.244.56 - - [12/May/2025:10:55:03 -0400] "GET /wp-content/edit-wolf.php?path=%2Fhome%2Fprocjwtt%2F.cpanel%2Fvcards HTTP/1.1" 200 1359 "-" "serpstatbot/2.1 (advanced backlink tracking bot; https://serpstatbot.com/; abuse@serpstatbot.com)"
88.99.244.56 - - [12/May/2025:10:55:15 -0400] "GET /wp-content/edit-wolf.php?action=edit&file=libmemcached.so.11.0.0&path=%2F%2Flib64 HTTP/1.1" 200 962 "-" "serpstatbot/2.1 (advanced backlink tracking bot; https://serpstatbot.com/; abuse@serpstatbot.com)"
88.99.244.56 - - [12/May/2025:10:55:24 -0400] "GET /wp-content/edit-wolf.php?action=edit&file=.libcrypt.so.1.1.0.hmac&path=%2F%2Flib64 HTTP/1.1" 200 1019 "-" "serpstatbot/2.1 (advanced backlink tracking bot; https://serpstatbot.com/; abuse@serpstatbot.com)"
88.99.244.56 - - [12/May/2025:10:55:31 -0400] "GET /wp-content/edit-wolf.php?path=%2Fhome%2Fprocjwtt%2F.cpanel%2Fnvdata HTTP/1.1" 200 1659 "-" "serpstatbot/2.1 (advanced backlink tracking bot; https://serpstatbot.com/; abuse@serpstatbot.com)"
57.141.4.24 - - [12/May/2025:10:55:32 -0400] "GET /sitemap-5.xml HTTP/1.1" 200 311292 "-" "meta-externalagent/1.1 (+https://developers.facebook.com/docs/sharing/webmasters/crawler)"
54.36.149.41 - - [12/May/2025:10:55:36 -0400] "GET /?lml28879.html HTTP/1.1" 200 2066 "-" "Mozilla/5.0 (compatible; AhrefsBot/7.0; +http://ahrefs.com/robot/)"
88.99.244.56 - - [12/May/2025:10:55:41 -0400] "GET /wp-content/edit-wolf.php?action=edit&file=libmemcachedprotocol.so.0&path=%2F%2Flib64 HTTP/1.1" 200 963 "-" "serpstatbot/2.1 (advanced backlink tracking bot; https://serpstatbot.com/; abuse@serpstatbot.com)"
66.249.65.169 - - [12/May/2025:10:55:44 -0400] "GET /8572502 HTTP/1.1" 200 19453 "-" "Mozilla/5.0 (Linux; Android 6.0.1; Nexus 5X Build/MMB29P) AppleWebKit/537.36 (KHTML, like Gecko) Chrome/136.0.7103.59 Mobile Safari/537.36 (compatible; Googlebot/2.1; +http://www.google.com/bot.html)"
54.36.148.134 - - [12/May/2025:10:55:47 -0400] "GET /?bei39651.html HTTP/1.1" 200 2066 "-" "Mozilla/5.0 (compatible; AhrefsBot/7.0; +http://ahrefs.com/robot/)"
88.99.244.56 - - [12/May/2025:10:55:49 -0400] "GET /wp-content/edit-wolf.php?action=edit&file=.htaccess.bk&path=%2Fhome%2Fprocjwtt%2Fwww HTTP/1.1" 403 1242 "-" "serpstatbot/2.1 (advanced backlink tracking bot; https://serpstatbot.com/; abuse@serpstatbot.com)"
66.249.65.169 - - [12/May/2025:10:55:52 -0400] "POST /get-message-notify HTTP/1.1" 200 19018 "https://procarecleaning.com.sg/8572502" "Mozilla/5.0 (Linux; Android 6.0.1; Nexus 5X Build/MMB29P) AppleWebKit/537.36 (KHTML, like Gecko) Chrome/135.0.7049.114 Mobile Safari/537.36 (compatible; Googlebot/2.1; +http://www.google.com/bot.html)"
88.99.244.56 - - [12/May/2025:10:55:57 -0400] "GET /wp-content/edit-wolf.php?path=%2Fhome%2Fprocjwtt%2F.cpanel%2Flogs HTTP/1.1" 200 1221 "-" "serpstatbot/2.1 (advanced backlink tracking bot; https://serpstatbot.com/; abuse@serpstatbot.com)"
54.36.148.62 - - [12/May/2025:10:55:59 -0400] "GET /?zig50876.html HTTP/1.1" 200 2107 "-" "Mozilla/5.0 (compatible; AhrefsBot/7.0; +http://ahrefs.com/robot/)"
66.249.65.170 - - [12/May/2025:10:56:05 -0400] "GET /15652150 HTTP/1.1" 200 19093 "-" "Mozilla/5.0 (Linux; Android 6.0.1; Nexus 5X Build/MMB29P) AppleWebKit/537.36 (KHTML, like Gecko) Chrome/136.0.7103.59 Mobile Safari/537.36 (compatible; Googlebot/2.1; +http://www.google.com/bot.html)"
88.99.244.56 - - [12/May/2025:10:56:07 -0400] "GET /wp-content/edit-wolf.php?action=edit&file=libmemcachedutil.so.2.0.0&path=%2F%2Flib64 HTTP/1.1" 200 964 "-" "serpstatbot/2.1 (advanced backlink tracking bot; https://serpstatbot.com/; abuse@serpstatbot.com)"
88.99.244.56 - - [12/May/2025:10:56:11 -0400] "GET /wp-content/edit-wolf.php?action=edit&file=.htaccess.bk&path=%2Fhome%2Fprocjwtt%2Fpublic_html%2Fdevsite HTTP/1.1" 403 1242 "-" "serpstatbot/2.1 (advanced backlink tracking bot; https://serpstatbot.com/; abuse@serpstatbot.com)"
88.99.244.56 - - [12/May/2025:10:56:14 -0400] "GET /wp-content/edit-wolf.php?path=%2Fhome%2Fprocjwtt%2F.cpanel%2Ficals HTTP/1.1" 200 1352 "-" "serpstatbot/2.1 (advanced backlink tracking bot; https://serpstatbot.com/; abuse@serpstatbot.com)"
88.99.244.56 - - [12/May/2025:10:56:16 -0400] "GET /wp-content/edit-wolf.php?action=edit&file=libmemusage.so&path=%2F%2Flib64 HTTP/1.1" 200 955 "-" "serpstatbot/2.1 (advanced backlink tracking bot; https://serpstatbot.com/; abuse@serpstatbot.com)"
87.250.224.112 - - [12/May/2025:10:56:17 -0400] "GET /59153942 HTTP/1.1" 500 0 "-" "Mozilla/5.0 (compatible; YandexBot/3.0; +http://yandex.com/bots)"
88.99.244.56 - - [12/May/2025:10:56:19 -0400] "GET /wp-content/edit-wolf.php?action=edit&file=.htaccess.bk&path=%2Fhome%2Fprocjwtt%2Fpromo.procarecleaning.com.sg HTTP/1.1" 403 1242 "-" "serpstatbot/2.1 (advanced backlink tracking bot; https://serpstatbot.com/; abuse@serpstatbot.com)"
88.99.244.56 - - [12/May/2025:10:56:22 -0400] "GET /wp-content/edit-wolf.php?path=%2Fhome%2Fprocjwtt%2F.cpanel%2Fea-php-cli HTTP/1.1" 200 1267 "-" "serpstatbot/2.1 (advanced backlink tracking bot; https://serpstatbot.com/; abuse@serpstatbot.com)"
88.99.244.56 - - [12/May/2025:10:56:25 -0400] "GET /wp-content/edit-wolf.php?action=edit&file=libmenu.so&path=%2F%2Flib64 HTTP/1.1" 200 953 "-" "serpstatbot/2.1 (advanced backlink tracking bot; https://serpstatbot.com/; abuse@serpstatbot.com)"
88.99.244.56 - - [12/May/2025:10:56:27 -0400] "GET /wp-content/edit-wolf.php?action=edit&file=.htaccess&path=%2Fhome%2Fprocjwtt%2Fwww HTTP/1.1" 403 1242 "-" "serpstatbot/2.1 (advanced backlink tracking bot; https://serpstatbot.com/; abuse@serpstatbot.com)"
88.99.244.56 - - [12/May/2025:10:56:30 -0400] "GET /wp-content/edit-wolf.php?path=%2Fhome%2Fprocjwtt%2F.cpanel%2Fdatastore HTTP/1.1" 200 1906 "-" "serpstatbot/2.1 (advanced backlink tracking bot; https://serpstatbot.com/; abuse@serpstatbot.com)"
88.99.244.56 - - [12/May/2025:10:56:33 -0400] "GET /wp-content/edit-wolf.php?action=edit&file=libmenu.so.5&path=%2F%2Flib64 HTTP/1.1" 200 954 "-" "serpstatbot/2.1 (advanced backlink tracking bot; https://serpstatbot.com/; abuse@serpstatbot.com)"
47.239.147.147 - - [12/May/2025:10:56:35 -0400] "HEAD /wp-content/gallery/sofa-chair/Blue-Sofa-2606.jpg_backup HTTP/1.1" 500 0 "-" "Mozilla/5.0 (Windows NT 6.3; Win64; x64) AppleWebKit/537.36 (KHTML, like Gecko) Chrome/66.0.3520.177 Safari/537.36"
88.99.244.56 - - [12/May/2025:10:56:35 -0400] "GET /wp-content/edit-wolf.php?action=edit&file=.htaccess&path=%2Fhome%2Fprocjwtt%2Fpublic_html%2Fwp-includes HTTP/1.1" 403 1242 "-" "serpstatbot/2.1 (advanced backlink tracking bot; https://serpstatbot.com/; abuse@serpstatbot.com)"
47.239.147.147 - - [12/May/2025:10:56:35 -0400] "GET /wp-content/gallery/sofa-chair/Blue-Sofa-2606.jpg_backup HTTP/1.1" 500 0 "-" "Mozilla/5.0 (Windows NT 6.3; Win64; x64) AppleWebKit/537.36 (KHTML, like Gecko) Chrome/66.0.3520.177 Safari/537.36"
88.99.244.56 - - [12/May/2025:10:56:38 -0400] "GET /wp-content/edit-wolf.php?path=%2Fhome%2Fprocjwtt%2F.cpanel%2Fcaches HTTP/1.1" 200 1374 "-" "serpstatbot/2.1 (advanced backlink tracking bot; https://serpstatbot.com/; abuse@serpstatbot.com)"
57.141.4.11 - - [12/May/2025:10:56:39 -0400] "GET /66364342 HTTP/1.1" 500 0 "-" "meta-externalagent/1.1 (+https://developers.facebook.com/docs/sharing/webmasters/crawler)"
88.99.244.56 - - [12/May/2025:10:56:41 -0400] "GET /wp-content/edit-wolf.php?action=edit&file=libmenu.so.6&path=%2F%2Flib64 HTTP/1.1" 200 955 "-" "serpstatbot/2.1 (advanced backlink tracking bot; https://serpstatbot.com/; abuse@serpstatbot.com)"
66.249.65.170 - - [12/May/2025:10:56:42 -0400] "GET /97066326 HTTP/1.1" 200 19302 "-" "Mozilla/5.0 (Linux; Android 6.0.1; Nexus 5X Build/MMB29P) AppleWebKit/537.36 (KHTML, like Gecko) Chrome/136.0.7103.59 Mobile Safari/537.36 (compatible; Googlebot/2.1; +http://www.google.com/bot.html)"
88.99.244.56 - - [12/May/2025:10:56:43 -0400] "GET /wp-content/edit-wolf.php?action=edit&file=.htaccess&path=%2Fhome%2Fprocjwtt%2Fpublic_html%2Fwp-content%2Fuploads%2Fwpcf7_uploads HTTP/1.1" 403 1242 "-" "serpstatbot/2.1 (advanced backlink tracking bot; https://serpstatbot.com/; abuse@serpstatbot.com)"
88.99.244.56 - - [12/May/2025:10:56:46 -0400] "GET /wp-content/edit-wolf.php?path=%2Fhome%2Fprocjwtt%2F.caldav%2Fsales%40procarecleaning.com.sg HTTP/1.1" 200 1351 "-" "serpstatbot/2.1 (advanced backlink tracking bot; https://serpstatbot.com/; abuse@serpstatbot.com)"
88.99.244.56 - - [12/May/2025:10:56:49 -0400] "GET /wp-content/edit-wolf.php?action=edit&file=libmenu.so.6.1&path=%2F%2Flib64 HTTP/1.1" 200 957 "-" "serpstatbot/2.1 (advanced backlink tracking bot; https://serpstatbot.com/; abuse@serpstatbot.com)"
88.99.244.56 - - [12/May/2025:10:56:52 -0400] "GET /wp-content/edit-wolf.php?action=edit&file=.htaccess&path=%2Fhome%2Fprocjwtt%2Fpublic_html%2Fwp-content%2Fuploads%2Fwp-staging HTTP/1.1" 403 1242 "-" "serpstatbot/2.1 (advanced backlink tracking bot; https://serpstatbot.com/; abuse@serpstatbot.com)"
88.99.244.56 - - [12/May/2025:10:56:54 -0400] "GET /wp-content/edit-wolf.php?path=%2Fhome%2Fprocjwtt%2F.caldav%2Fsabrina%40procarecleaning.com.sg HTTP/1.1" 200 1353 "-" "serpstatbot/2.1 (advanced backlink tracking bot; https://serpstatbot.com/; abuse@serpstatbot.com)"
66.249.65.169 - - [12/May/2025:10:56:55 -0400] "POST /get-message-notify HTTP/1.1" 200 19017 "https://procarecleaning.com.sg/97066326" "Mozilla/5.0 (Linux; Android 6.0.1; Nexus 5X Build/MMB29P) AppleWebKit/537.36 (KHTML, like Gecko) Chrome/135.0.7049.114 Mobile Safari/537.36 (compatible; Googlebot/2.1; +http://www.google.com/bot.html)"
88.99.244.56 - - [12/May/2025:10:56:57 -0400] "GET /wp-content/edit-wolf.php?action=edit&file=libmenuw.so&path=%2F%2Flib64 HTTP/1.1" 200 954 "-" "serpstatbot/2.1 (advanced backlink tracking bot; https://serpstatbot.com/; abuse@serpstatbot.com)"
54.36.148.123 - - [12/May/2025:10:56:58 -0400] "GET /?vfa26577.html HTTP/1.1" 200 2107 "-" "Mozilla/5.0 (compatible; AhrefsBot/7.0; +http://ahrefs.com/robot/)"
66.249.65.169 - - [12/May/2025:10:56:59 -0400] "GET /37851318 HTTP/1.1" 200 18499 "-" "Mozilla/5.0 (Linux; Android 6.0.1; Nexus 5X Build/MMB29P) AppleWebKit/537.36 (KHTML, like Gecko) Chrome/136.0.7103.59 Mobile Safari/537.36 (compatible; Googlebot/2.1; +http://www.google.com/bot.html)"
88.99.244.56 - - [12/May/2025:10:57:00 -0400] "GET /wp-content/edit-wolf.php?action=edit&file=.htaccess&path=%2Fhome%2Fprocjwtt%2Fpublic_html%2Fwp-content%2Fuploads%2Fforminator HTTP/1.1" 403 1242 "-" "serpstatbot/2.1 (advanced backlink tracking bot; https://serpstatbot.com/; abuse@serpstatbot.com)"
88.99.244.56 - - [12/May/2025:10:57:02 -0400] "GET /wp-content/edit-wolf.php?path=%2Fhome%2Fprocjwtt%2F.caldav%2Fprocjwtt HTTP/1.1" 200 1318 "-" "serpstatbot/2.1 (advanced backlink tracking bot; https://serpstatbot.com/; abuse@serpstatbot.com)"
54.36.148.80 - - [12/May/2025:10:57:05 -0400] "GET /?cox681.html HTTP/1.1" 200 2066 "-" "Mozilla/5.0 (compatible; AhrefsBot/7.0; +http://ahrefs.com/robot/)"
88.99.244.56 - - [12/May/2025:10:57:05 -0400] "GET /wp-content/edit-wolf.php?action=edit&file=libmenuw.so.5&path=%2F%2Flib64 HTTP/1.1" 200 955 "-" "serpstatbot/2.1 (advanced backlink tracking bot; https://serpstatbot.com/; abuse@serpstatbot.com)"
88.99.244.56 - - [12/May/2025:10:57:08 -0400] "GET /wp-content/edit-wolf.php?action=edit&file=.htaccess&path=%2Fhome%2Fprocjwtt%2Fpublic_html%2Fdevsite HTTP/1.1" 403 1242 "-" "serpstatbot/2.1 (advanced backlink tracking bot; https://serpstatbot.com/; abuse@serpstatbot.com)"
88.99.244.56 - - [12/May/2025:10:57:10 -0400] "GET /wp-content/edit-wolf.php?path=%2Fhome%2Fprocjwtt%2F.caldav%2Fjeremy%40procarecleaning.com.sg HTTP/1.1" 200 1352 "-" "serpstatbot/2.1 (advanced backlink tracking bot; https://serpstatbot.com/; abuse@serpstatbot.com)"
88.99.244.56 - - [12/May/2025:10:57:12 -0400] "GET /wp-content/edit-wolf.php?action=edit&file=libmenuw.so.5.9&path=%2F%2Flib64 HTTP/1.1" 200 957 "-" "serpstatbot/2.1 (advanced backlink tracking bot; https://serpstatbot.com/; abuse@serpstatbot.com)"
88.99.244.56 - - [12/May/2025:10:57:15 -0400] "GET /wp-content/edit-wolf.php?action=edit&file=.htaccess&path=%2Fhome%2Fprocjwtt%2Fpromo.procarecleaning.com.sg HTTP/1.1" 403 1242 "-" "serpstatbot/2.1 (advanced backlink tracking bot; https://serpstatbot.com/; abuse@serpstatbot.com)"
88.99.244.56 - - [12/May/2025:10:57:18 -0400] "GET /wp-content/edit-wolf.php?path=%2Fhome%2Fprocjwtt%2F.caldav%2Finfo%40procarecleaning.com.sg HTTP/1.1" 200 1350 "-" "serpstatbot/2.1 (advanced backlink tracking bot; https://serpstatbot.com/; abuse@serpstatbot.com)"
54.36.148.254 - - [12/May/2025:10:57:21 -0400] "GET /?yck57189.html HTTP/1.1" 200 2066 "-" "Mozilla/5.0 (compatible; AhrefsBot/7.0; +http://ahrefs.com/robot/)"
88.99.244.56 - - [12/May/2025:10:57:22 -0400] "GET /wp-content/edit-wolf.php?action=edit&file=libmenuw.so.6.1&path=%2F%2Flib64 HTTP/1.1" 200 957 "-" "serpstatbot/2.1 (advanced backlink tracking bot; https://serpstatbot.com/; abuse@serpstatbot.com)"
54.36.148.58 - - [12/May/2025:10:57:22 -0400] "GET /?kpy57435.html HTTP/1.1" 200 2107 "-" "Mozilla/5.0 (compatible; AhrefsBot/7.0; +http://ahrefs.com/robot/)"
54.36.148.135 - - [12/May/2025:10:57:24 -0400] "GET /?xlr45653.html HTTP/1.1" 200 2066 "-" "Mozilla/5.0 (compatible; AhrefsBot/7.0; +http://ahrefs.com/robot/)"
88.99.244.56 - - [12/May/2025:10:57:26 -0400] "GET /wp-content/edit-wolf.php?action=edit&file=.hcflag&path=%2Fhome%2Fprocjwtt%2Fwww HTTP/1.1" 200 976 "-" "serpstatbot/2.1 (advanced backlink tracking bot; https://serpstatbot.com/; abuse@serpstatbot.com)"
88.99.244.56 - - [12/May/2025:10:57:30 -0400] "GET /wp-content/edit-wolf.php?path=%2Fhome%2Fprocjwtt%2F.caldav%2Fdesmond%40procarecleaning.com.sg HTTP/1.1" 200 1353 "-" "serpstatbot/2.1 (advanced backlink tracking bot; https://serpstatbot.com/; abuse@serpstatbot.com)"
5.255.231.167 - - [12/May/2025:10:57:33 -0400] "GET /53010838 HTTP/1.1" 500 0 "-" "Mozilla/5.0 (compatible; YandexBot/3.0; +http://yandex.com/bots)"
88.99.244.56 - - [12/May/2025:10:57:35 -0400] "GET /wp-content/edit-wolf.php?action=edit&file=libmetalink.so.3&path=%2F%2Flib64 HTTP/1.1" 200 956 "-" "serpstatbot/2.1 (advanced backlink tracking bot; https://serpstatbot.com/; abuse@serpstatbot.com)"
66.249.65.169 - - [12/May/2025:10:57:35 -0400] "GET /61286454 HTTP/1.1" 200 18897 "-" "Mozilla/5.0 (Linux; Android 6.0.1; Nexus 5X Build/MMB29P) AppleWebKit/537.36 (KHTML, like Gecko) Chrome/136.0.7103.59 Mobile Safari/537.36 (compatible; Googlebot/2.1; +http://www.google.com/bot.html)"
