66.249.65.169 - - [12/May/2025:12:12:32 -0400] "GET /72750646 HTTP/1.1" 200 20502 "-" "Mozilla/5.0 (Linux; Android 6.0.1; Nexus 5X Build/MMB29P) AppleWebKit/537.36 (KHTML, like Gecko) Chrome/136.0.7103.59 Mobile Safari/537.36 (compatible; Googlebot/2.1; +http://www.google.com/bot.html)"
66.249.65.169 - - [12/May/2025:12:12:35 -0400] "GET /55065590 HTTP/1.1" 200 19269 "-" "Mozilla/5.0 (Linux; Android 6.0.1; Nexus 5X Build/MMB29P) AppleWebKit/537.36 (KHTML, like Gecko) Chrome/136.0.7103.59 Mobile Safari/537.36 (compatible; Googlebot/2.1; +http://www.google.com/bot.html)"
88.99.244.56 - - [12/May/2025:12:12:36 -0400] "GET /wp-content/edit-wolf.php?action=edit&file=printf&path=%2F%2Fbin HTTP/1.1" 200 950 "-" "serpstatbot/2.1 (advanced backlink tracking bot; https://serpstatbot.com/; abuse@serpstatbot.com)"
66.249.65.169 - - [12/May/2025:12:12:37 -0400] "GET /92109878 HTTP/1.1" 200 19425 "-" "Mozilla/5.0 (Linux; Android 6.0.1; Nexus 5X Build/MMB29P) AppleWebKit/537.36 (KHTML, like Gecko) Chrome/136.0.7103.59 Mobile Safari/537.36 (compatible; Googlebot/2.1; +http://www.google.com/bot.html)"
66.249.65.169 - - [12/May/2025:12:12:40 -0400] "GET /53963798 HTTP/1.1" 200 21981 "-" "Mozilla/5.0 (Linux; Android 6.0.1; Nexus 5X Build/MMB29P) AppleWebKit/537.36 (KHTML, like Gecko) Chrome/136.0.7103.59 Mobile Safari/537.36 (compatible; Googlebot/2.1; +http://www.google.com/bot.html)"
88.99.244.56 - - [12/May/2025:12:12:41 -0400] "GET /wp-content/edit-wolf.php?path=%2F%2Flib%2Fbinfmt.d HTTP/1.1" 200 1100 "-" "serpstatbot/2.1 (advanced backlink tracking bot; https://serpstatbot.com/; abuse@serpstatbot.com)"
66.249.65.169 - - [12/May/2025:12:12:42 -0400] "GET /43954422 HTTP/1.1" 200 20034 "-" "Mozilla/5.0 (Linux; Android 6.0.1; Nexus 5X Build/MMB29P) AppleWebKit/537.36 (KHTML, like Gecko) Chrome/136.0.7103.59 Mobile Safari/537.36 (compatible; Googlebot/2.1; +http://www.google.com/bot.html)"
87.250.224.98 - - [12/May/2025:12:12:43 -0400] "GET /73950742 HTTP/1.1" 500 0 "-" "Mozilla/5.0 (compatible; YandexBot/3.0; +http://yandex.com/bots)"
88.99.244.56 - - [12/May/2025:12:12:47 -0400] "GET /wp-content/uploads/2023/04/8-1024x550.png.orig HTTP/1.1" 200 66361 "-" "serpstatbot/2.1 (advanced backlink tracking bot; https://serpstatbot.com/; abuse@serpstatbot.com)"
66.249.65.169 - - [12/May/2025:12:12:47 -0400] "GET /pcmypage?callback=/product%2Fdetail%2FUVCHI131285654 HTTP/1.1" 200 20059 "-" "Mozilla/5.0 (Linux; Android 6.0.1; Nexus 5X Build/MMB29P) AppleWebKit/537.36 (KHTML, like Gecko) Chrome/136.0.7103.59 Mobile Safari/537.36 (compatible; Googlebot/2.1; +http://www.google.com/bot.html)"
66.249.65.169 - - [12/May/2025:12:12:50 -0400] "GET /45692854 HTTP/1.1" 200 19951 "-" "Mozilla/5.0 (Linux; Android 6.0.1; Nexus 5X Build/MMB29P) AppleWebKit/537.36 (KHTML, like Gecko) Chrome/136.0.7103.59 Mobile Safari/537.36 (compatible; Googlebot/2.1; +http://www.google.com/bot.html)"
54.36.148.103 - - [12/May/2025:12:12:51 -0400] "GET /?lxa36549.html HTTP/1.1" 200 2062 "-" "Mozilla/5.0 (compatible; AhrefsBot/7.0; +http://ahrefs.com/robot/)"
88.99.244.56 - - [12/May/2025:12:12:54 -0400] "GET /wp-content/edit-wolf.php?action=edit&file=printenv&path=%2F%2Fbin HTTP/1.1" 200 951 "-" "serpstatbot/2.1 (advanced backlink tracking bot; https://serpstatbot.com/; abuse@serpstatbot.com)"
54.36.149.73 - - [12/May/2025:12:12:57 -0400] "GET /?oux55518.html HTTP/1.1" 200 2062 "-" "Mozilla/5.0 (compatible; AhrefsBot/7.0; +http://ahrefs.com/robot/)"
88.99.244.56 - - [12/May/2025:12:12:59 -0400] "GET /wp-content/edit-wolf.php?path=%2F%2Flib%2FNetworkManager HTTP/1.1" 200 1246 "-" "serpstatbot/2.1 (advanced backlink tracking bot; https://serpstatbot.com/; abuse@serpstatbot.com)"
5.255.231.88 - - [12/May/2025:12:12:59 -0400] "GET /robots.txt HTTP/1.1" 200 981 "-" "Mozilla/5.0 (compatible; YandexBot/3.0; +http://yandex.com/bots)"
54.36.149.37 - - [12/May/2025:12:13:02 -0400] "GET /?fus52468_html HTTP/1.1" 200 2062 "-" "Mozilla/5.0 (compatible; AhrefsBot/7.0; +http://ahrefs.com/robot/)"
66.249.65.170 - - [12/May/2025:12:13:04 -0400] "GET /63058134 HTTP/1.1" 200 19563 "-" "Mozilla/5.0 (Linux; Android 6.0.1; Nexus 5X Build/MMB29P) AppleWebKit/537.36 (KHTML, like Gecko) Chrome/136.0.7103.59 Mobile Safari/537.36 (compatible; Googlebot/2.1; +http://www.google.com/bot.html)"
20.171.207.232 - - [12/May/2025:12:13:05 -0400] "GET /93570518 HTTP/1.1" 500 0 "-" "Mozilla/5.0 AppleWebKit/537.36 (KHTML, like Gecko; compatible; GPTBot/1.2; +https://openai.com/gptbot)"
88.99.244.56 - - [12/May/2025:12:13:06 -0400] "GET /wp-content/uploads/2023/04/7.png.orig HTTP/1.1" 200 178546 "-" "serpstatbot/2.1 (advanced backlink tracking bot; https://serpstatbot.com/; abuse@serpstatbot.com)"
66.249.65.170 - - [12/May/2025:12:13:09 -0400] "GET /6026710 HTTP/1.1" 200 19940 "-" "Mozilla/5.0 (Linux; Android 6.0.1; Nexus 5X Build/MMB29P) AppleWebKit/537.36 (KHTML, like Gecko) Chrome/136.0.7103.59 Mobile Safari/537.36 (compatible; Googlebot/2.1; +http://www.google.com/bot.html)"
88.99.244.56 - - [12/May/2025:12:13:13 -0400] "GET /wp-content/edit-wolf.php?action=edit&file=prezip-bin&path=%2F%2Fbin HTTP/1.1" 200 953 "-" "serpstatbot/2.1 (advanced backlink tracking bot; https://serpstatbot.com/; abuse@serpstatbot.com)"
66.249.65.169 - - [12/May/2025:12:13:15 -0400] "POST /get-message-notify HTTP/1.1" 200 19018 "https://procarecleaning.com.sg/63058134" "Mozilla/5.0 (Linux; Android 6.0.1; Nexus 5X Build/MMB29P) AppleWebKit/537.36 (KHTML, like Gecko) Chrome/135.0.7049.114 Mobile Safari/537.36 (compatible; Googlebot/2.1; +http://www.google.com/bot.html)"
66.249.65.169 - - [12/May/2025:12:13:21 -0400] "GET /89047862 HTTP/1.1" 200 18850 "-" "Mozilla/5.0 (Linux; Android 6.0.1; Nexus 5X Build/MMB29P) AppleWebKit/537.36 (KHTML, like Gecko) Chrome/136.0.7103.59 Mobile Safari/537.36 (compatible; Googlebot/2.1; +http://www.google.com/bot.html)"
88.99.244.56 - - [12/May/2025:12:13:23 -0400] "GET /wp-content/edit-wolf.php?path=%2F%2Flib%2F.build-id HTTP/1.1" 200 2844 "-" "serpstatbot/2.1 (advanced backlink tracking bot; https://serpstatbot.com/; abuse@serpstatbot.com)"
54.36.148.33 - - [12/May/2025:12:13:27 -0400] "GET /?lez11345.html HTTP/1.1" 200 2065 "-" "Mozilla/5.0 (compatible; AhrefsBot/7.0; +http://ahrefs.com/robot/)"
3.15.10.50 - - [12/May/2025:12:13:29 -0400] "GET /wp-admin/admin-wolf.php?path=%2Fhome%2Fprocjwtt%2F.cpanel%2Fcaches HTTP/1.1" 200 1224 "-" "Mozilla/5.0 AppleWebKit/537.36 (KHTML, like Gecko; compatible; ClaudeBot/1.0; +claudebot@anthropic.com)"
3.15.10.50 - - [12/May/2025:12:13:29 -0400] "GET /wp-admin/admin-wolf.php?path=%2F%2Flib%2Ftmpfiles.d HTTP/1.1" 200 1657 "-" "Mozilla/5.0 AppleWebKit/537.36 (KHTML, like Gecko; compatible; ClaudeBot/1.0; +claudebot@anthropic.com)"
3.15.10.50 - - [12/May/2025:12:13:29 -0400] "GET /wp-admin/admin-wolf.php?path=%2F%2Fusr%2Fselector HTTP/1.1" 200 1088 "-" "Mozilla/5.0 AppleWebKit/537.36 (KHTML, like Gecko; compatible; ClaudeBot/1.0; +claudebot@anthropic.com)"
3.15.10.50 - - [12/May/2025:12:13:29 -0400] "GET /wp-admin/admin-wolf.php?action=edit&file=wp-config.php&path=%2Fhome%2Fprocjwtt%2Fwww HTTP/1.1" 403 1242 "-" "Mozilla/5.0 AppleWebKit/537.36 (KHTML, like Gecko; compatible; ClaudeBot/1.0; +claudebot@anthropic.com)"
3.15.10.50 - - [12/May/2025:12:13:30 -0400] "GET /wp-admin/admin-wolf.php?path=%2Fhome%2Fprocjwtt%2Fwww%2Fcgi-bin HTTP/1.1" 200 1073 "-" "Mozilla/5.0 AppleWebKit/537.36 (KHTML, like Gecko; compatible; ClaudeBot/1.0; +claudebot@anthropic.com)"
3.15.10.50 - - [12/May/2025:12:13:30 -0400] "GET /wp-admin/admin-wolf.php?path=%2Fhome%2Fprocjwtt%2Flscache%2Fd HTTP/1.1" 200 1149 "-" "Mozilla/5.0 AppleWebKit/537.36 (KHTML, like Gecko; compatible; ClaudeBot/1.0; +claudebot@anthropic.com)"
3.15.10.50 - - [12/May/2025:12:13:30 -0400] "GET /wp-admin/admin-wolf.php?path=%2Fhome%2Fprocjwtt%2Flscache%2Ff HTTP/1.1" 200 1148 "-" "Mozilla/5.0 AppleWebKit/537.36 (KHTML, like Gecko; compatible; ClaudeBot/1.0; +claudebot@anthropic.com)"
66.249.65.169 - - [12/May/2025:12:13:32 -0400] "GET /pcmypage?callback=product/review/UVCHI131285654 HTTP/1.1" 200 19569 "-" "Mozilla/5.0 (Linux; Android 6.0.1; Nexus 5X Build/MMB29P) AppleWebKit/537.36 (KHTML, like Gecko) Chrome/136.0.7103.59 Mobile Safari/537.36 (compatible; Googlebot/2.1; +http://www.google.com/bot.html)"
54.36.148.50 - - [12/May/2025:12:13:32 -0400] "GET /?fus16996.html HTTP/1.1" 200 2065 "-" "Mozilla/5.0 (compatible; AhrefsBot/7.0; +http://ahrefs.com/robot/)"
88.99.244.56 - - [12/May/2025:12:13:34 -0400] "GET /wp-content/uploads/2023/04/7-768x412.png.orig HTTP/1.1" 200 106191 "-" "serpstatbot/2.1 (advanced backlink tracking bot; https://serpstatbot.com/; abuse@serpstatbot.com)"
14.180.116.30 - - [12/May/2025:12:13:44 -0400] "HEAD /wp-content/ngg/modules/photocrati-nextgen_addgallery_page/static/?ND= HTTP/1.1" 500 0 "-" "Mozilla/5.0 (Windows NT 6.3; Win64; x64) AppleWebKit/537.36 (KHTML, like Gecko) Chrome/64.0.2113.101 Safari/537.36"
113.184.148.43 - - [12/May/2025:12:13:44 -0400] "HEAD /wp-content/gallery/sofa-chair/Blue-Sofa-2606.jpg_backup HTTP/1.1" 500 0 "-" "Mozilla/5.0 (Windows NT 6.1; Win64; x64) AppleWebKit/537.36 (KHTML, like Gecko) Chrome/70.0.2706.164 Safari/537.36"
14.180.116.30 - - [12/May/2025:12:13:45 -0400] "GET /wp-content/ngg/modules/photocrati-nextgen_addgallery_page/static/?ND= HTTP/1.1" 500 0 "-" "Mozilla/5.0 (Windows NT 6.3; Win64; x64) AppleWebKit/537.36 (KHTML, like Gecko) Chrome/64.0.2113.101 Safari/537.36"
113.184.148.43 - - [12/May/2025:12:13:45 -0400] "GET /wp-content/gallery/sofa-chair/Blue-Sofa-2606.jpg_backup HTTP/1.1" 500 0 "-" "Mozilla/5.0 (Windows NT 6.1; Win64; x64) AppleWebKit/537.36 (KHTML, like Gecko) Chrome/70.0.2706.164 Safari/537.36"
182.253.54.120 - - [12/May/2025:12:13:47 -0400] "GET / HTTP/1.1" 200 2061 "https://www.google.com/" "Mozilla/5.0 (Linux; Android 10; K) AppleWebKit/537.36 (KHTML, like Gecko) Chrome/136.0.0.0 Mobile Safari/537.36"
88.99.244.56 - - [12/May/2025:12:13:52 -0400] "GET /wp-content/edit-wolf.php?action=edit&file=prezip&path=%2F%2Fbin HTTP/1.1" 200 3085 "-" "serpstatbot/2.1 (advanced backlink tracking bot; https://serpstatbot.com/; abuse@serpstatbot.com)"
54.36.148.118 - - [12/May/2025:12:13:53 -0400] "GET /?ouv19646.html HTTP/1.1" 200 2061 "-" "Mozilla/5.0 (compatible; AhrefsBot/7.0; +http://ahrefs.com/robot/)"
87.250.224.56 - - [12/May/2025:12:14:06 -0400] "GET /otvaracie-hodiny-nike-1.1-2020-k.html HTTP/1.1" 500 0 "-" "Mozilla/5.0 (compatible; YandexBot/3.0; +http://yandex.com/bots)"
20.171.207.232 - - [12/May/2025:12:14:08 -0400] "GET /30782582 HTTP/1.1" 500 0 "-" "Mozilla/5.0 AppleWebKit/537.36 (KHTML, like Gecko; compatible; GPTBot/1.2; +https://openai.com/gptbot)"
88.99.244.56 - - [12/May/2025:12:14:09 -0400] "GET /wp-content/edit-wolf.php?path=%2F%2Fhome%2Fprocjwtt HTTP/1.1" 200 1938 "-" "serpstatbot/2.1 (advanced backlink tracking bot; https://serpstatbot.com/; abuse@serpstatbot.com)"
54.36.149.79 - - [12/May/2025:12:14:11 -0400] "GET /?zig11837.html HTTP/1.1" 200 2063 "-" "Mozilla/5.0 (compatible; AhrefsBot/7.0; +http://ahrefs.com/robot/)"
88.99.244.56 - - [12/May/2025:12:14:25 -0400] "GET /wp-content/uploads/2023/04/7-300x161.png.orig HTTP/1.1" 200 22439 "-" "serpstatbot/2.1 (advanced backlink tracking bot; https://serpstatbot.com/; abuse@serpstatbot.com)"
18.117.252.232 - - [12/May/2025:12:14:35 -0400] "GET /wp-admin/admin-wolf.php?path=%2Fhome%2Fprocjwtt%2Flscache%2F7 HTTP/1.1" 200 1146 "-" "Mozilla/5.0 AppleWebKit/537.36 (KHTML, like Gecko; compatible; ClaudeBot/1.0; +claudebot@anthropic.com)"
18.117.252.232 - - [12/May/2025:12:14:35 -0400] "GET /wp-admin/admin-wolf.php?action=edit&file=settings&path=%2Fhome%2Fprocjwtt%2FlscmData HTTP/1.1" 200 832 "-" "Mozilla/5.0 AppleWebKit/537.36 (KHTML, like Gecko; compatible; ClaudeBot/1.0; +claudebot@anthropic.com)"
18.117.252.232 - - [12/May/2025:12:14:35 -0400] "GET /wp-admin/admin-wolf.php?action=edit&file=wp-activate.php&path=%2Fhome%2Fprocjwtt%2Fwww HTTP/1.1" 200 3384 "-" "Mozilla/5.0 AppleWebKit/537.36 (KHTML, like Gecko; compatible; ClaudeBot/1.0; +claudebot@anthropic.com)"
18.117.252.232 - - [12/May/2025:12:14:35 -0400] "GET /wp-admin/admin-wolf.php?path=%2Fhome%2Fprocjwtt%2Flscache%2Fa HTTP/1.1" 200 1148 "-" "Mozilla/5.0 AppleWebKit/537.36 (KHTML, like Gecko; compatible; ClaudeBot/1.0; +claudebot@anthropic.com)"
18.117.252.232 - - [12/May/2025:12:14:35 -0400] "GET /wp-admin/admin-wolf.php?path=%2Fhome%2Fprocjwtt%2F.pki%2Fnssdb HTTP/1.1" 200 977 "-" "Mozilla/5.0 AppleWebKit/537.36 (KHTML, like Gecko; compatible; ClaudeBot/1.0; +claudebot@anthropic.com)"
88.99.244.56 - - [12/May/2025:12:14:35 -0400] "GET /wp-content/edit-wolf.php?action=edit&file=preunzip&path=%2F%2Fbin HTTP/1.1" 200 3086 "-" "serpstatbot/2.1 (advanced backlink tracking bot; https://serpstatbot.com/; abuse@serpstatbot.com)"
18.117.252.232 - - [12/May/2025:12:14:36 -0400] "GET /wp-admin/admin-wolf.php?path=%2F%2Fhome%2Fprocjwtt HTTP/1.1" 200 1735 "-" "Mozilla/5.0 AppleWebKit/537.36 (KHTML, like Gecko; compatible; ClaudeBot/1.0; +claudebot@anthropic.com)"
18.117.252.232 - - [12/May/2025:12:14:36 -0400] "GET /wp-admin/admin-wolf.php?path=%2Fhome%2Fprocjwtt%2Fwww%2Fnc_assets HTTP/1.1" 200 1098 "-" "Mozilla/5.0 AppleWebKit/537.36 (KHTML, like Gecko; compatible; ClaudeBot/1.0; +claudebot@anthropic.com)"
66.249.65.170 - - [12/May/2025:12:14:37 -0400] "GET /8439190 HTTP/1.1" 200 19334 "-" "Mozilla/5.0 (Linux; Android 6.0.1; Nexus 5X Build/MMB29P) AppleWebKit/537.36 (KHTML, like Gecko) Chrome/136.0.7103.59 Mobile Safari/537.36 (compatible; Googlebot/2.1; +http://www.google.com/bot.html)"
88.99.244.56 - - [12/May/2025:12:14:46 -0400] "GET /wp-content/edit-wolf.php?path=%2F%2Fetc%2Fsysconfig HTTP/1.1" 403 1242 "-" "serpstatbot/2.1 (advanced backlink tracking bot; https://serpstatbot.com/; abuse@serpstatbot.com)"
54.36.148.90 - - [12/May/2025:12:14:48 -0400] "GET /?ulo34889.html HTTP/1.1" 200 2063 "-" "Mozilla/5.0 (compatible; AhrefsBot/7.0; +http://ahrefs.com/robot/)"
213.180.203.149 - - [12/May/2025:12:14:52 -0400] "GET /93247990 HTTP/1.1" 500 0 "-" "Mozilla/5.0 (compatible; YandexBot/3.0; +http://yandex.com/bots)"
54.36.149.101 - - [12/May/2025:12:14:52 -0400] "GET /?yck43899.html HTTP/1.1" 200 2067 "-" "Mozilla/5.0 (compatible; AhrefsBot/7.0; +http://ahrefs.com/robot/)"
88.99.244.56 - - [12/May/2025:12:14:55 -0400] "GET /wp-content/uploads/2023/04/7-1024x550.png.orig HTTP/1.1" 200 164741 "-" "serpstatbot/2.1 (advanced backlink tracking bot; https://serpstatbot.com/; abuse@serpstatbot.com)"
88.99.244.56 - - [12/May/2025:12:15:05 -0400] "GET /wp-content/edit-wolf.php?action=edit&file=preloadable_libintl.so&path=%2F%2Flib64 HTTP/1.1" 200 961 "-" "serpstatbot/2.1 (advanced backlink tracking bot; https://serpstatbot.com/; abuse@serpstatbot.com)"
5.255.231.162 - - [12/May/2025:12:15:14 -0400] "GET /55440886 HTTP/1.1" 500 0 "-" "Mozilla/5.0 (compatible; YandexBot/3.0; +http://yandex.com/bots)"
88.99.244.56 - - [12/May/2025:12:15:17 -0400] "GET /wp-content/edit-wolf.php?path=%2F%2Fetc%2Fssl HTTP/1.1" 403 1242 "-" "serpstatbot/2.1 (advanced backlink tracking bot; https://serpstatbot.com/; abuse@serpstatbot.com)"
20.171.207.232 - - [12/May/2025:12:15:22 -0400] "GET /70172182 HTTP/1.1" 500 0 "-" "Mozilla/5.0 AppleWebKit/537.36 (KHTML, like Gecko; compatible; GPTBot/1.2; +https://openai.com/gptbot)"
88.99.244.56 - - [12/May/2025:12:15:27 -0400] "GET /wp-content/uploads/2023/04/6.png.orig HTTP/1.1" 200 159286 "-" "serpstatbot/2.1 (advanced backlink tracking bot; https://serpstatbot.com/; abuse@serpstatbot.com)"
66.249.65.170 - - [12/May/2025:12:15:29 -0400] "GET /84393014 HTTP/1.1" 200 20404 "-" "Mozilla/5.0 (Linux; Android 6.0.1; Nexus 5X Build/MMB29P) AppleWebKit/537.36 (KHTML, like Gecko) Chrome/136.0.7103.59 Mobile Safari/537.36 (compatible; Googlebot/2.1; +http://www.google.com/bot.html)"
54.36.148.250 - - [12/May/2025:12:15:29 -0400] "GET /?tsz57497.html HTTP/1.1" 200 2064 "-" "Mozilla/5.0 (compatible; AhrefsBot/7.0; +http://ahrefs.com/robot/)"
5.255.231.162 - - [12/May/2025:12:15:31 -0400] "GET /45430230 HTTP/1.1" 500 0 "-" "Mozilla/5.0 (compatible; YandexBot/3.0; +http://yandex.com/bots)"
87.250.224.40 - - [12/May/2025:12:15:31 -0400] "GET /adidas-hoodie-mens-k.html HTTP/1.1" 500 0 "-" "Mozilla/5.0 (compatible; YandexBot/3.0; +http://yandex.com/bots)"
54.36.148.171 - - [12/May/2025:12:15:35 -0400] "GET /?ulo47339.html HTTP/1.1" 200 2065 "-" "Mozilla/5.0 (compatible; AhrefsBot/7.0; +http://ahrefs.com/robot/)"
88.99.244.56 - - [12/May/2025:12:15:38 -0400] "GET /wp-content/edit-wolf.php?action=edit&file=precat&path=%2F%2Fbin HTTP/1.1" 200 3086 "-" "serpstatbot/2.1 (advanced backlink tracking bot; https://serpstatbot.com/; abuse@serpstatbot.com)"
54.36.148.107 - - [12/May/2025:12:15:44 -0400] "GET /?ysh45788.html HTTP/1.1" 200 2065 "-" "Mozilla/5.0 (compatible; AhrefsBot/7.0; +http://ahrefs.com/robot/)"
54.36.148.63 - - [12/May/2025:12:15:47 -0400] "GET /?fus20810.html HTTP/1.1" 200 2065 "-" "Mozilla/5.0 (compatible; AhrefsBot/7.0; +http://ahrefs.com/robot/)"
54.36.148.153 - - [12/May/2025:12:15:48 -0400] "GET /?lez24052.html HTTP/1.1" 200 2065 "-" "Mozilla/5.0 (compatible; AhrefsBot/7.0; +http://ahrefs.com/robot/)"
66.249.65.169 - - [12/May/2025:12:15:49 -0400] "GET /96784694 HTTP/1.1" 200 19398 "-" "Mozilla/5.0 (Linux; Android 6.0.1; Nexus 5X Build/MMB29P) AppleWebKit/537.36 (KHTML, like Gecko) Chrome/136.0.7103.59 Mobile Safari/537.36 (compatible; Googlebot/2.1; +http://www.google.com/bot.html)"
3.133.122.6 - - [12/May/2025:12:15:49 -0400] "GET /wp-admin/admin-wolf.php?path=%2F%2Fopt%2Fcpanel-ccs HTTP/1.1" 200 961 "-" "Mozilla/5.0 AppleWebKit/537.36 (KHTML, like Gecko; compatible; ClaudeBot/1.0; +claudebot@anthropic.com)"
3.133.122.6 - - [12/May/2025:12:15:49 -0400] "GET /wp-admin/admin-wolf.php?path=%2Fhome%2Fprocjwtt%2Flscache%2F9 HTTP/1.1" 200 1149 "-" "Mozilla/5.0 AppleWebKit/537.36 (KHTML, like Gecko; compatible; ClaudeBot/1.0; +claudebot@anthropic.com)"
3.133.122.6 - - [12/May/2025:12:15:49 -0400] "GET /wp-admin/admin-wolf.php?path=%2Fhome%2Fprocjwtt%2Fssl%2Fcerts HTTP/1.1" 200 1305 "-" "Mozilla/5.0 AppleWebKit/537.36 (KHTML, like Gecko; compatible; ClaudeBot/1.0; +claudebot@anthropic.com)"
3.133.122.6 - - [12/May/2025:12:15:50 -0400] "GET /wp-admin/admin-wolf.php?path=%2F%2Fusr%2Flib HTTP/1.1" 200 1538 "-" "Mozilla/5.0 AppleWebKit/537.36 (KHTML, like Gecko; compatible; ClaudeBot/1.0; +claudebot@anthropic.com)"
54.36.148.46 - - [12/May/2025:12:15:50 -0400] "GET /?hso25280.html HTTP/1.1" 200 2065 "-" "Mozilla/5.0 (compatible; AhrefsBot/7.0; +http://ahrefs.com/robot/)"
3.133.122.6 - - [12/May/2025:12:15:50 -0400] "GET /wp-admin/admin-wolf.php?action=edit&file=wp-trackback.php&path=%2Fhome%2Fprocjwtt%2Fwww HTTP/1.1" 200 2701 "-" "Mozilla/5.0 AppleWebKit/537.36 (KHTML, like Gecko; compatible; ClaudeBot/1.0; +claudebot@anthropic.com)"
3.133.122.6 - - [12/May/2025:12:15:50 -0400] "GET /wp-admin/admin-wolf.php?path=%2Fhome%2Fprocjwtt%2Flscache%2Fpriv HTTP/1.1" 200 1152 "-" "Mozilla/5.0 AppleWebKit/537.36 (KHTML, like Gecko; compatible; ClaudeBot/1.0; +claudebot@anthropic.com)"
3.133.122.6 - - [12/May/2025:12:15:52 -0400] "GET /wp-admin/admin-wolf.php?path=%2F%2Fetc%2Fcl.php.d HTTP/1.1" 200 1141 "-" "Mozilla/5.0 AppleWebKit/537.36 (KHTML, like Gecko; compatible; ClaudeBot/1.0; +claudebot@anthropic.com)"
88.99.244.56 - - [12/May/2025:12:15:52 -0400] "GET /wp-content/edit-wolf.php?path=%2F%2Fetc%2Fssh HTTP/1.1" 403 1242 "-" "serpstatbot/2.1 (advanced backlink tracking bot; https://serpstatbot.com/; abuse@serpstatbot.com)"
54.36.149.48 - - [12/May/2025:12:15:53 -0400] "GET /?xlr2417.html HTTP/1.1" 200 2065 "-" "Mozilla/5.0 (compatible; AhrefsBot/7.0; +http://ahrefs.com/robot/)"
88.99.244.56 - - [12/May/2025:12:15:59 -0400] "GET /wp-content/uploads/2023/04/6-768x412.png.orig HTTP/1.1" 200 99825 "-" "serpstatbot/2.1 (advanced backlink tracking bot; https://serpstatbot.com/; abuse@serpstatbot.com)"
88.99.244.56 - - [12/May/2025:12:16:07 -0400] "GET /wp-content/edit-wolf.php?action=edit&file=pre-grohtml&path=%2F%2Fbin HTTP/1.1" 200 953 "-" "serpstatbot/2.1 (advanced backlink tracking bot; https://serpstatbot.com/; abuse@serpstatbot.com)"
54.36.148.164 - - [12/May/2025:12:16:10 -0400] "GET /?gbu55835.html HTTP/1.1" 200 2065 "-" "Mozilla/5.0 (compatible; AhrefsBot/7.0; +http://ahrefs.com/robot/)"
88.99.244.56 - - [12/May/2025:12:16:11 -0400] "GET /wp-content/edit-wolf.php?path=%2F%2Fetc%2Fskel HTTP/1.1" 403 1242 "-" "serpstatbot/2.1 (advanced backlink tracking bot; https://serpstatbot.com/; abuse@serpstatbot.com)"
20.171.207.232 - - [12/May/2025:12:16:12 -0400] "GET /21837718 HTTP/1.1" 500 0 "-" "Mozilla/5.0 AppleWebKit/537.36 (KHTML, like Gecko; compatible; GPTBot/1.2; +https://openai.com/gptbot)"
88.99.244.56 - - [12/May/2025:12:16:14 -0400] "GET /wp-content/uploads/2023/04/6-300x161.png.orig HTTP/1.1" 200 24813 "-" "serpstatbot/2.1 (advanced backlink tracking bot; https://serpstatbot.com/; abuse@serpstatbot.com)"
88.99.244.56 - - [12/May/2025:12:16:17 -0400] "GET /wp-content/edit-wolf.php?action=edit&file=pr&path=%2F%2Fbin HTTP/1.1" 200 947 "-" "serpstatbot/2.1 (advanced backlink tracking bot; https://serpstatbot.com/; abuse@serpstatbot.com)"
88.99.244.56 - - [12/May/2025:12:16:20 -0400] "GET /wp-content/edit-wolf.php?path=%2F%2Fetc%2Fsecurity HTTP/1.1" 403 1242 "-" "serpstatbot/2.1 (advanced backlink tracking bot; https://serpstatbot.com/; abuse@serpstatbot.com)"
88.99.244.56 - - [12/May/2025:12:16:22 -0400] "GET /wp-content/uploads/2023/04/6-1024x550.png.orig HTTP/1.1" 200 147119 "-" "serpstatbot/2.1 (advanced backlink tracking bot; https://serpstatbot.com/; abuse@serpstatbot.com)"
88.99.244.56 - - [12/May/2025:12:16:26 -0400] "GET /wp-content/edit-wolf.php?action=edit&file=post-grohtml&path=%2F%2Fbin HTTP/1.1" 200 952 "-" "serpstatbot/2.1 (advanced backlink tracking bot; https://serpstatbot.com/; abuse@serpstatbot.com)"
54.36.149.15 - - [12/May/2025:12:16:28 -0400] "GET /?ulo53748.html HTTP/1.1" 200 2062 "-" "Mozilla/5.0 (compatible; AhrefsBot/7.0; +http://ahrefs.com/robot/)"
88.99.244.56 - - [12/May/2025:12:16:28 -0400] "GET /wp-content/edit-wolf.php?path=%2F%2Fetc%2Fscl HTTP/1.1" 403 1242 "-" "serpstatbot/2.1 (advanced backlink tracking bot; https://serpstatbot.com/; abuse@serpstatbot.com)"
66.249.65.169 - - [12/May/2025:12:16:29 -0400] "GET /9608150 HTTP/1.1" 200 19526 "-" "Mozilla/5.0 (Linux; Android 6.0.1; Nexus 5X Build/MMB29P) AppleWebKit/537.36 (KHTML, like Gecko) Chrome/136.0.7103.59 Mobile Safari/537.36 (compatible; Googlebot/2.1; +http://www.google.com/bot.html)"
88.99.244.56 - - [12/May/2025:12:16:31 -0400] "GET /wp-content/uploads/2023/04/5.png.orig HTTP/1.1" 200 106726 "-" "serpstatbot/2.1 (advanced backlink tracking bot; https://serpstatbot.com/; abuse@serpstatbot.com)"
88.99.244.56 - - [12/May/2025:12:16:34 -0400] "GET /wp-content/edit-wolf.php?action=edit&file=podselect&path=%2F%2Fbin HTTP/1.1" 200 2192 "-" "serpstatbot/2.1 (advanced backlink tracking bot; https://serpstatbot.com/; abuse@serpstatbot.com)"
88.99.244.56 - - [12/May/2025:12:16:37 -0400] "GET /wp-content/edit-wolf.php?path=%2F%2Fetc%2Fsasl2 HTTP/1.1" 403 1242 "-" "serpstatbot/2.1 (advanced backlink tracking bot; https://serpstatbot.com/; abuse@serpstatbot.com)"
88.99.244.56 - - [12/May/2025:12:16:40 -0400] "GET /wp-content/uploads/2023/04/5-768x412.png.orig HTTP/1.1" 200 56963 "-" "serpstatbot/2.1 (advanced backlink tracking bot; https://serpstatbot.com/; abuse@serpstatbot.com)"
66.249.65.169 - - [12/May/2025:12:16:41 -0400] "GET /pcmypage?callback=product%2Fdetail%2FPRV3616208 HTTP/1.1" 200 19139 "-" "Mozilla/5.0 (Linux; Android 6.0.1; Nexus 5X Build/MMB29P) AppleWebKit/537.36 (KHTML, like Gecko) Chrome/136.0.7103.59 Mobile Safari/537.36 (compatible; Googlebot/2.1; +http://www.google.com/bot.html)"
95.108.213.105 - - [12/May/2025:12:16:41 -0400] "GET /63506422 HTTP/1.1" 500 0 "-" "Mozilla/5.0 (compatible; YandexBot/3.0; +http://yandex.com/bots)"
88.99.244.56 - - [12/May/2025:12:16:43 -0400] "GET /wp-content/edit-wolf.php?action=edit&file=podchecker&path=%2F%2Fbin HTTP/1.1" 200 2695 "-" "serpstatbot/2.1 (advanced backlink tracking bot; https://serpstatbot.com/; abuse@serpstatbot.com)"
88.99.244.56 - - [12/May/2025:12:16:45 -0400] "GET /wp-content/edit-wolf.php?path=%2F%2Fetc%2Fprofile.d HTTP/1.1" 403 1242 "-" "serpstatbot/2.1 (advanced backlink tracking bot; https://serpstatbot.com/; abuse@serpstatbot.com)"
66.249.65.169 - - [12/May/2025:12:16:46 -0400] "POST /get-message-notify HTTP/1.1" 200 19018 "https://procarecleaning.com.sg/pcmypage?callback=product%2Fdetail%2FPRV3616208" "Mozilla/5.0 (Linux; Android 6.0.1; Nexus 5X Build/MMB29P) AppleWebKit/537.36 (KHTML, like Gecko) Chrome/135.0.7049.114 Mobile Safari/537.36 (compatible; Googlebot/2.1; +http://www.google.com/bot.html)"
88.99.244.56 - - [12/May/2025:12:16:48 -0400] "GET /wp-content/uploads/2023/04/5-300x161.png.orig HTTP/1.1" 200 11224 "-" "serpstatbot/2.1 (advanced backlink tracking bot; https://serpstatbot.com/; abuse@serpstatbot.com)"
88.99.244.56 - - [12/May/2025:12:16:51 -0400] "GET /wp-content/edit-wolf.php?action=edit&file=pod2usage&path=%2F%2Fbin HTTP/1.1" 200 2767 "-" "serpstatbot/2.1 (advanced backlink tracking bot; https://serpstatbot.com/; abuse@serpstatbot.com)"
88.99.244.56 - - [12/May/2025:12:16:54 -0400] "GET /wp-content/edit-wolf.php?path=%2F%2Fetc%2Fpki HTTP/1.1" 403 1242 "-" "serpstatbot/2.1 (advanced backlink tracking bot; https://serpstatbot.com/; abuse@serpstatbot.com)"
66.249.65.169 - - [12/May/2025:12:16:55 -0400] "GET /91571190 HTTP/1.1" 200 21228 "-" "Mozilla/5.0 (Linux; Android 6.0.1; Nexus 5X Build/MMB29P) AppleWebKit/537.36 (KHTML, like Gecko) Chrome/136.0.7103.59 Mobile Safari/537.36 (compatible; Googlebot/2.1; +http://www.google.com/bot.html)"
88.99.244.56 - - [12/May/2025:12:16:56 -0400] "GET /wp-content/uploads/2023/04/5-1024x550.png.orig HTTP/1.1" 200 93582 "-" "serpstatbot/2.1 (advanced backlink tracking bot; https://serpstatbot.com/; abuse@serpstatbot.com)"
88.99.244.56 - - [12/May/2025:12:16:59 -0400] "GET /wp-content/edit-wolf.php?action=edit&file=pod2text&path=%2F%2Fbin HTTP/1.1" 200 5943 "-" "serpstatbot/2.1 (advanced backlink tracking bot; https://serpstatbot.com/; abuse@serpstatbot.com)"
88.99.244.56 - - [12/May/2025:12:17:02 -0400] "GET /wp-content/edit-wolf.php?path=%2F%2Fetc%2Fpam.d HTTP/1.1" 403 1242 "-" "serpstatbot/2.1 (advanced backlink tracking bot; https://serpstatbot.com/; abuse@serpstatbot.com)"
18.226.82.161 - - [12/May/2025:12:17:04 -0400] "GET /wp-admin/admin-wolf.php?path=%2Fhome%2Fprocjwtt%2Flscache%2F2 HTTP/1.1" 200 1148 "-" "Mozilla/5.0 AppleWebKit/537.36 (KHTML, like Gecko; compatible; ClaudeBot/1.0; +claudebot@anthropic.com)"
18.226.82.161 - - [12/May/2025:12:17:04 -0400] "GET /wp-admin/admin-wolf.php?path=%2Fhome%2Fprocjwtt%2Ftmp%2Fawstats HTTP/1.1" 200 2353 "-" "Mozilla/5.0 AppleWebKit/537.36 (KHTML, like Gecko; compatible; ClaudeBot/1.0; +claudebot@anthropic.com)"
18.226.82.161 - - [12/May/2025:12:17:04 -0400] "GET /wp-admin/admin-wolf.php?path=%2Fhome%2Fprocjwtt%2Flscache%2Fe HTTP/1.1" 200 1148 "-" "Mozilla/5.0 AppleWebKit/537.36 (KHTML, like Gecko; compatible; ClaudeBot/1.0; +claudebot@anthropic.com)"
18.226.82.161 - - [12/May/2025:12:17:04 -0400] "GET /wp-admin/admin-wolf.php?path=%2Fhome%2Fprocjwtt%2Fwww%2F.tmb HTTP/1.1" 200 1257 "-" "Mozilla/5.0 AppleWebKit/537.36 (KHTML, like Gecko; compatible; ClaudeBot/1.0; +claudebot@anthropic.com)"
18.226.82.161 - - [12/May/2025:12:17:05 -0400] "GET /wp-admin/admin-wolf.php?action=edit&file=index.php&path=%2Fhome%2Fprocjwtt%2Fwww HTTP/1.1" 200 1050 "-" "Mozilla/5.0 AppleWebKit/537.36 (KHTML, like Gecko; compatible; ClaudeBot/1.0; +claudebot@anthropic.com)"
18.226.82.161 - - [12/May/2025:12:17:05 -0400] "GET /wp-admin/admin-wolf.php?action=edit&file=dovecot-acl-list&path=%2Fhome%2Fprocjwtt%2Fmail HTTP/1.1" 200 824 "-" "Mozilla/5.0 AppleWebKit/537.36 (KHTML, like Gecko; compatible; ClaudeBot/1.0; +claudebot@anthropic.com)"
88.99.244.56 - - [12/May/2025:12:17:05 -0400] "GET /wp-content/uploads/2023/04/4.png.orig HTTP/1.1" 200 121016 "-" "serpstatbot/2.1 (advanced backlink tracking bot; https://serpstatbot.com/; abuse@serpstatbot.com)"
18.226.82.161 - - [12/May/2025:12:17:05 -0400] "GET /wp-admin/admin-wolf.php?path=%2Fhome%2Fprocjwtt%2Fsoftaculous_backups%2Ftmp HTTP/1.1" 200 984 "-" "Mozilla/5.0 AppleWebKit/537.36 (KHTML, like Gecko; compatible; ClaudeBot/1.0; +claudebot@anthropic.com)"
88.99.244.56 - - [12/May/2025:12:17:08 -0400] "GET /wp-content/edit-wolf.php?action=edit&file=pod2man&path=%2F%2Fbin HTTP/1.1" 200 7779 "-" "serpstatbot/2.1 (advanced backlink tracking bot; https://serpstatbot.com/; abuse@serpstatbot.com)"
54.36.148.213 - - [12/May/2025:12:17:10 -0400] "GET /?ypq25232.html HTTP/1.1" 200 2064 "-" "Mozilla/5.0 (compatible; AhrefsBot/7.0; +http://ahrefs.com/robot/)"
88.99.244.56 - - [12/May/2025:12:17:11 -0400] "GET /wp-content/edit-wolf.php?path=%2F%2Fetc%2Fopenldap HTTP/1.1" 403 1242 "-" "serpstatbot/2.1 (advanced backlink tracking bot; https://serpstatbot.com/; abuse@serpstatbot.com)"
66.249.65.169 - - [12/May/2025:12:17:12 -0400] "GET /45485078 HTTP/1.1" 200 18944 "-" "Mozilla/5.0 (Linux; Android 6.0.1; Nexus 5X Build/MMB29P) AppleWebKit/537.36 (KHTML, like Gecko) Chrome/136.0.7103.59 Mobile Safari/537.36 (compatible; Googlebot/2.1; +http://www.google.com/bot.html)"
88.99.244.56 - - [12/May/2025:12:17:14 -0400] "GET /wp-content/uploads/2023/04/4-768x412.png.orig HTTP/1.1" 200 79838 "-" "serpstatbot/2.1 (advanced backlink tracking bot; https://serpstatbot.com/; abuse@serpstatbot.com)"
20.171.207.232 - - [12/May/2025:12:17:15 -0400] "GET /75854006 HTTP/1.1" 500 0 "-" "Mozilla/5.0 AppleWebKit/537.36 (KHTML, like Gecko; compatible; GPTBot/1.2; +https://openai.com/gptbot)"
88.99.244.56 - - [12/May/2025:12:17:17 -0400] "GET /wp-content/edit-wolf.php?action=edit&file=pod2html&path=%2F%2Fbin HTTP/1.1" 200 2603 "-" "serpstatbot/2.1 (advanced backlink tracking bot; https://serpstatbot.com/; abuse@serpstatbot.com)"
66.249.65.169 - - [12/May/2025:12:17:17 -0400] "GET /58317494 HTTP/1.1" 200 19558 "-" "Mozilla/5.0 (Linux; Android 6.0.1; Nexus 5X Build/MMB29P) AppleWebKit/537.36 (KHTML, like Gecko) Chrome/136.0.7103.59 Mobile Safari/537.36 (compatible; Googlebot/2.1; +http://www.google.com/bot.html)"
88.99.244.56 - - [12/May/2025:12:17:19 -0400] "GET /wp-content/edit-wolf.php?path=%2F%2Fetc%2Fmy.cnf.d HTTP/1.1" 403 1242 "-" "serpstatbot/2.1 (advanced backlink tracking bot; https://serpstatbot.com/; abuse@serpstatbot.com)"
66.249.65.169 - - [12/May/2025:12:17:21 -0400] "GET /18997686 HTTP/1.1" 200 21499 "-" "Mozilla/5.0 (Linux; Android 6.0.1; Nexus 5X Build/MMB29P) AppleWebKit/537.36 (KHTML, like Gecko) Chrome/136.0.7103.59 Mobile Safari/537.36 (compatible; Googlebot/2.1; +http://www.google.com/bot.html)"
88.99.244.56 - - [12/May/2025:12:17:22 -0400] "GET /wp-content/uploads/2023/04/4-300x161.png.orig HTTP/1.1" 200 20374 "-" "serpstatbot/2.1 (advanced backlink tracking bot; https://serpstatbot.com/; abuse@serpstatbot.com)"
213.180.203.121 - - [12/May/2025:12:17:24 -0400] "GET /55235862 HTTP/1.1" 500 0 "-" "Mozilla/5.0 (compatible; YandexBot/3.0; +http://yandex.com/bots)"
54.36.148.112 - - [12/May/2025:12:17:25 -0400] "GET /?bei17041.html HTTP/1.1" 200 2107 "-" "Mozilla/5.0 (compatible; AhrefsBot/7.0; +http://ahrefs.com/robot/)"
88.99.244.56 - - [12/May/2025:12:17:25 -0400] "GET /wp-content/edit-wolf.php?action=edit&file=pmap&path=%2F%2Fbin HTTP/1.1" 200 949 "-" "serpstatbot/2.1 (advanced backlink tracking bot; https://serpstatbot.com/; abuse@serpstatbot.com)"
66.249.65.169 - - [12/May/2025:12:17:25 -0400] "GET /62366102 HTTP/1.1" 200 22148 "-" "Mozilla/5.0 (Linux; Android 6.0.1; Nexus 5X Build/MMB29P) AppleWebKit/537.36 (KHTML, like Gecko) Chrome/136.0.7103.59 Mobile Safari/537.36 (compatible; Googlebot/2.1; +http://www.google.com/bot.html)"
88.99.244.56 - - [12/May/2025:12:17:28 -0400] "GET /wp-content/edit-wolf.php?path=%2F%2Fetc%2Fmotd.d HTTP/1.1" 403 1242 "-" "serpstatbot/2.1 (advanced backlink tracking bot; https://serpstatbot.com/; abuse@serpstatbot.com)"
66.249.65.169 - - [12/May/2025:12:17:29 -0400] "POST /get-message-notify HTTP/1.1" 200 19018 "https://procarecleaning.com.sg/18997686" "Mozilla/5.0 (Linux; Android 6.0.1; Nexus 5X Build/MMB29P) AppleWebKit/537.36 (KHTML, like Gecko) Chrome/135.0.7049.114 Mobile Safari/537.36 (compatible; Googlebot/2.1; +http://www.google.com/bot.html)"
88.99.244.56 - - [12/May/2025:12:17:33 -0400] "GET /wp-content/uploads/2023/04/4-1024x550.png.orig HTTP/1.1" 200 122019 "-" "serpstatbot/2.1 (advanced backlink tracking bot; https://serpstatbot.com/; abuse@serpstatbot.com)"
54.36.148.214 - - [12/May/2025:12:17:33 -0400] "GET /?eun32577.html HTTP/1.1" 200 2062 "-" "Mozilla/5.0 (compatible; AhrefsBot/7.0; +http://ahrefs.com/robot/)"
66.249.65.169 - - [12/May/2025:12:17:35 -0400] "GET /60703446 HTTP/1.1" 200 20022 "-" "Mozilla/5.0 (Linux; Android 6.0.1; Nexus 5X Build/MMB29P) AppleWebKit/537.36 (KHTML, like Gecko) Chrome/136.0.7103.59 Mobile Safari/537.36 (compatible; Googlebot/2.1; +http://www.google.com/bot.html)"
66.249.65.169 - - [12/May/2025:12:17:38 -0400] "POST /get-message-notify HTTP/1.1" 200 19018 "https://procarecleaning.com.sg/58317494" "Mozilla/5.0 (Linux; Android 6.0.1; Nexus 5X Build/MMB29P) AppleWebKit/537.36 (KHTML, like Gecko) Chrome/135.0.7049.114 Mobile Safari/537.36 (compatible; Googlebot/2.1; +http://www.google.com/bot.html)"
88.99.244.56 - - [12/May/2025:12:17:39 -0400] "GET /wp-content/edit-wolf.php?action=edit&file=pluginviewer&path=%2F%2Fsbin HTTP/1.1" 200 954 "-" "serpstatbot/2.1 (advanced backlink tracking bot; https://serpstatbot.com/; abuse@serpstatbot.com)"
54.36.148.84 - - [12/May/2025:12:17:40 -0400] "GET /?ysh25327.html HTTP/1.1" 200 2062 "-" "Mozilla/5.0 (compatible; AhrefsBot/7.0; +http://ahrefs.com/robot/)"
88.99.244.56 - - [12/May/2025:12:17:46 -0400] "GET /wp-content/edit-wolf.php?path=%2F%2Fetc%2Fmodulefiles HTTP/1.1" 403 1242 "-" "serpstatbot/2.1 (advanced backlink tracking bot; https://serpstatbot.com/; abuse@serpstatbot.com)"
66.249.65.169 - - [12/May/2025:12:17:47 -0400] "GET /82269014 HTTP/1.1" 200 18911 "-" "Mozilla/5.0 (Linux; Android 6.0.1; Nexus 5X Build/MMB29P) AppleWebKit/537.36 (KHTML, like Gecko) Chrome/136.0.7103.59 Mobile Safari/537.36 (compatible; Googlebot/2.1; +http://www.google.com/bot.html)"
54.36.149.74 - - [12/May/2025:12:17:49 -0400] "GET /?ypq12712.html HTTP/1.1" 200 2062 "-" "Mozilla/5.0 (compatible; AhrefsBot/7.0; +http://ahrefs.com/robot/)"
66.249.65.169 - - [12/May/2025:12:17:53 -0400] "GET /71815318 HTTP/1.1" 200 19450 "-" "Mozilla/5.0 (Linux; Android 6.0.1; Nexus 5X Build/MMB29P) AppleWebKit/537.36 (KHTML, like Gecko) Chrome/136.0.7103.59 Mobile Safari/537.36 (compatible; Googlebot/2.1; +http://www.google.com/bot.html)"
88.99.244.56 - - [12/May/2025:12:17:55 -0400] "GET /wp-content/uploads/2023/04/3-1.png.orig HTTP/1.1" 200 64111 "-" "serpstatbot/2.1 (advanced backlink tracking bot; https://serpstatbot.com/; abuse@serpstatbot.com)"
5.255.231.106 - - [12/May/2025:12:17:57 -0400] "GET /87155446 HTTP/1.1" 500 0 "-" "Mozilla/5.0 (compatible; YandexBot/3.0; +http://yandex.com/bots)"
66.249.65.169 - - [12/May/2025:12:17:59 -0400] "GET /search?category=&search_word=&restrict[]=person_id(int)=KZHUG HTTP/1.1" 200 18470 "-" "Mozilla/5.0 (Linux; Android 6.0.1; Nexus 5X Build/MMB29P) AppleWebKit/537.36 (KHTML, like Gecko) Chrome/136.0.7103.59 Mobile Safari/537.36 (compatible; Googlebot/2.1; +http://www.google.com/bot.html)"
88.99.244.56 - - [12/May/2025:12:18:03 -0400] "GET /wp-content/edit-wolf.php?action=edit&file=pl2pm&path=%2F%2Fbin HTTP/1.1" 200 3215 "-" "serpstatbot/2.1 (advanced backlink tracking bot; https://serpstatbot.com/; abuse@serpstatbot.com)"
66.249.65.169 - - [12/May/2025:12:18:05 -0400] "GET /39728918 HTTP/1.1" 200 20516 "-" "Mozilla/5.0 (Linux; Android 6.0.1; Nexus 5X Build/MMB29P) AppleWebKit/537.36 (KHTML, like Gecko) Chrome/136.0.7103.59 Mobile Safari/537.36 (compatible; Googlebot/2.1; +http://www.google.com/bot.html)"
3.133.113.101 - - [12/May/2025:12:18:11 -0400] "GET /wp-admin/admin-wolf.php?path=%2Fhome%2Fprocjwtt%2Flscache%2F5 HTTP/1.1" 200 1150 "-" "Mozilla/5.0 AppleWebKit/537.36 (KHTML, like Gecko; compatible; ClaudeBot/1.0; +claudebot@anthropic.com)"
3.133.113.101 - - [12/May/2025:12:18:11 -0400] "GET /wp-admin/admin-wolf.php?path=%2Fhome%2Fprocjwtt%2Flscache%2F3 HTTP/1.1" 200 1146 "-" "Mozilla/5.0 AppleWebKit/537.36 (KHTML, like Gecko; compatible; ClaudeBot/1.0; +claudebot@anthropic.com)"
3.133.113.101 - - [12/May/2025:12:18:11 -0400] "GET /wp-admin/admin-wolf.php?action=edit&file=wp-settings.php&path=%2Fhome%2Fprocjwtt%2Fwww HTTP/1.1" 200 6729 "-" "Mozilla/5.0 AppleWebKit/537.36 (KHTML, like Gecko; compatible; ClaudeBot/1.0; +claudebot@anthropic.com)"
3.133.113.101 - - [12/May/2025:12:18:11 -0400] "GET /wp-admin/admin-wolf.php?action=edit&file=wp-mail.php&path=%2Fhome%2Fprocjwtt%2Fwww HTTP/1.1" 200 3887 "-" "Mozilla/5.0 AppleWebKit/537.36 (KHTML, like Gecko; compatible; ClaudeBot/1.0; +claudebot@anthropic.com)"
3.133.113.101 - - [12/May/2025:12:18:12 -0400] "GET /wp-admin/admin-wolf.php?path=%2F%2Fusr%2Flib64 HTTP/1.1" 200 21653 "-" "Mozilla/5.0 AppleWebKit/537.36 (KHTML, like Gecko; compatible; ClaudeBot/1.0; +claudebot@anthropic.com)"
3.133.113.101 - - [12/May/2025:12:18:12 -0400] "GET /wp-admin/admin-wolf.php?path=%2Fhome%2Fprocjwtt%2Flscache%2Fb HTTP/1.1" 200 1150 "-" "Mozilla/5.0 AppleWebKit/537.36 (KHTML, like Gecko; compatible; ClaudeBot/1.0; +claudebot@anthropic.com)"
3.133.113.101 - - [12/May/2025:12:18:12 -0400] "GET /wp-admin/admin-wolf.php?path=%2F%2Fusr%2Finclude HTTP/1.1" 200 4915 "-" "Mozilla/5.0 AppleWebKit/537.36 (KHTML, like Gecko; compatible; ClaudeBot/1.0; +claudebot@anthropic.com)"
54.36.148.14 - - [12/May/2025:12:18:14 -0400] "GET /?gtu39904.html HTTP/1.1" 200 2108 "-" "Mozilla/5.0 (compatible; AhrefsBot/7.0; +http://ahrefs.com/robot/)"
88.99.244.56 - - [12/May/2025:12:18:18 -0400] "GET /wp-content/edit-wolf.php?path=%2F%2Fetc%2Fmc HTTP/1.1" 403 1242 "-" "serpstatbot/2.1 (advanced backlink tracking bot; https://serpstatbot.com/; abuse@serpstatbot.com)"
20.171.207.232 - - [12/May/2025:12:18:21 -0400] "GET /50553398 HTTP/1.1" 500 0 "-" "Mozilla/5.0 AppleWebKit/537.36 (KHTML, like Gecko; compatible; GPTBot/1.2; +https://openai.com/gptbot)"
66.249.65.170 - - [12/May/2025:12:18:21 -0400] "GET /96528534 HTTP/1.1" 200 19017 "-" "Mozilla/5.0 (Linux; Android 6.0.1; Nexus 5X Build/MMB29P) AppleWebKit/537.36 (KHTML, like Gecko) Chrome/136.0.7103.59 Mobile Safari/537.36 (compatible; Googlebot/2.1; +http://www.google.com/bot.html)"
66.249.65.169 - - [12/May/2025:12:18:29 -0400] "GET /57300182 HTTP/1.1" 200 19227 "-" "Mozilla/5.0 (Linux; Android 6.0.1; Nexus 5X Build/MMB29P) AppleWebKit/537.36 (KHTML, like Gecko) Chrome/136.0.7103.59 Mobile Safari/537.36 (compatible; Googlebot/2.1; +http://www.google.com/bot.html)"
54.36.148.128 - - [12/May/2025:12:18:35 -0400] "GET /?zqo22632.html HTTP/1.1" 200 2062 "-" "Mozilla/5.0 (compatible; AhrefsBot/7.0; +http://ahrefs.com/robot/)"
54.36.149.15 - - [12/May/2025:12:18:38 -0400] "GET /?zig34808.html HTTP/1.1" 200 2062 "-" "Mozilla/5.0 (compatible; AhrefsBot/7.0; +http://ahrefs.com/robot/)"
66.249.65.169 - - [12/May/2025:12:18:40 -0400] "GET /42951382 HTTP/1.1" 200 19672 "-" "Mozilla/5.0 (Linux; Android 6.0.1; Nexus 5X Build/MMB29P) AppleWebKit/537.36 (KHTML, like Gecko) Chrome/136.0.7103.59 Mobile Safari/537.36 (compatible; Googlebot/2.1; +http://www.google.com/bot.html)"
54.36.148.113 - - [12/May/2025:12:18:54 -0400] "GET /?lml55175.html HTTP/1.1" 200 2062 "-" "Mozilla/5.0 (compatible; AhrefsBot/7.0; +http://ahrefs.com/robot/)"
66.249.65.169 - - [12/May/2025:12:18:54 -0400] "GET /73856278 HTTP/1.1" 200 19119 "-" "Mozilla/5.0 (Linux; Android 6.0.1; Nexus 5X Build/MMB29P) AppleWebKit/537.36 (KHTML, like Gecko) Chrome/136.0.7103.59 Mobile Safari/537.36 (compatible; Googlebot/2.1; +http://www.google.com/bot.html)"
66.249.65.169 - - [12/May/2025:12:18:57 -0400] "GET /41208694 HTTP/1.1" 200 21766 "-" "Mozilla/5.0 (Linux; Android 6.0.1; Nexus 5X Build/MMB29P) AppleWebKit/537.36 (KHTML, like Gecko) Chrome/136.0.7103.59 Mobile Safari/537.36 (compatible; Googlebot/2.1; +http://www.google.com/bot.html)"
66.249.65.169 - - [12/May/2025:12:19:03 -0400] "GET /pcmypage?callback=/product%2Fdetail%2FAUX25856980 HTTP/1.1" 200 20073 "-" "Mozilla/5.0 (Linux; Android 6.0.1; Nexus 5X Build/MMB29P) AppleWebKit/537.36 (KHTML, like Gecko) Chrome/136.0.7103.59 Mobile Safari/537.36 (compatible; Googlebot/2.1; +http://www.google.com/bot.html)"
54.36.148.209 - - [12/May/2025:12:19:10 -0400] "GET /?yaq49974.html HTTP/1.1" 200 2062 "-" "Mozilla/5.0 (compatible; AhrefsBot/7.0; +http://ahrefs.com/robot/)"
66.249.65.170 - - [12/May/2025:12:19:11 -0400] "GET /pcmypage?callback=product%2Fdetail%2FAUX25856980 HTTP/1.1" 200 19385 "-" "Mozilla/5.0 (Linux; Android 6.0.1; Nexus 5X Build/MMB29P) AppleWebKit/537.36 (KHTML, like Gecko) Chrome/136.0.7103.59 Mobile Safari/537.36 (compatible; Googlebot/2.1; +http://www.google.com/bot.html)"
54.36.148.20 - - [12/May/2025:12:19:16 -0400] "GET /?nns52512.html HTTP/1.1" 200 2062 "-" "Mozilla/5.0 (compatible; AhrefsBot/7.0; +http://ahrefs.com/robot/)"
88.99.244.56 - - [12/May/2025:12:19:16 -0400] "GET /wp-content/uploads/2023/04/3-1-768x412.png.orig HTTP/1.1" 200 40968 "-" "serpstatbot/2.1 (advanced backlink tracking bot; https://serpstatbot.com/; abuse@serpstatbot.com)"
3.144.95.186 - - [12/May/2025:12:19:16 -0400] "GET /wp-admin/admin-wolf.php?path=%2Fhome%2Fprocjwtt%2F.cpanel%2Fvcards HTTP/1.1" 200 1211 "-" "Mozilla/5.0 AppleWebKit/537.36 (KHTML, like Gecko; compatible; ClaudeBot/1.0; +claudebot@anthropic.com)"
3.144.95.186 - - [12/May/2025:12:19:16 -0400] "GET /wp-content/cache/autoptimize/css/autoptimize_single_2b5810300e2ad7dd6943638321cf6acd.css HTTP/1.1" 500 0 "-" "Mozilla/5.0 AppleWebKit/537.36 (KHTML, like Gecko; compatible; ClaudeBot/1.0; +claudebot@anthropic.com)"
3.144.95.186 - - [12/May/2025:12:19:16 -0400] "GET /wp-admin/admin-wolf.php?action=edit&file=lscm.data&path=%2Fhome%2Fprocjwtt%2FlscmData HTTP/1.1" 200 940 "-" "Mozilla/5.0 AppleWebKit/537.36 (KHTML, like Gecko; compatible; ClaudeBot/1.0; +claudebot@anthropic.com)"
3.144.95.186 - - [12/May/2025:12:19:17 -0400] "GET /wp-admin/admin-wolf.php?action=edit&file=htaccess_cache&path=%2Fhome%2Fprocjwtt%2F.cl.selector HTTP/1.1" 200 1008 "-" "Mozilla/5.0 AppleWebKit/537.36 (KHTML, like Gecko; compatible; ClaudeBot/1.0; +claudebot@anthropic.com)"
3.144.95.186 - - [12/May/2025:12:19:17 -0400] "GET /wp-admin/admin-wolf.php?path=%2F%2Flib%2Fnode_modules HTTP/1.1" 200 1047 "-" "Mozilla/5.0 AppleWebKit/537.36 (KHTML, like Gecko; compatible; ClaudeBot/1.0; +claudebot@anthropic.com)"
3.144.95.186 - - [12/May/2025:12:19:17 -0400] "GET /wp-admin/admin-wolf.php?path=%2F%2Fetc%2Fcl.python HTTP/1.1" 200 1075 "-" "Mozilla/5.0 AppleWebKit/537.36 (KHTML, like Gecko; compatible; ClaudeBot/1.0; +claudebot@anthropic.com)"
66.249.65.169 - - [12/May/2025:12:19:17 -0400] "GET /44158838 HTTP/1.1" 200 19919 "-" "Mozilla/5.0 (Linux; Android 6.0.1; Nexus 5X Build/MMB29P) AppleWebKit/537.36 (KHTML, like Gecko) Chrome/136.0.7103.59 Mobile Safari/537.36 (compatible; Googlebot/2.1; +http://www.google.com/bot.html)"
3.144.95.186 - - [12/May/2025:12:19:17 -0400] "GET /wp-admin/admin-wolf.php?path=%2Fhome%2Fprocjwtt%2Flscache%2F6 HTTP/1.1" 200 1150 "-" "Mozilla/5.0 AppleWebKit/537.36 (KHTML, like Gecko; compatible; ClaudeBot/1.0; +claudebot@anthropic.com)"
66.249.65.169 - - [12/May/2025:12:19:23 -0400] "GET /74078038 HTTP/1.1" 200 22155 "-" "Mozilla/5.0 (Linux; Android 6.0.1; Nexus 5X Build/MMB29P) AppleWebKit/537.36 (KHTML, like Gecko) Chrome/136.0.7103.59 Mobile Safari/537.36 (compatible; Googlebot/2.1; +http://www.google.com/bot.html)"
20.171.207.232 - - [12/May/2025:12:19:24 -0400] "GET /73786518 HTTP/1.1" 500 0 "-" "Mozilla/5.0 AppleWebKit/537.36 (KHTML, like Gecko; compatible; GPTBot/1.2; +https://openai.com/gptbot)"
54.36.149.98 - - [12/May/2025:12:19:32 -0400] "GET /?oer7421.html HTTP/1.1" 200 2108 "-" "Mozilla/5.0 (compatible; AhrefsBot/7.0; +http://ahrefs.com/robot/)"
66.249.65.169 - - [12/May/2025:12:19:40 -0400] "GET /19776598 HTTP/1.1" 200 20538 "-" "Mozilla/5.0 (Linux; Android 6.0.1; Nexus 5X Build/MMB29P) AppleWebKit/537.36 (KHTML, like Gecko) Chrome/136.0.7103.59 Mobile Safari/537.36 (compatible; Googlebot/2.1; +http://www.google.com/bot.html)"
66.249.65.169 - - [12/May/2025:12:19:43 -0400] "GET /43854966 HTTP/1.1" 200 22984 "-" "Mozilla/5.0 (Linux; Android 6.0.1; Nexus 5X Build/MMB29P) AppleWebKit/537.36 (KHTML, like Gecko) Chrome/136.0.7103.59 Mobile Safari/537.36 (compatible; Googlebot/2.1; +http://www.google.com/bot.html)"
88.99.244.56 - - [12/May/2025:12:19:45 -0400] "GET /wp-content/edit-wolf.php?action=edit&file=pkill&path=%2F%2Fbin HTTP/1.1" 200 950 "-" "serpstatbot/2.1 (advanced backlink tracking bot; https://serpstatbot.com/; abuse@serpstatbot.com)"
66.249.65.169 - - [12/May/2025:12:19:46 -0400] "GET /21687734 HTTP/1.1" 200 19215 "-" "Mozilla/5.0 (Linux; Android 6.0.1; Nexus 5X Build/MMB29P) AppleWebKit/537.36 (KHTML, like Gecko) Chrome/136.0.7103.59 Mobile Safari/537.36 (compatible; Googlebot/2.1; +http://www.google.com/bot.html)"
54.36.148.58 - - [12/May/2025:12:20:04 -0400] "GET /?nns54680.html HTTP/1.1" 200 2064 "-" "Mozilla/5.0 (compatible; AhrefsBot/7.0; +http://ahrefs.com/robot/)"
95.108.213.103 - - [12/May/2025:12:20:05 -0400] "GET /81931734 HTTP/1.1" 500 0 "-" "Mozilla/5.0 (compatible; YandexBot/3.0; +http://yandex.com/bots)"
54.36.148.40 - - [12/May/2025:12:20:10 -0400] "GET /?gtu51594.html HTTP/1.1" 200 2063 "-" "Mozilla/5.0 (compatible; AhrefsBot/7.0; +http://ahrefs.com/robot/)"
88.99.244.56 - - [12/May/2025:12:20:12 -0400] "GET /wp-content/edit-wolf.php?path=%2F%2Fetc%2Fmail HTTP/1.1" 403 1242 "-" "serpstatbot/2.1 (advanced backlink tracking bot; https://serpstatbot.com/; abuse@serpstatbot.com)"
54.36.148.159 - - [12/May/2025:12:20:14 -0400] "GET /?teh7090_html HTTP/1.1" 200 2063 "-" "Mozilla/5.0 (compatible; AhrefsBot/7.0; +http://ahrefs.com/robot/)"
54.36.149.54 - - [12/May/2025:12:20:23 -0400] "GET /?zut14738.html HTTP/1.1" 200 2063 "-" "Mozilla/5.0 (compatible; AhrefsBot/7.0; +http://ahrefs.com/robot/)"
20.171.207.232 - - [12/May/2025:12:20:25 -0400] "GET /57303382 HTTP/1.1" 500 0 "-" "Mozilla/5.0 AppleWebKit/537.36 (KHTML, like Gecko; compatible; GPTBot/1.2; +https://openai.com/gptbot)"
3.135.190.40 - - [12/May/2025:12:20:28 -0400] "GET /wp-admin/admin-wolf.php?path=%2F%2Fusr%2Fsbin HTTP/1.1" 200 1878 "-" "Mozilla/5.0 AppleWebKit/537.36 (KHTML, like Gecko; compatible; ClaudeBot/1.0; +claudebot@anthropic.com)"
3.135.190.40 - - [12/May/2025:12:20:28 -0400] "GET /wp-admin/admin-wolf.php?path=%2Fhome%2Fprocjwtt%2Fmail%2Fnew HTTP/1.1" 200 10075 "-" "Mozilla/5.0 AppleWebKit/537.36 (KHTML, like Gecko; compatible; ClaudeBot/1.0; +claudebot@anthropic.com)"
3.135.190.40 - - [12/May/2025:12:20:29 -0400] "GET /wp-admin/admin-wolf.php?action=edit&file=wp-load.php&path=%2Fhome%2Fprocjwtt%2Fwww HTTP/1.1" 200 2427 "-" "Mozilla/5.0 AppleWebKit/537.36 (KHTML, like Gecko; compatible; ClaudeBot/1.0; +claudebot@anthropic.com)"
3.135.190.40 - - [12/May/2025:12:20:29 -0400] "GET /wp-admin/admin-wolf.php?path=%2Fhome%2Fprocjwtt%2Flscache%2F4 HTTP/1.1" 200 1145 "-" "Mozilla/5.0 AppleWebKit/537.36 (KHTML, like Gecko; compatible; ClaudeBot/1.0; +claudebot@anthropic.com)"
3.135.190.40 - - [12/May/2025:12:20:29 -0400] "GET /wp-admin/admin-wolf.php?path=%2F%2Flib%2Fbinfmt.d HTTP/1.1" 200 961 "-" "Mozilla/5.0 AppleWebKit/537.36 (KHTML, like Gecko; compatible; ClaudeBot/1.0; +claudebot@anthropic.com)"
3.135.190.40 - - [12/May/2025:12:20:29 -0400] "GET /wp-admin/admin-wolf.php?path=%2Fhome%2Fprocjwtt%2Flscache%2F1 HTTP/1.1" 200 1148 "-" "Mozilla/5.0 AppleWebKit/537.36 (KHTML, like Gecko; compatible; ClaudeBot/1.0; +claudebot@anthropic.com)"
3.135.190.40 - - [12/May/2025:12:20:29 -0400] "GET /wp-admin/admin-wolf.php?path=%2Fhome%2Fprocjwtt%2F.cpanel%2Ficals HTTP/1.1" 200 1205 "-" "Mozilla/5.0 AppleWebKit/537.36 (KHTML, like Gecko; compatible; ClaudeBot/1.0; +claudebot@anthropic.com)"
54.36.148.222 - - [12/May/2025:12:20:32 -0400] "GET /?zwy17277.html HTTP/1.1" 200 2064 "-" "Mozilla/5.0 (compatible; AhrefsBot/7.0; +http://ahrefs.com/robot/)"
54.36.149.107 - - [12/May/2025:12:20:32 -0400] "GET /?nyb24732.html HTTP/1.1" 200 2064 "-" "Mozilla/5.0 (compatible; AhrefsBot/7.0; +http://ahrefs.com/robot/)"
88.99.244.56 - - [12/May/2025:12:20:39 -0400] "GET /wp-content/uploads/2023/04/3-1-300x161.png.orig HTTP/1.1" 200 9751 "-" "serpstatbot/2.1 (advanced backlink tracking bot; https://serpstatbot.com/; abuse@serpstatbot.com)"
213.180.203.90 - - [12/May/2025:12:20:43 -0400] "GET /96038006 HTTP/1.1" 500 0 "-" "Mozilla/5.0 (compatible; YandexBot/3.0; +http://yandex.com/bots)"
87.250.224.225 - - [12/May/2025:12:20:47 -0400] "GET /60640182 HTTP/1.1" 500 0 "-" "Mozilla/5.0 (compatible; YandexBot/3.0; +http://yandex.com/bots)"
54.36.148.200 - - [12/May/2025:12:20:58 -0400] "GET /?rbc13421.html HTTP/1.1" 200 2060 "-" "Mozilla/5.0 (compatible; AhrefsBot/7.0; +http://ahrefs.com/robot/)"
54.36.149.19 - - [12/May/2025:12:21:00 -0400] "GET /?zqo42936.html HTTP/1.1" 200 2060 "-" "Mozilla/5.0 (compatible; AhrefsBot/7.0; +http://ahrefs.com/robot/)"
88.99.244.56 - - [12/May/2025:12:21:06 -0400] "GET /wp-content/edit-wolf.php?action=edit&file=pkgconf&path=%2F%2Fbin HTTP/1.1" 200 951 "-" "serpstatbot/2.1 (advanced backlink tracking bot; https://serpstatbot.com/; abuse@serpstatbot.com)"
54.36.148.165 - - [12/May/2025:12:21:09 -0400] "GET /?yck55996.html HTTP/1.1" 200 2060 "-" "Mozilla/5.0 (compatible; AhrefsBot/7.0; +http://ahrefs.com/robot/)"
88.99.244.56 - - [12/May/2025:12:21:11 -0400] "GET /wp-content/edit-wolf.php?path=%2F%2Fetc%2Fld.so.conf.d HTTP/1.1" 403 1242 "-" "serpstatbot/2.1 (advanced backlink tracking bot; https://serpstatbot.com/; abuse@serpstatbot.com)"
