AlkantarClanX12
Current Path : /home/procjwtt/access-logs/ |
Current File : /home/procjwtt/access-logs/promo.procarecleaning.com.sg-ssl_log |
43.134.91.203 - - [12/May/2025:06:34:45 -0400] "GET / HTTP/1.1" 200 44466 "-" "Mozilla/5.0 (Windows NT 10.0; Win64; x64) AppleWebKit/537.36 (KHTML, like Gecko) Chrome/100.0.4896.75 Safari/537.36"
185.191.171.8 - - [12/May/2025:06:37:08 -0400] "GET /robots.txt HTTP/1.1" 200 137 "-" "Mozilla/5.0 (compatible; SemrushBot/7~bl; +http://www.semrush.com/bot.html)"
85.208.96.199 - - [12/May/2025:06:37:08 -0400] "GET /mattress-carpet-and-upholstery-cleaning/ HTTP/1.1" 200 26872 "-" "Mozilla/5.0 (compatible; SemrushBot/7~bl; +http://www.semrush.com/bot.html)"
69.171.231.114 - - [12/May/2025:07:59:10 -0400] "GET /robots.txt HTTP/1.1" 200 185 "-" "facebookexternalhit/1.1 (+http://www.facebook.com/externalhit_uatext.php)"
198.187.29.109 - - [12/May/2025:08:42:37 -0400] "POST /wp-cron.php?doing_wp_cron=1747053757.3834199905395507812500 HTTP/1.1" 200 0 "-" "WordPress/6.8.1; https://promo.procarecleaning.com.sg"
66.249.90.34 - - [12/May/2025:08:42:31 -0400] "GET /?saf_src=google_&saf_pt=&saf_kw=&saf_dv=&saf_cam=21233692978&saf_grp=161413960053&saf_ad=697615600972&account_id=5575892872&saf_acc=5575892872&saf_cam_tp=search HTTP/1.1" 301 0 "-" "AdsBot-Google (+http://www.google.com/adsbot.html)"
198.187.29.109 - - [12/May/2025:08:42:38 -0400] "POST /wp-admin/admin-ajax.php?action=async_litespeed&nonce=XGLvu9ZsjwVYYv1ES9N2WsvWX2AkzT3k&litespeed_type=imgoptm HTTP/1.1" 200 0 "-" "WordPress/6.8.1; https://promo.procarecleaning.com.sg"
198.187.29.109 - - [12/May/2025:08:44:41 -0400] "POST /wp-cron.php?doing_wp_cron=1747053881.6888480186462402343750 HTTP/1.1" 200 0 "-" "WordPress/6.8.1; https://promo.procarecleaning.com.sg"
198.187.29.109 - - [12/May/2025:08:44:42 -0400] "POST /wp-admin/admin-ajax.php?action=async_litespeed&nonce=ZZmyFB8GzoHw4RZNVVADnBklunun9eOd&litespeed_type=imgoptm HTTP/1.1" 200 0 "-" "WordPress/6.8.1; https://promo.procarecleaning.com.sg"
66.249.90.34 - - [12/May/2025:08:44:39 -0400] "GET /?saf_src=google_&saf_pt&saf_kw&saf_dv&saf_cam=21233692978&saf_grp=161413960053&saf_ad=697615600972&account_id=5575892872&saf_acc=5575892872&saf_cam_tp=search HTTP/1.1" 200 44388 "-" "AdsBot-Google (+http://www.google.com/adsbot.html)"
198.187.29.109 - - [12/May/2025:09:09:34 -0400] "POST /wp-cron.php?doing_wp_cron=1747055374.8838539123535156250000 HTTP/1.1" 200 0 "-" "WordPress/6.8.1; https://promo.procarecleaning.com.sg"
52.167.144.145 - - [12/May/2025:09:09:28 -0400] "GET /?s=2024 HTTP/1.1" 200 16326 "-" "Mozilla/5.0 AppleWebKit/537.36 (KHTML, like Gecko; compatible; bingbot/2.0; +http://www.bing.com/bingbot.htm) Chrome/116.0.1938.76 Safari/537.36"
198.187.29.109 - - [12/May/2025:09:09:35 -0400] "POST /wp-admin/admin-ajax.php?action=async_litespeed&nonce=tAlJby0V6KcdOAYiUoy30gLA8mLVm0Qx&litespeed_type=imgoptm HTTP/1.1" 200 0 "-" "WordPress/6.8.1; https://promo.procarecleaning.com.sg"
43.130.139.177 - - [12/May/2025:09:13:23 -0400] "GET / HTTP/1.1" 200 54445 "http://promo.procarecleaning.com.sg" "Mozilla/5.0 (iPhone; CPU iPhone OS 13_2_3 like Mac OS X) AppleWebKit/605.1.15 (KHTML, like Gecko) Version/13.0.3 Mobile/15E148 Safari/604.1"
43.153.73.200 - - [12/May/2025:09:30:15 -0400] "GET /wp-content/fonts/lato/S6u9w4BMUTPHh6UVSwaPGR_p.woff2 HTTP/1.1" 200 5368 "-" "Mozilla/5.0 (iPhone; CPU iPhone OS 13_2_3 like Mac OS X) AppleWebKit/605.1.15 (KHTML, like Gecko) Version/13.0.3 Mobile/15E148 Safari/604.1"
35.193.176.151 - - [12/May/2025:09:31:07 -0400] "HEAD /robots.txt HTTP/1.1" 200 0 "-" "curl/8.10.0"
35.193.176.151 - - [12/May/2025:09:31:07 -0400] "GET /robots.txt HTTP/1.1" 200 137 "-" "curl/8.10.0"
34.58.62.160 - - [12/May/2025:09:31:07 -0400] "HEAD /post-renovation/ HTTP/1.1" 200 0 "-" "curl/8.10.0"
34.58.62.160 - - [12/May/2025:09:31:07 -0400] "GET /post-renovation/ HTTP/1.1" 200 26514 "-" "curl/8.10.0"
35.84.132.93 - - [12/May/2025:10:35:52 -0400] "GET /robots.txt HTTP/1.1" 200 137 "-" "Mozilla/5.0 (compatible; wpbot/1.3; +https://forms.gle/ajBaxygz9jSR8p8G9)"
35.84.132.93 - - [12/May/2025:10:35:52 -0400] "GET / HTTP/1.1" 200 54445 "-" "Mozilla/5.0 (compatible; wpbot/1.3; +https://forms.gle/ajBaxygz9jSR8p8G9)"
40.67.134.160 - - [12/May/2025:10:39:08 -0400] "GET / HTTP/1.1" 200 54445 "-" "Python/3.9 aiohttp/3.10.6"
66.249.90.32 - - [12/May/2025:11:09:42 -0400] "GET / HTTP/1.1" 200 44466 "-" "Mozilla/5.0 (X11; Linux x86_64) AppleWebKit/537.36 (KHTML, like Gecko; compatible; pageburst) Chrome/135.0.7049.114 Safari/537.36"
66.249.90.34 - - [12/May/2025:11:10:06 -0400] "GET /wp-content/themes/flatsome/assets/js/chunk.slider.js?ver=3.18.6 HTTP/1.1" 200 12985 "https://promo.procarecleaning.com.sg/" "Mozilla/5.0 (X11; Linux x86_64) AppleWebKit/537.36 (KHTML, like Gecko; compatible; pageburst) Chrome/135.0.7049.114 Safari/537.36"
66.249.90.33 - - [12/May/2025:11:10:12 -0400] "GET /wp-content/themes/flatsome/assets/js/flatsome.js?ver=a0a7aee297766598a20e HTTP/1.1" 200 16076 "https://promo.procarecleaning.com.sg/" "Mozilla/5.0 (X11; Linux x86_64) AppleWebKit/537.36 (KHTML, like Gecko; compatible; pageburst) Chrome/135.0.7049.114 Safari/537.36"
66.249.90.32 - - [12/May/2025:11:10:27 -0400] "GET /wp-content/themes/flatsome/assets/js/flatsome.js?ver=a0a7aee297766598a20e HTTP/1.1" 200 16076 "https://promo.procarecleaning.com.sg/" "Mozilla/5.0 (X11; Linux x86_64) AppleWebKit/537.36 (KHTML, like Gecko; compatible; pageburst) Chrome/135.0.7049.114 Safari/537.36"
66.249.90.32 - - [12/May/2025:11:10:58 -0400] "GET /wp-content/fonts/lato/S6uyw4BMUTPHjx4wXg.woff2 HTTP/1.1" 200 23580 "https://promo.procarecleaning.com.sg/" "Mozilla/5.0 (X11; Linux x86_64) AppleWebKit/537.36 (KHTML, like Gecko; compatible; pageburst) Chrome/135.0.7049.114 Safari/537.36"
66.249.90.33 - - [12/May/2025:11:11:04 -0400] "GET /wp-includes/js/wp-emoji-release.min.js?ver=6.8.1 HTTP/1.1" 200 4771 "https://promo.procarecleaning.com.sg/" "Mozilla/5.0 (X11; Linux x86_64) AppleWebKit/537.36 (KHTML, like Gecko; compatible; pageburst) Chrome/135.0.7049.114 Safari/537.36"
185.53.228.228 - - [12/May/2025:12:48:43 -0400] "GET / HTTP/1.1" 200 44466 "-" "Mozilla/5.0 (Windows NT 10.0; Win64; x64) AppleWebKit/537.36 (KHTML, like Gecko) Chrome/129.0.0.0 Safari/537.36"
173.252.107.5 - - [12/May/2025:14:09:12 -0400] "GET /robots.txt HTTP/1.1" 200 185 "-" "facebookexternalhit/1.1 (+http://www.facebook.com/externalhit_uatext.php)"
66.249.90.32 - - [12/May/2025:15:19:08 -0400] "GET / HTTP/1.1" 200 44466 "-" "Mozilla/5.0 (Linux; Android 6.0.1; Nexus 5X Build/MMB29P) AppleWebKit/537.36 (KHTML, like Gecko) Chrome/136.0.7103.59 Mobile Safari/537.36 (compatible; AdsBot-Google-Mobile; +http://www.google.com/mobile/adsbot.html)"
66.249.90.32 - - [12/May/2025:15:19:12 -0400] "GET /wp-content/themes/flatsome/assets/css/flatsome.css?ver=3.18.6 HTTP/1.1" 200 28781 "https://promo.procarecleaning.com.sg/" "AdsBot-Google (+http://www.google.com/adsbot.html)"
66.249.90.33 - - [12/May/2025:15:19:14 -0400] "GET /wp-content/themes/flatsome/inc/integrations/ninjaforms/ninjaforms.css?ver=6.8.1 HTTP/1.1" 200 294 "https://promo.procarecleaning.com.sg/" "AdsBot-Google (+http://www.google.com/adsbot.html)"
66.249.90.32 - - [12/May/2025:15:19:15 -0400] "GET /wp-content/themes/flatsome/style.css?ver=3.18.6 HTTP/1.1" 200 270 "https://promo.procarecleaning.com.sg/" "AdsBot-Google (+http://www.google.com/adsbot.html)"
66.249.90.32 - - [12/May/2025:15:19:17 -0400] "GET /wp-content/plugins/ninja-forms/assets/css/display-opinions-light.css?ver=6.8.1 HTTP/1.1" 200 6587 "https://promo.procarecleaning.com.sg/" "AdsBot-Google (+http://www.google.com/adsbot.html)"
66.249.90.32 - - [12/May/2025:15:19:18 -0400] "GET /wp-content/themes/flatsome/assets/js/flatsome.js?ver=a0a7aee297766598a20e HTTP/1.1" 200 16076 "https://promo.procarecleaning.com.sg/" "AdsBot-Google (+http://www.google.com/adsbot.html)"
66.249.90.32 - - [12/May/2025:15:19:20 -0400] "GET /wp-includes/js/jquery/jquery-migrate.min.js?ver=3.4.1 HTTP/1.1" 200 4678 "https://promo.procarecleaning.com.sg/" "AdsBot-Google (+http://www.google.com/adsbot.html)"
66.249.90.32 - - [12/May/2025:15:19:20 -0400] "GET /wp-content/themes/flatsome/assets/js/chunk.slider.js?ver=3.18.6 HTTP/1.1" 200 12985 "https://promo.procarecleaning.com.sg/" "AdsBot-Google (+http://www.google.com/adsbot.html)"
66.249.90.32 - - [12/May/2025:15:19:21 -0400] "GET /wp-includes/css/dashicons.min.css?ver=6.8.1 HTTP/1.1" 200 35110 "https://promo.procarecleaning.com.sg/" "AdsBot-Google (+http://www.google.com/adsbot.html)"
66.249.90.32 - - [12/May/2025:15:19:22 -0400] "GET /wp-includes/js/jquery/jquery.min.js?ver=3.7.1 HTTP/1.1" 200 29744 "https://promo.procarecleaning.com.sg/" "AdsBot-Google (+http://www.google.com/adsbot.html)"
66.249.90.32 - - [12/May/2025:15:19:25 -0400] "GET /wp-content/plugins/chaty/css/chaty-front.min.css?ver=3.4.11713514285 HTTP/1.1" 200 6388 "https://promo.procarecleaning.com.sg/" "AdsBot-Google (+http://www.google.com/adsbot.html)"
66.249.90.32 - - [12/May/2025:15:19:26 -0400] "GET /wp-content/plugins/ninja-forms/assets/css/font-awesome.min.css?ver=6.8.1 HTTP/1.1" 200 5878 "https://promo.procarecleaning.com.sg/" "AdsBot-Google (+http://www.google.com/adsbot.html)"
66.249.90.32 - - [12/May/2025:15:19:27 -0400] "GET /wp-content/plugins/ninja-forms/assets/css/flatpickr.css?ver=6.8.1 HTTP/1.1" 200 2810 "https://promo.procarecleaning.com.sg/" "AdsBot-Google (+http://www.google.com/adsbot.html)"
66.249.90.32 - - [12/May/2025:15:19:28 -0400] "GET /wp-content/themes/flatsome/assets/js/chunk.tooltips.js?ver=3.18.6 HTTP/1.1" 200 9748 "https://promo.procarecleaning.com.sg/" "AdsBot-Google (+http://www.google.com/adsbot.html)"
66.249.90.32 - - [12/May/2025:15:19:29 -0400] "GET /wp-content/themes/flatsome/assets/js/chunk.popups.js?ver=3.18.6 HTTP/1.1" 200 6941 "https://promo.procarecleaning.com.sg/" "AdsBot-Google (+http://www.google.com/adsbot.html)"
66.249.90.32 - - [12/May/2025:15:19:30 -0400] "GET /wp-content/plugins/wp-social-reviews/assets/css/wp_social_ninja_reviews.css?ver=3.17.0 HTTP/1.1" 200 10185 "https://promo.procarecleaning.com.sg/" "AdsBot-Google (+http://www.google.com/adsbot.html)"
66.249.90.32 - - [12/May/2025:15:19:42 -0400] "GET /wp-includes/js/hoverIntent.min.js?ver=1.10.2 HTTP/1.1" 200 668 "https://promo.procarecleaning.com.sg/" "AdsBot-Google (+http://www.google.com/adsbot.html)"
66.249.90.32 - - [12/May/2025:15:19:44 -0400] "GET /wp-content/plugins/ninja-forms/assets/js/min/front-end-deps.js?ver=3.10.1 HTTP/1.1" 200 17562 "https://promo.procarecleaning.com.sg/" "AdsBot-Google (+http://www.google.com/adsbot.html)"
66.249.90.32 - - [12/May/2025:15:19:50 -0400] "GET /wp-includes/js/backbone.min.js?ver=1.6.0 HTTP/1.1" 200 7832 "https://promo.procarecleaning.com.sg/" "AdsBot-Google (+http://www.google.com/adsbot.html)"
66.249.90.32 - - [12/May/2025:15:19:52 -0400] "GET /wp-content/plugins/chaty/js/cht-front-script.min.js?ver=3.4.11713514285 HTTP/1.1" 200 22150 "https://promo.procarecleaning.com.sg/" "AdsBot-Google (+http://www.google.com/adsbot.html)"
66.249.90.32 - - [12/May/2025:15:19:54 -0400] "GET /wp-content/plugins/ninja-forms/assets/js/min/front-end.js?ver=3.10.1 HTTP/1.1" 200 22622 "https://promo.procarecleaning.com.sg/" "AdsBot-Google (+http://www.google.com/adsbot.html)"
66.249.90.32 - - [12/May/2025:15:19:55 -0400] "GET /wp-content/fonts/lato/S6u9w4BMUTPHh6UVSwiPGQ.woff2 HTTP/1.1" 200 23040 "https://promo.procarecleaning.com.sg/" "AdsBot-Google (+http://www.google.com/adsbot.html)"
66.249.90.32 - - [12/May/2025:15:19:57 -0400] "GET /wp-content/fonts/lato/S6uyw4BMUTPHjx4wXg.woff2 HTTP/1.1" 200 23580 "https://promo.procarecleaning.com.sg/" "AdsBot-Google (+http://www.google.com/adsbot.html)"
66.249.90.32 - - [12/May/2025:15:20:00 -0400] "GET /wp-content/themes/flatsome/assets/css/icons/fl-icons.woff2?v=3.18.6 HTTP/1.1" 200 7244 "https://promo.procarecleaning.com.sg/" "AdsBot-Google (+http://www.google.com/adsbot.html)"
66.249.90.33 - - [12/May/2025:15:20:01 -0400] "GET /wp-includes/js/wp-emoji-release.min.js?ver=6.8.1 HTTP/1.1" 200 4771 "https://promo.procarecleaning.com.sg/" "AdsBot-Google (+http://www.google.com/adsbot.html)"
170.106.35.187 - - [12/May/2025:17:02:42 -0400] "GET / HTTP/1.1" 200 54445 "http://promo.procarecleaning.com.sg" "Mozilla/5.0 (iPhone; CPU iPhone OS 13_2_3 like Mac OS X) AppleWebKit/605.1.15 (KHTML, like Gecko) Version/13.0.3 Mobile/15E148 Safari/604.1"
198.187.29.109 - - [12/May/2025:17:14:48 -0400] "POST /wp-cron.php?doing_wp_cron=1747084488.6605980396270751953125 HTTP/1.1" 200 0 "-" "WordPress/6.8.1; https://promo.procarecleaning.com.sg"
66.249.90.32 - - [12/May/2025:17:14:40 -0400] "GET /?saf_src=google_&saf_pt=&saf_kw=&saf_dv=&saf_cam=21234321751&saf_grp=156746471170&saf_ad=720524479412&account_id=5575892872&saf_acc=5575892872&saf_cam_tp=search HTTP/1.1" 301 0 "-" "AdsBot-Google (+http://www.google.com/adsbot.html)"
198.187.29.109 - - [12/May/2025:17:14:51 -0400] "POST /wp-admin/admin-ajax.php?action=async_litespeed&nonce=IYCaC3w9K7OBVX9VFgFU4qFf9X5XnEeE&litespeed_type=imgoptm HTTP/1.1" 200 0 "-" "WordPress/6.8.1; https://promo.procarecleaning.com.sg"
198.187.29.109 - - [12/May/2025:17:15:07 -0400] "GET /?wp_scrape_key=f9b2aabeadf275a11e37406f7ea17843&wp_scrape_nonce=1747084503 HTTP/1.1" 200 54370 "-" "WordPress/6.8.1; https://promo.procarecleaning.com.sg"
198.187.29.109 - - [12/May/2025:17:16:13 -0400] "POST /wp-cron.php?doing_wp_cron=1747084573.4964730739593505859375 HTTP/1.1" 200 0 "-" "WordPress/6.8.1; https://promo.procarecleaning.com.sg"
198.187.29.109 - - [12/May/2025:17:16:15 -0400] "POST /wp-admin/admin-ajax.php?action=async_litespeed&nonce=7YWrTVi0P8ygIKrh5zZBT28gz4nS0PwO&litespeed_type=imgoptm HTTP/1.1" 200 0 "-" "WordPress/6.8.1; https://promo.procarecleaning.com.sg"
66.249.90.32 - - [12/May/2025:17:16:10 -0400] "GET /?saf_src=google_&saf_pt&saf_kw&saf_dv&saf_cam=21234321751&saf_grp=156746471170&saf_ad=720524479412&account_id=5575892872&saf_acc=5575892872&saf_cam_tp=search HTTP/1.1" 200 44360 "-" "AdsBot-Google (+http://www.google.com/adsbot.html)"
198.187.29.109 - - [12/May/2025:18:25:00 -0400] "POST /wp-cron.php?doing_wp_cron=1747088699.9774069786071777343750 HTTP/1.1" 200 0 "-" "WordPress/6.8.1; https://promo.procarecleaning.com.sg"
104.210.140.138 - - [12/May/2025:18:24:52 -0400] "GET /robots.txt HTTP/1.1" 200 119 "-" "Mozilla/5.0 (Macintosh; Intel Mac OS X 10_15_7) AppleWebKit/537.36 (KHTML, like Gecko) Chrome/131.0.0.0 Safari/537.36; compatible; OAI-SearchBot/1.0; +https://openai.com/searchbot"
198.187.29.109 - - [12/May/2025:18:25:01 -0400] "POST /wp-admin/admin-ajax.php?action=async_litespeed&nonce=df0ZRoGRekpf9BVAeeS5cohfTU1H5s8D&litespeed_type=imgoptm HTTP/1.1" 200 0 "-" "WordPress/6.8.1; https://promo.procarecleaning.com.sg"
52.167.144.136 - - [12/May/2025:18:46:13 -0400] "GET /wp-content/uploads/2024/10/200Off-33.svg HTTP/1.1" 200 2615 "-" "Mozilla/5.0 AppleWebKit/537.36 (KHTML, like Gecko; compatible; bingbot/2.0; +http://www.bing.com/bingbot.htm) Chrome/116.0.1938.76 Safari/537.36"
157.66.54.6 - - [12/May/2025:19:27:56 -0400] "GET //wp-includes/ID3/license.txt HTTP/1.1" 200 1396 "-" "Mozilla/5.0 (Windows NT 10.0; Win64; x64) AppleWebKit/537.36 (KHTML, like Gecko) Chrome/95.0.4638.69 Safari/537.36"
198.187.29.109 - - [12/May/2025:19:28:01 -0400] "POST /wp-cron.php?doing_wp_cron=1747092481.4697399139404296875000 HTTP/1.1" 200 0 "-" "WordPress/6.8.1; https://promo.procarecleaning.com.sg"
157.66.54.6 - - [12/May/2025:19:27:56 -0400] "GET //feed/ HTTP/1.1" 301 0 "-" "Mozilla/5.0 (Windows NT 10.0; Win64; x64) AppleWebKit/537.36 (KHTML, like Gecko) Chrome/95.0.4638.69 Safari/537.36"
157.66.54.6 - - [12/May/2025:19:28:02 -0400] "GET //blog/wp-includes/wlwmanifest.xml HTTP/1.1" 301 0 "-" "Mozilla/5.0 (Windows NT 10.0; Win64; x64) AppleWebKit/537.36 (KHTML, like Gecko) Chrome/95.0.4638.69 Safari/537.36"
198.187.29.109 - - [12/May/2025:19:28:01 -0400] "POST /wp-admin/admin-ajax.php?action=async_litespeed&nonce=jrqxS4iSrUJCOy8OgGnM0BRzTLFwex2I&litespeed_type=imgoptm HTTP/1.1" 200 0 "-" "WordPress/6.8.1; https://promo.procarecleaning.com.sg"
157.66.54.6 - - [12/May/2025:19:28:02 -0400] "GET //web/wp-includes/wlwmanifest.xml HTTP/1.1" 301 0 "-" "Mozilla/5.0 (Windows NT 10.0; Win64; x64) AppleWebKit/537.36 (KHTML, like Gecko) Chrome/95.0.4638.69 Safari/537.36"
157.66.54.6 - - [12/May/2025:19:28:03 -0400] "GET //wordpress/wp-includes/wlwmanifest.xml HTTP/1.1" 301 0 "-" "Mozilla/5.0 (Windows NT 10.0; Win64; x64) AppleWebKit/537.36 (KHTML, like Gecko) Chrome/95.0.4638.69 Safari/537.36"
157.66.54.6 - - [12/May/2025:19:28:03 -0400] "GET //wp/wp-includes/wlwmanifest.xml HTTP/1.1" 301 0 "-" "Mozilla/5.0 (Windows NT 10.0; Win64; x64) AppleWebKit/537.36 (KHTML, like Gecko) Chrome/95.0.4638.69 Safari/537.36"
157.66.54.6 - - [12/May/2025:19:28:04 -0400] "GET //2020/wp-includes/wlwmanifest.xml HTTP/1.1" 301 0 "-" "Mozilla/5.0 (Windows NT 10.0; Win64; x64) AppleWebKit/537.36 (KHTML, like Gecko) Chrome/95.0.4638.69 Safari/537.36"
157.66.54.6 - - [12/May/2025:19:28:04 -0400] "GET //2019/wp-includes/wlwmanifest.xml HTTP/1.1" 301 0 "-" "Mozilla/5.0 (Windows NT 10.0; Win64; x64) AppleWebKit/537.36 (KHTML, like Gecko) Chrome/95.0.4638.69 Safari/537.36"
157.66.54.6 - - [12/May/2025:19:28:04 -0400] "GET //2021/wp-includes/wlwmanifest.xml HTTP/1.1" 301 0 "-" "Mozilla/5.0 (Windows NT 10.0; Win64; x64) AppleWebKit/537.36 (KHTML, like Gecko) Chrome/95.0.4638.69 Safari/537.36"
157.66.54.6 - - [12/May/2025:19:28:05 -0400] "GET //shop/wp-includes/wlwmanifest.xml HTTP/1.1" 301 0 "-" "Mozilla/5.0 (Windows NT 10.0; Win64; x64) AppleWebKit/537.36 (KHTML, like Gecko) Chrome/95.0.4638.69 Safari/537.36"
157.66.54.6 - - [12/May/2025:19:28:06 -0400] "GET //wp1/wp-includes/wlwmanifest.xml HTTP/1.1" 301 0 "-" "Mozilla/5.0 (Windows NT 10.0; Win64; x64) AppleWebKit/537.36 (KHTML, like Gecko) Chrome/95.0.4638.69 Safari/537.36"
157.66.54.6 - - [12/May/2025:19:28:06 -0400] "GET //test/wp-includes/wlwmanifest.xml HTTP/1.1" 301 0 "-" "Mozilla/5.0 (Windows NT 10.0; Win64; x64) AppleWebKit/537.36 (KHTML, like Gecko) Chrome/95.0.4638.69 Safari/537.36"
157.66.54.6 - - [12/May/2025:19:28:07 -0400] "GET //site/wp-includes/wlwmanifest.xml HTTP/1.1" 301 0 "-" "Mozilla/5.0 (Windows NT 10.0; Win64; x64) AppleWebKit/537.36 (KHTML, like Gecko) Chrome/95.0.4638.69 Safari/537.36"
157.66.54.6 - - [12/May/2025:19:28:07 -0400] "GET //cms/wp-includes/wlwmanifest.xml HTTP/1.1" 301 0 "-" "Mozilla/5.0 (Windows NT 10.0; Win64; x64) AppleWebKit/537.36 (KHTML, like Gecko) Chrome/95.0.4638.69 Safari/537.36"
66.220.149.113 - - [12/May/2025:19:32:34 -0400] "GET /robots.txt HTTP/1.1" 200 185 "-" "facebookexternalhit/1.1 (+http://www.facebook.com/externalhit_uatext.php)"
69.63.189.3 - - [12/May/2025:20:04:11 -0400] "GET /robots.txt HTTP/1.1" 200 185 "-" "facebookexternalhit/1.1 (+http://www.facebook.com/externalhit_uatext.php)"
198.187.29.109 - - [12/May/2025:20:33:14 -0400] "POST /wp-cron.php?doing_wp_cron=1747096394.7404620647430419921875 HTTP/1.1" 200 0 "-" "WordPress/6.8.1; https://promo.procarecleaning.com.sg"
66.249.90.32 - - [12/May/2025:20:33:08 -0400] "GET / HTTP/1.1" 200 44428 "-" "Mozilla/5.0 (Linux; Android 6.0.1; Nexus 5X Build/MMB29P) AppleWebKit/537.36 (KHTML, like Gecko) Chrome/136.0.7103.59 Mobile Safari/537.36 (compatible; AdsBot-Google-Mobile; +http://www.google.com/mobile/adsbot.html)"
198.187.29.109 - - [12/May/2025:20:33:15 -0400] "POST /wp-admin/admin-ajax.php?action=async_litespeed&nonce=r4RcMWZYDDexQKtoamVUyb8qkyDIOqJC&litespeed_type=imgoptm HTTP/1.1" 200 0 "-" "WordPress/6.8.1; https://promo.procarecleaning.com.sg"
66.249.90.33 - - [12/May/2025:20:34:50 -0400] "GET / HTTP/1.1" 200 44428 "-" "Mozilla/5.0 (Linux; Android 6.0.1; Nexus 5X Build/MMB29P) AppleWebKit/537.36 (KHTML, like Gecko) Chrome/136.0.7103.59 Mobile Safari/537.36 (compatible; AdsBot-Google-Mobile; +http://www.google.com/mobile/adsbot.html)"
66.249.90.32 - - [12/May/2025:20:34:59 -0400] "GET /wp-content/plugins/ninja-forms/assets/js/min/front-end-deps.js?ver=3.10.1 HTTP/1.1" 200 17562 "https://promo.procarecleaning.com.sg/" "AdsBot-Google (+http://www.google.com/adsbot.html)"
66.249.90.34 - - [12/May/2025:20:35:03 -0400] "GET / HTTP/1.1" 200 44428 "-" "Mozilla/5.0 (Linux; Android 6.0.1; Nexus 5X Build/MMB29P) AppleWebKit/537.36 (KHTML, like Gecko) Chrome/136.0.7103.59 Mobile Safari/537.36 (compatible; AdsBot-Google-Mobile; +http://www.google.com/mobile/adsbot.html)"
66.249.90.32 - - [12/May/2025:20:35:06 -0400] "GET /wp-content/plugins/wp-social-reviews/assets/js/wp-social-review.js?ver=3.17.0 HTTP/1.1" 200 6208 "https://promo.procarecleaning.com.sg/" "AdsBot-Google (+http://www.google.com/adsbot.html)"
66.249.90.33 - - [12/May/2025:20:35:08 -0400] "GET /wp-content/themes/flatsome/inc/extensions/flatsome-lazy-load/flatsome-lazy-load.js?ver=3.18.6 HTTP/1.1" 200 535 "https://promo.procarecleaning.com.sg/" "AdsBot-Google (+http://www.google.com/adsbot.html)"
66.249.90.33 - - [12/May/2025:20:35:10 -0400] "GET /wp-includes/js/underscore.min.js?ver=1.13.7 HTTP/1.1" 200 7185 "https://promo.procarecleaning.com.sg/" "AdsBot-Google (+http://www.google.com/adsbot.html)"
66.249.90.32 - - [12/May/2025:20:35:13 -0400] "GET /wp-content/plugins/ninja-forms/assets/js/min/datepicker.min.js?ver=3.10.1 HTTP/1.1" 200 32181 "https://promo.procarecleaning.com.sg/" "AdsBot-Google (+http://www.google.com/adsbot.html)"
40.77.167.4 - - [12/May/2025:20:35:15 -0400] "GET /wp-content/uploads/2024/10/200Off-33.svg HTTP/1.1" 200 2615 "-" "Mozilla/5.0 AppleWebKit/537.36 (KHTML, like Gecko; compatible; bingbot/2.0; +http://www.bing.com/bingbot.htm) Chrome/116.0.1938.76 Safari/537.36"
66.249.90.32 - - [12/May/2025:20:35:18 -0400] "GET /wp-content/fonts/lato/S6u9w4BMUTPHh6UVSwiPGQ.woff2 HTTP/1.1" 200 23040 "https://promo.procarecleaning.com.sg/" "AdsBot-Google (+http://www.google.com/adsbot.html)"
51.8.102.244 - - [12/May/2025:20:35:20 -0400] "GET / HTTP/1.1" 200 44428 "-" "Mozilla/5.0 (Macintosh; Intel Mac OS X 10_15_7) AppleWebKit/537.36 (KHTML, like Gecko) Chrome/131.0.0.0 Safari/537.36; compatible; OAI-SearchBot/1.0; +https://openai.com/searchbot"
66.249.90.32 - - [12/May/2025:20:35:35 -0400] "GET /wp-content/plugins/wp-social-reviews/assets/js/wp-social-review.js?ver=3.17.0 HTTP/1.1" 200 6208 "https://promo.procarecleaning.com.sg/" "AdsBot-Google (+http://www.google.com/adsbot.html)"
66.249.90.32 - - [12/May/2025:20:35:37 -0400] "GET /wp-content/themes/flatsome/assets/css/icons/fl-icons.ttf?v=3.18.6 HTTP/1.1" 200 12920 "https://promo.procarecleaning.com.sg/" "AdsBot-Google (+http://www.google.com/adsbot.html)"
66.249.90.32 - - [12/May/2025:20:35:42 -0400] "GET /wp-content/plugins/ninja-forms/assets/fonts/fontawesome-webfont.woff2?v=4.5.0 HTTP/1.1" 200 66624 "https://promo.procarecleaning.com.sg/wp-content/plugins/ninja-forms/assets/css/font-awesome.min.css?ver=6.8.1" "AdsBot-Google (+http://www.google.com/adsbot.html)"
122.11.242.116 - - [12/May/2025:20:45:23 -0400] "GET /wp-content/uploads/2024/04/Procare-featuredimage1.jpg HTTP/1.1" 200 30300 "-" "Safari/20621.1.15.11.10 CFNetwork/3826.500.111.1.1 Darwin/24.4.0"
198.187.29.109 - - [12/May/2025:22:03:33 -0400] "POST /wp-cron.php?doing_wp_cron=1747101813.0625479221343994140625 HTTP/1.1" 200 0 "-" "WordPress/6.8.1; https://promo.procarecleaning.com.sg"
66.249.90.32 - - [12/May/2025:22:03:27 -0400] "GET /?saf_src=google_&saf_pt=&saf_kw=&saf_dv=&saf_cam=21233692978&saf_grp=161413960053&saf_ad=0&account_id=5575892872&saf_acc=5575892872&saf_cam_tp=search HTTP/1.1" 301 0 "-" "AdsBot-Google (+http://www.google.com/adsbot.html)"
198.187.29.109 - - [12/May/2025:22:03:33 -0400] "POST /wp-admin/admin-ajax.php?action=async_litespeed&nonce=P3KlTlfB9jg7d50d6osvGjs2pkQL989a&litespeed_type=imgoptm HTTP/1.1" 200 0 "-" "WordPress/6.8.1; https://promo.procarecleaning.com.sg"
198.187.29.109 - - [12/May/2025:22:04:23 -0400] "POST /wp-cron.php?doing_wp_cron=1747101863.1750268936157226562500 HTTP/1.1" 200 0 "-" "WordPress/6.8.1; https://promo.procarecleaning.com.sg"
66.249.90.34 - - [12/May/2025:22:04:22 -0400] "GET /?saf_src=google_&saf_pt&saf_kw&saf_dv&saf_cam=21233692978&saf_grp=161413960053&saf_ad=0&account_id=5575892872&saf_acc=5575892872&saf_cam_tp=search HTTP/1.1" 200 44374 "-" "AdsBot-Google (+http://www.google.com/adsbot.html)"
198.187.29.109 - - [12/May/2025:22:04:23 -0400] "POST /wp-admin/admin-ajax.php?action=async_litespeed&nonce=B3BZSObVNPknXJchur5qkt7qfnaTOIHZ&litespeed_type=imgoptm HTTP/1.1" 200 0 "-" "WordPress/6.8.1; https://promo.procarecleaning.com.sg"
66.249.90.32 - - [12/May/2025:22:04:41 -0400] "GET /wp-includes/css/dashicons.min.css?ver=6.8.1 HTTP/1.1" 200 35110 "https://promo.procarecleaning.com.sg/?saf_src=google_&saf_pt&saf_kw&saf_dv&saf_cam=21233692978&saf_grp=161413960053&saf_ad=0&account_id=5575892872&saf_acc=5575892872&saf_cam_tp=search" "AdsBot-Google (+http://www.google.com/adsbot.html)"
66.249.90.33 - - [12/May/2025:22:04:43 -0400] "GET /wp-content/themes/flatsome/inc/integrations/ninjaforms/ninjaforms.css?ver=6.8.1 HTTP/1.1" 200 294 "https://promo.procarecleaning.com.sg/?saf_src=google_&saf_pt&saf_kw&saf_dv&saf_cam=21233692978&saf_grp=161413960053&saf_ad=0&account_id=5575892872&saf_acc=5575892872&saf_cam_tp=search" "AdsBot-Google (+http://www.google.com/adsbot.html)"
66.249.90.33 - - [12/May/2025:22:04:45 -0400] "GET /wp-content/themes/flatsome/assets/js/flatsome.js?ver=a0a7aee297766598a20e HTTP/1.1" 200 16076 "https://promo.procarecleaning.com.sg/?saf_src=google_&saf_pt&saf_kw&saf_dv&saf_cam=21233692978&saf_grp=161413960053&saf_ad=0&account_id=5575892872&saf_acc=5575892872&saf_cam_tp=search" "AdsBot-Google (+http://www.google.com/adsbot.html)"
66.249.90.32 - - [12/May/2025:22:04:46 -0400] "GET /wp-content/themes/flatsome/assets/css/flatsome.css?ver=3.18.6 HTTP/1.1" 200 28781 "https://promo.procarecleaning.com.sg/?saf_src=google_&saf_pt&saf_kw&saf_dv&saf_cam=21233692978&saf_grp=161413960053&saf_ad=0&account_id=5575892872&saf_acc=5575892872&saf_cam_tp=search" "AdsBot-Google (+http://www.google.com/adsbot.html)"
66.249.90.32 - - [12/May/2025:22:04:50 -0400] "GET /wp-content/themes/flatsome/style.css?ver=3.18.6 HTTP/1.1" 200 270 "https://promo.procarecleaning.com.sg/?saf_src=google_&saf_pt&saf_kw&saf_dv&saf_cam=21233692978&saf_grp=161413960053&saf_ad=0&account_id=5575892872&saf_acc=5575892872&saf_cam_tp=search" "AdsBot-Google (+http://www.google.com/adsbot.html)"
66.249.90.32 - - [12/May/2025:22:04:50 -0400] "GET /wp-content/themes/flatsome/assets/js/chunk.slider.js?ver=3.18.6 HTTP/1.1" 200 12985 "https://promo.procarecleaning.com.sg/?saf_src=google_&saf_pt&saf_kw&saf_dv&saf_cam=21233692978&saf_grp=161413960053&saf_ad=0&account_id=5575892872&saf_acc=5575892872&saf_cam_tp=search" "AdsBot-Google (+http://www.google.com/adsbot.html)"
66.249.90.32 - - [12/May/2025:22:04:53 -0400] "GET /wp-includes/js/jquery/jquery.min.js?ver=3.7.1 HTTP/1.1" 200 29744 "https://promo.procarecleaning.com.sg/?saf_src=google_&saf_pt&saf_kw&saf_dv&saf_cam=21233692978&saf_grp=161413960053&saf_ad=0&account_id=5575892872&saf_acc=5575892872&saf_cam_tp=search" "AdsBot-Google (+http://www.google.com/adsbot.html)"
66.249.90.32 - - [12/May/2025:22:04:54 -0400] "GET /wp-content/plugins/ninja-forms/assets/css/display-opinions-light.css?ver=6.8.1 HTTP/1.1" 200 6587 "https://promo.procarecleaning.com.sg/?saf_src=google_&saf_pt&saf_kw&saf_dv&saf_cam=21233692978&saf_grp=161413960053&saf_ad=0&account_id=5575892872&saf_acc=5575892872&saf_cam_tp=search" "AdsBot-Google (+http://www.google.com/adsbot.html)"
66.249.90.32 - - [12/May/2025:22:04:56 -0400] "GET /wp-includes/js/jquery/jquery-migrate.min.js?ver=3.4.1 HTTP/1.1" 200 4678 "https://promo.procarecleaning.com.sg/?saf_src=google_&saf_pt&saf_kw&saf_dv&saf_cam=21233692978&saf_grp=161413960053&saf_ad=0&account_id=5575892872&saf_acc=5575892872&saf_cam_tp=search" "AdsBot-Google (+http://www.google.com/adsbot.html)"
66.249.90.32 - - [12/May/2025:22:04:57 -0400] "GET /wp-content/plugins/ninja-forms/assets/css/font-awesome.min.css?ver=6.8.1 HTTP/1.1" 200 5878 "https://promo.procarecleaning.com.sg/?saf_src=google_&saf_pt&saf_kw&saf_dv&saf_cam=21233692978&saf_grp=161413960053&saf_ad=0&account_id=5575892872&saf_acc=5575892872&saf_cam_tp=search" "AdsBot-Google (+http://www.google.com/adsbot.html)"
66.249.90.32 - - [12/May/2025:22:04:58 -0400] "GET /wp-content/plugins/ninja-forms/assets/css/flatpickr.css?ver=6.8.1 HTTP/1.1" 200 2810 "https://promo.procarecleaning.com.sg/?saf_src=google_&saf_pt&saf_kw&saf_dv&saf_cam=21233692978&saf_grp=161413960053&saf_ad=0&account_id=5575892872&saf_acc=5575892872&saf_cam_tp=search" "AdsBot-Google (+http://www.google.com/adsbot.html)"
66.249.90.32 - - [12/May/2025:22:04:59 -0400] "GET /wp-content/themes/flatsome/assets/js/chunk.tooltips.js?ver=3.18.6 HTTP/1.1" 200 9748 "https://promo.procarecleaning.com.sg/?saf_src=google_&saf_pt&saf_kw&saf_dv&saf_cam=21233692978&saf_grp=161413960053&saf_ad=0&account_id=5575892872&saf_acc=5575892872&saf_cam_tp=search" "AdsBot-Google (+http://www.google.com/adsbot.html)"
66.249.90.34 - - [12/May/2025:22:05:00 -0400] "GET /wp-content/plugins/chaty/js/cht-front-script.min.js?ver=3.4.11713514285 HTTP/1.1" 200 22150 "https://promo.procarecleaning.com.sg/?saf_src=google_&saf_pt&saf_kw&saf_dv&saf_cam=21233692978&saf_grp=161413960053&saf_ad=0&account_id=5575892872&saf_acc=5575892872&saf_cam_tp=search" "AdsBot-Google (+http://www.google.com/adsbot.html)"
66.249.90.33 - - [12/May/2025:22:05:03 -0400] "GET /wp-content/plugins/ninja-forms/assets/js/min/front-end-deps.js?ver=3.10.1 HTTP/1.1" 200 17562 "https://promo.procarecleaning.com.sg/?saf_src=google_&saf_pt&saf_kw&saf_dv&saf_cam=21233692978&saf_grp=161413960053&saf_ad=0&account_id=5575892872&saf_acc=5575892872&saf_cam_tp=search" "AdsBot-Google (+http://www.google.com/adsbot.html)"
66.249.90.32 - - [12/May/2025:22:05:06 -0400] "GET /wp-content/plugins/ninja-forms/assets/js/min/datepicker.min.js?ver=3.10.1 HTTP/1.1" 200 32181 "https://promo.procarecleaning.com.sg/?saf_src=google_&saf_pt&saf_kw&saf_dv&saf_cam=21233692978&saf_grp=161413960053&saf_ad=0&account_id=5575892872&saf_acc=5575892872&saf_cam_tp=search" "AdsBot-Google (+http://www.google.com/adsbot.html)"
66.249.90.32 - - [12/May/2025:22:05:11 -0400] "GET /wp-content/themes/flatsome/assets/js/chunk.popups.js?ver=3.18.6 HTTP/1.1" 200 6941 "https://promo.procarecleaning.com.sg/?saf_src=google_&saf_pt&saf_kw&saf_dv&saf_cam=21233692978&saf_grp=161413960053&saf_ad=0&account_id=5575892872&saf_acc=5575892872&saf_cam_tp=search" "AdsBot-Google (+http://www.google.com/adsbot.html)"
66.249.90.32 - - [12/May/2025:22:05:13 -0400] "GET /wp-content/plugins/ninja-forms/assets/js/min/front-end.js?ver=3.10.1 HTTP/1.1" 200 22622 "https://promo.procarecleaning.com.sg/?saf_src=google_&saf_pt&saf_kw&saf_dv&saf_cam=21233692978&saf_grp=161413960053&saf_ad=0&account_id=5575892872&saf_acc=5575892872&saf_cam_tp=search" "AdsBot-Google (+http://www.google.com/adsbot.html)"
66.249.90.32 - - [12/May/2025:22:05:13 -0400] "GET /wp-content/plugins/wp-social-reviews/assets/js/wp-social-review.js?ver=3.17.0 HTTP/1.1" 200 6208 "https://promo.procarecleaning.com.sg/?saf_src=google_&saf_pt&saf_kw&saf_dv&saf_cam=21233692978&saf_grp=161413960053&saf_ad=0&account_id=5575892872&saf_acc=5575892872&saf_cam_tp=search" "AdsBot-Google (+http://www.google.com/adsbot.html)"
66.249.90.32 - - [12/May/2025:22:05:16 -0400] "GET /wp-includes/js/underscore.min.js?ver=1.13.7 HTTP/1.1" 200 7185 "https://promo.procarecleaning.com.sg/?saf_src=google_&saf_pt&saf_kw&saf_dv&saf_cam=21233692978&saf_grp=161413960053&saf_ad=0&account_id=5575892872&saf_acc=5575892872&saf_cam_tp=search" "AdsBot-Google (+http://www.google.com/adsbot.html)"
66.249.90.32 - - [12/May/2025:22:05:17 -0400] "GET /wp-includes/js/hoverIntent.min.js?ver=1.10.2 HTTP/1.1" 200 668 "https://promo.procarecleaning.com.sg/?saf_src=google_&saf_pt&saf_kw&saf_dv&saf_cam=21233692978&saf_grp=161413960053&saf_ad=0&account_id=5575892872&saf_acc=5575892872&saf_cam_tp=search" "AdsBot-Google (+http://www.google.com/adsbot.html)"
66.249.90.32 - - [12/May/2025:22:05:19 -0400] "GET /wp-content/themes/flatsome/inc/extensions/flatsome-lazy-load/flatsome-lazy-load.js?ver=3.18.6 HTTP/1.1" 200 535 "https://promo.procarecleaning.com.sg/?saf_src=google_&saf_pt&saf_kw&saf_dv&saf_cam=21233692978&saf_grp=161413960053&saf_ad=0&account_id=5575892872&saf_acc=5575892872&saf_cam_tp=search" "AdsBot-Google (+http://www.google.com/adsbot.html)"
66.249.90.32 - - [12/May/2025:22:05:19 -0400] "GET /wp-includes/js/backbone.min.js?ver=1.6.0 HTTP/1.1" 200 7832 "https://promo.procarecleaning.com.sg/?saf_src=google_&saf_pt&saf_kw&saf_dv&saf_cam=21233692978&saf_grp=161413960053&saf_ad=0&account_id=5575892872&saf_acc=5575892872&saf_cam_tp=search" "AdsBot-Google (+http://www.google.com/adsbot.html)"
66.249.90.32 - - [12/May/2025:22:05:21 -0400] "GET /wp-content/plugins/wp-social-reviews/assets/css/wp_social_ninja_reviews.css?ver=3.17.0 HTTP/1.1" 200 10185 "https://promo.procarecleaning.com.sg/?saf_src=google_&saf_pt&saf_kw&saf_dv&saf_cam=21233692978&saf_grp=161413960053&saf_ad=0&account_id=5575892872&saf_acc=5575892872&saf_cam_tp=search" "AdsBot-Google (+http://www.google.com/adsbot.html)"
51.8.102.142 - - [12/May/2025:22:39:39 -0400] "GET /wp-content/plugins/chaty/js/cht-front-script.min.js?ver=3.4.11713514285 HTTP/1.1" 200 22150 "-" "Mozilla/5.0 (Macintosh; Intel Mac OS X 10_15_7) AppleWebKit/537.36 (KHTML, like Gecko) Chrome/131.0.0.0 Safari/537.36; compatible; OAI-SearchBot/1.0; +https://openai.com/searchbot"
51.8.102.237 - - [12/May/2025:22:39:45 -0400] "GET /wp-content/plugins/ninja-forms/assets/js/min/datepicker.min.js?ver=3.10.1 HTTP/1.1" 200 32181 "-" "Mozilla/5.0 (Macintosh; Intel Mac OS X 10_15_7) AppleWebKit/537.36 (KHTML, like Gecko) Chrome/131.0.0.0 Safari/537.36; compatible; OAI-SearchBot/1.0; +https://openai.com/searchbot"
51.8.102.139 - - [12/May/2025:22:39:50 -0400] "GET /wp-content/plugins/ninja-forms/assets/js/min/front-end-deps.js?ver=3.10.1 HTTP/1.1" 200 17562 "-" "Mozilla/5.0 (Macintosh; Intel Mac OS X 10_15_7) AppleWebKit/537.36 (KHTML, like Gecko) Chrome/131.0.0.0 Safari/537.36; compatible; OAI-SearchBot/1.0; +https://openai.com/searchbot"
51.8.102.26 - - [12/May/2025:22:39:56 -0400] "GET /wp-content/plugins/ninja-forms/assets/js/min/front-end.js?ver=3.10.1 HTTP/1.1" 200 22622 "-" "Mozilla/5.0 (Macintosh; Intel Mac OS X 10_15_7) AppleWebKit/537.36 (KHTML, like Gecko) Chrome/131.0.0.0 Safari/537.36; compatible; OAI-SearchBot/1.0; +https://openai.com/searchbot"
51.8.102.132 - - [12/May/2025:22:39:59 -0400] "GET /wp-content/plugins/wp-social-reviews/assets/js/wp-social-review.js?ver=3.17.0 HTTP/1.1" 200 6208 "-" "Mozilla/5.0 (Macintosh; Intel Mac OS X 10_15_7) AppleWebKit/537.36 (KHTML, like Gecko) Chrome/131.0.0.0 Safari/537.36; compatible; OAI-SearchBot/1.0; +https://openai.com/searchbot"
51.8.102.22 - - [12/May/2025:22:40:00 -0400] "GET /wp-content/plugins/chaty/css/chaty-front.min.css?ver=3.4.11713514285 HTTP/1.1" 200 6388 "-" "Mozilla/5.0 (Macintosh; Intel Mac OS X 10_15_7) AppleWebKit/537.36 (KHTML, like Gecko) Chrome/131.0.0.0 Safari/537.36; compatible; OAI-SearchBot/1.0; +https://openai.com/searchbot"
51.8.102.59 - - [12/May/2025:22:40:03 -0400] "GET /wp-content/plugins/ninja-forms/assets/css/display-opinions-light.css?ver=6.8.1 HTTP/1.1" 200 6587 "-" "Mozilla/5.0 (Macintosh; Intel Mac OS X 10_15_7) AppleWebKit/537.36 (KHTML, like Gecko) Chrome/131.0.0.0 Safari/537.36; compatible; OAI-SearchBot/1.0; +https://openai.com/searchbot"
51.8.102.46 - - [12/May/2025:22:40:06 -0400] "GET /wp-content/plugins/ninja-forms/assets/css/flatpickr.css?ver=6.8.1 HTTP/1.1" 200 2810 "-" "Mozilla/5.0 (Macintosh; Intel Mac OS X 10_15_7) AppleWebKit/537.36 (KHTML, like Gecko) Chrome/131.0.0.0 Safari/537.36; compatible; OAI-SearchBot/1.0; +https://openai.com/searchbot"
51.8.102.117 - - [12/May/2025:22:40:10 -0400] "GET /wp-content/plugins/ninja-forms/assets/css/font-awesome.min.css?ver=6.8.1 HTTP/1.1" 200 5878 "-" "Mozilla/5.0 (Macintosh; Intel Mac OS X 10_15_7) AppleWebKit/537.36 (KHTML, like Gecko) Chrome/131.0.0.0 Safari/537.36; compatible; OAI-SearchBot/1.0; +https://openai.com/searchbot"
51.8.102.171 - - [12/May/2025:22:40:15 -0400] "GET /wp-content/plugins/wp-social-reviews/assets/css/wp_social_ninja_reviews.css?ver=3.17.0 HTTP/1.1" 200 10185 "-" "Mozilla/5.0 (Macintosh; Intel Mac OS X 10_15_7) AppleWebKit/537.36 (KHTML, like Gecko) Chrome/131.0.0.0 Safari/537.36; compatible; OAI-SearchBot/1.0; +https://openai.com/searchbot"
51.8.102.81 - - [12/May/2025:22:40:19 -0400] "GET /wp-content/themes/flatsome/inc/integrations/ninjaforms/ninjaforms.css?ver=6.8.1 HTTP/1.1" 200 294 "-" "Mozilla/5.0 (Macintosh; Intel Mac OS X 10_15_7) AppleWebKit/537.36 (KHTML, like Gecko) Chrome/131.0.0.0 Safari/537.36; compatible; OAI-SearchBot/1.0; +https://openai.com/searchbot"
51.8.102.239 - - [12/May/2025:22:40:24 -0400] "GET /wp-includes/css/dashicons.min.css?ver=6.8.1 HTTP/1.1" 200 35110 "-" "Mozilla/5.0 (Macintosh; Intel Mac OS X 10_15_7) AppleWebKit/537.36 (KHTML, like Gecko) Chrome/131.0.0.0 Safari/537.36; compatible; OAI-SearchBot/1.0; +https://openai.com/searchbot"
198.187.29.109 - - [12/May/2025:23:15:35 -0400] "POST /wp-cron.php?doing_wp_cron=1747106135.3886070251464843750000 HTTP/1.1" 200 0 "-" "WordPress/6.8.1; https://promo.procarecleaning.com.sg"
154.6.59.48 - - [12/May/2025:23:15:29 -0400] "GET /post-renovation/ HTTP/1.1" 200 26499 "-" "Mozilla/5.0 (Windows NT 10.0; Win64; x64) AppleWebKit/537.36 (KHTML, like Gecko) Chrome/130.0.0.0 Safari/537.36"
198.187.29.109 - - [12/May/2025:23:15:36 -0400] "POST /wp-admin/admin-ajax.php?action=async_litespeed&nonce=NOjZiwZ2Jg1g0l3BCG958bCzcZQGdnta&litespeed_type=imgoptm HTTP/1.1" 200 0 "-" "WordPress/6.8.1; https://promo.procarecleaning.com.sg"
52.167.144.138 - - [13/May/2025:00:12:58 -0400] "GET / HTTP/1.1" 200 44428 "-" "Mozilla/5.0 AppleWebKit/537.36 (KHTML, like Gecko; compatible; bingbot/2.0; +http://www.bing.com/bingbot.htm) Chrome/116.0.1938.76 Safari/537.36"
205.210.31.55 - - [13/May/2025:00:26:05 -0400] "GET / HTTP/1.1" 200 260855 "-" "Expanse, a Palo Alto Networks company, searches across the global IPv4 space multiple times per day to identify customers' presences on the Internet. If you would like to be excluded from our scans, please send IP addresses/domains to: scaninfo@paloaltonetworks.com"
43.134.165.87 - - [13/May/2025:00:43:55 -0400] "GET / HTTP/1.1" 200 44428 "-" "Mozilla/5.0 (Macintosh; Intel Mac OS X 10_15_7) AppleWebKit/537.36 (KHTML, like Gecko) Chrome/120.0.0.0 Safari/537.36"
195.191.219.151 - - [13/May/2025:00:46:54 -0400] "GET /robots.txt HTTP/1.1" 200 119 "-" "Mozilla/5.0 (compatible; MJ12bot/v2.0.1; http://mj12bot.com/)"
195.191.219.151 - - [13/May/2025:00:46:55 -0400] "GET / HTTP/1.1" 200 44428 "-" "Mozilla/5.0 (compatible; MJ12bot/v2.0.1; http://mj12bot.com/)"
52.167.144.191 - - [13/May/2025:00:54:43 -0400] "GET /wp-content/uploads/2024/04/Beige-Before-After-Hair-Salon-And-Makeup-Instagram-Post-3-768x768.jpg HTTP/1.1" 200 55536 "-" "Mozilla/5.0 AppleWebKit/537.36 (KHTML, like Gecko; compatible; bingbot/2.0; +http://www.bing.com/bingbot.htm) Chrome/116.0.1938.76 Safari/537.36"
43.159.128.247 - - [13/May/2025:01:24:50 -0400] "GET / HTTP/1.1" 200 54495 "http://promo.procarecleaning.com.sg" "Mozilla/5.0 (iPhone; CPU iPhone OS 13_2_3 like Mac OS X) AppleWebKit/605.1.15 (KHTML, like Gecko) Version/13.0.3 Mobile/15E148 Safari/604.1"
198.187.29.109 - - [13/May/2025:02:57:24 -0400] "POST /wp-cron.php?doing_wp_cron=1747119444.4158389568328857421875 HTTP/1.1" 200 0 "-" "WordPress/6.8.1; https://promo.procarecleaning.com.sg"
170.39.218.59 - - [13/May/2025:02:57:18 -0400] "GET / HTTP/1.1" 301 0 "-" "Mozilla/5.0 (Windows NT 10.0; Win64; x64) AppleWebKit/537.36 Chrome/121.0.0.0"
170.39.218.59 - - [13/May/2025:02:57:26 -0400] "GET / HTTP/1.1" 200 54495 "-" "Mozilla/5.0 (Windows NT 10.0; Win64; x64) AppleWebKit/537.36 Chrome/121.0.0.0"
198.187.29.109 - - [13/May/2025:02:57:25 -0400] "POST /wp-admin/admin-ajax.php?action=async_litespeed&nonce=PfQxNSoXkFzggJvxlTUuBFmEyvNjveaP&litespeed_type=imgoptm HTTP/1.1" 200 0 "-" "WordPress/6.8.1; https://promo.procarecleaning.com.sg"
52.167.144.186 - - [13/May/2025:03:19:00 -0400] "GET /wp-content/uploads/2024/04/23-06-10-15-33-35-202_deco-768x576.jpg HTTP/1.1" 200 60734 "-" "Mozilla/5.0 AppleWebKit/537.36 (KHTML, like Gecko; compatible; bingbot/2.0; +http://www.bing.com/bingbot.htm) Chrome/116.0.1938.76 Safari/537.36"
198.187.29.109 - - [13/May/2025:03:27:56 -0400] "GET / HTTP/1.1" 200 260855 "-" "Mozilla/5.0 (Windows NT 10.0; Win64; x64; rv:122.0) Gecko/20100101 Firefox/122.0"
69.171.231.7 - - [13/May/2025:04:05:14 -0400] "GET /robots.txt HTTP/1.1" 200 185 "-" "facebookexternalhit/1.1 (+http://www.facebook.com/externalhit_uatext.php)"
51.222.253.17 - - [13/May/2025:05:30:19 -0400] "GET /robots.txt HTTP/1.1" 200 119 "-" "Mozilla/5.0 (compatible; AhrefsBot/7.0; +http://ahrefs.com/robot/)"
198.187.29.109 - - [13/May/2025:05:30:40 -0400] "POST /wp-cron.php?doing_wp_cron=1747128636.6714711189270019531250 HTTP/1.1" 200 0 "-" "WordPress/6.8.1; https://promo.procarecleaning.com.sg"
54.36.148.214 - - [13/May/2025:05:30:21 -0400] "GET /floor-polishing/ HTTP/1.1" 200 22428 "-" "Mozilla/5.0 (compatible; AhrefsBot/7.0; +http://ahrefs.com/robot/)"
170.39.218.60 - - [13/May/2025:06:19:24 -0400] "GET / HTTP/1.1" 200 54495 "-" "Mozilla/5.0 (Windows NT 10.0; Win64; x64) AppleWebKit/537.36 Chrome/121.0.0.0"
196.251.86.86 - - [13/May/2025:06:43:40 -0400] "GET / HTTP/1.1" 200 260855 "-" "-"
196.251.86.86 - - [13/May/2025:06:43:42 -0400] "GET /wordpress HTTP/1.1" 200 0 "-" "-"
198.187.29.109 - - [13/May/2025:06:43:51 -0400] "POST /wp-cron.php?doing_wp_cron=1747133030.9745950698852539062500 HTTP/1.1" 200 0 "-" "WordPress/6.8.1; https://promo.procarecleaning.com.sg"
198.187.29.109 - - [13/May/2025:06:43:51 -0400] "POST /wp-cron.php?doing_wp_cron=1747133030.9703180789947509765625 HTTP/1.1" 200 0 "-" "WordPress/6.8.1; https://promo.procarecleaning.com.sg"
196.251.86.86 - - [13/May/2025:06:43:48 -0400] "GET /wordpress HTTP/1.1" 200 0 "-" "-"
198.187.29.109 - - [13/May/2025:06:43:53 -0400] "POST /wp-admin/admin-ajax.php?action=async_litespeed&nonce=zGVmJPN5IxF4oVoPiRGeyRnjY2ukvWJ4&litespeed_type=imgoptm HTTP/1.1" 200 0 "-" "WordPress/6.8.1; https://promo.procarecleaning.com.sg"
196.251.86.86 - - [13/May/2025:06:43:54 -0400] "GET /wordpress HTTP/1.1" 404 54818 "-" "-"
196.251.86.86 - - [13/May/2025:06:43:56 -0400] "GET /wp-admin/setup-config.php HTTP/1.1" 409 2665 "-" "-"
198.187.29.109 - - [13/May/2025:06:44:00 -0400] "POST /wp-cron.php?doing_wp_cron=1747133040.0125710964202880859375 HTTP/1.1" 200 0 "-" "WordPress/6.8.1; https://promo.procarecleaning.com.sg"
196.251.86.86 - - [13/May/2025:06:43:58 -0400] "GET /wp-admin/install.php HTTP/1.1" 200 1363 "-" "-"
196.251.86.86 - - [13/May/2025:06:44:01 -0400] "GET /wp HTTP/1.1" 404 54820 "-" "-"
196.251.86.86 - - [13/May/2025:06:44:04 -0400] "GET /blog HTTP/1.1" 404 54807 "-" "-"
196.251.86.86 - - [13/May/2025:06:44:09 -0400] "GET /new HTTP/1.1" 404 54816 "-" "-"
198.187.29.109 - - [13/May/2025:06:44:16 -0400] "POST /wp-cron.php?doing_wp_cron=1747133055.4293239116668701171875 HTTP/1.1" 200 0 "-" "WordPress/6.8.1; https://promo.procarecleaning.com.sg"
196.251.86.86 - - [13/May/2025:06:44:14 -0400] "GET /old HTTP/1.1" 404 54816 "-" "-"
198.187.29.109 - - [13/May/2025:06:44:18 -0400] "POST /wp-admin/admin-ajax.php?action=async_litespeed&nonce=Vxsoe1cK4ybz9i8xNg1uwyYvZBhjcCF5&litespeed_type=imgoptm HTTP/1.1" 200 0 "-" "WordPress/6.8.1; https://promo.procarecleaning.com.sg"
196.251.86.86 - - [13/May/2025:06:44:20 -0400] "GET /old HTTP/1.1" 404 54816 "-" "-"
196.251.86.86 - - [13/May/2025:06:44:21 -0400] "GET /newsite HTTP/1.1" 404 54815 "-" "-"
196.251.86.86 - - [13/May/2025:06:44:25 -0400] "GET /test HTTP/1.1" 404 54814 "-" "-"
196.251.86.86 - - [13/May/2025:06:44:28 -0400] "GET /main HTTP/1.1" 404 54806 "-" "-"
196.251.86.86 - - [13/May/2025:06:44:30 -0400] "GET /testing HTTP/1.1" 404 54817 "-" "-"
196.251.86.86 - - [13/May/2025:06:44:32 -0400] "GET /site HTTP/1.1" 404 54813 "-" "-"
196.251.86.86 - - [13/May/2025:06:44:34 -0400] "GET /backup HTTP/1.1" 404 54815 "-" "-"
196.251.86.86 - - [13/May/2025:06:44:35 -0400] "GET /demo HTTP/1.1" 404 54816 "-" "-"
196.251.86.86 - - [13/May/2025:06:44:37 -0400] "GET /home HTTP/1.1" 404 54815 "-" "-"
196.251.86.86 - - [13/May/2025:06:44:39 -0400] "GET /tmp HTTP/1.1" 404 54815 "-" "-"
196.251.86.86 - - [13/May/2025:06:44:44 -0400] "GET /dev HTTP/1.1" 404 54819 "-" "-"
198.187.29.109 - - [13/May/2025:06:44:46 -0400] "POST /wp-cron.php?doing_wp_cron=1747133086.6713070869445800781250 HTTP/1.1" 200 0 "-" "WordPress/6.8.1; https://promo.procarecleaning.com.sg"
196.251.86.86 - - [13/May/2025:06:44:45 -0400] "GET /cms HTTP/1.1" 404 54816 "-" "-"
198.187.29.109 - - [13/May/2025:06:44:52 -0400] "POST /wp-cron.php?doing_wp_cron=1747133092.1625549793243408203125 HTTP/1.1" 200 0 "-" "WordPress/6.8.1; https://promo.procarecleaning.com.sg"
196.251.86.86 - - [13/May/2025:06:44:51 -0400] "GET /portal HTTP/1.1" 404 54813 "-" "-"
196.251.86.86 - - [13/May/2025:06:44:53 -0400] "GET /web HTTP/1.1" 404 54818 "-" "-"
202.79.184.221 - - [13/May/2025:07:00:43 -0400] "GET / HTTP/1.1" 200 44428 "-" "Mozilla/5.0 (Windows NT 10.0; Win64; x64) AppleWebKit/537.36 (KHTML, like Gecko) Chrome/129.0.0.0 Safari/537.36"
40.77.167.33 - - [13/May/2025:07:35:58 -0400] "GET /wp-content/uploads/2024/04/23-07-24-03-04-23-441_deco-768x768.jpg HTTP/1.1" 200 69650 "-" "Mozilla/5.0 AppleWebKit/537.36 (KHTML, like Gecko; compatible; bingbot/2.0; +http://www.bing.com/bingbot.htm) Chrome/116.0.1938.76 Safari/537.36"
43.135.134.127 - - [13/May/2025:08:39:15 -0400] "GET / HTTP/1.1" 200 54495 "http://promo.procarecleaning.com.sg" "Mozilla/5.0 (iPhone; CPU iPhone OS 13_2_3 like Mac OS X) AppleWebKit/605.1.15 (KHTML, like Gecko) Version/13.0.3 Mobile/15E148 Safari/604.1"
52.167.144.54 - - [13/May/2025:09:00:25 -0400] "GET /robots.txt HTTP/1.1" 200 119 "-" "Mozilla/5.0 AppleWebKit/537.36 (KHTML, like Gecko; compatible; bingbot/2.0; +http://www.bing.com/bingbot.htm) Chrome/116.0.1938.76 Safari/537.36"
198.187.29.109 - - [13/May/2025:09:00:41 -0400] "POST /wp-cron.php?doing_wp_cron=1747141239.9795739650726318359375 HTTP/1.1" 200 0 "-" "WordPress/6.8.1; https://promo.procarecleaning.com.sg"
207.46.13.116 - - [13/May/2025:09:00:33 -0400] "GET /?s= HTTP/1.1" 200 17257 "-" "Mozilla/5.0 AppleWebKit/537.36 (KHTML, like Gecko; compatible; bingbot/2.0; +http://www.bing.com/bingbot.htm) Chrome/116.0.1938.76 Safari/537.36"
198.187.29.109 - - [13/May/2025:09:00:42 -0400] "POST /wp-admin/admin-ajax.php?action=async_litespeed&nonce=oKWopePJM10HvupHWUjlgtfvGg5hj5XR&litespeed_type=imgoptm HTTP/1.1" 200 0 "-" "WordPress/6.8.1; https://promo.procarecleaning.com.sg"
187.173.216.74 - - [13/May/2025:10:01:04 -0400] "GET / HTTP/1.1" 200 44428 "-" "Mozilla/5.0 (Macintosh; Intel Mac OS X 10_15_7) AppleWebKit/537.36 (KHTML, like Gecko) Chrome/136.0.0.0 Safari/537.36"
187.173.216.74 - - [13/May/2025:10:01:04 -0400] "GET /wp-content/themes/flatsome/inc/integrations/ninjaforms/ninjaforms.css?ver=6.8.1 HTTP/1.1" 200 294 "https://promo.procarecleaning.com.sg/" "Mozilla/5.0 (Macintosh; Intel Mac OS X 10_15_7) AppleWebKit/537.36 (KHTML, like Gecko) Chrome/136.0.0.0 Safari/537.36"
187.173.216.74 - - [13/May/2025:10:01:04 -0400] "GET /wp-content/plugins/chaty/css/chaty-front.min.css?ver=3.4.11713514285 HTTP/1.1" 200 6388 "https://promo.procarecleaning.com.sg/" "Mozilla/5.0 (Macintosh; Intel Mac OS X 10_15_7) AppleWebKit/537.36 (KHTML, like Gecko) Chrome/136.0.0.0 Safari/537.36"
187.173.216.74 - - [13/May/2025:10:01:04 -0400] "GET /wp-content/themes/flatsome/assets/css/flatsome.css?ver=3.18.6 HTTP/1.1" 200 28781 "https://promo.procarecleaning.com.sg/" "Mozilla/5.0 (Macintosh; Intel Mac OS X 10_15_7) AppleWebKit/537.36 (KHTML, like Gecko) Chrome/136.0.0.0 Safari/537.36"
187.173.216.74 - - [13/May/2025:10:01:04 -0400] "GET /wp-includes/js/jquery/jquery.min.js?ver=3.7.1 HTTP/1.1" 200 29744 "https://promo.procarecleaning.com.sg/" "Mozilla/5.0 (Macintosh; Intel Mac OS X 10_15_7) AppleWebKit/537.36 (KHTML, like Gecko) Chrome/136.0.0.0 Safari/537.36"
187.173.216.74 - - [13/May/2025:10:01:05 -0400] "GET /wp-content/themes/flatsome/style.css?ver=3.18.6 HTTP/1.1" 304 0 "https://promo.procarecleaning.com.sg/" "Mozilla/5.0 (Macintosh; Intel Mac OS X 10_15_7) AppleWebKit/537.36 (KHTML, like Gecko) Chrome/136.0.0.0 Safari/537.36"
187.173.216.74 - - [13/May/2025:10:01:05 -0400] "GET /wp-includes/js/jquery/jquery-migrate.min.js?ver=3.4.1 HTTP/1.1" 200 4678 "https://promo.procarecleaning.com.sg/" "Mozilla/5.0 (Macintosh; Intel Mac OS X 10_15_7) AppleWebKit/537.36 (KHTML, like Gecko) Chrome/136.0.0.0 Safari/537.36"
187.173.216.74 - - [13/May/2025:10:01:05 -0400] "GET /wp-content/plugins/ninja-forms/assets/css/display-opinions-light.css?ver=6.8.1 HTTP/1.1" 200 6587 "https://promo.procarecleaning.com.sg/" "Mozilla/5.0 (Macintosh; Intel Mac OS X 10_15_7) AppleWebKit/537.36 (KHTML, like Gecko) Chrome/136.0.0.0 Safari/537.36"
187.173.216.74 - - [13/May/2025:10:01:05 -0400] "GET /wp-includes/css/dashicons.min.css?ver=6.8.1 HTTP/1.1" 200 35110 "https://promo.procarecleaning.com.sg/" "Mozilla/5.0 (Macintosh; Intel Mac OS X 10_15_7) AppleWebKit/537.36 (KHTML, like Gecko) Chrome/136.0.0.0 Safari/537.36"
187.173.216.74 - - [13/May/2025:10:01:05 -0400] "GET /wp-content/uploads/2024/04/finest-services-c-800_Edit.png HTTP/1.1" 200 223306 "https://promo.procarecleaning.com.sg/" "Mozilla/5.0 (Macintosh; Intel Mac OS X 10_15_7) AppleWebKit/537.36 (KHTML, like Gecko) Chrome/136.0.0.0 Safari/537.36"
187.173.216.74 - - [13/May/2025:10:01:05 -0400] "GET /wp-content/plugins/ninja-forms/assets/js/min/front-end-deps.js?ver=3.10.1 HTTP/1.1" 200 17562 "https://promo.procarecleaning.com.sg/" "Mozilla/5.0 (Macintosh; Intel Mac OS X 10_15_7) AppleWebKit/537.36 (KHTML, like Gecko) Chrome/136.0.0.0 Safari/537.36"
