187.173.216.74 - - [13/May/2025:10:01:05 -0400] "GET /wp-content/plugins/ninja-forms/assets/js/min/front-end.js?ver=3.10.1 HTTP/1.1" 200 22622 "https://promo.procarecleaning.com.sg/" "Mozilla/5.0 (Macintosh; Intel Mac OS X 10_15_7) AppleWebKit/537.36 (KHTML, like Gecko) Chrome/136.0.0.0 Safari/537.36"
187.173.216.74 - - [13/May/2025:10:01:05 -0400] "GET /wp-content/plugins/ninja-forms/assets/js/min/datepicker.min.js?ver=3.10.1 HTTP/1.1" 200 32181 "https://promo.procarecleaning.com.sg/" "Mozilla/5.0 (Macintosh; Intel Mac OS X 10_15_7) AppleWebKit/537.36 (KHTML, like Gecko) Chrome/136.0.0.0 Safari/537.36"
187.173.216.74 - - [13/May/2025:10:01:05 -0400] "GET /wp-content/plugins/wp-social-reviews/assets/js/wp-social-review.js?ver=3.17.0 HTTP/1.1" 200 6208 "https://promo.procarecleaning.com.sg/" "Mozilla/5.0 (Macintosh; Intel Mac OS X 10_15_7) AppleWebKit/537.36 (KHTML, like Gecko) Chrome/136.0.0.0 Safari/537.36"
187.173.216.74 - - [13/May/2025:10:01:05 -0400] "GET /wp-content/plugins/chaty/js/cht-front-script.min.js?ver=3.4.11713514285 HTTP/1.1" 200 22150 "https://promo.procarecleaning.com.sg/" "Mozilla/5.0 (Macintosh; Intel Mac OS X 10_15_7) AppleWebKit/537.36 (KHTML, like Gecko) Chrome/136.0.0.0 Safari/537.36"
187.173.216.74 - - [13/May/2025:10:01:05 -0400] "GET /wp-content/themes/flatsome/assets/js/chunk.slider.js?ver=3.18.6 HTTP/1.1" 200 12985 "https://promo.procarecleaning.com.sg/" "Mozilla/5.0 (Macintosh; Intel Mac OS X 10_15_7) AppleWebKit/537.36 (KHTML, like Gecko) Chrome/136.0.0.0 Safari/537.36"
187.173.216.74 - - [13/May/2025:10:01:05 -0400] "GET /wp-content/themes/flatsome/assets/js/chunk.popups.js?ver=3.18.6 HTTP/1.1" 200 6941 "https://promo.procarecleaning.com.sg/" "Mozilla/5.0 (Macintosh; Intel Mac OS X 10_15_7) AppleWebKit/537.36 (KHTML, like Gecko) Chrome/136.0.0.0 Safari/537.36"
187.173.216.74 - - [13/May/2025:10:01:05 -0400] "GET /wp-content/themes/flatsome/assets/js/chunk.tooltips.js?ver=3.18.6 HTTP/1.1" 200 9748 "https://promo.procarecleaning.com.sg/" "Mozilla/5.0 (Macintosh; Intel Mac OS X 10_15_7) AppleWebKit/537.36 (KHTML, like Gecko) Chrome/136.0.0.0 Safari/537.36"
187.173.216.74 - - [13/May/2025:10:01:05 -0400] "GET /wp-content/plugins/ninja-forms/assets/css/flatpickr.css?ver=6.8.1 HTTP/1.1" 200 2810 "https://promo.procarecleaning.com.sg/" "Mozilla/5.0 (Macintosh; Intel Mac OS X 10_15_7) AppleWebKit/537.36 (KHTML, like Gecko) Chrome/136.0.0.0 Safari/537.36"
187.173.216.74 - - [13/May/2025:10:01:05 -0400] "GET /wp-content/plugins/ninja-forms/assets/css/font-awesome.min.css?ver=6.8.1 HTTP/1.1" 200 5878 "https://promo.procarecleaning.com.sg/" "Mozilla/5.0 (Macintosh; Intel Mac OS X 10_15_7) AppleWebKit/537.36 (KHTML, like Gecko) Chrome/136.0.0.0 Safari/537.36"
187.173.216.74 - - [13/May/2025:10:01:05 -0400] "GET /wp-content/plugins/wp-social-reviews/assets/css/wp_social_ninja_reviews.css?ver=3.17.0 HTTP/1.1" 200 10185 "https://promo.procarecleaning.com.sg/" "Mozilla/5.0 (Macintosh; Intel Mac OS X 10_15_7) AppleWebKit/537.36 (KHTML, like Gecko) Chrome/136.0.0.0 Safari/537.36"
187.173.216.74 - - [13/May/2025:10:01:05 -0400] "GET /wp-content/themes/flatsome/assets/js/flatsome.js?ver=a0a7aee297766598a20e HTTP/1.1" 200 16076 "https://promo.procarecleaning.com.sg/" "Mozilla/5.0 (Macintosh; Intel Mac OS X 10_15_7) AppleWebKit/537.36 (KHTML, like Gecko) Chrome/136.0.0.0 Safari/537.36"
187.173.216.74 - - [13/May/2025:10:01:05 -0400] "GET /wp-includes/js/backbone.min.js?ver=1.6.0 HTTP/1.1" 200 7832 "https://promo.procarecleaning.com.sg/" "Mozilla/5.0 (Macintosh; Intel Mac OS X 10_15_7) AppleWebKit/537.36 (KHTML, like Gecko) Chrome/136.0.0.0 Safari/537.36"
187.173.216.74 - - [13/May/2025:10:01:05 -0400] "GET /wp-includes/js/underscore.min.js?ver=1.13.7 HTTP/1.1" 200 7185 "https://promo.procarecleaning.com.sg/" "Mozilla/5.0 (Macintosh; Intel Mac OS X 10_15_7) AppleWebKit/537.36 (KHTML, like Gecko) Chrome/136.0.0.0 Safari/537.36"
187.173.216.74 - - [13/May/2025:10:01:06 -0400] "GET /wp-content/fonts/lato/S6uyw4BMUTPHjx4wXg.woff2 HTTP/1.1" 200 23580 "https://promo.procarecleaning.com.sg/" "Mozilla/5.0 (Macintosh; Intel Mac OS X 10_15_7) AppleWebKit/537.36 (KHTML, like Gecko) Chrome/136.0.0.0 Safari/537.36"
187.173.216.74 - - [13/May/2025:10:01:06 -0400] "GET /wp-content/themes/flatsome/assets/css/icons/fl-icons.woff2?v=3.18.6 HTTP/1.1" 200 7244 "https://promo.procarecleaning.com.sg/" "Mozilla/5.0 (Macintosh; Intel Mac OS X 10_15_7) AppleWebKit/537.36 (KHTML, like Gecko) Chrome/136.0.0.0 Safari/537.36"
187.173.216.74 - - [13/May/2025:10:01:06 -0400] "GET /wp-content/fonts/lato/S6u9w4BMUTPHh6UVSwiPGQ.woff2 HTTP/1.1" 200 23040 "https://promo.procarecleaning.com.sg/" "Mozilla/5.0 (Macintosh; Intel Mac OS X 10_15_7) AppleWebKit/537.36 (KHTML, like Gecko) Chrome/136.0.0.0 Safari/537.36"
187.173.216.74 - - [13/May/2025:10:01:06 -0400] "GET /wp-includes/js/wp-emoji-release.min.js?ver=6.8.1 HTTP/1.1" 200 4771 "https://promo.procarecleaning.com.sg/" "Mozilla/5.0 (Macintosh; Intel Mac OS X 10_15_7) AppleWebKit/537.36 (KHTML, like Gecko) Chrome/136.0.0.0 Safari/537.36"
187.173.216.74 - - [13/May/2025:10:01:06 -0400] "GET /wp-content/uploads/2024/10/promosribbon-34.svg HTTP/1.1" 200 2826 "https://promo.procarecleaning.com.sg/" "Mozilla/5.0 (Macintosh; Intel Mac OS X 10_15_7) AppleWebKit/537.36 (KHTML, like Gecko) Chrome/136.0.0.0 Safari/537.36"
187.173.216.74 - - [13/May/2025:10:01:06 -0400] "GET /wp-content/plugins/ninja-forms/assets/fonts/fontawesome-webfont.woff2?v=4.5.0 HTTP/1.1" 200 66624 "https://promo.procarecleaning.com.sg/wp-content/plugins/ninja-forms/assets/css/font-awesome.min.css?ver=6.8.1" "Mozilla/5.0 (Macintosh; Intel Mac OS X 10_15_7) AppleWebKit/537.36 (KHTML, like Gecko) Chrome/136.0.0.0 Safari/537.36"
187.173.216.74 - - [13/May/2025:10:01:06 -0400] "GET /wp-content/uploads/2024/04/OVER-30000-SATISFIED-CLIENTS-3.png.webp HTTP/1.1" 200 8360 "https://promo.procarecleaning.com.sg/" "Mozilla/5.0 (Macintosh; Intel Mac OS X 10_15_7) AppleWebKit/537.36 (KHTML, like Gecko) Chrome/136.0.0.0 Safari/537.36"
187.173.216.74 - - [13/May/2025:10:01:06 -0400] "GET /wp-content/uploads/2024/04/Procare-logo-04.svg HTTP/1.1" 200 4276 "https://promo.procarecleaning.com.sg/" "Mozilla/5.0 (Macintosh; Intel Mac OS X 10_15_7) AppleWebKit/537.36 (KHTML, like Gecko) Chrome/136.0.0.0 Safari/537.36"
187.173.216.74 - - [13/May/2025:10:01:06 -0400] "GET /wp-content/uploads/2024/04/promoprice-27.svg HTTP/1.1" 200 2620 "https://promo.procarecleaning.com.sg/" "Mozilla/5.0 (Macintosh; Intel Mac OS X 10_15_7) AppleWebKit/537.36 (KHTML, like Gecko) Chrome/136.0.0.0 Safari/537.36"
187.173.216.74 - - [13/May/2025:10:01:06 -0400] "GET /wp-content/uploads/2024/10/200Off-33.svg HTTP/1.1" 200 2615 "https://promo.procarecleaning.com.sg/" "Mozilla/5.0 (Macintosh; Intel Mac OS X 10_15_7) AppleWebKit/537.36 (KHTML, like Gecko) Chrome/136.0.0.0 Safari/537.36"
187.173.216.74 - - [13/May/2025:10:01:07 -0400] "GET /wp-content/uploads/2024/06/atomeinstalment-31.svg HTTP/1.1" 200 3718 "https://promo.procarecleaning.com.sg/" "Mozilla/5.0 (Macintosh; Intel Mac OS X 10_15_7) AppleWebKit/537.36 (KHTML, like Gecko) Chrome/136.0.0.0 Safari/537.36"
187.173.216.74 - - [13/May/2025:10:01:07 -0400] "GET /wp-content/plugins/ninja-forms/assets/js/min/front-end.js.map HTTP/1.1" 200 369444 "-" "Mozilla/5.0 (Macintosh; Intel Mac OS X 10_15_7) AppleWebKit/537.36 (KHTML, like Gecko) Chrome/136.0.0.0 Safari/537.36"
187.173.216.74 - - [13/May/2025:10:01:07 -0400] "GET /wp-content/plugins/ninja-forms/assets/css/display-opinions-light.css.map HTTP/1.1" 200 119878 "-" "Mozilla/5.0 (Macintosh; Intel Mac OS X 10_15_7) AppleWebKit/537.36 (KHTML, like Gecko) Chrome/136.0.0.0 Safari/537.36"
187.173.216.74 - - [13/May/2025:10:01:07 -0400] "GET /favicon.ico HTTP/1.1" 404 1251 "https://promo.procarecleaning.com.sg/" "Mozilla/5.0 (Macintosh; Intel Mac OS X 10_15_7) AppleWebKit/537.36 (KHTML, like Gecko) Chrome/136.0.0.0 Safari/537.36"
198.187.29.109 - - [13/May/2025:10:01:13 -0400] "POST /wp-cron.php?doing_wp_cron=1747144873.1572840213775634765625 HTTP/1.1" 200 0 "-" "WordPress/6.8.1; https://promo.procarecleaning.com.sg"
187.173.216.74 - - [13/May/2025:10:01:07 -0400] "GET /wp-content/plugins/ninja-forms/assets/js/min/moment.min.js.map HTTP/1.1" 404 14220 "-" "Mozilla/5.0 (Macintosh; Intel Mac OS X 10_15_7) AppleWebKit/537.36 (KHTML, like Gecko) Chrome/136.0.0.0 Safari/537.36"
198.187.29.109 - - [13/May/2025:10:01:13 -0400] "POST /wp-admin/admin-ajax.php?action=async_litespeed&nonce=QMW6e8qWiMCBSxRjTGqAoxIHKPMQ1gQi&litespeed_type=imgoptm HTTP/1.1" 200 0 "-" "WordPress/6.8.1; https://promo.procarecleaning.com.sg"
187.173.216.74 - - [13/May/2025:10:01:21 -0400] "GET / HTTP/1.1" 304 0 "-" "Mozilla/5.0 (Macintosh; Intel Mac OS X 10_15_7) AppleWebKit/537.36 (KHTML, like Gecko) Chrome/136.0.0.0 Safari/537.36"
187.173.216.74 - - [13/May/2025:10:01:22 -0400] "GET /wp-content/plugins/ninja-forms/assets/js/min/moment.min.js.map HTTP/1.1" 404 14220 "-" "Mozilla/5.0 (Macintosh; Intel Mac OS X 10_15_7) AppleWebKit/537.36 (KHTML, like Gecko) Chrome/136.0.0.0 Safari/537.36"
187.173.216.74 - - [13/May/2025:10:01:22 -0400] "GET /%3Ca%20href= HTTP/1.1" 404 14223 "https://promo.procarecleaning.com.sg/" "Mozilla/5.0 (Macintosh; Intel Mac OS X 10_15_7) AppleWebKit/537.36 (KHTML, like Gecko) Chrome/136.0.0.0 Safari/537.36"
66.249.73.97 - - [13/May/2025:10:10:09 -0400] "GET /robots.txt HTTP/1.1" 200 119 "-" "Mozilla/5.0 (compatible; Googlebot/2.1; +http://www.google.com/bot.html)"
198.187.29.109 - - [13/May/2025:10:10:18 -0400] "POST /wp-cron.php?doing_wp_cron=1747145417.9912519454956054687500 HTTP/1.1" 200 0 "-" "WordPress/6.8.1; https://promo.procarecleaning.com.sg"
66.249.90.32 - - [13/May/2025:10:10:10 -0400] "GET /?saf_src=google_&saf_pt=&saf_kw=&saf_dv=&saf_cam=21233789710&saf_grp=165961324046&saf_ad=713027347381&account_id=5575892872&saf_acc=5575892872&saf_cam_tp=search HTTP/1.1" 301 0 "-" "AdsBot-Google (+http://www.google.com/adsbot.html)"
198.187.29.109 - - [13/May/2025:10:10:19 -0400] "POST /wp-admin/admin-ajax.php?action=async_litespeed&nonce=vBeijQ6fMQicSTfCEF4KQn2lUELIG2qD&litespeed_type=imgoptm HTTP/1.1" 200 0 "-" "WordPress/6.8.1; https://promo.procarecleaning.com.sg"
198.187.29.109 - - [13/May/2025:10:11:49 -0400] "POST /wp-cron.php?doing_wp_cron=1747145509.5438721179962158203125 HTTP/1.1" 200 0 "-" "WordPress/6.8.1; https://promo.procarecleaning.com.sg"
66.249.90.33 - - [13/May/2025:10:11:46 -0400] "GET /?saf_src=google_&saf_pt&saf_kw&saf_dv&saf_cam=21233789710&saf_grp=165961324046&saf_ad=713027347381&account_id=5575892872&saf_acc=5575892872&saf_cam_tp=search HTTP/1.1" 200 44344 "-" "AdsBot-Google (+http://www.google.com/adsbot.html)"
198.187.29.109 - - [13/May/2025:10:11:50 -0400] "POST /wp-admin/admin-ajax.php?action=async_litespeed&nonce=IiUc0uv4CTu300iUACn4bH5zbJU2WAmo&litespeed_type=imgoptm HTTP/1.1" 200 0 "-" "WordPress/6.8.1; https://promo.procarecleaning.com.sg"
198.187.29.109 - - [13/May/2025:10:16:26 -0400] "POST /wp-cron.php?doing_wp_cron=1747145786.0174570083618164062500 HTTP/1.1" 200 0 "-" "WordPress/6.8.1; https://promo.procarecleaning.com.sg"
66.249.90.32 - - [13/May/2025:10:16:20 -0400] "GET /?saf_src=google_&saf_pt=&saf_kw=&saf_dv=&saf_cam=21233789710&saf_grp=171834629908&saf_ad=701713115470&account_id=5575892872&saf_acc=5575892872&saf_cam_tp=search HTTP/1.1" 301 0 "-" "AdsBot-Google (+http://www.google.com/adsbot.html)"
198.187.29.109 - - [13/May/2025:10:16:28 -0400] "POST /wp-admin/admin-ajax.php?action=async_litespeed&nonce=n4uvnonWaGHHL734CtIktWOQHh94IFcy&litespeed_type=imgoptm HTTP/1.1" 200 0 "-" "WordPress/6.8.1; https://promo.procarecleaning.com.sg"
198.187.29.109 - - [13/May/2025:10:17:37 -0400] "POST /wp-cron.php?doing_wp_cron=1747145857.3576760292053222656250 HTTP/1.1" 200 0 "-" "WordPress/6.8.1; https://promo.procarecleaning.com.sg"
198.187.29.109 - - [13/May/2025:10:17:39 -0400] "POST /wp-admin/admin-ajax.php?action=async_litespeed&nonce=AlrjOkhBcjSvbITM6SSfJSm0DQs1fySM&litespeed_type=imgoptm HTTP/1.1" 200 0 "-" "WordPress/6.8.1; https://promo.procarecleaning.com.sg"
66.249.90.32 - - [13/May/2025:10:17:35 -0400] "GET /?saf_src=google_&saf_pt&saf_kw&saf_dv&saf_cam=21233789710&saf_grp=171834629908&saf_ad=701713115470&account_id=5575892872&saf_acc=5575892872&saf_cam_tp=search HTTP/1.1" 200 44472 "-" "AdsBot-Google (+http://www.google.com/adsbot.html)"
66.249.90.32 - - [13/May/2025:10:18:29 -0400] "GET /wp-content/fonts/lato/S6uyw4BMUTPHjx4wXg.woff2 HTTP/1.1" 200 23580 "https://promo.procarecleaning.com.sg/?saf_src=google_&saf_pt&saf_kw&saf_dv&saf_cam=21233789710&saf_grp=171834629908&saf_ad=701713115470&account_id=5575892872&saf_acc=5575892872&saf_cam_tp=search" "AdsBot-Google (+http://www.google.com/adsbot.html)"
66.249.90.32 - - [13/May/2025:10:18:39 -0400] "GET /wp-content/fonts/lato/S6u9w4BMUTPHh6UVSwiPGQ.woff2 HTTP/1.1" 200 23040 "https://promo.procarecleaning.com.sg/?saf_src=google_&saf_pt&saf_kw&saf_dv&saf_cam=21233789710&saf_grp=171834629908&saf_ad=701713115470&account_id=5575892872&saf_acc=5575892872&saf_cam_tp=search" "AdsBot-Google (+http://www.google.com/adsbot.html)"
104.210.140.132 - - [13/May/2025:10:24:20 -0400] "GET /robots.txt HTTP/1.1" 200 119 "-" "Mozilla/5.0 (Macintosh; Intel Mac OS X 10_15_7) AppleWebKit/537.36 (KHTML, like Gecko) Chrome/131.0.0.0 Safari/537.36; compatible; OAI-SearchBot/1.0; +https://openai.com/searchbot"
172.206.44.64 - - [13/May/2025:10:37:36 -0400] "GET / HTTP/1.1" 200 54495 "-" "Python/3.9 aiohttp/3.10.6"
54.36.148.134 - - [13/May/2025:11:15:42 -0400] "GET /post-renovation/ HTTP/1.1" 200 21694 "-" "Mozilla/5.0 (compatible; AhrefsBot/7.0; +http://ahrefs.com/robot/)"
66.249.90.32 - - [13/May/2025:11:16:36 -0400] "GET / HTTP/1.1" 200 44428 "-" "Mozilla/5.0 AppleWebKit/537.36 Chrome/135.0.7049.114 Safari/537.36 Google-Ads-Conversions"
66.249.90.32 - - [13/May/2025:11:16:46 -0400] "GET /wp-content/themes/flatsome/assets/js/chunk.slider.js?ver=3.18.6 HTTP/1.1" 200 12985 "https://promo.procarecleaning.com.sg/" "Mozilla/5.0 AppleWebKit/537.36 Chrome/135.0.7049.114 Safari/537.36 Google-Ads-Conversions"
66.249.90.32 - - [13/May/2025:11:16:51 -0400] "GET /wp-content/themes/flatsome/assets/js/flatsome.js?ver=a0a7aee297766598a20e HTTP/1.1" 200 16076 "https://promo.procarecleaning.com.sg/" "Mozilla/5.0 AppleWebKit/537.36 Chrome/135.0.7049.114 Safari/537.36 Google-Ads-Conversions"
66.249.90.34 - - [13/May/2025:11:17:03 -0400] "GET /wp-includes/js/jquery/jquery.min.js?ver=3.7.1 HTTP/1.1" 200 29744 "https://promo.procarecleaning.com.sg/" "Mozilla/5.0 AppleWebKit/537.36 Chrome/135.0.7049.114 Safari/537.36 Google-Ads-Conversions"
66.249.90.33 - - [13/May/2025:11:17:24 -0400] "GET /wp-includes/js/jquery/jquery-migrate.min.js?ver=3.4.1 HTTP/1.1" 200 4678 "https://promo.procarecleaning.com.sg/" "Mozilla/5.0 AppleWebKit/537.36 Chrome/135.0.7049.114 Safari/537.36 Google-Ads-Conversions"
66.249.90.32 - - [13/May/2025:11:17:32 -0400] "GET /wp-includes/js/hoverIntent.min.js?ver=1.10.2 HTTP/1.1" 200 668 "https://promo.procarecleaning.com.sg/" "Mozilla/5.0 AppleWebKit/537.36 Chrome/135.0.7049.114 Safari/537.36 Google-Ads-Conversions"
66.249.90.32 - - [13/May/2025:11:17:35 -0400] "GET /wp-content/themes/flatsome/assets/js/flatsome.js?ver=a0a7aee297766598a20e HTTP/1.1" 200 16076 "https://promo.procarecleaning.com.sg/" "Mozilla/5.0 AppleWebKit/537.36 Chrome/135.0.7049.114 Safari/537.36 Google-Ads-Conversions"
66.249.90.32 - - [13/May/2025:11:17:40 -0400] "GET /wp-content/themes/flatsome/inc/extensions/flatsome-lazy-load/flatsome-lazy-load.js?ver=3.18.6 HTTP/1.1" 200 535 "https://promo.procarecleaning.com.sg/" "Mozilla/5.0 AppleWebKit/537.36 Chrome/135.0.7049.114 Safari/537.36 Google-Ads-Conversions"
66.249.90.32 - - [13/May/2025:11:17:47 -0400] "GET /wp-includes/js/underscore.min.js?ver=1.13.7 HTTP/1.1" 200 7185 "https://promo.procarecleaning.com.sg/" "Mozilla/5.0 AppleWebKit/537.36 Chrome/135.0.7049.114 Safari/537.36 Google-Ads-Conversions"
66.249.90.34 - - [13/May/2025:11:18:03 -0400] "GET /wp-includes/js/backbone.min.js?ver=1.6.0 HTTP/1.1" 200 7832 "https://promo.procarecleaning.com.sg/" "Mozilla/5.0 AppleWebKit/537.36 Chrome/135.0.7049.114 Safari/537.36 Google-Ads-Conversions"
66.249.90.32 - - [13/May/2025:11:18:26 -0400] "GET /wp-content/plugins/ninja-forms/assets/js/min/front-end-deps.js?ver=3.10.1 HTTP/1.1" 200 17562 "https://promo.procarecleaning.com.sg/" "Mozilla/5.0 AppleWebKit/537.36 Chrome/135.0.7049.114 Safari/537.36 Google-Ads-Conversions"
66.249.90.32 - - [13/May/2025:11:18:36 -0400] "GET /wp-content/plugins/ninja-forms/assets/js/min/front-end.js?ver=3.10.1 HTTP/1.1" 200 22622 "https://promo.procarecleaning.com.sg/" "Mozilla/5.0 AppleWebKit/537.36 Chrome/135.0.7049.114 Safari/537.36 Google-Ads-Conversions"
66.249.90.32 - - [13/May/2025:11:18:37 -0400] "GET /wp-content/plugins/ninja-forms/assets/js/min/datepicker.min.js?ver=3.10.1 HTTP/1.1" 200 32181 "https://promo.procarecleaning.com.sg/" "Mozilla/5.0 AppleWebKit/537.36 Chrome/135.0.7049.114 Safari/537.36 Google-Ads-Conversions"
52.167.144.198 - - [13/May/2025:11:18:39 -0400] "GET /wp-content/uploads/2024/04/Homee.png HTTP/1.1" 200 32961 "-" "Mozilla/5.0 AppleWebKit/537.36 (KHTML, like Gecko; compatible; bingbot/2.0; +http://www.bing.com/bingbot.htm) Chrome/116.0.1938.76 Safari/537.36"
66.249.90.32 - - [13/May/2025:11:18:49 -0400] "GET /wp-content/plugins/wp-social-reviews/assets/js/wp-social-review.js?ver=3.17.0 HTTP/1.1" 200 6208 "https://promo.procarecleaning.com.sg/" "Mozilla/5.0 AppleWebKit/537.36 Chrome/135.0.7049.114 Safari/537.36 Google-Ads-Conversions"
198.187.29.109 - - [13/May/2025:11:44:56 -0400] "POST /wp-cron.php?doing_wp_cron=1747151096.7206048965454101562500 HTTP/1.1" 200 0 "-" "WordPress/6.8.1; https://promo.procarecleaning.com.sg"
54.36.148.147 - - [13/May/2025:11:44:50 -0400] "GET /mattress-carpet-and-upholstery-cleaning/ HTTP/1.1" 200 22015 "-" "Mozilla/5.0 (compatible; AhrefsBot/7.0; +http://ahrefs.com/robot/)"
198.187.29.109 - - [13/May/2025:11:44:57 -0400] "POST /wp-admin/admin-ajax.php?action=async_litespeed&nonce=6s2Kh1Nx7pkPum2ceYxEM9mOX0byQHfo&litespeed_type=imgoptm HTTP/1.1" 200 0 "-" "WordPress/6.8.1; https://promo.procarecleaning.com.sg"
198.187.29.109 - - [13/May/2025:12:04:36 -0400] "POST /wp-cron.php?doing_wp_cron=1747152275.8597149848937988281250 HTTP/1.1" 200 0 "-" "WordPress/6.8.1; https://promo.procarecleaning.com.sg"
54.36.148.202 - - [13/May/2025:12:04:26 -0400] "GET /move-in-out/ HTTP/1.1" 200 22051 "-" "Mozilla/5.0 (compatible; AhrefsBot/7.0; +http://ahrefs.com/robot/)"
52.167.144.198 - - [13/May/2025:12:05:54 -0400] "GET /wp-content/uploads/2024/04/Beige-Before-After-Hair-Salon-And-Makeup-Instagram-Post-768x768.jpg HTTP/1.1" 200 69263 "-" "Mozilla/5.0 AppleWebKit/537.36 (KHTML, like Gecko; compatible; bingbot/2.0; +http://www.bing.com/bingbot.htm) Chrome/116.0.1938.76 Safari/537.36"
198.187.29.109 - - [13/May/2025:12:12:27 -0400] "POST /wp-cron.php?doing_wp_cron=1747152747.5612740516662597656250 HTTP/1.1" 200 0 "-" "WordPress/6.8.1; https://promo.procarecleaning.com.sg"
54.36.148.230 - - [13/May/2025:12:12:21 -0400] "GET /floor-cleaning-floor-coating/ HTTP/1.1" 200 21652 "-" "Mozilla/5.0 (compatible; AhrefsBot/7.0; +http://ahrefs.com/robot/)"
198.187.29.109 - - [13/May/2025:12:12:28 -0400] "POST /wp-admin/admin-ajax.php?action=async_litespeed&nonce=MyqLfQIz0UAIvswIFdqD1azOVQOjqoJ7&litespeed_type=imgoptm HTTP/1.1" 200 0 "-" "WordPress/6.8.1; https://promo.procarecleaning.com.sg"
193.189.145.0 - - [13/May/2025:12:36:54 -0400] "GET / HTTP/1.1" 200 44428 "-" "Mozilla/5.0 (Windows NT 10.0; Win64; x64) AppleWebKit/537.36 (KHTML, like Gecko) Chrome/129.0.0.0 Safari/537.36"
40.77.167.48 - - [13/May/2025:13:24:15 -0400] "GET /wp-content/uploads/2024/04/Beige-Before-After-Hair-Salon-And-Makeup-Instagram-Post-4-768x768.jpg HTTP/1.1" 200 79124 "-" "Mozilla/5.0 AppleWebKit/537.36 (KHTML, like Gecko; compatible; bingbot/2.0; +http://www.bing.com/bingbot.htm) Chrome/116.0.1938.76 Safari/537.36"
40.77.167.48 - - [13/May/2025:13:26:56 -0400] "GET /wp-content/uploads/2024/04/Beige-Before-After-Hair-Salon-And-Makeup-Instagram-Post-5-768x768.jpg HTTP/1.1" 200 78377 "-" "Mozilla/5.0 AppleWebKit/537.36 (KHTML, like Gecko; compatible; bingbot/2.0; +http://www.bing.com/bingbot.htm) Chrome/116.0.1938.76 Safari/537.36"
198.187.29.109 - - [13/May/2025:13:53:40 -0400] "POST /wp-cron.php?doing_wp_cron=1747158820.3817620277404785156250 HTTP/1.1" 200 0 "-" "WordPress/6.8.1; https://promo.procarecleaning.com.sg"
66.249.90.34 - - [13/May/2025:13:53:30 -0400] "GET /thank-you HTTP/1.1" 301 0 "-" "Mozilla/5.0 AppleWebKit/537.36 Chrome/135.0.7049.114 Safari/537.36 Google-Ads-Conversions"
198.187.29.109 - - [13/May/2025:13:53:43 -0400] "POST /wp-admin/admin-ajax.php?action=async_litespeed&nonce=2QOFFlmiTQs3biJmS26RLKap24PWt5PW&litespeed_type=imgoptm HTTP/1.1" 200 0 "-" "WordPress/6.8.1; https://promo.procarecleaning.com.sg"
40.77.167.156 - - [13/May/2025:14:23:16 -0400] "GET /wp-content/uploads/2024/04/Beige-Before-After-Hair-Salon-And-Makeup-Instagram-Post-768x768.jpg HTTP/1.1" 200 69263 "-" "Mozilla/5.0 AppleWebKit/537.36 (KHTML, like Gecko; compatible; bingbot/2.0; +http://www.bing.com/bingbot.htm) Chrome/116.0.1938.76 Safari/537.36"
52.167.144.149 - - [13/May/2025:14:43:10 -0400] "GET /wp-content/uploads/2024/04/Beige-Before-After-Hair-Salon-And-Makeup-Instagram-Post-4-768x768.jpg HTTP/1.1" 200 79124 "-" "Mozilla/5.0 AppleWebKit/537.36 (KHTML, like Gecko; compatible; bingbot/2.0; +http://www.bing.com/bingbot.htm) Chrome/116.0.1938.76 Safari/537.36"
52.167.144.19 - - [13/May/2025:15:13:03 -0400] "GET /wp-content/uploads/2024/04/Homee.png HTTP/1.1" 200 32961 "-" "Mozilla/5.0 AppleWebKit/537.36 (KHTML, like Gecko; compatible; bingbot/2.0; +http://www.bing.com/bingbot.htm) Chrome/116.0.1938.76 Safari/537.36"
173.252.87.8 - - [13/May/2025:15:19:52 -0400] "GET /robots.txt HTTP/1.1" 200 185 "-" "facebookexternalhit/1.1 (+http://www.facebook.com/externalhit_uatext.php)"
43.166.255.102 - - [13/May/2025:15:45:20 -0400] "GET / HTTP/1.1" 200 54495 "http://promo.procarecleaning.com.sg" "Mozilla/5.0 (iPhone; CPU iPhone OS 13_2_3 like Mac OS X) AppleWebKit/605.1.15 (KHTML, like Gecko) Version/13.0.3 Mobile/15E148 Safari/604.1"
51.222.253.8 - - [13/May/2025:18:19:08 -0400] "GET /robots.txt HTTP/1.1" 200 119 "-" "Mozilla/5.0 (compatible; AhrefsBot/7.0; +http://ahrefs.com/robot/)"
198.187.29.109 - - [13/May/2025:18:19:18 -0400] "POST /wp-cron.php?doing_wp_cron=1747174757.9010269641876220703125 HTTP/1.1" 200 0 "-" "WordPress/6.8.1; https://promo.procarecleaning.com.sg"
51.222.253.2 - - [13/May/2025:18:19:09 -0400] "GET /sitemap_index.xml HTTP/1.1" 200 331 "-" "Mozilla/5.0 (compatible; AhrefsBot/7.0; +http://ahrefs.com/robot/)"
198.187.29.109 - - [13/May/2025:18:19:22 -0400] "POST /wp-admin/admin-ajax.php?action=async_litespeed&nonce=4OO4PsyegeQvfipMZjlOiJQlEZFXM9eB&litespeed_type=imgoptm HTTP/1.1" 200 0 "-" "WordPress/6.8.1; https://promo.procarecleaning.com.sg"
51.222.253.1 - - [13/May/2025:18:19:26 -0400] "GET /post-sitemap.xml HTTP/1.1" 200 363 "-" "Mozilla/5.0 (compatible; AhrefsBot/7.0; +http://ahrefs.com/robot/)"
51.222.253.5 - - [13/May/2025:18:19:30 -0400] "GET /page-sitemap.xml HTTP/1.1" 200 1382 "-" "Mozilla/5.0 (compatible; AhrefsBot/7.0; +http://ahrefs.com/robot/)"
51.222.253.2 - - [13/May/2025:18:19:34 -0400] "GET /blocks-sitemap.xml HTTP/1.1" 503 917 "-" "Mozilla/5.0 (compatible; AhrefsBot/7.0; +http://ahrefs.com/robot/)"
51.222.253.12 - - [13/May/2025:18:19:37 -0400] "GET /category-sitemap.xml HTTP/1.1" 503 917 "-" "Mozilla/5.0 (compatible; AhrefsBot/7.0; +http://ahrefs.com/robot/)"
51.222.253.20 - - [13/May/2025:18:19:39 -0400] "GET /author-sitemap.xml HTTP/1.1" 503 917 "-" "Mozilla/5.0 (compatible; AhrefsBot/7.0; +http://ahrefs.com/robot/)"
198.187.29.109 - - [13/May/2025:18:19:37 -0400] "GET /?wp_scrape_key=dff753525b0183b1fbcdfdda79bfbc5a&wp_scrape_nonce=1747174775 HTTP/1.1" 200 54543 "-" "WordPress/6.8.1; https://promo.procarecleaning.com.sg"
198.187.29.109 - - [13/May/2025:18:21:35 -0400] "POST /wp-cron.php?doing_wp_cron=1747174895.5499010086059570312500 HTTP/1.1" 200 0 "-" "WordPress/6.8.1; https://promo.procarecleaning.com.sg"
40.77.167.4 - - [13/May/2025:18:21:30 -0400] "GET /?s=2024 HTTP/1.1" 200 16306 "-" "Mozilla/5.0 AppleWebKit/537.36 (KHTML, like Gecko; compatible; bingbot/2.0; +http://www.bing.com/bingbot.htm) Chrome/116.0.1938.76 Safari/537.36"
198.187.29.109 - - [13/May/2025:18:21:36 -0400] "POST /wp-admin/admin-ajax.php?action=async_litespeed&nonce=B9go99kDnyrW23yWGvPPKabI0Gl0TRar&litespeed_type=imgoptm HTTP/1.1" 200 0 "-" "WordPress/6.8.1; https://promo.procarecleaning.com.sg"
198.187.29.109 - - [13/May/2025:18:37:38 -0400] "POST /wp-cron.php?doing_wp_cron=1747175858.1923849582672119140625 HTTP/1.1" 200 0 "-" "WordPress/6.8.1; https://promo.procarecleaning.com.sg"
43.134.77.29 - - [13/May/2025:18:37:32 -0400] "GET / HTTP/1.1" 200 44385 "-" "Mozilla/5.0 (Windows NT 10.0; Win64; x64) AppleWebKit/537.36 (KHTML, like Gecko) Chrome/99.0.4844.51 Safari/537.36"
198.187.29.109 - - [13/May/2025:18:37:38 -0400] "POST /wp-admin/admin-ajax.php?action=async_litespeed&nonce=JhVlzIZsJ6PTnaCsFb6Y2yGZQq8QS6wq&litespeed_type=imgoptm HTTP/1.1" 200 0 "-" "WordPress/6.8.1; https://promo.procarecleaning.com.sg"
66.249.90.32 - - [13/May/2025:21:44:17 -0400] "GET / HTTP/1.1" 200 44385 "-" "Mozilla/5.0 (Linux; Android 6.0.1; Nexus 5X Build/MMB29P) AppleWebKit/537.36 (KHTML, like Gecko) Chrome/136.0.7103.59 Mobile Safari/537.36 (compatible; AdsBot-Google-Mobile; +http://www.google.com/mobile/adsbot.html)"
198.187.29.109 - - [13/May/2025:22:04:23 -0400] "POST /wp-cron.php?doing_wp_cron=1747188263.6242759227752685546875 HTTP/1.1" 200 0 "-" "WordPress/6.8.1; https://promo.procarecleaning.com.sg"
66.249.90.34 - - [13/May/2025:22:04:16 -0400] "GET /?saf_src=google_&saf_pt=&saf_kw=&saf_dv=&saf_cam=21233789710&saf_grp=171834630908&saf_ad=0&account_id=5575892872&saf_acc=5575892872&saf_cam_tp=search HTTP/1.1" 301 0 "-" "AdsBot-Google (+http://www.google.com/adsbot.html)"
198.187.29.109 - - [13/May/2025:22:04:24 -0400] "POST /wp-admin/admin-ajax.php?action=async_litespeed&nonce=ksAOc0VUrfqvAXtq4DaqUlgJLE6ID97w&litespeed_type=imgoptm HTTP/1.1" 200 0 "-" "WordPress/6.8.1; https://promo.procarecleaning.com.sg"
198.187.29.109 - - [13/May/2025:22:08:28 -0400] "POST /wp-cron.php?doing_wp_cron=1747188508.3319909572601318359375 HTTP/1.1" 200 0 "-" "WordPress/6.8.1; https://promo.procarecleaning.com.sg"
198.187.29.109 - - [13/May/2025:22:08:29 -0400] "POST /wp-admin/admin-ajax.php?action=async_litespeed&nonce=QxrezUCHDYEBFPVFG54rpBvQOGq0NHZn&litespeed_type=imgoptm HTTP/1.1" 200 0 "-" "WordPress/6.8.1; https://promo.procarecleaning.com.sg"
66.249.90.34 - - [13/May/2025:22:08:24 -0400] "GET /?saf_src=google_&saf_pt&saf_kw&saf_dv&saf_cam=21233789710&saf_grp=171834630908&saf_ad=0&account_id=5575892872&saf_acc=5575892872&saf_cam_tp=search HTTP/1.1" 200 44442 "-" "AdsBot-Google (+http://www.google.com/adsbot.html)"
198.187.29.109 - - [13/May/2025:22:28:55 -0400] "POST /wp-cron.php?doing_wp_cron=1747189735.4825301170349121093750 HTTP/1.1" 200 0 "-" "WordPress/6.8.1; https://promo.procarecleaning.com.sg"
106.55.201.50 - - [13/May/2025:22:28:46 -0400] "GET /robots.txt HTTP/1.1" 200 119 "-" "Mozilla/5.0 (Macintosh; Intel Mac OS X 10_15_7) AppleWebKit/537.36 (KHTML, like Gecko) Chrome/126.0.0.0 Safari/537.36"
198.187.29.109 - - [13/May/2025:22:28:56 -0400] "POST /wp-admin/admin-ajax.php?action=async_litespeed&nonce=iv2cXBkVwU0Xxb2emI5lspJCKVR3pLjZ&litespeed_type=imgoptm HTTP/1.1" 200 0 "-" "WordPress/6.8.1; https://promo.procarecleaning.com.sg"
69.171.231.10 - - [13/May/2025:22:31:30 -0400] "GET /robots.txt HTTP/1.1" 200 185 "-" "facebookexternalhit/1.1 (+http://www.facebook.com/externalhit_uatext.php)"
43.130.111.40 - - [13/May/2025:23:13:39 -0400] "GET / HTTP/1.1" 200 54468 "http://promo.procarecleaning.com.sg" "Mozilla/5.0 (iPhone; CPU iPhone OS 13_2_3 like Mac OS X) AppleWebKit/605.1.15 (KHTML, like Gecko) Version/13.0.3 Mobile/15E148 Safari/604.1"
198.187.29.109 - - [13/May/2025:23:25:13 -0400] "POST /wp-cron.php?doing_wp_cron=1747193113.6118259429931640625000 HTTP/1.1" 200 0 "-" "WordPress/6.8.1; https://promo.procarecleaning.com.sg"
52.167.144.202 - - [13/May/2025:23:25:07 -0400] "GET /floor-cleaning-floor-coating/ HTTP/1.1" 200 21629 "-" "Mozilla/5.0 AppleWebKit/537.36 (KHTML, like Gecko; compatible; bingbot/2.0; +http://www.bing.com/bingbot.htm) Chrome/116.0.1938.76 Safari/537.36"
198.187.29.109 - - [13/May/2025:23:25:14 -0400] "POST /wp-admin/admin-ajax.php?action=async_litespeed&nonce=wwn1dtnvgUJp3pf2PjuKqdbLDsZXpU8a&litespeed_type=imgoptm HTTP/1.1" 200 0 "-" "WordPress/6.8.1; https://promo.procarecleaning.com.sg"
5.255.231.127 - - [13/May/2025:23:48:56 -0400] "GET /robots.txt HTTP/1.1" 200 185 "-" "Mozilla/5.0 (compatible; YandexBot/3.0; +http://yandex.com/bots)"
198.187.29.109 - - [13/May/2025:23:49:03 -0400] "POST /wp-cron.php?doing_wp_cron=1747194543.0684049129486083984375 HTTP/1.1" 200 0 "-" "WordPress/6.8.1; https://promo.procarecleaning.com.sg"
87.250.224.124 - - [13/May/2025:23:48:57 -0400] "GET /floor-polishing/ HTTP/1.1" 200 27394 "-" "Mozilla/5.0 (compatible; YandexBot/3.0; +http://yandex.com/bots)"
198.187.29.109 - - [13/May/2025:23:49:03 -0400] "POST /wp-admin/admin-ajax.php?action=async_litespeed&nonce=kf2f2h74fcqRuhPkbCm5osmANhvXeoBQ&litespeed_type=imgoptm HTTP/1.1" 200 0 "-" "WordPress/6.8.1; https://promo.procarecleaning.com.sg"
198.187.29.109 - - [14/May/2025:01:01:27 -0400] "POST /wp-cron.php?doing_wp_cron=1747198886.6280980110168457031250 HTTP/1.1" 200 0 "-" "WordPress/6.8.1; https://promo.procarecleaning.com.sg"
66.249.90.32 - - [14/May/2025:01:01:17 -0400] "GET /apple-app-site-association HTTP/1.1" 404 14212 "-" "Mozilla/5.0 (Linux; Android 6.0.1; Nexus 5X Build/MMB29P) AppleWebKit/537.36 (KHTML, like Gecko) Chrome/136.0.7103.59 Mobile Safari/537.36 (compatible; AdsBot-Google-Mobile; +http://www.google.com/mobile/adsbot.html)"
198.187.29.109 - - [14/May/2025:01:01:27 -0400] "POST /wp-admin/admin-ajax.php?action=async_litespeed&nonce=9pujiGbvJuZZuSmL95n5wvSVbz6L7hJM&litespeed_type=imgoptm HTTP/1.1" 200 0 "-" "WordPress/6.8.1; https://promo.procarecleaning.com.sg"
43.156.12.8 - - [14/May/2025:01:01:39 -0400] "GET / HTTP/1.1" 200 44385 "https://google.com" "Mozilla/5.0 (Windows NT 10.0; Win64; x64) AppleWebKit/537.36 (KHTML, like Gecko) Chrome/107.0.0.0 Safari/537.36"
198.187.29.109 - - [14/May/2025:01:30:00 -0400] "POST /wp-cron.php?doing_wp_cron=1747200599.9623479843139648437500 HTTP/1.1" 200 0 "-" "WordPress/6.8.1; https://promo.procarecleaning.com.sg"
51.222.253.13 - - [14/May/2025:01:29:54 -0400] "GET /sitemap_index.xml HTTP/1.1" 200 331 "-" "Mozilla/5.0 (compatible; AhrefsBot/7.0; +http://ahrefs.com/robot/)"
198.187.29.109 - - [14/May/2025:01:30:00 -0400] "POST /wp-admin/admin-ajax.php?action=async_litespeed&nonce=PwsAqancZBxuKqt7ysWwKu5DQhqM6zNg&litespeed_type=imgoptm HTTP/1.1" 200 0 "-" "WordPress/6.8.1; https://promo.procarecleaning.com.sg"
51.222.253.20 - - [14/May/2025:01:30:02 -0400] "GET /post-sitemap.xml HTTP/1.1" 200 363 "-" "Mozilla/5.0 (compatible; AhrefsBot/7.0; +http://ahrefs.com/robot/)"
51.222.253.2 - - [14/May/2025:01:30:04 -0400] "GET /page-sitemap.xml HTTP/1.1" 200 1382 "-" "Mozilla/5.0 (compatible; AhrefsBot/7.0; +http://ahrefs.com/robot/)"
51.222.253.18 - - [14/May/2025:01:30:08 -0400] "GET /blocks-sitemap.xml HTTP/1.1" 200 564 "-" "Mozilla/5.0 (compatible; AhrefsBot/7.0; +http://ahrefs.com/robot/)"
51.222.253.19 - - [14/May/2025:01:30:11 -0400] "GET /category-sitemap.xml HTTP/1.1" 200 354 "-" "Mozilla/5.0 (compatible; AhrefsBot/7.0; +http://ahrefs.com/robot/)"
51.222.253.6 - - [14/May/2025:01:30:13 -0400] "GET /author-sitemap.xml HTTP/1.1" 200 350 "-" "Mozilla/5.0 (compatible; AhrefsBot/7.0; +http://ahrefs.com/robot/)"
66.249.90.200 - - [14/May/2025:01:42:12 -0400] "GET /.well-known/apple-app-site-association HTTP/1.1" 404 1251 "-" "Mozilla/5.0 (Linux; Android 6.0.1; Nexus 5X Build/MMB29P) AppleWebKit/537.36 (KHTML, like Gecko) Chrome/136.0.7103.59 Mobile Safari/537.36 (compatible; AdsBot-Google-Mobile; +http://www.google.com/mobile/adsbot.html)"
104.210.140.142 - - [14/May/2025:02:18:26 -0400] "GET /robots.txt HTTP/1.1" 200 119 "-" "Mozilla/5.0 (Macintosh; Intel Mac OS X 10_15_7) AppleWebKit/537.36 (KHTML, like Gecko) Chrome/131.0.0.0 Safari/537.36; compatible; OAI-SearchBot/1.0; +https://openai.com/searchbot"
198.187.29.109 - - [14/May/2025:02:56:58 -0400] "POST /wp-cron.php?doing_wp_cron=1747205818.6143190860748291015625 HTTP/1.1" 200 0 "-" "WordPress/6.8.1; https://promo.procarecleaning.com.sg"
198.187.29.109 - - [14/May/2025:02:56:59 -0400] "POST /wp-admin/admin-ajax.php?action=async_litespeed&nonce=chfHYeLleKf9izGnIyRy8PTxur7X2UjY&litespeed_type=imgoptm HTTP/1.1" 200 0 "-" "WordPress/6.8.1; https://promo.procarecleaning.com.sg"
111.65.36.65 - - [14/May/2025:02:56:51 -0400] "GET /power-hi-jet-wash-cleaning/ HTTP/1.1" 200 21730 "https://www.google.com/" "Mozilla/5.0 (Linux; Android 10; K) AppleWebKit/537.36 (KHTML, like Gecko) SamsungBrowser/28.0 Chrome/130.0.0.0 Mobile Safari/537.36"
111.65.36.65 - - [14/May/2025:02:57:01 -0400] "GET /wp-content/themes/flatsome/inc/integrations/ninjaforms/ninjaforms.css?ver=6.8.1 HTTP/1.1" 200 294 "https://promo.procarecleaning.com.sg/power-hi-jet-wash-cleaning/" "Mozilla/5.0 (Linux; Android 10; K) AppleWebKit/537.36 (KHTML, like Gecko) SamsungBrowser/28.0 Chrome/130.0.0.0 Mobile Safari/537.36"
111.65.36.65 - - [14/May/2025:02:57:01 -0400] "GET /wp-content/plugins/chaty/css/chaty-front.min.css?ver=3.4.11713514285 HTTP/1.1" 200 6388 "https://promo.procarecleaning.com.sg/power-hi-jet-wash-cleaning/" "Mozilla/5.0 (Linux; Android 10; K) AppleWebKit/537.36 (KHTML, like Gecko) SamsungBrowser/28.0 Chrome/130.0.0.0 Mobile Safari/537.36"
111.65.36.65 - - [14/May/2025:02:57:01 -0400] "GET /wp-includes/js/jquery/jquery.min.js?ver=3.7.1 HTTP/1.1" 200 29744 "https://promo.procarecleaning.com.sg/power-hi-jet-wash-cleaning/" "Mozilla/5.0 (Linux; Android 10; K) AppleWebKit/537.36 (KHTML, like Gecko) SamsungBrowser/28.0 Chrome/130.0.0.0 Mobile Safari/537.36"
111.65.36.65 - - [14/May/2025:02:57:01 -0400] "GET /wp-includes/js/jquery/jquery-migrate.min.js?ver=3.4.1 HTTP/1.1" 200 4678 "https://promo.procarecleaning.com.sg/power-hi-jet-wash-cleaning/" "Mozilla/5.0 (Linux; Android 10; K) AppleWebKit/537.36 (KHTML, like Gecko) SamsungBrowser/28.0 Chrome/130.0.0.0 Mobile Safari/537.36"
111.65.36.65 - - [14/May/2025:02:57:01 -0400] "GET /wp-content/themes/flatsome/style.css?ver=3.18.6 HTTP/1.1" 200 270 "https://promo.procarecleaning.com.sg/power-hi-jet-wash-cleaning/" "Mozilla/5.0 (Linux; Android 10; K) AppleWebKit/537.36 (KHTML, like Gecko) SamsungBrowser/28.0 Chrome/130.0.0.0 Mobile Safari/537.36"
111.65.36.65 - - [14/May/2025:02:57:01 -0400] "GET /wp-content/themes/flatsome/assets/css/flatsome.css?ver=3.18.6 HTTP/1.1" 200 28781 "https://promo.procarecleaning.com.sg/power-hi-jet-wash-cleaning/" "Mozilla/5.0 (Linux; Android 10; K) AppleWebKit/537.36 (KHTML, like Gecko) SamsungBrowser/28.0 Chrome/130.0.0.0 Mobile Safari/537.36"
111.65.36.65 - - [14/May/2025:02:57:01 -0400] "GET /wp-includes/css/dashicons.min.css?ver=6.8.1 HTTP/1.1" 200 35110 "https://promo.procarecleaning.com.sg/power-hi-jet-wash-cleaning/" "Mozilla/5.0 (Linux; Android 10; K) AppleWebKit/537.36 (KHTML, like Gecko) SamsungBrowser/28.0 Chrome/130.0.0.0 Mobile Safari/537.36"
111.65.36.65 - - [14/May/2025:02:57:01 -0400] "GET /wp-content/plugins/ninja-forms/assets/css/display-opinions-light.css?ver=6.8.1 HTTP/1.1" 200 6587 "https://promo.procarecleaning.com.sg/power-hi-jet-wash-cleaning/" "Mozilla/5.0 (Linux; Android 10; K) AppleWebKit/537.36 (KHTML, like Gecko) SamsungBrowser/28.0 Chrome/130.0.0.0 Mobile Safari/537.36"
111.65.36.65 - - [14/May/2025:02:57:02 -0400] "GET /wp-content/plugins/ninja-forms/assets/css/font-awesome.min.css?ver=6.8.1 HTTP/1.1" 200 5878 "https://promo.procarecleaning.com.sg/power-hi-jet-wash-cleaning/" "Mozilla/5.0 (Linux; Android 10; K) AppleWebKit/537.36 (KHTML, like Gecko) SamsungBrowser/28.0 Chrome/130.0.0.0 Mobile Safari/537.36"
111.65.36.65 - - [14/May/2025:02:57:02 -0400] "GET /wp-content/plugins/ninja-forms/assets/css/flatpickr.css?ver=6.8.1 HTTP/1.1" 200 2810 "https://promo.procarecleaning.com.sg/power-hi-jet-wash-cleaning/" "Mozilla/5.0 (Linux; Android 10; K) AppleWebKit/537.36 (KHTML, like Gecko) SamsungBrowser/28.0 Chrome/130.0.0.0 Mobile Safari/537.36"
111.65.36.65 - - [14/May/2025:02:57:02 -0400] "GET /wp-includes/js/hoverIntent.min.js?ver=1.10.2 HTTP/1.1" 200 668 "https://promo.procarecleaning.com.sg/power-hi-jet-wash-cleaning/" "Mozilla/5.0 (Linux; Android 10; K) AppleWebKit/537.36 (KHTML, like Gecko) SamsungBrowser/28.0 Chrome/130.0.0.0 Mobile Safari/537.36"
111.65.36.65 - - [14/May/2025:02:57:02 -0400] "GET /wp-content/themes/flatsome/assets/js/flatsome.js?ver=a0a7aee297766598a20e HTTP/1.1" 200 16076 "https://promo.procarecleaning.com.sg/power-hi-jet-wash-cleaning/" "Mozilla/5.0 (Linux; Android 10; K) AppleWebKit/537.36 (KHTML, like Gecko) SamsungBrowser/28.0 Chrome/130.0.0.0 Mobile Safari/537.36"
111.65.36.65 - - [14/May/2025:02:57:02 -0400] "GET /wp-content/themes/flatsome/inc/extensions/flatsome-lazy-load/flatsome-lazy-load.js?ver=3.18.6 HTTP/1.1" 200 535 "https://promo.procarecleaning.com.sg/power-hi-jet-wash-cleaning/" "Mozilla/5.0 (Linux; Android 10; K) AppleWebKit/537.36 (KHTML, like Gecko) SamsungBrowser/28.0 Chrome/130.0.0.0 Mobile Safari/537.36"
111.65.36.65 - - [14/May/2025:02:57:02 -0400] "GET /wp-includes/js/backbone.min.js?ver=1.6.0 HTTP/1.1" 200 7832 "https://promo.procarecleaning.com.sg/power-hi-jet-wash-cleaning/" "Mozilla/5.0 (Linux; Android 10; K) AppleWebKit/537.36 (KHTML, like Gecko) SamsungBrowser/28.0 Chrome/130.0.0.0 Mobile Safari/537.36"
111.65.36.65 - - [14/May/2025:02:57:02 -0400] "GET /wp-includes/js/underscore.min.js?ver=1.13.7 HTTP/1.1" 200 7185 "https://promo.procarecleaning.com.sg/power-hi-jet-wash-cleaning/" "Mozilla/5.0 (Linux; Android 10; K) AppleWebKit/537.36 (KHTML, like Gecko) SamsungBrowser/28.0 Chrome/130.0.0.0 Mobile Safari/537.36"
111.65.36.65 - - [14/May/2025:02:57:02 -0400] "GET /wp-content/plugins/ninja-forms/assets/js/min/front-end.js?ver=3.10.1 HTTP/1.1" 200 22622 "https://promo.procarecleaning.com.sg/power-hi-jet-wash-cleaning/" "Mozilla/5.0 (Linux; Android 10; K) AppleWebKit/537.36 (KHTML, like Gecko) SamsungBrowser/28.0 Chrome/130.0.0.0 Mobile Safari/537.36"
111.65.36.65 - - [14/May/2025:02:57:02 -0400] "GET /wp-content/plugins/ninja-forms/assets/js/min/front-end-deps.js?ver=3.10.1 HTTP/1.1" 200 17562 "https://promo.procarecleaning.com.sg/power-hi-jet-wash-cleaning/" "Mozilla/5.0 (Linux; Android 10; K) AppleWebKit/537.36 (KHTML, like Gecko) SamsungBrowser/28.0 Chrome/130.0.0.0 Mobile Safari/537.36"
111.65.36.65 - - [14/May/2025:02:57:03 -0400] "GET /wp-content/plugins/ninja-forms/assets/js/min/datepicker.min.js?ver=3.10.1 HTTP/1.1" 200 32181 "https://promo.procarecleaning.com.sg/power-hi-jet-wash-cleaning/" "Mozilla/5.0 (Linux; Android 10; K) AppleWebKit/537.36 (KHTML, like Gecko) SamsungBrowser/28.0 Chrome/130.0.0.0 Mobile Safari/537.36"
111.65.36.65 - - [14/May/2025:02:57:03 -0400] "GET /wp-content/plugins/chaty/js/cht-front-script.min.js?ver=3.4.11713514285 HTTP/1.1" 200 22150 "https://promo.procarecleaning.com.sg/power-hi-jet-wash-cleaning/" "Mozilla/5.0 (Linux; Android 10; K) AppleWebKit/537.36 (KHTML, like Gecko) SamsungBrowser/28.0 Chrome/130.0.0.0 Mobile Safari/537.36"
111.65.36.65 - - [14/May/2025:02:57:03 -0400] "GET /wp-content/fonts/lato/S6uyw4BMUTPHjx4wXg.woff2 HTTP/1.1" 200 23580 "https://promo.procarecleaning.com.sg/power-hi-jet-wash-cleaning/" "Mozilla/5.0 (Linux; Android 10; K) AppleWebKit/537.36 (KHTML, like Gecko) SamsungBrowser/28.0 Chrome/130.0.0.0 Mobile Safari/537.36"
111.65.36.65 - - [14/May/2025:02:57:03 -0400] "GET /wp-content/themes/flatsome/assets/js/chunk.popups.js?ver=3.18.6 HTTP/1.1" 200 6941 "https://promo.procarecleaning.com.sg/power-hi-jet-wash-cleaning/" "Mozilla/5.0 (Linux; Android 10; K) AppleWebKit/537.36 (KHTML, like Gecko) SamsungBrowser/28.0 Chrome/130.0.0.0 Mobile Safari/537.36"
111.65.36.65 - - [14/May/2025:02:57:03 -0400] "GET /wp-content/themes/flatsome/assets/js/chunk.slider.js?ver=3.18.6 HTTP/1.1" 200 12985 "https://promo.procarecleaning.com.sg/power-hi-jet-wash-cleaning/" "Mozilla/5.0 (Linux; Android 10; K) AppleWebKit/537.36 (KHTML, like Gecko) SamsungBrowser/28.0 Chrome/130.0.0.0 Mobile Safari/537.36"
111.65.36.65 - - [14/May/2025:02:57:03 -0400] "GET /wp-content/themes/flatsome/assets/js/chunk.tooltips.js?ver=3.18.6 HTTP/1.1" 200 9748 "https://promo.procarecleaning.com.sg/power-hi-jet-wash-cleaning/" "Mozilla/5.0 (Linux; Android 10; K) AppleWebKit/537.36 (KHTML, like Gecko) SamsungBrowser/28.0 Chrome/130.0.0.0 Mobile Safari/537.36"
111.65.36.65 - - [14/May/2025:02:57:03 -0400] "GET /wp-content/fonts/lato/S6u9w4BMUTPHh6UVSwiPGQ.woff2 HTTP/1.1" 200 23040 "https://promo.procarecleaning.com.sg/power-hi-jet-wash-cleaning/" "Mozilla/5.0 (Linux; Android 10; K) AppleWebKit/537.36 (KHTML, like Gecko) SamsungBrowser/28.0 Chrome/130.0.0.0 Mobile Safari/537.36"
111.65.36.65 - - [14/May/2025:02:57:03 -0400] "GET /wp-content/themes/flatsome/assets/css/icons/fl-icons.woff2?v=3.18.6 HTTP/1.1" 200 7244 "https://promo.procarecleaning.com.sg/power-hi-jet-wash-cleaning/" "Mozilla/5.0 (Linux; Android 10; K) AppleWebKit/537.36 (KHTML, like Gecko) SamsungBrowser/28.0 Chrome/130.0.0.0 Mobile Safari/537.36"
111.65.36.65 - - [14/May/2025:02:57:01 -0400] "GET /wp-content/uploads/2024/06/Before-After-10-768x768-1.png HTTP/1.1" 200 1133793 "https://promo.procarecleaning.com.sg/power-hi-jet-wash-cleaning/" "Mozilla/5.0 (Linux; Android 10; K) AppleWebKit/537.36 (KHTML, like Gecko) SamsungBrowser/28.0 Chrome/130.0.0.0 Mobile Safari/537.36"
111.65.36.65 - - [14/May/2025:02:57:03 -0400] "GET /wp-content/uploads/2024/06/outdoor1.webp HTTP/1.1" 200 263316 "https://promo.procarecleaning.com.sg/power-hi-jet-wash-cleaning/" "Mozilla/5.0 (Linux; Android 10; K) AppleWebKit/537.36 (KHTML, like Gecko) SamsungBrowser/28.0 Chrome/130.0.0.0 Mobile Safari/537.36"
111.65.36.65 - - [14/May/2025:02:57:03 -0400] "GET /wp-content/plugins/ninja-forms/assets/fonts/fontawesome-webfont.woff2?v=4.5.0 HTTP/1.1" 200 66624 "https://promo.procarecleaning.com.sg/wp-content/plugins/ninja-forms/assets/css/font-awesome.min.css?ver=6.8.1" "Mozilla/5.0 (Linux; Android 10; K) AppleWebKit/537.36 (KHTML, like Gecko) SamsungBrowser/28.0 Chrome/130.0.0.0 Mobile Safari/537.36"
198.187.29.109 - - [14/May/2025:02:57:10 -0400] "POST /wp-cron.php HTTP/1.1" 200 0 "-" "WordPress/6.8.1; https://promo.procarecleaning.com.sg"
198.187.29.109 - - [14/May/2025:02:57:10 -0400] "GET / HTTP/1.1" 200 54468 "-" "WordPress/6.8.1; https://promo.procarecleaning.com.sg"
198.187.29.109 - - [14/May/2025:02:57:10 -0400] "GET / HTTP/1.1" 200 54468 "-" "WordPress/6.8.1; https://promo.procarecleaning.com.sg"
198.187.29.109 - - [14/May/2025:02:57:11 -0400] "GET / HTTP/1.1" 200 54468 "-" "WordPress/6.8.1; https://promo.procarecleaning.com.sg"
198.187.29.109 - - [14/May/2025:02:57:11 -0400] "GET / HTTP/1.1" 200 54468 "-" "WordPress/6.8.1; https://promo.procarecleaning.com.sg"
198.187.29.109 - - [14/May/2025:02:57:11 -0400] "GET / HTTP/1.1" 200 54468 "-" "WordPress/6.8.1; https://promo.procarecleaning.com.sg"
198.187.29.109 - - [14/May/2025:03:28:06 -0400] "GET / HTTP/1.1" 200 260867 "-" "Mozilla/5.0 (Windows NT 10.0; Win64; x64; rv:122.0) Gecko/20100101 Firefox/122.0"
198.187.29.109 - - [14/May/2025:05:35:17 -0400] "POST /wp-cron.php?doing_wp_cron=1747215317.5636548995971679687500 HTTP/1.1" 200 0 "-" "WordPress/6.8.1; https://promo.procarecleaning.com.sg"
40.77.167.70 - - [14/May/2025:05:35:06 -0400] "GET /?s=2024 HTTP/1.1" 200 16329 "-" "Mozilla/5.0 AppleWebKit/537.36 (KHTML, like Gecko; compatible; bingbot/2.0; +http://www.bing.com/bingbot.htm) Chrome/116.0.1938.76 Safari/537.36"
198.187.29.109 - - [14/May/2025:05:35:20 -0400] "POST /wp-admin/admin-ajax.php?action=async_litespeed&nonce=DlK94gqSebrLCKYLnvLlQNyiRrfCDvoZ&litespeed_type=imgoptm HTTP/1.1" 200 0 "-" "WordPress/6.8.1; https://promo.procarecleaning.com.sg"
43.134.112.111 - - [14/May/2025:06:23:41 -0400] "GET / HTTP/1.1" 200 44385 "-" "Mozilla/5.0 (Windows NT 10.0; Win64; x64) AppleWebKit/537.36 (KHTML, like Gecko) Chrome/100.0.4896.75 Safari/537.36"
43.159.143.139 - - [14/May/2025:06:24:25 -0400] "GET / HTTP/1.1" 200 54468 "http://promo.procarecleaning.com.sg" "Mozilla/5.0 (iPhone; CPU iPhone OS 13_2_3 like Mac OS X) AppleWebKit/605.1.15 (KHTML, like Gecko) Version/13.0.3 Mobile/15E148 Safari/604.1"
69.171.231.112 - - [14/May/2025:09:45:04 -0400] "GET /robots.txt HTTP/1.1" 200 185 "-" "facebookexternalhit/1.1 (+http://www.facebook.com/externalhit_uatext.php)"
185.191.171.10 - - [14/May/2025:10:13:37 -0400] "GET /robots.txt HTTP/1.1" 200 137 "-" "Mozilla/5.0 (compatible; SemrushBot/7~bl; +http://www.semrush.com/bot.html)"
198.187.29.109 - - [14/May/2025:10:13:46 -0400] "POST /wp-cron.php?doing_wp_cron=1747232025.9236619472503662109375 HTTP/1.1" 200 0 "-" "WordPress/6.8.1; https://promo.procarecleaning.com.sg"
85.208.96.197 - - [14/May/2025:10:13:38 -0400] "GET /author/paul/ HTTP/1.1" 200 18960 "-" "Mozilla/5.0 (compatible; SemrushBot/7~bl; +http://www.semrush.com/bot.html)"
198.187.29.109 - - [14/May/2025:10:13:47 -0400] "POST /wp-admin/admin-ajax.php?action=async_litespeed&nonce=z72yXzaCqSOZBOknuQvx3EGMcLxWoZBm&litespeed_type=imgoptm HTTP/1.1" 200 0 "-" "WordPress/6.8.1; https://promo.procarecleaning.com.sg"
172.176.128.184 - - [14/May/2025:10:36:44 -0400] "GET / HTTP/1.1" 200 54468 "-" "Python/3.9 aiohttp/3.10.6"
45.61.123.20 - - [14/May/2025:11:40:34 -0400] "GET /floor-polishing/ HTTP/1.1" 200 27394 "-" "Mozilla/5.0 (Windows NT 10.0; Win64; x64) AppleWebKit/537.36 (KHTML, like Gecko) Chrome/130.0.0.0 Safari/537.36"
129.226.150.55 - - [14/May/2025:12:31:01 -0400] "GET / HTTP/1.1" 200 44385 "https://google.com" "Mozilla/5.0 (Windows NT 10.0; Win64; x64) AppleWebKit/537.36 (KHTML, like Gecko) Chrome/116.0.0.0 Safari/537.36"
49.51.33.159 - - [14/May/2025:13:08:46 -0400] "GET / HTTP/1.1" 200 54468 "http://promo.procarecleaning.com.sg" "Mozilla/5.0 (iPhone; CPU iPhone OS 13_2_3 like Mac OS X) AppleWebKit/605.1.15 (KHTML, like Gecko) Version/13.0.3 Mobile/15E148 Safari/604.1"
69.171.249.10 - - [14/May/2025:17:00:50 -0400] "GET /robots.txt HTTP/1.1" 200 185 "-" "facebookexternalhit/1.1 (+http://www.facebook.com/externalhit_uatext.php)"
104.210.140.130 - - [14/May/2025:18:04:26 -0400] "GET /robots.txt HTTP/1.1" 200 119 "-" "Mozilla/5.0 (Macintosh; Intel Mac OS X 10_15_7) AppleWebKit/537.36 (KHTML, like Gecko) Chrome/131.0.0.0 Safari/537.36; compatible; OAI-SearchBot/1.0; +https://openai.com/searchbot"
34.170.184.88 - - [14/May/2025:19:40:12 -0400] "GET / HTTP/1.1" 200 0 "-" "Mozilla/5.0 (Windows NT 6.1; Win64; x64; rv:25.0) Gecko/20100101 Firefox/29.0"
198.187.29.109 - - [14/May/2025:19:40:20 -0400] "POST /wp-cron.php?doing_wp_cron=1747266020.7359290122985839843750 HTTP/1.1" 200 0 "-" "WordPress/6.8.1; https://promo.procarecleaning.com.sg"
198.187.29.109 - - [14/May/2025:19:40:22 -0400] "POST /wp-admin/admin-ajax.php?action=async_litespeed&nonce=kn2QNq2cPBqvTTivR7O0JvWz0PJqAI3z&litespeed_type=imgoptm HTTP/1.1" 200 0 "-" "WordPress/6.8.1; https://promo.procarecleaning.com.sg"
66.249.65.169 - - [14/May/2025:19:55:51 -0400] "GET /robots.txt HTTP/1.1" 200 119 "-" "Mozilla/5.0 (compatible; Googlebot/2.1; +http://www.google.com/bot.html)"
209.85.238.73 - - [14/May/2025:19:55:52 -0400] "GET / HTTP/1.1" 200 44385 "-" "AdsBot-Google (+http://www.google.com/adsbot.html)"
209.85.238.72 - - [14/May/2025:19:55:59 -0400] "GET /wp-content/themes/flatsome/assets/js/flatsome.js?ver=a0a7aee297766598a20e HTTP/1.1" 200 16076 "https://promo.procarecleaning.com.sg/" "AdsBot-Google (+http://www.google.com/adsbot.html)"
209.85.238.73 - - [14/May/2025:19:56:04 -0400] "GET /wp-content/themes/flatsome/assets/js/chunk.slider.js?ver=3.18.6 HTTP/1.1" 200 12985 "https://promo.procarecleaning.com.sg/" "AdsBot-Google (+http://www.google.com/adsbot.html)"
209.85.238.72 - - [14/May/2025:19:56:30 -0400] "GET /wp-content/plugins/wp-social-reviews/assets/css/wp_social_ninja_reviews.css?ver=3.17.0 HTTP/1.1" 200 10185 "https://promo.procarecleaning.com.sg/" "AdsBot-Google (+http://www.google.com/adsbot.html)"
209.85.238.72 - - [14/May/2025:19:56:34 -0400] "GET /wp-content/plugins/chaty/js/cht-front-script.min.js?ver=3.4.11713514285 HTTP/1.1" 200 22150 "https://promo.procarecleaning.com.sg/" "AdsBot-Google (+http://www.google.com/adsbot.html)"
209.85.238.72 - - [14/May/2025:19:56:41 -0400] "GET /wp-includes/js/underscore.min.js?ver=1.13.7 HTTP/1.1" 200 7185 "https://promo.procarecleaning.com.sg/" "AdsBot-Google (+http://www.google.com/adsbot.html)"
209.85.238.72 - - [14/May/2025:19:56:44 -0400] "GET /wp-content/plugins/wp-social-reviews/assets/js/wp-social-review.js?ver=3.17.0 HTTP/1.1" 200 6208 "https://promo.procarecleaning.com.sg/" "AdsBot-Google (+http://www.google.com/adsbot.html)"
209.85.238.72 - - [14/May/2025:19:56:46 -0400] "GET /wp-includes/js/backbone.min.js?ver=1.6.0 HTTP/1.1" 200 7832 "https://promo.procarecleaning.com.sg/" "AdsBot-Google (+http://www.google.com/adsbot.html)"
43.153.96.79 - - [14/May/2025:20:19:48 -0400] "GET / HTTP/1.1" 200 54468 "http://promo.procarecleaning.com.sg" "Mozilla/5.0 (iPhone; CPU iPhone OS 13_2_3 like Mac OS X) AppleWebKit/605.1.15 (KHTML, like Gecko) Version/13.0.3 Mobile/15E148 Safari/604.1"
198.187.29.109 - - [14/May/2025:20:24:08 -0400] "POST /wp-cron.php?doing_wp_cron=1747268648.6112780570983886718750 HTTP/1.1" 200 0 "-" "WordPress/6.8.1; https://promo.procarecleaning.com.sg"
209.85.238.72 - - [14/May/2025:20:23:59 -0400] "GET /?saf_src=google_&saf_pt=&saf_kw=&saf_dv=&saf_cam=21234223903&saf_grp=167230730771&saf_ad=720524479406&account_id=5575892872&saf_acc=5575892872&saf_cam_tp=search HTTP/1.1" 301 0 "-" "AdsBot-Google (+http://www.google.com/adsbot.html)"
