66.249.65.169 - - [12/May/2025:12:47:44 -0400] "POST /get-message-notify HTTP/1.1" 200 19017 "https://procarecleaning.com.sg/65239830" "Mozilla/5.0 (Linux; Android 6.0.1; Nexus 5X Build/MMB29P) AppleWebKit/537.36 (KHTML, like Gecko) Chrome/135.0.7049.114 Mobile Safari/537.36 (compatible; Googlebot/2.1; +http://www.google.com/bot.html)"
88.99.244.56 - - [12/May/2025:12:47:41 -0400] "GET /wp-content/edit-wolf.php?action=edit&file=urandom&path=%2F%2Fdev HTTP/1.1" 500 873 "-" "serpstatbot/2.1 (advanced backlink tracking bot; https://serpstatbot.com/; abuse@serpstatbot.com)"
54.36.148.55 - - [12/May/2025:12:47:49 -0400] "GET /?yaq22714.html HTTP/1.1" 200 2069 "-" "Mozilla/5.0 (compatible; AhrefsBot/7.0; +http://ahrefs.com/robot/)"
88.99.244.56 - - [12/May/2025:12:47:50 -0400] "GET /wp-content/edit-wolf.php?action=edit&file=libodbcmyS.so.2.0.0&path=%2F%2Flib64 HTTP/1.1" 200 960 "-" "serpstatbot/2.1 (advanced backlink tracking bot; https://serpstatbot.com/; abuse@serpstatbot.com)"
88.99.244.56 - - [12/May/2025:12:47:53 -0400] "GET /wp-content/uploads/revslider/templates/hero-3/ HTTP/1.1" 200 853 "-" "serpstatbot/2.1 (advanced backlink tracking bot; https://serpstatbot.com/; abuse@serpstatbot.com)"
88.99.244.56 - - [12/May/2025:12:47:56 -0400] "GET /wp-content/edit-wolf.php?action=edit&file=uptime&path=%2F%2Fproc HTTP/1.1" 200 970 "-" "serpstatbot/2.1 (advanced backlink tracking bot; https://serpstatbot.com/; abuse@serpstatbot.com)"
88.99.244.56 - - [12/May/2025:12:47:59 -0400] "GET /wp-content/edit-wolf.php?action=edit&file=libpcre2-16.so.0.7.1&path=%2F%2Flib64 HTTP/1.1" 200 962 "-" "serpstatbot/2.1 (advanced backlink tracking bot; https://serpstatbot.com/; abuse@serpstatbot.com)"
54.36.148.157 - - [12/May/2025:12:48:01 -0400] "GET /?oux51437.html HTTP/1.1" 200 2069 "-" "Mozilla/5.0 (compatible; AhrefsBot/7.0; +http://ahrefs.com/robot/)"
88.99.244.56 - - [12/May/2025:12:48:02 -0400] "GET /wp-content/uploads/revslider/templates/hero-2/ HTTP/1.1" 200 802 "-" "serpstatbot/2.1 (advanced backlink tracking bot; https://serpstatbot.com/; abuse@serpstatbot.com)"
88.99.244.56 - - [12/May/2025:12:48:04 -0400] "GET /wp-content/edit-wolf.php?action=edit&file=uptime&path=%2F%2Fbin HTTP/1.1" 200 950 "-" "serpstatbot/2.1 (advanced backlink tracking bot; https://serpstatbot.com/; abuse@serpstatbot.com)"
88.99.244.56 - - [12/May/2025:12:48:07 -0400] "GET /wp-content/edit-wolf.php?action=edit&file=libpwquality.so.1.0.2&path=%2F%2Flib64 HTTP/1.1" 200 962 "-" "serpstatbot/2.1 (advanced backlink tracking bot; https://serpstatbot.com/; abuse@serpstatbot.com)"
66.249.65.169 - - [12/May/2025:12:48:09 -0400] "GET /pcmypage?callback=product%2Fdetail%2FVNF108456875 HTTP/1.1" 200 18880 "-" "Mozilla/5.0 (Linux; Android 6.0.1; Nexus 5X Build/MMB29P) AppleWebKit/537.36 (KHTML, like Gecko) Chrome/136.0.7103.59 Mobile Safari/537.36 (compatible; Googlebot/2.1; +http://www.google.com/bot.html)"
88.99.244.56 - - [12/May/2025:12:48:11 -0400] "GET /wp-content/uploads/revslider/templates/happy-holidays-hero/ HTTP/1.1" 200 815 "-" "serpstatbot/2.1 (advanced backlink tracking bot; https://serpstatbot.com/; abuse@serpstatbot.com)"
66.249.65.169 - - [12/May/2025:12:48:14 -0400] "GET /91743894 HTTP/1.1" 200 19745 "-" "Mozilla/5.0 (Linux; Android 6.0.1; Nexus 5X Build/MMB29P) AppleWebKit/537.36 (KHTML, like Gecko) Chrome/136.0.7103.59 Mobile Safari/537.36 (compatible; Googlebot/2.1; +http://www.google.com/bot.html)"
66.249.65.169 - - [12/May/2025:12:48:18 -0400] "GET /pcmypage?callback=/product%2Fdetail%2FPWZFJ64487495 HTTP/1.1" 200 19469 "-" "Mozilla/5.0 (Linux; Android 6.0.1; Nexus 5X Build/MMB29P) AppleWebKit/537.36 (KHTML, like Gecko) Chrome/136.0.7103.59 Mobile Safari/537.36 (compatible; Googlebot/2.1; +http://www.google.com/bot.html)"
54.36.148.242 - - [12/May/2025:12:48:18 -0400] "GET /?rek51048.html HTTP/1.1" 200 2069 "-" "Mozilla/5.0 (compatible; AhrefsBot/7.0; +http://ahrefs.com/robot/)"
88.99.244.56 - - [12/May/2025:12:48:18 -0400] "GET /wp-content/edit-wolf.php?action=edit&file=upgrade.php&path=%2Fhome%2Fprocjwtt%2Fpublic_html%2Fwp-admin HTTP/1.1" 200 3078 "-" "serpstatbot/2.1 (advanced backlink tracking bot; https://serpstatbot.com/; abuse@serpstatbot.com)"
54.36.148.198 - - [12/May/2025:12:48:22 -0400] "GET /?rbc11408.html HTTP/1.1" 200 2069 "-" "Mozilla/5.0 (compatible; AhrefsBot/7.0; +http://ahrefs.com/robot/)"
66.249.65.169 - - [12/May/2025:12:48:23 -0400] "GET /20803574 HTTP/1.1" 200 19062 "-" "Mozilla/5.0 (Linux; Android 6.0.1; Nexus 5X Build/MMB29P) AppleWebKit/537.36 (KHTML, like Gecko) Chrome/136.0.7103.59 Mobile Safari/537.36 (compatible; Googlebot/2.1; +http://www.google.com/bot.html)"
54.36.148.222 - - [12/May/2025:12:48:25 -0400] "GET /?pgu30836.html HTTP/1.1" 200 2069 "-" "Mozilla/5.0 (compatible; AhrefsBot/7.0; +http://ahrefs.com/robot/)"
66.249.65.169 - - [12/May/2025:12:48:26 -0400] "POST /get-message-notify HTTP/1.1" 200 19017 "https://procarecleaning.com.sg/pcmypage?callback=/product%2Fdetail%2FPWZFJ64487495" "Mozilla/5.0 (Linux; Android 6.0.1; Nexus 5X Build/MMB29P) AppleWebKit/537.36 (KHTML, like Gecko) Chrome/135.0.7049.114 Mobile Safari/537.36 (compatible; Googlebot/2.1; +http://www.google.com/bot.html)"
88.99.244.56 - - [12/May/2025:12:48:26 -0400] "GET /wp-content/edit-wolf.php?action=edit&file=libpython2.7.so.1.0&path=%2F%2Flib64 HTTP/1.1" 200 961 "-" "serpstatbot/2.1 (advanced backlink tracking bot; https://serpstatbot.com/; abuse@serpstatbot.com)"
66.249.65.169 - - [12/May/2025:12:48:27 -0400] "GET /42414518 HTTP/1.1" 200 19557 "-" "Mozilla/5.0 (Linux; Android 6.0.1; Nexus 5X Build/MMB29P) AppleWebKit/537.36 (KHTML, like Gecko) Chrome/136.0.7103.59 Mobile Safari/537.36 (compatible; Googlebot/2.1; +http://www.google.com/bot.html)"
66.249.65.169 - - [12/May/2025:12:48:28 -0400] "GET /30870742 HTTP/1.1" 200 19089 "-" "Mozilla/5.0 (Linux; Android 6.0.1; Nexus 5X Build/MMB29P) AppleWebKit/537.36 (KHTML, like Gecko) Chrome/136.0.7103.59 Mobile Safari/537.36 (compatible; Googlebot/2.1; +http://www.google.com/bot.html)"
88.99.244.56 - - [12/May/2025:12:48:33 -0400] "GET /wp-content/uploads/revslider/templates/gravitydesign/ HTTP/1.1" 200 809 "-" "serpstatbot/2.1 (advanced backlink tracking bot; https://serpstatbot.com/; abuse@serpstatbot.com)"
66.249.65.169 - - [12/May/2025:12:48:33 -0400] "GET /pcmypage?callback=product%2Fdetail%2FFKBZI202681480 HTTP/1.1" 200 19409 "-" "Mozilla/5.0 (Linux; Android 6.0.1; Nexus 5X Build/MMB29P) AppleWebKit/537.36 (KHTML, like Gecko) Chrome/136.0.7103.59 Mobile Safari/537.36 (compatible; Googlebot/2.1; +http://www.google.com/bot.html)"
66.249.65.169 - - [12/May/2025:12:48:36 -0400] "GET /84510742 HTTP/1.1" 200 18652 "-" "Mozilla/5.0 (Linux; Android 6.0.1; Nexus 5X Build/MMB29P) AppleWebKit/537.36 (KHTML, like Gecko) Chrome/136.0.7103.59 Mobile Safari/537.36 (compatible; Googlebot/2.1; +http://www.google.com/bot.html)"
20.171.207.232 - - [12/May/2025:12:48:38 -0400] "GET /81576598 HTTP/1.1" 500 0 "-" "Mozilla/5.0 AppleWebKit/537.36 (KHTML, like Gecko; compatible; GPTBot/1.2; +https://openai.com/gptbot)"
66.249.65.169 - - [12/May/2025:12:48:38 -0400] "POST /get-message-notify HTTP/1.1" 200 19017 "https://procarecleaning.com.sg/42414518" "Mozilla/5.0 (Linux; Android 6.0.1; Nexus 5X Build/MMB29P) AppleWebKit/537.36 (KHTML, like Gecko) Chrome/135.0.7049.114 Mobile Safari/537.36 (compatible; Googlebot/2.1; +http://www.google.com/bot.html)"
66.249.65.169 - - [12/May/2025:12:48:39 -0400] "GET /90237110 HTTP/1.1" 200 18825 "-" "Mozilla/5.0 (Linux; Android 6.0.1; Nexus 5X Build/MMB29P) AppleWebKit/537.36 (KHTML, like Gecko) Chrome/136.0.7103.59 Mobile Safari/537.36 (compatible; Googlebot/2.1; +http://www.google.com/bot.html)"
3.128.173.223 - - [12/May/2025:12:48:39 -0400] "GET /wp-admin/admin-wolf.php?path=%2Fhome%2Fprocjwtt%2F.caldav%2Fdesmond%40procarecleaning.com.sg HTTP/1.1" 200 1195 "-" "Mozilla/5.0 AppleWebKit/537.36 (KHTML, like Gecko; compatible; ClaudeBot/1.0; +claudebot@anthropic.com)"
3.128.173.223 - - [12/May/2025:12:48:39 -0400] "GET /wp-admin/admin-wolf.php?action=edit&file=perlml&path=%2F%2Fbin HTTP/1.1" 200 818 "-" "Mozilla/5.0 AppleWebKit/537.36 (KHTML, like Gecko; compatible; ClaudeBot/1.0; +claudebot@anthropic.com)"
3.128.173.223 - - [12/May/2025:12:48:40 -0400] "GET /wp-admin/admin-wolf.php?action=edit&file=cpp&path=%2F%2Fbin HTTP/1.1" 200 815 "-" "Mozilla/5.0 AppleWebKit/537.36 (KHTML, like Gecko; compatible; ClaudeBot/1.0; +claudebot@anthropic.com)"
3.128.173.223 - - [12/May/2025:12:48:40 -0400] "GET /wp-admin/admin-wolf.php?path=%2F%2Fetc%2Fsasl2 HTTP/1.1" 200 958 "-" "Mozilla/5.0 AppleWebKit/537.36 (KHTML, like Gecko; compatible; ClaudeBot/1.0; +claudebot@anthropic.com)"
3.128.173.223 - - [12/May/2025:12:48:40 -0400] "GET /wp-admin/admin-wolf.php?action=edit&file=python3&path=%2F%2Fbin HTTP/1.1" 200 818 "-" "Mozilla/5.0 AppleWebKit/537.36 (KHTML, like Gecko; compatible; ClaudeBot/1.0; +claudebot@anthropic.com)"
3.128.173.223 - - [12/May/2025:12:48:40 -0400] "GET /wp-admin/admin-wolf.php?path=%2F%2Fvar%2Fspool HTTP/1.1" 200 1058 "-" "Mozilla/5.0 AppleWebKit/537.36 (KHTML, like Gecko; compatible; ClaudeBot/1.0; +claudebot@anthropic.com)"
3.128.173.223 - - [12/May/2025:12:48:40 -0400] "GET /wp-admin/admin-wolf.php?action=edit&file=google659b141b79041384.html&path=%2Fhome%2Fprocjwtt%2Fwww HTTP/1.1" 200 847 "-" "Mozilla/5.0 AppleWebKit/537.36 (KHTML, like Gecko; compatible; ClaudeBot/1.0; +claudebot@anthropic.com)"
88.99.244.56 - - [12/May/2025:12:48:41 -0400] "GET /wp-content/edit-wolf.php?action=edit&file=unzipsfx&path=%2F%2Fbin HTTP/1.1" 200 952 "-" "serpstatbot/2.1 (advanced backlink tracking bot; https://serpstatbot.com/; abuse@serpstatbot.com)"
66.249.65.169 - - [12/May/2025:12:48:42 -0400] "GET /48670774 HTTP/1.1" 200 19810 "-" "Mozilla/5.0 (Linux; Android 6.0.1; Nexus 5X Build/MMB29P) AppleWebKit/537.36 (KHTML, like Gecko) Chrome/136.0.7103.59 Mobile Safari/537.36 (compatible; Googlebot/2.1; +http://www.google.com/bot.html)"
44.207.207.36 - - [12/May/2025:12:48:47 -0400] "GET /wp-content/plugins/ninja-forms/LICENSE HTTP/1.1" 500 0 "-" "Mozilla/5.0 AppleWebKit/537.36 (KHTML, like Gecko; compatible; Amazonbot/0.1; +https://developer.amazon.com/support/amazonbot) Chrome/119.0.6045.214 Safari/537.36"
88.99.244.56 - - [12/May/2025:12:48:49 -0400] "GET /wp-content/edit-wolf.php?action=edit&file=libpython3.6m.so.1.0&path=%2F%2Flib64 HTTP/1.1" 200 961 "-" "serpstatbot/2.1 (advanced backlink tracking bot; https://serpstatbot.com/; abuse@serpstatbot.com)"
54.36.148.183 - - [12/May/2025:12:48:53 -0400] "GET /?cqe44254.html HTTP/1.1" 200 2063 "-" "Mozilla/5.0 (compatible; AhrefsBot/7.0; +http://ahrefs.com/robot/)"
66.249.65.169 - - [12/May/2025:12:48:52 -0400] "GET /pcmypage?callback=/product%2Fdetail%2FZQEDB20593950 HTTP/1.1" 200 19374 "-" "Mozilla/5.0 (Linux; Android 6.0.1; Nexus 5X Build/MMB29P) AppleWebKit/537.36 (KHTML, like Gecko) Chrome/136.0.7103.59 Mobile Safari/537.36 (compatible; Googlebot/2.1; +http://www.google.com/bot.html)"
88.99.244.56 - - [12/May/2025:12:48:54 -0400] "GET /wp-content/uploads/revslider/templates/goodnewswhatshot/ HTTP/1.1" 200 812 "-" "serpstatbot/2.1 (advanced backlink tracking bot; https://serpstatbot.com/; abuse@serpstatbot.com)"
66.249.65.169 - - [12/May/2025:12:48:56 -0400] "GET /71024022 HTTP/1.1" 200 19339 "-" "Mozilla/5.0 (Linux; Android 6.0.1; Nexus 5X Build/MMB29P) AppleWebKit/537.36 (KHTML, like Gecko) Chrome/136.0.7103.59 Mobile Safari/537.36 (compatible; Googlebot/2.1; +http://www.google.com/bot.html)"
54.36.148.113 - - [12/May/2025:12:48:58 -0400] "GET /?cze24104.html HTTP/1.1" 200 2063 "-" "Mozilla/5.0 (compatible; AhrefsBot/7.0; +http://ahrefs.com/robot/)"
88.99.244.56 - - [12/May/2025:12:49:02 -0400] "GET /wp-content/edit-wolf.php?action=edit&file=unzip&path=%2F%2Fbin HTTP/1.1" 200 950 "-" "serpstatbot/2.1 (advanced backlink tracking bot; https://serpstatbot.com/; abuse@serpstatbot.com)"
66.249.65.169 - - [12/May/2025:12:49:03 -0400] "GET /13122838 HTTP/1.1" 200 18930 "-" "Mozilla/5.0 (Linux; Android 6.0.1; Nexus 5X Build/MMB29P) AppleWebKit/537.36 (KHTML, like Gecko) Chrome/136.0.7103.59 Mobile Safari/537.36 (compatible; Googlebot/2.1; +http://www.google.com/bot.html)"
88.99.244.56 - - [12/May/2025:12:49:10 -0400] "GET /wp-content/edit-wolf.php?action=edit&file=libpython3.8.so&path=%2F%2Flib64 HTTP/1.1" 200 957 "-" "serpstatbot/2.1 (advanced backlink tracking bot; https://serpstatbot.com/; abuse@serpstatbot.com)"
54.36.148.54 - - [12/May/2025:12:49:11 -0400] "GET /?pgu6127.html HTTP/1.1" 200 2063 "-" "Mozilla/5.0 (compatible; AhrefsBot/7.0; +http://ahrefs.com/robot/)"
54.36.148.43 - - [12/May/2025:12:49:15 -0400] "GET /?zsy46426.html HTTP/1.1" 200 2063 "-" "Mozilla/5.0 (compatible; AhrefsBot/7.0; +http://ahrefs.com/robot/)"
54.36.148.110 - - [12/May/2025:12:49:16 -0400] "GET /?ddp11864.html HTTP/1.1" 200 2063 "-" "Mozilla/5.0 (compatible; AhrefsBot/7.0; +http://ahrefs.com/robot/)"
66.249.65.170 - - [12/May/2025:12:49:16 -0400] "GET /pcmypage?callback=product%2Fdetail%2FZQEDB20593950 HTTP/1.1" 200 19292 "-" "Mozilla/5.0 (Linux; Android 6.0.1; Nexus 5X Build/MMB29P) AppleWebKit/537.36 (KHTML, like Gecko) Chrome/136.0.7103.59 Mobile Safari/537.36 (compatible; Googlebot/2.1; +http://www.google.com/bot.html)"
54.36.148.104 - - [12/May/2025:12:49:21 -0400] "GET /?ulo48364.html HTTP/1.1" 200 2063 "-" "Mozilla/5.0 (compatible; AhrefsBot/7.0; +http://ahrefs.com/robot/)"
88.99.244.56 - - [12/May/2025:12:49:23 -0400] "GET /wp-content/uploads/revslider/templates/goodnewstestimonials/ HTTP/1.1" 200 839 "-" "serpstatbot/2.1 (advanced backlink tracking bot; https://serpstatbot.com/; abuse@serpstatbot.com)"
66.249.65.169 - - [12/May/2025:12:49:29 -0400] "GET /12037174 HTTP/1.1" 200 18600 "-" "Mozilla/5.0 (Linux; Android 6.0.1; Nexus 5X Build/MMB29P) AppleWebKit/537.36 (KHTML, like Gecko) Chrome/136.0.7103.59 Mobile Safari/537.36 (compatible; Googlebot/2.1; +http://www.google.com/bot.html)"
66.249.65.169 - - [12/May/2025:12:49:32 -0400] "GET /19268598 HTTP/1.1" 200 20742 "-" "Mozilla/5.0 (Linux; Android 6.0.1; Nexus 5X Build/MMB29P) AppleWebKit/537.36 (KHTML, like Gecko) Chrome/136.0.7103.59 Mobile Safari/537.36 (compatible; Googlebot/2.1; +http://www.google.com/bot.html)"
66.249.65.169 - - [12/May/2025:12:49:35 -0400] "GET /85505398 HTTP/1.1" 200 23803 "-" "Mozilla/5.0 (Linux; Android 6.0.1; Nexus 5X Build/MMB29P) AppleWebKit/537.36 (KHTML, like Gecko) Chrome/136.0.7103.59 Mobile Safari/537.36 (compatible; Googlebot/2.1; +http://www.google.com/bot.html)"
88.99.244.56 - - [12/May/2025:12:49:38 -0400] "GET /wp-content/edit-wolf.php?action=edit&file=unversioned-python&path=%2F%2Fbin HTTP/1.1" 200 875 "-" "serpstatbot/2.1 (advanced backlink tracking bot; https://serpstatbot.com/; abuse@serpstatbot.com)"
20.171.207.232 - - [12/May/2025:12:49:40 -0400] "GET /75604886 HTTP/1.1" 500 0 "-" "Mozilla/5.0 AppleWebKit/537.36 (KHTML, like Gecko; compatible; GPTBot/1.2; +https://openai.com/gptbot)"
66.249.65.169 - - [12/May/2025:12:49:44 -0400] "GET /26134102 HTTP/1.1" 200 20175 "-" "Mozilla/5.0 (Linux; Android 6.0.1; Nexus 5X Build/MMB29P) AppleWebKit/537.36 (KHTML, like Gecko) Chrome/136.0.7103.59 Mobile Safari/537.36 (compatible; Googlebot/2.1; +http://www.google.com/bot.html)"
3.142.172.36 - - [12/May/2025:12:49:46 -0400] "GET /wp-admin/admin-wolf.php?path=%2Fhome%2Fprocjwtt%2Fpromo.procarecleaning.com.sg%2Fwp-includes HTTP/1.1" 200 5305 "-" "Mozilla/5.0 AppleWebKit/537.36 (KHTML, like Gecko; compatible; ClaudeBot/1.0; +claudebot@anthropic.com)"
3.142.172.36 - - [12/May/2025:12:49:46 -0400] "GET /wp-admin/admin-wolf.php?action=edit&file=wp-trackback.php&path=%2Fhome%2Fprocjwtt%2Fpromo.procarecleaning.com.sg HTTP/1.1" 200 2701 "-" "Mozilla/5.0 AppleWebKit/537.36 (KHTML, like Gecko; compatible; ClaudeBot/1.0; +claudebot@anthropic.com)"
3.142.172.36 - - [12/May/2025:12:49:46 -0400] "GET /wp-admin/admin-wolf.php?path=%2F%2Fdev%2Fpts HTTP/1.1" 200 1090 "-" "Mozilla/5.0 AppleWebKit/537.36 (KHTML, like Gecko; compatible; ClaudeBot/1.0; +claudebot@anthropic.com)"
3.142.172.36 - - [12/May/2025:12:49:46 -0400] "GET /wp-admin/admin-wolf.php?action=edit&file=python3.6&path=%2F%2Fbin HTTP/1.1" 200 820 "-" "Mozilla/5.0 AppleWebKit/537.36 (KHTML, like Gecko; compatible; ClaudeBot/1.0; +claudebot@anthropic.com)"
3.142.172.36 - - [12/May/2025:12:49:46 -0400] "GET /wp-admin/admin-wolf.php?action=edit&file=mariadb-waitpid&path=%2F%2Fbin HTTP/1.1" 200 824 "-" "Mozilla/5.0 AppleWebKit/537.36 (KHTML, like Gecko; compatible; ClaudeBot/1.0; +claudebot@anthropic.com)"
3.142.172.36 - - [12/May/2025:12:49:47 -0400] "GET /wp-admin/admin-wolf.php?action=edit&file=vimdiff&path=%2F%2Fbin HTTP/1.1" 200 819 "-" "Mozilla/5.0 AppleWebKit/537.36 (KHTML, like Gecko; compatible; ClaudeBot/1.0; +claudebot@anthropic.com)"
3.142.172.36 - - [12/May/2025:12:49:47 -0400] "GET /wp-admin/admin-wolf.php?path=%2F%2Fvar%2Fphp HTTP/1.1" 200 1043 "-" "Mozilla/5.0 AppleWebKit/537.36 (KHTML, like Gecko; compatible; ClaudeBot/1.0; +claudebot@anthropic.com)"
66.249.65.169 - - [12/May/2025:12:49:47 -0400] "GET /58249686 HTTP/1.1" 200 19299 "-" "Mozilla/5.0 (Linux; Android 6.0.1; Nexus 5X Build/MMB29P) AppleWebKit/537.36 (KHTML, like Gecko) Chrome/136.0.7103.59 Mobile Safari/537.36 (compatible; Googlebot/2.1; +http://www.google.com/bot.html)"
88.99.244.56 - - [12/May/2025:12:49:52 -0400] "GET /wp-content/edit-wolf.php?action=edit&file=libpython3.so&path=%2F%2Flib64 HTTP/1.1" 200 955 "-" "serpstatbot/2.1 (advanced backlink tracking bot; https://serpstatbot.com/; abuse@serpstatbot.com)"
66.249.65.169 - - [12/May/2025:12:49:54 -0400] "GET /pcmypage?callback=product/review/CSOL89825167 HTTP/1.1" 200 21071 "-" "Mozilla/5.0 (Linux; Android 6.0.1; Nexus 5X Build/MMB29P) AppleWebKit/537.36 (KHTML, like Gecko) Chrome/136.0.7103.59 Mobile Safari/537.36 (compatible; Googlebot/2.1; +http://www.google.com/bot.html)"
66.249.65.169 - - [12/May/2025:12:49:56 -0400] "GET /53404854 HTTP/1.1" 200 19459 "-" "Mozilla/5.0 (Linux; Android 6.0.1; Nexus 5X Build/MMB29P) AppleWebKit/537.36 (KHTML, like Gecko) Chrome/136.0.7103.59 Mobile Safari/537.36 (compatible; Googlebot/2.1; +http://www.google.com/bot.html)"
66.249.65.171 - - [12/May/2025:12:50:00 -0400] "GET /40045974 HTTP/1.1" 200 19788 "-" "Mozilla/5.0 (Linux; Android 6.0.1; Nexus 5X Build/MMB29P) AppleWebKit/537.36 (KHTML, like Gecko) Chrome/136.0.7103.59 Mobile Safari/537.36 (compatible; Googlebot/2.1; +http://www.google.com/bot.html)"
54.36.149.0 - - [12/May/2025:12:50:02 -0400] "GET /?zqo5621.html HTTP/1.1" 200 2061 "-" "Mozilla/5.0 (compatible; AhrefsBot/7.0; +http://ahrefs.com/robot/)"
66.249.65.169 - - [12/May/2025:12:50:04 -0400] "GET /74883222 HTTP/1.1" 200 18615 "-" "Mozilla/5.0 (Linux; Android 6.0.1; Nexus 5X Build/MMB29P) AppleWebKit/537.36 (KHTML, like Gecko) Chrome/136.0.7103.59 Mobile Safari/537.36 (compatible; Googlebot/2.1; +http://www.google.com/bot.html)"
66.249.65.169 - - [12/May/2025:12:50:07 -0400] "GET /74827222 HTTP/1.1" 200 18865 "-" "Mozilla/5.0 (Linux; Android 6.0.1; Nexus 5X Build/MMB29P) AppleWebKit/537.36 (KHTML, like Gecko) Chrome/136.0.7103.59 Mobile Safari/537.36 (compatible; Googlebot/2.1; +http://www.google.com/bot.html)"
66.249.65.169 - - [12/May/2025:12:50:08 -0400] "GET /64844502 HTTP/1.1" 200 19666 "-" "Mozilla/5.0 (Linux; Android 6.0.1; Nexus 5X Build/MMB29P) AppleWebKit/537.36 (KHTML, like Gecko) Chrome/136.0.7103.59 Mobile Safari/537.36 (compatible; Googlebot/2.1; +http://www.google.com/bot.html)"
88.99.244.56 - - [12/May/2025:12:50:10 -0400] "GET /wp-content/uploads/revslider/templates/goodnewsspotlight/ HTTP/1.1" 200 861 "-" "serpstatbot/2.1 (advanced backlink tracking bot; https://serpstatbot.com/; abuse@serpstatbot.com)"
66.249.65.169 - - [12/May/2025:12:50:16 -0400] "POST /get-message-notify HTTP/1.1" 200 19017 "https://procarecleaning.com.sg/64844502" "Mozilla/5.0 (Linux; Android 6.0.1; Nexus 5X Build/MMB29P) AppleWebKit/537.36 (KHTML, like Gecko) Chrome/135.0.7049.114 Mobile Safari/537.36 (compatible; Googlebot/2.1; +http://www.google.com/bot.html)"
34.196.114.170 - - [12/May/2025:12:50:24 -0400] "GET /wp-content/plugins/loginizer/ HTTP/1.1" 500 0 "-" "Mozilla/5.0 AppleWebKit/537.36 (KHTML, like Gecko; compatible; Amazonbot/0.1; +https://developer.amazon.com/support/amazonbot) Chrome/119.0.6045.214 Safari/537.36"
88.99.244.56 - - [12/May/2025:12:50:28 -0400] "GET /wp-content/edit-wolf.php?action=edit&file=unlink&path=%2F%2Fbin HTTP/1.1" 200 950 "-" "serpstatbot/2.1 (advanced backlink tracking bot; https://serpstatbot.com/; abuse@serpstatbot.com)"
66.249.65.169 - - [12/May/2025:12:50:35 -0400] "GET /37614134 HTTP/1.1" 200 21177 "-" "Mozilla/5.0 (Linux; Android 6.0.1; Nexus 5X Build/MMB29P) AppleWebKit/537.36 (KHTML, like Gecko) Chrome/136.0.7103.59 Mobile Safari/537.36 (compatible; Googlebot/2.1; +http://www.google.com/bot.html)"
88.99.244.56 - - [12/May/2025:12:50:41 -0400] "GET /wp-content/edit-wolf.php?action=edit&file=libraqm.so.0&path=%2F%2Flib64 HTTP/1.1" 200 955 "-" "serpstatbot/2.1 (advanced backlink tracking bot; https://serpstatbot.com/; abuse@serpstatbot.com)"
20.171.207.232 - - [12/May/2025:12:50:41 -0400] "GET /63428086 HTTP/1.1" 500 0 "-" "Mozilla/5.0 AppleWebKit/537.36 (KHTML, like Gecko; compatible; GPTBot/1.2; +https://openai.com/gptbot)"
3.149.214.60 - - [12/May/2025:12:50:52 -0400] "GET /wp-admin/admin-wolf.php?action=edit&file=wp-config.php&path=%2Fhome%2Fprocjwtt%2Fpromo.procarecleaning.com.sg HTTP/1.1" 403 1242 "-" "Mozilla/5.0 AppleWebKit/537.36 (KHTML, like Gecko; compatible; ClaudeBot/1.0; +claudebot@anthropic.com)"
3.149.214.60 - - [12/May/2025:12:50:52 -0400] "GET /wp-admin/admin-wolf.php?action=edit&file=wp-activate.php&path=%2Fhome%2Fprocjwtt%2Fpromo.procarecleaning.com.sg HTTP/1.1" 200 3384 "-" "Mozilla/5.0 AppleWebKit/537.36 (KHTML, like Gecko; compatible; ClaudeBot/1.0; +claudebot@anthropic.com)"
3.149.214.60 - - [12/May/2025:12:50:52 -0400] "GET /wp-admin/admin-wolf.php?action=edit&file=git-upload-archive&path=%2F%2Fbin HTTP/1.1" 200 824 "-" "Mozilla/5.0 AppleWebKit/537.36 (KHTML, like Gecko; compatible; ClaudeBot/1.0; +claudebot@anthropic.com)"
3.149.214.60 - - [12/May/2025:12:50:53 -0400] "GET /wp-admin/admin-wolf.php?path=%2F%2Fetc%2Fskel HTTP/1.1" 200 1113 "-" "Mozilla/5.0 AppleWebKit/537.36 (KHTML, like Gecko; compatible; ClaudeBot/1.0; +claudebot@anthropic.com)"
3.149.214.60 - - [12/May/2025:12:50:53 -0400] "GET /wp-admin/admin-wolf.php?path=%2F%2Fetc%2Fssh HTTP/1.1" 200 1101 "-" "Mozilla/5.0 AppleWebKit/537.36 (KHTML, like Gecko; compatible; ClaudeBot/1.0; +claudebot@anthropic.com)"
3.149.214.60 - - [12/May/2025:12:50:53 -0400] "GET /wp-admin/admin-wolf.php?action=edit&file=xmlrpc.php&path=%2Fhome%2Fprocjwtt%2Fpromo.procarecleaning.com.sg HTTP/1.1" 200 2257 "-" "Mozilla/5.0 AppleWebKit/537.36 (KHTML, like Gecko; compatible; ClaudeBot/1.0; +claudebot@anthropic.com)"
3.149.214.60 - - [12/May/2025:12:50:53 -0400] "GET /wp-admin/admin-wolf.php?action=edit&file=dovecot.list.index&path=%2Fhome%2Fprocjwtt%2Fmail HTTP/1.1" 200 824 "-" "Mozilla/5.0 AppleWebKit/537.36 (KHTML, like Gecko; compatible; ClaudeBot/1.0; +claudebot@anthropic.com)"
88.99.244.56 - - [12/May/2025:12:50:55 -0400] "GET /wp-content/uploads/revslider/templates/goodnewsmenuback/ HTTP/1.1" 200 810 "-" "serpstatbot/2.1 (advanced backlink tracking bot; https://serpstatbot.com/; abuse@serpstatbot.com)"
54.36.149.62 - - [12/May/2025:12:51:03 -0400] "GET /?sdy30488.html HTTP/1.1" 200 2062 "-" "Mozilla/5.0 (compatible; AhrefsBot/7.0; +http://ahrefs.com/robot/)"
54.36.149.83 - - [12/May/2025:12:51:06 -0400] "GET /?znb15017.html HTTP/1.1" 200 2062 "-" "Mozilla/5.0 (compatible; AhrefsBot/7.0; +http://ahrefs.com/robot/)"
88.99.244.56 - - [12/May/2025:12:51:11 -0400] "GET /wp-content/edit-wolf.php?action=edit&file=unix_update&path=%2F%2Fsbin HTTP/1.1" 200 954 "-" "serpstatbot/2.1 (advanced backlink tracking bot; https://serpstatbot.com/; abuse@serpstatbot.com)"
54.36.148.252 - - [12/May/2025:12:51:12 -0400] "GET /?yck42603.html HTTP/1.1" 200 2062 "-" "Mozilla/5.0 (compatible; AhrefsBot/7.0; +http://ahrefs.com/robot/)"
88.99.244.56 - - [12/May/2025:12:51:14 -0400] "GET /wp-content/edit-wolf.php?action=edit&file=libraqm.so.0.700.0&path=%2F%2Flib64 HTTP/1.1" 200 960 "-" "serpstatbot/2.1 (advanced backlink tracking bot; https://serpstatbot.com/; abuse@serpstatbot.com)"
88.99.244.56 - - [12/May/2025:12:51:17 -0400] "GET /wp-content/uploads/revslider/templates/goodnewsmenu/ HTTP/1.1" 200 807 "-" "serpstatbot/2.1 (advanced backlink tracking bot; https://serpstatbot.com/; abuse@serpstatbot.com)"
54.36.148.68 - - [12/May/2025:12:51:20 -0400] "GET /?zut39932.html HTTP/1.1" 200 2062 "-" "Mozilla/5.0 (compatible; AhrefsBot/7.0; +http://ahrefs.com/robot/)"
88.99.244.56 - - [12/May/2025:12:51:21 -0400] "GET /wp-content/edit-wolf.php?action=edit&file=unix_chkpwd&path=%2F%2Fsbin HTTP/1.1" 200 955 "-" "serpstatbot/2.1 (advanced backlink tracking bot; https://serpstatbot.com/; abuse@serpstatbot.com)"
88.99.244.56 - - [12/May/2025:12:51:23 -0400] "GET /wp-content/edit-wolf.php?action=edit&file=libraw.so.19.0.2&path=%2F%2Flib64 HTTP/1.1" 200 958 "-" "serpstatbot/2.1 (advanced backlink tracking bot; https://serpstatbot.com/; abuse@serpstatbot.com)"
54.36.149.30 - - [12/May/2025:12:51:24 -0400] "GET /?zut31251.html HTTP/1.1" 200 2062 "-" "Mozilla/5.0 (compatible; AhrefsBot/7.0; +http://ahrefs.com/robot/)"
88.99.244.56 - - [12/May/2025:12:51:27 -0400] "GET /wp-content/uploads/revslider/templates/goodnewsheader/ HTTP/1.1" 200 859 "-" "serpstatbot/2.1 (advanced backlink tracking bot; https://serpstatbot.com/; abuse@serpstatbot.com)"
66.249.65.171 - - [12/May/2025:12:51:27 -0400] "GET /13681942 HTTP/1.1" 200 19905 "-" "Mozilla/5.0 (Linux; Android 6.0.1; Nexus 5X Build/MMB29P) AppleWebKit/537.36 (KHTML, like Gecko) Chrome/136.0.7103.59 Mobile Safari/537.36 (compatible; Googlebot/2.1; +http://www.google.com/bot.html)"
88.99.244.56 - - [12/May/2025:12:51:29 -0400] "GET /wp-content/edit-wolf.php?action=edit&file=uniq&path=%2F%2Fbin HTTP/1.1" 200 949 "-" "serpstatbot/2.1 (advanced backlink tracking bot; https://serpstatbot.com/; abuse@serpstatbot.com)"
54.36.148.252 - - [12/May/2025:12:51:30 -0400] "GET /?zig34797.html HTTP/1.1" 200 2062 "-" "Mozilla/5.0 (compatible; AhrefsBot/7.0; +http://ahrefs.com/robot/)"
54.36.148.93 - - [12/May/2025:12:51:30 -0400] "GET /?gbu635.html HTTP/1.1" 200 2062 "-" "Mozilla/5.0 (compatible; AhrefsBot/7.0; +http://ahrefs.com/robot/)"
88.99.244.56 - - [12/May/2025:12:51:32 -0400] "GET /wp-content/edit-wolf.php?action=edit&file=libraw_r.so.19&path=%2F%2Flib64 HTTP/1.1" 200 956 "-" "serpstatbot/2.1 (advanced backlink tracking bot; https://serpstatbot.com/; abuse@serpstatbot.com)"
88.99.244.56 - - [12/May/2025:12:51:35 -0400] "GET /wp-content/uploads/revslider/templates/goodnewsfooter/ HTTP/1.1" 200 810 "-" "serpstatbot/2.1 (advanced backlink tracking bot; https://serpstatbot.com/; abuse@serpstatbot.com)"
66.249.65.170 - - [12/May/2025:12:51:38 -0400] "GET /39921046 HTTP/1.1" 200 19176 "-" "Mozilla/5.0 (Linux; Android 6.0.1; Nexus 5X Build/MMB29P) AppleWebKit/537.36 (KHTML, like Gecko) Chrome/136.0.7103.59 Mobile Safari/537.36 (compatible; Googlebot/2.1; +http://www.google.com/bot.html)"
88.99.244.56 - - [12/May/2025:12:51:39 -0400] "GET /wp-content/edit-wolf.php?action=edit&file=unexpand&path=%2F%2Fbin HTTP/1.1" 200 951 "-" "serpstatbot/2.1 (advanced backlink tracking bot; https://serpstatbot.com/; abuse@serpstatbot.com)"
88.99.244.56 - - [12/May/2025:12:51:42 -0400] "GET /wp-content/edit-wolf.php?action=edit&file=libreadline.so.7.0&path=%2F%2Flib64 HTTP/1.1" 200 958 "-" "serpstatbot/2.1 (advanced backlink tracking bot; https://serpstatbot.com/; abuse@serpstatbot.com)"
20.171.207.232 - - [12/May/2025:12:51:43 -0400] "GET /67835158 HTTP/1.1" 500 0 "-" "Mozilla/5.0 AppleWebKit/537.36 (KHTML, like Gecko; compatible; GPTBot/1.2; +https://openai.com/gptbot)"
88.99.244.56 - - [12/May/2025:12:51:45 -0400] "GET /wp-content/uploads/revslider/templates/goodnewsfeatured/ HTTP/1.1" 200 811 "-" "serpstatbot/2.1 (advanced backlink tracking bot; https://serpstatbot.com/; abuse@serpstatbot.com)"
66.249.65.169 - - [12/May/2025:12:51:46 -0400] "GET /31938486 HTTP/1.1" 200 18754 "-" "Mozilla/5.0 (Linux; Android 6.0.1; Nexus 5X Build/MMB29P) AppleWebKit/537.36 (KHTML, like Gecko) Chrome/136.0.7103.59 Mobile Safari/537.36 (compatible; Googlebot/2.1; +http://www.google.com/bot.html)"
88.99.244.56 - - [12/May/2025:12:51:48 -0400] "GET /wp-content/edit-wolf.php?action=edit&file=uname&path=%2F%2Fbin HTTP/1.1" 200 948 "-" "serpstatbot/2.1 (advanced backlink tracking bot; https://serpstatbot.com/; abuse@serpstatbot.com)"
88.99.244.56 - - [12/May/2025:12:51:50 -0400] "GET /wp-content/edit-wolf.php?action=edit&file=librepo.so.0&path=%2F%2Flib64 HTTP/1.1" 200 954 "-" "serpstatbot/2.1 (advanced backlink tracking bot; https://serpstatbot.com/; abuse@serpstatbot.com)"
54.36.148.60 - - [12/May/2025:12:51:51 -0400] "GET /?fus38282.html HTTP/1.1" 200 2063 "-" "Mozilla/5.0 (compatible; AhrefsBot/7.0; +http://ahrefs.com/robot/)"
88.99.244.56 - - [12/May/2025:12:51:53 -0400] "GET /wp-content/uploads/revslider/templates/goodnewscarousel/ HTTP/1.1" 200 834 "-" "serpstatbot/2.1 (advanced backlink tracking bot; https://serpstatbot.com/; abuse@serpstatbot.com)"
54.36.148.175 - - [12/May/2025:12:51:55 -0400] "GET /?rbc19360.html HTTP/1.1" 200 2063 "-" "Mozilla/5.0 (compatible; AhrefsBot/7.0; +http://ahrefs.com/robot/)"
88.99.244.56 - - [12/May/2025:12:51:56 -0400] "GET /wp-content/edit-wolf.php?action=edit&file=ul&path=%2F%2Fbin HTTP/1.1" 200 947 "-" "serpstatbot/2.1 (advanced backlink tracking bot; https://serpstatbot.com/; abuse@serpstatbot.com)"
18.191.150.214 - - [12/May/2025:12:51:59 -0400] "GET /robots.txt HTTP/1.1" 200 105 "-" "Mozilla/5.0 AppleWebKit/537.36 (KHTML, like Gecko; compatible; ClaudeBot/1.0; +claudebot@anthropic.com)"
88.99.244.56 - - [12/May/2025:12:51:59 -0400] "GET /wp-content/edit-wolf.php?action=edit&file=libresolv-2.28.so&path=%2F%2Flib64 HTTP/1.1" 200 958 "-" "serpstatbot/2.1 (advanced backlink tracking bot; https://serpstatbot.com/; abuse@serpstatbot.com)"
18.191.150.214 - - [12/May/2025:12:51:59 -0400] "GET /wp-admin/admin-wolf.php?action=edit&file=dnssec-keymgr&path=%2F%2Fsbin HTTP/1.1" 200 1250 "-" "Mozilla/5.0 AppleWebKit/537.36 (KHTML, like Gecko; compatible; ClaudeBot/1.0; +claudebot@anthropic.com)"
18.191.150.214 - - [12/May/2025:12:51:59 -0400] "GET /wp-admin/admin-wolf.php?path=%2F%2Frun%2Fconsole HTTP/1.1" 200 961 "-" "Mozilla/5.0 AppleWebKit/537.36 (KHTML, like Gecko; compatible; ClaudeBot/1.0; +claudebot@anthropic.com)"
18.191.150.214 - - [12/May/2025:12:51:59 -0400] "GET /wp-admin/admin-wolf.php?path=%2F%2Fetc%2Fcpanel HTTP/1.1" 200 958 "-" "Mozilla/5.0 AppleWebKit/537.36 (KHTML, like Gecko; compatible; ClaudeBot/1.0; +claudebot@anthropic.com)"
18.191.150.214 - - [12/May/2025:12:51:59 -0400] "GET /wp-admin/admin-wolf.php?action=edit&file=ftpquota&path=%2Fhome%2Fprocjwtt%2Fetc HTTP/1.1" 200 821 "-" "Mozilla/5.0 AppleWebKit/537.36 (KHTML, like Gecko; compatible; ClaudeBot/1.0; +claudebot@anthropic.com)"
18.191.150.214 - - [12/May/2025:12:51:59 -0400] "GET /wp-admin/admin-wolf.php?action=edit&file=email_accounts.json&path=%2Fhome%2Fprocjwtt%2F.cpanel HTTP/1.1" 200 1328 "-" "Mozilla/5.0 AppleWebKit/537.36 (KHTML, like Gecko; compatible; ClaudeBot/1.0; +claudebot@anthropic.com)"
18.191.150.214 - - [12/May/2025:12:52:00 -0400] "GET /wp-admin/admin-wolf.php?action=edit&file=python3.6m&path=%2F%2Fbin HTTP/1.1" 200 820 "-" "Mozilla/5.0 AppleWebKit/537.36 (KHTML, like Gecko; compatible; ClaudeBot/1.0; +claudebot@anthropic.com)"
18.191.150.214 - - [12/May/2025:12:52:00 -0400] "GET /wp-admin/admin-wolf.php?action=edit&file=promo.procarecleaning.com.sg-ssl_log&path=%2Fhome%2Fprocjwtt%2Faccess-logs HTTP/1.1" 200 2224 "-" "Mozilla/5.0 AppleWebKit/537.36 (KHTML, like Gecko; compatible; ClaudeBot/1.0; +claudebot@anthropic.com)"
66.249.65.170 - - [12/May/2025:12:52:00 -0400] "GET /63000950 HTTP/1.1" 200 20565 "-" "Mozilla/5.0 (Linux; Android 6.0.1; Nexus 5X Build/MMB29P) AppleWebKit/537.36 (KHTML, like Gecko) Chrome/136.0.7103.59 Mobile Safari/537.36 (compatible; Googlebot/2.1; +http://www.google.com/bot.html)"
88.99.244.56 - - [12/May/2025:12:52:01 -0400] "GET /wp-content/uploads/revslider/templates/goodnewscallout/ HTTP/1.1" 200 811 "-" "serpstatbot/2.1 (advanced backlink tracking bot; https://serpstatbot.com/; abuse@serpstatbot.com)"
66.249.65.171 - - [12/May/2025:12:52:02 -0400] "GET /45951414 HTTP/1.1" 200 19446 "-" "Mozilla/5.0 (Linux; Android 6.0.1; Nexus 5X Build/MMB29P) AppleWebKit/537.36 (KHTML, like Gecko) Chrome/136.0.7103.59 Mobile Safari/537.36 (compatible; Googlebot/2.1; +http://www.google.com/bot.html)"
88.99.244.56 - - [12/May/2025:12:52:04 -0400] "GET /wp-content/edit-wolf.php?action=edit&file=uapi&path=%2F%2Fbin HTTP/1.1" 200 1478 "-" "serpstatbot/2.1 (advanced backlink tracking bot; https://serpstatbot.com/; abuse@serpstatbot.com)"
54.36.148.226 - - [12/May/2025:12:52:05 -0400] "GET /?ouv20919.html HTTP/1.1" 200 2063 "-" "Mozilla/5.0 (compatible; AhrefsBot/7.0; +http://ahrefs.com/robot/)"
88.99.244.56 - - [12/May/2025:12:52:07 -0400] "GET /wp-content/edit-wolf.php?action=edit&file=libresolv.so.2&path=%2F%2Flib64 HTTP/1.1" 200 956 "-" "serpstatbot/2.1 (advanced backlink tracking bot; https://serpstatbot.com/; abuse@serpstatbot.com)"
66.249.65.170 - - [12/May/2025:12:52:07 -0400] "GET /20960022 HTTP/1.1" 200 19048 "-" "Mozilla/5.0 (Linux; Android 6.0.1; Nexus 5X Build/MMB29P) AppleWebKit/537.36 (KHTML, like Gecko) Chrome/136.0.7103.59 Mobile Safari/537.36 (compatible; Googlebot/2.1; +http://www.google.com/bot.html)"
88.99.244.56 - - [12/May/2025:12:52:10 -0400] "GET /wp-content/uploads/revslider/templates/goodnewsblogheader/ HTTP/1.1" 200 812 "-" "serpstatbot/2.1 (advanced backlink tracking bot; https://serpstatbot.com/; abuse@serpstatbot.com)"
88.99.244.56 - - [12/May/2025:12:52:12 -0400] "GET /wp-content/edit-wolf.php?action=edit&file=tzselect&path=%2F%2Fbin HTTP/1.1" 200 7685 "-" "serpstatbot/2.1 (advanced backlink tracking bot; https://serpstatbot.com/; abuse@serpstatbot.com)"
66.249.65.169 - - [12/May/2025:12:52:13 -0400] "GET /pcmypage?callback=/product%2Fdetail%2FLQGKU47789732 HTTP/1.1" 200 18367 "-" "Mozilla/5.0 (Linux; Android 6.0.1; Nexus 5X Build/MMB29P) AppleWebKit/537.36 (KHTML, like Gecko) Chrome/136.0.7103.59 Mobile Safari/537.36 (compatible; Googlebot/2.1; +http://www.google.com/bot.html)"
88.99.244.56 - - [12/May/2025:12:52:15 -0400] "GET /wp-content/edit-wolf.php?action=edit&file=librpm.so.8&path=%2F%2Flib64 HTTP/1.1" 200 954 "-" "serpstatbot/2.1 (advanced backlink tracking bot; https://serpstatbot.com/; abuse@serpstatbot.com)"
88.99.244.56 - - [12/May/2025:12:52:18 -0400] "GET /wp-content/uploads/revslider/templates/goodnewsblogfooter/ HTTP/1.1" 200 812 "-" "serpstatbot/2.1 (advanced backlink tracking bot; https://serpstatbot.com/; abuse@serpstatbot.com)"
88.99.244.56 - - [12/May/2025:12:52:21 -0400] "GET /wp-content/edit-wolf.php?action=edit&file=tty&path=%2F%2Fdev HTTP/1.1" 200 948 "-" "serpstatbot/2.1 (advanced backlink tracking bot; https://serpstatbot.com/; abuse@serpstatbot.com)"
88.99.244.56 - - [12/May/2025:12:52:24 -0400] "GET /wp-content/edit-wolf.php?action=edit&file=librpm.so.8.2.0&path=%2F%2Flib64 HTTP/1.1" 200 957 "-" "serpstatbot/2.1 (advanced backlink tracking bot; https://serpstatbot.com/; abuse@serpstatbot.com)"
88.99.244.56 - - [12/May/2025:12:52:27 -0400] "GET /wp-content/uploads/revslider/templates/goodnewsblogcontent/ HTTP/1.1" 200 810 "-" "serpstatbot/2.1 (advanced backlink tracking bot; https://serpstatbot.com/; abuse@serpstatbot.com)"
54.36.149.83 - - [12/May/2025:12:52:29 -0400] "GET /?ypq45591.html HTTP/1.1" 200 2063 "-" "Mozilla/5.0 (compatible; AhrefsBot/7.0; +http://ahrefs.com/robot/)"
88.99.244.56 - - [12/May/2025:12:52:30 -0400] "GET /wp-content/edit-wolf.php?action=edit&file=tty&path=%2F%2Fbin HTTP/1.1" 200 948 "-" "serpstatbot/2.1 (advanced backlink tracking bot; https://serpstatbot.com/; abuse@serpstatbot.com)"
66.249.65.169 - - [12/May/2025:12:52:31 -0400] "GET /search?category=&search_word=&restrict[]=person_id(int)=CSOL HTTP/1.1" 200 20018 "-" "Mozilla/5.0 (Linux; Android 6.0.1; Nexus 5X Build/MMB29P) AppleWebKit/537.36 (KHTML, like Gecko) Chrome/136.0.7103.59 Mobile Safari/537.36 (compatible; Googlebot/2.1; +http://www.google.com/bot.html)"
54.36.148.40 - - [12/May/2025:12:52:31 -0400] "GET /?pgu3698.html HTTP/1.1" 200 2063 "-" "Mozilla/5.0 (compatible; AhrefsBot/7.0; +http://ahrefs.com/robot/)"
88.99.244.56 - - [12/May/2025:12:52:33 -0400] "GET /wp-content/edit-wolf.php?action=edit&file=librpmbuild.so.8.2.0&path=%2F%2Flib64 HTTP/1.1" 200 961 "-" "serpstatbot/2.1 (advanced backlink tracking bot; https://serpstatbot.com/; abuse@serpstatbot.com)"
66.249.65.169 - - [12/May/2025:12:52:34 -0400] "GET /pcmypage?callback=/product%2Fdetail%2FJIVC85857730 HTTP/1.1" 200 19145 "-" "Mozilla/5.0 (Linux; Android 6.0.1; Nexus 5X Build/MMB29P) AppleWebKit/537.36 (KHTML, like Gecko) Chrome/136.0.7103.59 Mobile Safari/537.36 (compatible; Googlebot/2.1; +http://www.google.com/bot.html)"
88.99.244.56 - - [12/May/2025:12:52:35 -0400] "GET /wp-content/uploads/revslider/templates/geometric-texts/ HTTP/1.1" 200 810 "-" "serpstatbot/2.1 (advanced backlink tracking bot; https://serpstatbot.com/; abuse@serpstatbot.com)"
88.99.244.56 - - [12/May/2025:12:52:36 -0400] "GET /wp-content/edit-wolf.php?action=edit&file=tsort&path=%2F%2Fbin HTTP/1.1" 200 949 "-" "serpstatbot/2.1 (advanced backlink tracking bot; https://serpstatbot.com/; abuse@serpstatbot.com)"
88.99.244.56 - - [12/May/2025:12:52:40 -0400] "GET /wp-content/edit-wolf.php?action=edit&file=librpmio.so.8&path=%2F%2Flib64 HTTP/1.1" 200 955 "-" "serpstatbot/2.1 (advanced backlink tracking bot; https://serpstatbot.com/; abuse@serpstatbot.com)"
66.249.65.169 - - [12/May/2025:12:52:42 -0400] "GET /62812374 HTTP/1.1" 200 19798 "-" "Mozilla/5.0 (Linux; Android 6.0.1; Nexus 5X Build/MMB29P) AppleWebKit/537.36 (KHTML, like Gecko) Chrome/136.0.7103.59 Mobile Safari/537.36 (compatible; Googlebot/2.1; +http://www.google.com/bot.html)"
88.99.244.56 - - [12/May/2025:12:52:45 -0400] "GET /wp-content/uploads/revslider/templates/geometric-texts-2/ HTTP/1.1" 200 811 "-" "serpstatbot/2.1 (advanced backlink tracking bot; https://serpstatbot.com/; abuse@serpstatbot.com)"
66.249.65.169 - - [12/May/2025:12:52:48 -0400] "GET /62358230 HTTP/1.1" 200 20612 "-" "Mozilla/5.0 (Linux; Android 6.0.1; Nexus 5X Build/MMB29P) AppleWebKit/537.36 (KHTML, like Gecko) Chrome/136.0.7103.59 Mobile Safari/537.36 (compatible; Googlebot/2.1; +http://www.google.com/bot.html)"
20.171.207.232 - - [12/May/2025:12:52:48 -0400] "GET /43135382 HTTP/1.1" 500 0 "-" "Mozilla/5.0 AppleWebKit/537.36 (KHTML, like Gecko; compatible; GPTBot/1.2; +https://openai.com/gptbot)"
66.249.65.169 - - [12/May/2025:12:52:49 -0400] "GET /22806838 HTTP/1.1" 200 20920 "-" "Mozilla/5.0 (Linux; Android 6.0.1; Nexus 5X Build/MMB29P) AppleWebKit/537.36 (KHTML, like Gecko) Chrome/136.0.7103.59 Mobile Safari/537.36 (compatible; Googlebot/2.1; +http://www.google.com/bot.html)"
54.36.149.101 - - [12/May/2025:12:52:51 -0400] "GET /?ubr52283.html HTTP/1.1" 200 2061 "-" "Mozilla/5.0 (compatible; AhrefsBot/7.0; +http://ahrefs.com/robot/)"
88.99.244.56 - - [12/May/2025:12:52:51 -0400] "GET /wp-content/edit-wolf.php?action=edit&file=tsig-keygen&path=%2F%2Fsbin HTTP/1.1" 200 954 "-" "serpstatbot/2.1 (advanced backlink tracking bot; https://serpstatbot.com/; abuse@serpstatbot.com)"
66.249.65.169 - - [12/May/2025:12:52:52 -0400] "GET /pcmypage?callback=product%2Fdetail%2FBNUL136356248 HTTP/1.1" 200 19808 "-" "Mozilla/5.0 (Linux; Android 6.0.1; Nexus 5X Build/MMB29P) AppleWebKit/537.36 (KHTML, like Gecko) Chrome/136.0.7103.59 Mobile Safari/537.36 (compatible; Googlebot/2.1; +http://www.google.com/bot.html)"
66.249.65.169 - - [12/May/2025:12:52:55 -0400] "GET /35554998 HTTP/1.1" 200 19003 "-" "Mozilla/5.0 (Linux; Android 6.0.1; Nexus 5X Build/MMB29P) AppleWebKit/537.36 (KHTML, like Gecko) Chrome/136.0.7103.59 Mobile Safari/537.36 (compatible; Googlebot/2.1; +http://www.google.com/bot.html)"
87.250.224.57 - - [12/May/2025:12:52:55 -0400] "GET /55495222 HTTP/1.1" 500 0 "-" "Mozilla/5.0 (compatible; YandexBot/3.0; +http://yandex.com/bots)"
88.99.244.56 - - [12/May/2025:12:52:56 -0400] "GET /wp-content/edit-wolf.php?action=edit&file=librpmio.so.8.2.0&path=%2F%2Flib64 HTTP/1.1" 200 958 "-" "serpstatbot/2.1 (advanced backlink tracking bot; https://serpstatbot.com/; abuse@serpstatbot.com)"
66.249.65.169 - - [12/May/2025:12:52:58 -0400] "GET /23703158 HTTP/1.1" 200 20341 "-" "Mozilla/5.0 (Linux; Android 6.0.1; Nexus 5X Build/MMB29P) AppleWebKit/537.36 (KHTML, like Gecko) Chrome/136.0.7103.59 Mobile Safari/537.36 (compatible; Googlebot/2.1; +http://www.google.com/bot.html)"
66.249.65.169 - - [12/May/2025:12:53:01 -0400] "GET /34992982 HTTP/1.1" 200 19113 "-" "Mozilla/5.0 (Linux; Android 6.0.1; Nexus 5X Build/MMB29P) AppleWebKit/537.36 (KHTML, like Gecko) Chrome/136.0.7103.59 Mobile Safari/537.36 (compatible; Googlebot/2.1; +http://www.google.com/bot.html)"
88.99.244.56 - - [12/May/2025:12:53:03 -0400] "GET /wp-content/uploads/revslider/templates/geometric-testimonials/ HTTP/1.1" 200 814 "-" "serpstatbot/2.1 (advanced backlink tracking bot; https://serpstatbot.com/; abuse@serpstatbot.com)"
66.249.65.169 - - [12/May/2025:12:53:04 -0400] "GET /57548182 HTTP/1.1" 200 20264 "-" "Mozilla/5.0 (Linux; Android 6.0.1; Nexus 5X Build/MMB29P) AppleWebKit/537.36 (KHTML, like Gecko) Chrome/136.0.7103.59 Mobile Safari/537.36 (compatible; Googlebot/2.1; +http://www.google.com/bot.html)"
66.249.65.169 - - [12/May/2025:12:53:06 -0400] "POST /get-message-notify HTTP/1.1" 200 19017 "https://procarecleaning.com.sg/23703158" "Mozilla/5.0 (Linux; Android 6.0.1; Nexus 5X Build/MMB29P) AppleWebKit/537.36 (KHTML, like Gecko) Chrome/135.0.7049.114 Mobile Safari/537.36 (compatible; Googlebot/2.1; +http://www.google.com/bot.html)"
66.249.65.169 - - [12/May/2025:12:53:07 -0400] "GET /92389366 HTTP/1.1" 200 20374 "-" "Mozilla/5.0 (Linux; Android 6.0.1; Nexus 5X Build/MMB29P) AppleWebKit/537.36 (KHTML, like Gecko) Chrome/136.0.7103.59 Mobile Safari/537.36 (compatible; Googlebot/2.1; +http://www.google.com/bot.html)"
88.99.244.56 - - [12/May/2025:12:53:08 -0400] "GET /wp-content/edit-wolf.php?action=edit&file=tset&path=%2F%2Fbin HTTP/1.1" 200 949 "-" "serpstatbot/2.1 (advanced backlink tracking bot; https://serpstatbot.com/; abuse@serpstatbot.com)"
18.117.174.43 - - [12/May/2025:12:53:09 -0400] "GET /wp-admin/admin-wolf.php?path=%2F%2Fetc%2Fpam.d HTTP/1.1" 200 1296 "-" "Mozilla/5.0 AppleWebKit/537.36 (KHTML, like Gecko; compatible; ClaudeBot/1.0; +claudebot@anthropic.com)"
18.117.174.43 - - [12/May/2025:12:53:09 -0400] "GET /wp-admin/admin-wolf.php?action=edit&file=patch&path=%2F%2Fbin HTTP/1.1" 200 818 "-" "Mozilla/5.0 AppleWebKit/537.36 (KHTML, like Gecko; compatible; ClaudeBot/1.0; +claudebot@anthropic.com)"
18.117.174.43 - - [12/May/2025:12:53:09 -0400] "GET /wp-admin/admin-wolf.php?action=edit&file=pam_timestamp_check&path=%2F%2Fsbin HTTP/1.1" 200 825 "-" "Mozilla/5.0 AppleWebKit/537.36 (KHTML, like Gecko; compatible; ClaudeBot/1.0; +claudebot@anthropic.com)"
18.117.174.43 - - [12/May/2025:12:53:09 -0400] "GET /wp-admin/admin-wolf.php?path=%2F%2Fetc%2Fssl HTTP/1.1" 200 1042 "-" "Mozilla/5.0 AppleWebKit/537.36 (KHTML, like Gecko; compatible; ClaudeBot/1.0; +claudebot@anthropic.com)"
18.117.174.43 - - [12/May/2025:12:53:10 -0400] "GET /wp-admin/admin-wolf.php?path=%2F%2Fopt%2Fai-bolit HTTP/1.1" 200 1455 "-" "Mozilla/5.0 AppleWebKit/537.36 (KHTML, like Gecko; compatible; ClaudeBot/1.0; +claudebot@anthropic.com)"
18.117.174.43 - - [12/May/2025:12:53:10 -0400] "GET /wp-admin/admin-wolf.php?path=%2F%2Fvar%2Fwww HTTP/1.1" 200 1060 "-" "Mozilla/5.0 AppleWebKit/537.36 (KHTML, like Gecko; compatible; ClaudeBot/1.0; +claudebot@anthropic.com)"
18.117.174.43 - - [12/May/2025:12:53:10 -0400] "GET /wp-admin/admin-wolf.php?path=%2F%2Fetc%2Fcl.selector.conf.d HTTP/1.1" 200 1258 "-" "Mozilla/5.0 AppleWebKit/537.36 (KHTML, like Gecko; compatible; ClaudeBot/1.0; +claudebot@anthropic.com)"
88.99.244.56 - - [12/May/2025:12:53:14 -0400] "GET /wp-content/edit-wolf.php?action=edit&file=librpmsign.so.8&path=%2F%2Flib64 HTTP/1.1" 200 956 "-" "serpstatbot/2.1 (advanced backlink tracking bot; https://serpstatbot.com/; abuse@serpstatbot.com)"
66.249.65.169 - - [12/May/2025:12:53:18 -0400] "GET /92431670 HTTP/1.1" 200 19241 "-" "Mozilla/5.0 (Linux; Android 6.0.1; Nexus 5X Build/MMB29P) AppleWebKit/537.36 (KHTML, like Gecko) Chrome/136.0.7103.59 Mobile Safari/537.36 (compatible; Googlebot/2.1; +http://www.google.com/bot.html)"
88.99.244.56 - - [12/May/2025:12:53:19 -0400] "GET /wp-content/uploads/revslider/templates/geometric-services/ HTTP/1.1" 200 810 "-" "serpstatbot/2.1 (advanced backlink tracking bot; https://serpstatbot.com/; abuse@serpstatbot.com)"
54.36.149.81 - - [12/May/2025:12:53:20 -0400] "GET /?ysh19485.html HTTP/1.1" 200 2063 "-" "Mozilla/5.0 (compatible; AhrefsBot/7.0; +http://ahrefs.com/robot/)"
66.249.65.169 - - [12/May/2025:12:53:21 -0400] "GET /9388086 HTTP/1.1" 200 20458 "-" "Mozilla/5.0 (Linux; Android 6.0.1; Nexus 5X Build/MMB29P) AppleWebKit/537.36 (KHTML, like Gecko) Chrome/136.0.7103.59 Mobile Safari/537.36 (compatible; Googlebot/2.1; +http://www.google.com/bot.html)"
57.141.4.8 - - [12/May/2025:12:53:22 -0400] "GET /90650166 HTTP/1.1" 500 0 "-" "meta-externalagent/1.1 (+https://developers.facebook.com/docs/sharing/webmasters/crawler)"
88.99.244.56 - - [12/May/2025:12:53:27 -0400] "GET /wp-content/edit-wolf.php?action=edit&file=trustedmailhosts&path=%2F%2Fetc HTTP/1.1" 200 957 "-" "serpstatbot/2.1 (advanced backlink tracking bot; https://serpstatbot.com/; abuse@serpstatbot.com)"
88.99.244.56 - - [12/May/2025:12:53:34 -0400] "GET /wp-content/edit-wolf.php?action=edit&file=librrd.so.8&path=%2F%2Flib64 HTTP/1.1" 200 954 "-" "serpstatbot/2.1 (advanced backlink tracking bot; https://serpstatbot.com/; abuse@serpstatbot.com)"
88.99.244.56 - - [12/May/2025:12:53:41 -0400] "GET /wp-content/uploads/revslider/templates/geometric-menu/ HTTP/1.1" 200 809 "-" "serpstatbot/2.1 (advanced backlink tracking bot; https://serpstatbot.com/; abuse@serpstatbot.com)"
88.99.244.56 - - [12/May/2025:12:53:52 -0400] "GET /wp-content/edit-wolf.php?action=edit&file=trusted-key.key&path=%2F%2Fetc HTTP/1.1" 200 1295 "-" "serpstatbot/2.1 (advanced backlink tracking bot; https://serpstatbot.com/; abuse@serpstatbot.com)"
20.171.207.232 - - [12/May/2025:12:53:52 -0400] "GET /93224086 HTTP/1.1" 500 0 "-" "Mozilla/5.0 AppleWebKit/537.36 (KHTML, like Gecko; compatible; GPTBot/1.2; +https://openai.com/gptbot)"
54.36.148.251 - - [12/May/2025:12:53:55 -0400] "GET /?vgs9542.html HTTP/1.1" 200 2063 "-" "Mozilla/5.0 (compatible; AhrefsBot/7.0; +http://ahrefs.com/robot/)"
3.144.226.114 - - [12/May/2025:12:54:15 -0400] "GET /wp-admin/admin-wolf.php?path=%2Fhome%2Fprocjwtt%2F.softaculous%2Flogs HTTP/1.1" 200 1130 "-" "Mozilla/5.0 AppleWebKit/537.36 (KHTML, like Gecko; compatible; ClaudeBot/1.0; +claudebot@anthropic.com)"
3.144.226.114 - - [12/May/2025:12:54:15 -0400] "GET /wp-admin/admin-wolf.php?path=%2F%2Fproc%2Fdriver HTTP/1.1" 200 1082 "-" "Mozilla/5.0 AppleWebKit/537.36 (KHTML, like Gecko; compatible; ClaudeBot/1.0; +claudebot@anthropic.com)"
3.144.226.114 - - [12/May/2025:12:54:15 -0400] "GET /wp-admin/admin-wolf.php?path=%2F%2Fproc%2Firq HTTP/1.1" 200 1266 "-" "Mozilla/5.0 AppleWebKit/537.36 (KHTML, like Gecko; compatible; ClaudeBot/1.0; +claudebot@anthropic.com)"
3.144.226.114 - - [12/May/2025:12:54:15 -0400] "GET /wp-admin/admin-wolf.php?action=edit&file=wp-mail.php&path=%2Fhome%2Fprocjwtt%2Fpromo.procarecleaning.com.sg HTTP/1.1" 200 3955 "-" "Mozilla/5.0 AppleWebKit/537.36 (KHTML, like Gecko; compatible; ClaudeBot/1.0; +claudebot@anthropic.com)"
3.144.226.114 - - [12/May/2025:12:54:15 -0400] "GET /wp-admin/admin-wolf.php?action=edit&file=php7nIIHa&path=%2F%2Ftmp HTTP/1.1" 200 847 "-" "Mozilla/5.0 AppleWebKit/537.36 (KHTML, like Gecko; compatible; ClaudeBot/1.0; +claudebot@anthropic.com)"
3.144.226.114 - - [12/May/2025:12:54:16 -0400] "GET /wp-admin/admin-wolf.php?path=%2F%2Fproc%2Fsysvipc HTTP/1.1" 200 1091 "-" "Mozilla/5.0 AppleWebKit/537.36 (KHTML, like Gecko; compatible; ClaudeBot/1.0; +claudebot@anthropic.com)"
3.144.226.114 - - [12/May/2025:12:54:16 -0400] "GET /wp-admin/admin-wolf.php?action=edit&file=mariadb-check&path=%2F%2Fbin HTTP/1.1" 200 823 "-" "Mozilla/5.0 AppleWebKit/537.36 (KHTML, like Gecko; compatible; ClaudeBot/1.0; +claudebot@anthropic.com)"
54.36.148.106 - - [12/May/2025:12:54:29 -0400] "GET /?ypq19677.html HTTP/1.1" 200 2063 "-" "Mozilla/5.0 (compatible; AhrefsBot/7.0; +http://ahrefs.com/robot/)"
54.36.149.101 - - [12/May/2025:12:54:34 -0400] "GET /?ysh24511.html HTTP/1.1" 200 2063 "-" "Mozilla/5.0 (compatible; AhrefsBot/7.0; +http://ahrefs.com/robot/)"
54.36.149.90 - - [12/May/2025:12:54:37 -0400] "GET /?azk5134.html HTTP/1.1" 200 2063 "-" "Mozilla/5.0 (compatible; AhrefsBot/7.0; +http://ahrefs.com/robot/)"
88.99.244.56 - - [12/May/2025:12:54:40 -0400] "GET /wp-content/edit-wolf.php?action=edit&file=librrd.so.8.1.0&path=%2F%2Flib64 HTTP/1.1" 200 957 "-" "serpstatbot/2.1 (advanced backlink tracking bot; https://serpstatbot.com/; abuse@serpstatbot.com)"
57.141.4.5 - - [12/May/2025:12:54:43 -0400] "GET /37912438 HTTP/1.1" 500 0 "-" "meta-externalagent/1.1 (+https://developers.facebook.com/docs/sharing/webmasters/crawler)"
213.180.203.91 - - [12/May/2025:12:54:43 -0400] "GET /87229846 HTTP/1.1" 500 0 "-" "Mozilla/5.0 (compatible; YandexBot/3.0; +http://yandex.com/bots)"
54.36.148.241 - - [12/May/2025:12:54:55 -0400] "GET /?cze56130.html HTTP/1.1" 200 2062 "-" "Mozilla/5.0 (compatible; AhrefsBot/7.0; +http://ahrefs.com/robot/)"
20.171.207.232 - - [12/May/2025:12:54:58 -0400] "GET /36221974 HTTP/1.1" 500 0 "-" "Mozilla/5.0 AppleWebKit/537.36 (KHTML, like Gecko; compatible; GPTBot/1.2; +https://openai.com/gptbot)"
