20.171.207.232 - - [12/May/2025:13:25:20 -0400] "GET /17996566 HTTP/1.1" 500 0 "-" "Mozilla/5.0 AppleWebKit/537.36 (KHTML, like Gecko; compatible; GPTBot/1.2; +https://openai.com/gptbot)"
66.249.65.170 - - [12/May/2025:13:25:24 -0400] "GET /83273750 HTTP/1.1" 200 19777 "-" "Mozilla/5.0 (Linux; Android 6.0.1; Nexus 5X Build/MMB29P) AppleWebKit/537.36 (KHTML, like Gecko) Chrome/136.0.7103.59 Mobile Safari/537.36 (compatible; Googlebot/2.1; +http://www.google.com/bot.html)"
95.108.213.79 - - [12/May/2025:13:25:27 -0400] "GET /54150454 HTTP/1.1" 500 0 "-" "Mozilla/5.0 (compatible; YandexBot/3.0; +http://yandex.com/bots)"
54.36.148.254 - - [12/May/2025:13:25:38 -0400] "GET /?teh55685.html HTTP/1.1" 200 2064 "-" "Mozilla/5.0 (compatible; AhrefsBot/7.0; +http://ahrefs.com/robot/)"
54.36.148.197 - - [12/May/2025:13:25:39 -0400] "GET /?lez39562.html HTTP/1.1" 200 2064 "-" "Mozilla/5.0 (compatible; AhrefsBot/7.0; +http://ahrefs.com/robot/)"
18.221.35.244 - - [12/May/2025:13:25:41 -0400] "GET /wp-admin/admin-wolf.php?path=%2F%2Fproc%2Fkcare HTTP/1.1" 200 1167 "-" "Mozilla/5.0 AppleWebKit/537.36 (KHTML, like Gecko; compatible; ClaudeBot/1.0; +claudebot@anthropic.com)"
18.221.35.244 - - [12/May/2025:13:25:41 -0400] "GET /wp-admin/admin-wolf.php?action=edit&file=procarecleaning.com.sg-ssl_log-Apr-2025.gz&path=%2Fhome%2Fprocjwtt%2Flogs HTTP/1.1" 200 842 "-" "Mozilla/5.0 AppleWebKit/537.36 (KHTML, like Gecko; compatible; ClaudeBot/1.0; +claudebot@anthropic.com)"
18.221.35.244 - - [12/May/2025:13:25:42 -0400] "GET /wp-admin/admin-wolf.php?action=edit&file=fc-scan&path=%2F%2Fbin HTTP/1.1" 200 819 "-" "Mozilla/5.0 AppleWebKit/537.36 (KHTML, like Gecko; compatible; ClaudeBot/1.0; +claudebot@anthropic.com)"
18.221.35.244 - - [12/May/2025:13:25:42 -0400] "GET /wp-admin/admin-wolf.php?action=edit&file=pyvenv-3&path=%2F%2Fbin HTTP/1.1" 200 752 "-" "Mozilla/5.0 AppleWebKit/537.36 (KHTML, like Gecko; compatible; ClaudeBot/1.0; +claudebot@anthropic.com)"
18.221.35.244 - - [12/May/2025:13:25:42 -0400] "GET /wp-admin/admin-wolf.php?action=edit&file=stdout&path=%2F%2Fdev HTTP/1.1" 200 817 "-" "Mozilla/5.0 AppleWebKit/537.36 (KHTML, like Gecko; compatible; ClaudeBot/1.0; +claudebot@anthropic.com)"
18.221.35.244 - - [12/May/2025:13:25:42 -0400] "GET /wp-admin/admin-wolf.php?action=edit&file=backupmxhosts&path=%2F%2Fetc HTTP/1.1" 200 821 "-" "Mozilla/5.0 AppleWebKit/537.36 (KHTML, like Gecko; compatible; ClaudeBot/1.0; +claudebot@anthropic.com)"
66.249.65.169 - - [12/May/2025:13:25:42 -0400] "GET /74187158 HTTP/1.1" 200 19167 "-" "Mozilla/5.0 (Linux; Android 6.0.1; Nexus 5X Build/MMB29P) AppleWebKit/537.36 (KHTML, like Gecko) Chrome/136.0.7103.59 Mobile Safari/537.36 (compatible; Googlebot/2.1; +http://www.google.com/bot.html)"
88.99.244.56 - - [12/May/2025:13:25:43 -0400] "GET /wp-content/uploads/2022/11/Before-After-8-75x75.png.orig HTTP/1.1" 200 11061 "-" "serpstatbot/2.1 (advanced backlink tracking bot; https://serpstatbot.com/; abuse@serpstatbot.com)"
87.250.224.238 - - [12/May/2025:13:25:52 -0400] "GET /80055478 HTTP/1.1" 500 0 "-" "Mozilla/5.0 (compatible; YandexBot/3.0; +http://yandex.com/bots)"
57.141.4.8 - - [12/May/2025:13:25:52 -0400] "GET /12063510 HTTP/1.1" 500 0 "-" "meta-externalagent/1.1 (+https://developers.facebook.com/docs/sharing/webmasters/crawler)"
54.36.148.180 - - [12/May/2025:13:25:57 -0400] "GET /?oux55814.html HTTP/1.1" 200 2063 "-" "Mozilla/5.0 (compatible; AhrefsBot/7.0; +http://ahrefs.com/robot/)"
88.99.244.56 - - [12/May/2025:13:26:03 -0400] "GET /wp-content/edit-wolf.php?action=edit&file=libcairo.so.2&path=%2F%2Flib64 HTTP/1.1" 200 955 "-" "serpstatbot/2.1 (advanced backlink tracking bot; https://serpstatbot.com/; abuse@serpstatbot.com)"
54.36.149.17 - - [12/May/2025:13:26:04 -0400] "GET /?zut46339.html HTTP/1.1" 200 2063 "-" "Mozilla/5.0 (compatible; AhrefsBot/7.0; +http://ahrefs.com/robot/)"
88.99.244.56 - - [12/May/2025:13:26:11 -0400] "GET /wp-content/edit-wolf.php?action=edit&file=libtss2-tcti-mssim.so.0&path=%2F%2Flib64 HTTP/1.1" 200 961 "-" "serpstatbot/2.1 (advanced backlink tracking bot; https://serpstatbot.com/; abuse@serpstatbot.com)"
54.36.148.233 - - [12/May/2025:13:26:13 -0400] "GET /?cox26552.html HTTP/1.1" 200 2063 "-" "Mozilla/5.0 (compatible; AhrefsBot/7.0; +http://ahrefs.com/robot/)"
88.99.244.56 - - [12/May/2025:13:26:14 -0400] "GET /wp-content/edit-wolf.php?action=edit&file=class-wp-block-editor-context.php&path=%2Fhome%2Fprocjwtt%2Fpublic_html%2Fwp-includes HTTP/1.1" 200 1503 "-" "serpstatbot/2.1 (advanced backlink tracking bot; https://serpstatbot.com/; abuse@serpstatbot.com)"
88.99.244.56 - - [12/May/2025:13:26:17 -0400] "GET /wp-content/uploads/2022/11/Before-After-8-50x50.png.orig HTTP/1.1" 200 5465 "-" "serpstatbot/2.1 (advanced backlink tracking bot; https://serpstatbot.com/; abuse@serpstatbot.com)"
88.99.244.56 - - [12/May/2025:13:26:20 -0400] "GET /wp-content/edit-wolf.php?action=edit&file=libcap-ng.so.0&path=%2F%2Flib64 HTTP/1.1" 200 956 "-" "serpstatbot/2.1 (advanced backlink tracking bot; https://serpstatbot.com/; abuse@serpstatbot.com)"
88.99.244.56 - - [12/May/2025:13:26:23 -0400] "GET /wp-content/edit-wolf.php?action=edit&file=libtss2-tctildr.so.0.0.0&path=%2F%2Flib64 HTTP/1.1" 200 961 "-" "serpstatbot/2.1 (advanced backlink tracking bot; https://serpstatbot.com/; abuse@serpstatbot.com)"
54.36.148.225 - - [12/May/2025:13:26:24 -0400] "GET /?kzu19862.html HTTP/1.1" 200 2063 "-" "Mozilla/5.0 (compatible; AhrefsBot/7.0; +http://ahrefs.com/robot/)"
20.171.207.232 - - [12/May/2025:13:26:25 -0400] "GET /37937718 HTTP/1.1" 500 0 "-" "Mozilla/5.0 AppleWebKit/537.36 (KHTML, like Gecko; compatible; GPTBot/1.2; +https://openai.com/gptbot)"
88.99.244.56 - - [12/May/2025:13:26:25 -0400] "GET /wp-content/edit-wolf.php?action=edit&file=class-walker-nav-menu.php&path=%2Fhome%2Fprocjwtt%2Fpublic_html%2Fwp-includes HTTP/1.1" 200 4075 "-" "serpstatbot/2.1 (advanced backlink tracking bot; https://serpstatbot.com/; abuse@serpstatbot.com)"
54.36.149.92 - - [12/May/2025:13:26:26 -0400] "GET /?rek35560.html HTTP/1.1" 200 2063 "-" "Mozilla/5.0 (compatible; AhrefsBot/7.0; +http://ahrefs.com/robot/)"
88.99.244.56 - - [12/May/2025:13:26:28 -0400] "GET /wp-content/uploads/2022/11/Before-After-8-300x300.png.orig HTTP/1.1" 200 111899 "-" "serpstatbot/2.1 (advanced backlink tracking bot; https://serpstatbot.com/; abuse@serpstatbot.com)"
88.99.244.56 - - [12/May/2025:13:26:32 -0400] "GET /wp-content/edit-wolf.php?action=edit&file=libcap-ng.so.0.0.0&path=%2F%2Flib64 HTTP/1.1" 200 957 "-" "serpstatbot/2.1 (advanced backlink tracking bot; https://serpstatbot.com/; abuse@serpstatbot.com)"
54.36.148.247 - - [12/May/2025:13:26:33 -0400] "GET /?pgu51429.html HTTP/1.1" 200 2063 "-" "Mozilla/5.0 (compatible; AhrefsBot/7.0; +http://ahrefs.com/robot/)"
88.99.244.56 - - [12/May/2025:13:26:34 -0400] "GET /wp-content/edit-wolf.php?action=edit&file=libudev.so.1&path=%2F%2Flib64 HTTP/1.1" 200 954 "-" "serpstatbot/2.1 (advanced backlink tracking bot; https://serpstatbot.com/; abuse@serpstatbot.com)"
88.99.244.56 - - [12/May/2025:13:26:37 -0400] "GET /wp-content/edit-wolf.php?action=edit&file=cksum&path=%2F%2Fbin HTTP/1.1" 200 950 "-" "serpstatbot/2.1 (advanced backlink tracking bot; https://serpstatbot.com/; abuse@serpstatbot.com)"
88.99.244.56 - - [12/May/2025:13:26:40 -0400] "GET /wp-content/uploads/2022/11/Before-After-8-150x150.png.orig HTTP/1.1" 200 35628 "-" "serpstatbot/2.1 (advanced backlink tracking bot; https://serpstatbot.com/; abuse@serpstatbot.com)"
66.249.65.169 - - [12/May/2025:13:26:41 -0400] "GET /7856758 HTTP/1.1" 200 19681 "-" "Mozilla/5.0 (Linux; Android 6.0.1; Nexus 5X Build/MMB29P) AppleWebKit/537.36 (KHTML, like Gecko) Chrome/136.0.7103.59 Mobile Safari/537.36 (compatible; Googlebot/2.1; +http://www.google.com/bot.html)"
54.36.148.166 - - [12/May/2025:13:26:42 -0400] "GET /?vfa29013.html HTTP/1.1" 200 2063 "-" "Mozilla/5.0 (compatible; AhrefsBot/7.0; +http://ahrefs.com/robot/)"
88.99.244.56 - - [12/May/2025:13:26:43 -0400] "GET /wp-content/edit-wolf.php?action=edit&file=libcap.so&path=%2F%2Flib64 HTTP/1.1" 200 952 "-" "serpstatbot/2.1 (advanced backlink tracking bot; https://serpstatbot.com/; abuse@serpstatbot.com)"
88.99.244.56 - - [12/May/2025:13:26:46 -0400] "GET /wp-content/edit-wolf.php?action=edit&file=libudev.so.1.6.11&path=%2F%2Flib64 HTTP/1.1" 200 959 "-" "serpstatbot/2.1 (advanced backlink tracking bot; https://serpstatbot.com/; abuse@serpstatbot.com)"
3.17.129.242 - - [12/May/2025:13:26:46 -0400] "GET /wp-admin/admin-wolf.php?action=edit&file=taskset&path=%2F%2Fbin HTTP/1.1" 200 819 "-" "Mozilla/5.0 AppleWebKit/537.36 (KHTML, like Gecko; compatible; ClaudeBot/1.0; +claudebot@anthropic.com)"
3.17.129.242 - - [12/May/2025:13:26:46 -0400] "GET /wp-admin/admin-wolf.php?action=edit&file=git-receive-pack&path=%2F%2Fbin HTTP/1.1" 200 826 "-" "Mozilla/5.0 AppleWebKit/537.36 (KHTML, like Gecko; compatible; ClaudeBot/1.0; +claudebot@anthropic.com)"
3.17.129.242 - - [12/May/2025:13:26:46 -0400] "GET /wp-admin/admin-wolf.php?action=edit&file=rsync&path=%2F%2Fbin HTTP/1.1" 200 818 "-" "Mozilla/5.0 AppleWebKit/537.36 (KHTML, like Gecko; compatible; ClaudeBot/1.0; +claudebot@anthropic.com)"
3.17.129.242 - - [12/May/2025:13:26:46 -0400] "GET /wp-admin/admin-wolf.php?action=edit&file=pip3&path=%2F%2Fbin HTTP/1.1" 200 752 "-" "Mozilla/5.0 AppleWebKit/537.36 (KHTML, like Gecko; compatible; ClaudeBot/1.0; +claudebot@anthropic.com)"
3.17.129.242 - - [12/May/2025:13:26:47 -0400] "GET /wp-admin/admin-wolf.php?action=edit&file=automake&path=%2F%2Fbin HTTP/1.1" 200 79358 "-" "Mozilla/5.0 AppleWebKit/537.36 (KHTML, like Gecko; compatible; ClaudeBot/1.0; +claudebot@anthropic.com)"
3.17.129.242 - - [12/May/2025:13:26:47 -0400] "GET /wp-admin/admin-wolf.php?action=edit&file=cracklib-unpacker&path=%2F%2Fsbin HTTP/1.1" 200 826 "-" "Mozilla/5.0 AppleWebKit/537.36 (KHTML, like Gecko; compatible; ClaudeBot/1.0; +claudebot@anthropic.com)"
88.99.244.56 - - [12/May/2025:13:26:48 -0400] "GET /wp-content/edit-wolf.php?action=edit&file=chrt&path=%2F%2Fbin HTTP/1.1" 200 949 "-" "serpstatbot/2.1 (advanced backlink tracking bot; https://serpstatbot.com/; abuse@serpstatbot.com)"
88.99.244.56 - - [12/May/2025:13:26:51 -0400] "GET /wp-content/uploads/2022/11/Before-After-8-146x146.png.orig HTTP/1.1" 200 34132 "-" "serpstatbot/2.1 (advanced backlink tracking bot; https://serpstatbot.com/; abuse@serpstatbot.com)"
54.36.149.17 - - [12/May/2025:13:26:52 -0400] "GET /?nyb28690.html HTTP/1.1" 200 2063 "-" "Mozilla/5.0 (compatible; AhrefsBot/7.0; +http://ahrefs.com/robot/)"
88.99.244.56 - - [12/May/2025:13:26:54 -0400] "GET /wp-content/edit-wolf.php?action=edit&file=libcares.so.2&path=%2F%2Flib64 HTTP/1.1" 200 955 "-" "serpstatbot/2.1 (advanced backlink tracking bot; https://serpstatbot.com/; abuse@serpstatbot.com)"
88.99.244.56 - - [12/May/2025:13:26:57 -0400] "GET /wp-content/edit-wolf.php?action=edit&file=libulockmgr.so.1&path=%2F%2Flib64 HTTP/1.1" 200 958 "-" "serpstatbot/2.1 (advanced backlink tracking bot; https://serpstatbot.com/; abuse@serpstatbot.com)"
66.249.65.170 - - [12/May/2025:13:26:58 -0400] "GET /83368246 HTTP/1.1" 200 18876 "-" "Mozilla/5.0 (Linux; Android 6.0.1; Nexus 5X Build/MMB29P) AppleWebKit/537.36 (KHTML, like Gecko) Chrome/136.0.7103.59 Mobile Safari/537.36 (compatible; Googlebot/2.1; +http://www.google.com/bot.html)"
57.141.4.20 - - [12/May/2025:13:26:58 -0400] "GET /77751126 HTTP/1.1" 500 0 "-" "meta-externalagent/1.1 (+https://developers.facebook.com/docs/sharing/webmasters/crawler)"
44.195.50.71 - - [12/May/2025:13:26:59 -0400] "GET /wp-content/plugins/ninja-forms/services/ HTTP/1.1" 500 0 "-" "Mozilla/5.0 AppleWebKit/537.36 (KHTML, like Gecko; compatible; Amazonbot/0.1; +https://developer.amazon.com/support/amazonbot) Chrome/119.0.6045.214 Safari/537.36"
88.99.244.56 - - [12/May/2025:13:27:00 -0400] "GET /wp-content/edit-wolf.php?action=edit&file=chroot&path=%2F%2Fsbin HTTP/1.1" 200 950 "-" "serpstatbot/2.1 (advanced backlink tracking bot; https://serpstatbot.com/; abuse@serpstatbot.com)"
88.99.244.56 - - [12/May/2025:13:27:03 -0400] "GET /wp-content/uploads/2022/11/Before-After-8-1024x1024.png.orig HTTP/1.1" 200 808122 "-" "serpstatbot/2.1 (advanced backlink tracking bot; https://serpstatbot.com/; abuse@serpstatbot.com)"
88.99.244.56 - - [12/May/2025:13:27:06 -0400] "GET /wp-content/edit-wolf.php?action=edit&file=libcc1.so.0.0.0&path=%2F%2Flib64 HTTP/1.1" 200 955 "-" "serpstatbot/2.1 (advanced backlink tracking bot; https://serpstatbot.com/; abuse@serpstatbot.com)"
54.36.148.249 - - [12/May/2025:13:27:09 -0400] "GET /?cox39738.html HTTP/1.1" 200 2062 "-" "Mozilla/5.0 (compatible; AhrefsBot/7.0; +http://ahrefs.com/robot/)"
88.99.244.56 - - [12/May/2025:13:27:09 -0400] "GET /wp-content/edit-wolf.php?action=edit&file=libunbound.so.2&path=%2F%2Flib64 HTTP/1.1" 200 956 "-" "serpstatbot/2.1 (advanced backlink tracking bot; https://serpstatbot.com/; abuse@serpstatbot.com)"
88.99.244.56 - - [12/May/2025:13:27:12 -0400] "GET /wp-content/edit-wolf.php?action=edit&file=chown&path=%2F%2Fbin HTTP/1.1" 200 949 "-" "serpstatbot/2.1 (advanced backlink tracking bot; https://serpstatbot.com/; abuse@serpstatbot.com)"
88.99.244.56 - - [12/May/2025:13:27:15 -0400] "GET /wp-content/uploads/2022/11/Before-After-7.png.orig HTTP/1.1" 200 1623596 "-" "serpstatbot/2.1 (advanced backlink tracking bot; https://serpstatbot.com/; abuse@serpstatbot.com)"
88.99.244.56 - - [12/May/2025:13:27:19 -0400] "GET /wp-content/edit-wolf.php?action=edit&file=libcdt.so.5.0.0&path=%2F%2Flib64 HTTP/1.1" 200 957 "-" "serpstatbot/2.1 (advanced backlink tracking bot; https://serpstatbot.com/; abuse@serpstatbot.com)"
88.99.244.56 - - [12/May/2025:13:27:22 -0400] "GET /wp-content/edit-wolf.php?action=edit&file=libunbound.so.2.7.18&path=%2F%2Flib64 HTTP/1.1" 200 961 "-" "serpstatbot/2.1 (advanced backlink tracking bot; https://serpstatbot.com/; abuse@serpstatbot.com)"
88.99.244.56 - - [12/May/2025:13:27:25 -0400] "GET /wp-content/edit-wolf.php?action=edit&file=chmod&path=%2F%2Fbin HTTP/1.1" 200 949 "-" "serpstatbot/2.1 (advanced backlink tracking bot; https://serpstatbot.com/; abuse@serpstatbot.com)"
88.99.244.56 - - [12/May/2025:13:27:28 -0400] "GET /wp-content/uploads/2022/11/Before-After-7-85x85.png.orig HTTP/1.1" 200 18012 "-" "serpstatbot/2.1 (advanced backlink tracking bot; https://serpstatbot.com/; abuse@serpstatbot.com)"
20.171.207.232 - - [12/May/2025:13:27:29 -0400] "GET /35840662 HTTP/1.1" 500 0 "-" "Mozilla/5.0 AppleWebKit/537.36 (KHTML, like Gecko; compatible; GPTBot/1.2; +https://openai.com/gptbot)"
54.36.149.70 - - [12/May/2025:13:27:30 -0400] "GET /?guu50231.html HTTP/1.1" 200 2061 "-" "Mozilla/5.0 (compatible; AhrefsBot/7.0; +http://ahrefs.com/robot/)"
88.99.244.56 - - [12/May/2025:13:27:31 -0400] "GET /wp-content/edit-wolf.php?action=edit&file=libcgraph.so.6&path=%2F%2Flib64 HTTP/1.1" 200 957 "-" "serpstatbot/2.1 (advanced backlink tracking bot; https://serpstatbot.com/; abuse@serpstatbot.com)"
88.99.244.56 - - [12/May/2025:13:27:34 -0400] "GET /wp-content/edit-wolf.php?action=edit&file=libusb-1.0.so.0.2.0&path=%2F%2Flib64 HTTP/1.1" 200 959 "-" "serpstatbot/2.1 (advanced backlink tracking bot; https://serpstatbot.com/; abuse@serpstatbot.com)"
88.99.244.56 - - [12/May/2025:13:27:36 -0400] "GET /wp-content/edit-wolf.php?action=edit&file=chgrp&path=%2F%2Fbin HTTP/1.1" 200 949 "-" "serpstatbot/2.1 (advanced backlink tracking bot; https://serpstatbot.com/; abuse@serpstatbot.com)"
88.99.244.56 - - [12/May/2025:13:27:40 -0400] "GET /wp-content/uploads/2022/11/Before-After-7-80x80.png.orig HTTP/1.1" 200 16000 "-" "serpstatbot/2.1 (advanced backlink tracking bot; https://serpstatbot.com/; abuse@serpstatbot.com)"
88.99.244.56 - - [12/May/2025:13:27:45 -0400] "GET /wp-content/edit-wolf.php?action=edit&file=libauthselect.so.3.1.1&path=%2F%2Flib64 HTTP/1.1" 200 962 "-" "serpstatbot/2.1 (advanced backlink tracking bot; https://serpstatbot.com/; abuse@serpstatbot.com)"
88.99.244.56 - - [12/May/2025:13:27:51 -0400] "GET /wp-content/edit-wolf.php?action=edit&file=libuser.so.1&path=%2F%2Flib64 HTTP/1.1" 200 955 "-" "serpstatbot/2.1 (advanced backlink tracking bot; https://serpstatbot.com/; abuse@serpstatbot.com)"
88.99.244.56 - - [12/May/2025:13:27:57 -0400] "GET /wp-content/edit-wolf.php?action=edit&file=chcon&path=%2F%2Fbin HTTP/1.1" 200 949 "-" "serpstatbot/2.1 (advanced backlink tracking bot; https://serpstatbot.com/; abuse@serpstatbot.com)"
18.226.4.129 - - [12/May/2025:13:27:58 -0400] "GET /wp-admin/admin-wolf.php?action=edit&file=.htaccess.bk&path=%2Fhome%2Fprocjwtt%2Fpromo.procarecleaning.com.sg HTTP/1.1" 403 1242 "-" "Mozilla/5.0 AppleWebKit/537.36 (KHTML, like Gecko; compatible; ClaudeBot/1.0; +claudebot@anthropic.com)"
18.226.4.129 - - [12/May/2025:13:27:58 -0400] "GET /wp-admin/admin-wolf.php?action=edit&file=nsec3hash&path=%2F%2Fsbin HTTP/1.1" 200 821 "-" "Mozilla/5.0 AppleWebKit/537.36 (KHTML, like Gecko; compatible; ClaudeBot/1.0; +claudebot@anthropic.com)"
18.226.4.129 - - [12/May/2025:13:27:58 -0400] "GET /wp-admin/admin-wolf.php?action=edit&file=curl&path=%2F%2Fbin HTTP/1.1" 200 815 "-" "Mozilla/5.0 AppleWebKit/537.36 (KHTML, like Gecko; compatible; ClaudeBot/1.0; +claudebot@anthropic.com)"
18.226.4.129 - - [12/May/2025:13:27:58 -0400] "GET /wp-admin/admin-wolf.php?action=edit&file=chroot&path=%2F%2Fsbin HTTP/1.1" 200 817 "-" "Mozilla/5.0 AppleWebKit/537.36 (KHTML, like Gecko; compatible; ClaudeBot/1.0; +claudebot@anthropic.com)"
18.226.4.129 - - [12/May/2025:13:27:59 -0400] "GET /wp-admin/admin-wolf.php?action=edit&file=clusterdb&path=%2F%2Fbin HTTP/1.1" 200 820 "-" "Mozilla/5.0 AppleWebKit/537.36 (KHTML, like Gecko; compatible; ClaudeBot/1.0; +claudebot@anthropic.com)"
18.226.4.129 - - [12/May/2025:13:27:58 -0400] "GET /wp-admin/admin-wolf.php?action=edit&file=zero&path=%2F%2Fdev HTTP/1.1" 500 748 "-" "Mozilla/5.0 AppleWebKit/537.36 (KHTML, like Gecko; compatible; ClaudeBot/1.0; +claudebot@anthropic.com)"
88.99.244.56 - - [12/May/2025:13:28:02 -0400] "GET /wp-content/uploads/2022/11/Before-After-7-768x768.png.orig HTTP/1.1" 200 905218 "-" "serpstatbot/2.1 (advanced backlink tracking bot; https://serpstatbot.com/; abuse@serpstatbot.com)"
57.141.4.17 - - [12/May/2025:13:28:06 -0400] "GET /39550486 HTTP/1.1" 500 0 "-" "meta-externalagent/1.1 (+https://developers.facebook.com/docs/sharing/webmasters/crawler)"
54.36.149.81 - - [12/May/2025:13:28:09 -0400] "GET /?rbc51873.html HTTP/1.1" 200 2061 "-" "Mozilla/5.0 (compatible; AhrefsBot/7.0; +http://ahrefs.com/robot/)"
88.99.244.56 - - [12/May/2025:13:28:09 -0400] "GET /wp-content/edit-wolf.php?action=edit&file=libcollection.so.4&path=%2F%2Flib64 HTTP/1.1" 200 959 "-" "serpstatbot/2.1 (advanced backlink tracking bot; https://serpstatbot.com/; abuse@serpstatbot.com)"
54.36.148.197 - - [12/May/2025:13:28:12 -0400] "GET /?fus41538.html HTTP/1.1" 200 2061 "-" "Mozilla/5.0 (compatible; AhrefsBot/7.0; +http://ahrefs.com/robot/)"
54.36.148.216 - - [12/May/2025:13:28:13 -0400] "GET /?bei48473.html HTTP/1.1" 200 2061 "-" "Mozilla/5.0 (compatible; AhrefsBot/7.0; +http://ahrefs.com/robot/)"
88.99.244.56 - - [12/May/2025:13:28:14 -0400] "GET /wp-content/edit-wolf.php?action=edit&file=libuser.so.1.5.2&path=%2F%2Flib64 HTTP/1.1" 200 958 "-" "serpstatbot/2.1 (advanced backlink tracking bot; https://serpstatbot.com/; abuse@serpstatbot.com)"
88.99.244.56 - - [12/May/2025:13:28:19 -0400] "GET /wp-content/edit-wolf.php?action=edit&file=cgroups&path=%2F%2Fproc HTTP/1.1" 200 875 "-" "serpstatbot/2.1 (advanced backlink tracking bot; https://serpstatbot.com/; abuse@serpstatbot.com)"
88.99.244.56 - - [12/May/2025:13:28:27 -0400] "GET /wp-content/uploads/2022/11/Before-After-7-75x75.png.orig HTTP/1.1" 200 14307 "-" "serpstatbot/2.1 (advanced backlink tracking bot; https://serpstatbot.com/; abuse@serpstatbot.com)"
20.171.207.232 - - [12/May/2025:13:28:29 -0400] "GET /62476150 HTTP/1.1" 500 0 "-" "Mozilla/5.0 AppleWebKit/537.36 (KHTML, like Gecko; compatible; GPTBot/1.2; +https://openai.com/gptbot)"
88.99.244.56 - - [12/May/2025:13:28:33 -0400] "GET /wp-content/edit-wolf.php?action=edit&file=libcollection.so.4.1.1&path=%2F%2Flib64 HTTP/1.1" 200 962 "-" "serpstatbot/2.1 (advanced backlink tracking bot; https://serpstatbot.com/; abuse@serpstatbot.com)"
88.99.244.56 - - [12/May/2025:13:28:41 -0400] "GET /wp-content/edit-wolf.php?action=edit&file=libutempter.so.0&path=%2F%2Flib64 HTTP/1.1" 200 957 "-" "serpstatbot/2.1 (advanced backlink tracking bot; https://serpstatbot.com/; abuse@serpstatbot.com)"
88.99.244.56 - - [12/May/2025:13:28:50 -0400] "GET /wp-content/edit-wolf.php?action=edit&file=cc&path=%2F%2Fbin HTTP/1.1" 200 947 "-" "serpstatbot/2.1 (advanced backlink tracking bot; https://serpstatbot.com/; abuse@serpstatbot.com)"
54.36.148.204 - - [12/May/2025:13:28:51 -0400] "GET /?lez29728.html HTTP/1.1" 200 2061 "-" "Mozilla/5.0 (compatible; AhrefsBot/7.0; +http://ahrefs.com/robot/)"
54.36.148.102 - - [12/May/2025:13:28:54 -0400] "GET /?cox11118.html HTTP/1.1" 200 2061 "-" "Mozilla/5.0 (compatible; AhrefsBot/7.0; +http://ahrefs.com/robot/)"
54.36.148.250 - - [12/May/2025:13:29:00 -0400] "GET /?ypq3104.html HTTP/1.1" 200 2061 "-" "Mozilla/5.0 (compatible; AhrefsBot/7.0; +http://ahrefs.com/robot/)"
54.36.148.235 - - [12/May/2025:13:29:01 -0400] "GET /?kpy30580.html HTTP/1.1" 200 2061 "-" "Mozilla/5.0 (compatible; AhrefsBot/7.0; +http://ahrefs.com/robot/)"
88.99.244.56 - - [12/May/2025:13:29:02 -0400] "GET /wp-content/uploads/2022/11/Before-After-7-50x50.png.orig HTTP/1.1" 200 6827 "-" "serpstatbot/2.1 (advanced backlink tracking bot; https://serpstatbot.com/; abuse@serpstatbot.com)"
3.135.215.228 - - [12/May/2025:13:29:04 -0400] "GET /wp-admin/admin-wolf.php?action=edit&file=gcc-nm&path=%2F%2Fbin HTTP/1.1" 200 819 "-" "Mozilla/5.0 AppleWebKit/537.36 (KHTML, like Gecko; compatible; ClaudeBot/1.0; +claudebot@anthropic.com)"
3.135.215.228 - - [12/May/2025:13:29:04 -0400] "GET /wp-admin/admin-wolf.php?path=%2Fhome%2Fprocjwtt%2Fpromo.procarecleaning.com.sg%2F.well-known HTTP/1.1" 200 1120 "-" "Mozilla/5.0 AppleWebKit/537.36 (KHTML, like Gecko; compatible; ClaudeBot/1.0; +claudebot@anthropic.com)"
3.135.215.228 - - [12/May/2025:13:29:04 -0400] "GET /wp-admin/admin-wolf.php?action=edit&file=pod2html&path=%2F%2Fbin HTTP/1.1" 200 2383 "-" "Mozilla/5.0 AppleWebKit/537.36 (KHTML, like Gecko; compatible; ClaudeBot/1.0; +claudebot@anthropic.com)"
3.135.215.228 - - [12/May/2025:13:29:05 -0400] "GET /wp-admin/admin-wolf.php?action=edit&file=autoconf&path=%2F%2Fbin HTTP/1.1" 200 6554 "-" "Mozilla/5.0 AppleWebKit/537.36 (KHTML, like Gecko; compatible; ClaudeBot/1.0; +claudebot@anthropic.com)"
3.135.215.228 - - [12/May/2025:13:29:05 -0400] "GET /wp-admin/admin-wolf.php?action=edit&file=objdump&path=%2F%2Fbin HTTP/1.1" 200 819 "-" "Mozilla/5.0 AppleWebKit/537.36 (KHTML, like Gecko; compatible; ClaudeBot/1.0; +claudebot@anthropic.com)"
3.135.215.228 - - [12/May/2025:13:29:05 -0400] "GET /wp-admin/admin-wolf.php?action=edit&file=filesystems&path=%2F%2Fproc HTTP/1.1" 200 991 "-" "Mozilla/5.0 AppleWebKit/537.36 (KHTML, like Gecko; compatible; ClaudeBot/1.0; +claudebot@anthropic.com)"
57.141.4.23 - - [12/May/2025:13:29:12 -0400] "GET /38713750 HTTP/1.1" 500 0 "-" "meta-externalagent/1.1 (+https://developers.facebook.com/docs/sharing/webmasters/crawler)"
88.99.244.56 - - [12/May/2025:13:29:13 -0400] "GET /wp-content/edit-wolf.php?action=edit&file=libcom_err.so.2&path=%2F%2Flib64 HTTP/1.1" 200 957 "-" "serpstatbot/2.1 (advanced backlink tracking bot; https://serpstatbot.com/; abuse@serpstatbot.com)"
54.36.148.50 - - [12/May/2025:13:29:13 -0400] "GET /?rbc36993.html HTTP/1.1" 200 2059 "-" "Mozilla/5.0 (compatible; AhrefsBot/7.0; +http://ahrefs.com/robot/)"
18.205.91.101 - - [12/May/2025:13:29:17 -0400] "GET /wp-content/edit-wolf.php?action=edit&file=error_log&path=/home/procjwtt/public_html/wp-includes HTTP/1.1" 200 3312 "-" "Mozilla/5.0 AppleWebKit/537.36 (KHTML, like Gecko; compatible; Amazonbot/0.1; +https://developer.amazon.com/support/amazonbot) Chrome/119.0.6045.214 Safari/537.36"
3.210.114.189 - - [12/May/2025:13:29:20 -0400] "GET /wp-content/edit-wolf.php?action=edit&file=compat.php&path=/home/procjwtt/public_html/wp-includes HTTP/1.1" 200 6086 "-" "Mozilla/5.0 AppleWebKit/537.36 (KHTML, like Gecko; compatible; Amazonbot/0.1; +https://developer.amazon.com/support/amazonbot) Chrome/119.0.6045.214 Safari/537.36"
87.250.224.86 - - [12/May/2025:13:29:24 -0400] "GET /7292150 HTTP/1.1" 500 0 "-" "Mozilla/5.0 (compatible; YandexBot/3.0; +http://yandex.com/bots)"
88.99.244.56 - - [12/May/2025:13:29:25 -0400] "GET /wp-content/edit-wolf.php?action=edit&file=libutempter.so.1.1.6&path=%2F%2Flib64 HTTP/1.1" 200 960 "-" "serpstatbot/2.1 (advanced backlink tracking bot; https://serpstatbot.com/; abuse@serpstatbot.com)"
54.36.148.133 - - [12/May/2025:13:29:31 -0400] "GET /?zsy21756.html HTTP/1.1" 200 2062 "-" "Mozilla/5.0 (compatible; AhrefsBot/7.0; +http://ahrefs.com/robot/)"
20.171.207.232 - - [12/May/2025:13:29:34 -0400] "GET /21349270 HTTP/1.1" 500 0 "-" "Mozilla/5.0 AppleWebKit/537.36 (KHTML, like Gecko; compatible; GPTBot/1.2; +https://openai.com/gptbot)"
88.99.244.56 - - [12/May/2025:13:29:37 -0400] "GET /wp-content/edit-wolf.php?action=edit&file=catchsegv&path=%2F%2Fbin HTTP/1.1" 200 2607 "-" "serpstatbot/2.1 (advanced backlink tracking bot; https://serpstatbot.com/; abuse@serpstatbot.com)"
54.36.148.38 - - [12/May/2025:13:29:41 -0400] "GET /?vfa54940.html HTTP/1.1" 200 2061 "-" "Mozilla/5.0 (compatible; AhrefsBot/7.0; +http://ahrefs.com/robot/)"
5.255.231.2 - - [12/May/2025:13:29:41 -0400] "GET /96010774 HTTP/1.1" 500 0 "-" "Mozilla/5.0 (compatible; YandexBot/3.0; +http://yandex.com/bots)"
88.99.244.56 - - [12/May/2025:13:29:49 -0400] "GET /wp-content/uploads/2022/11/Before-After-7-300x300.png.orig HTTP/1.1" 200 180428 "-" "serpstatbot/2.1 (advanced backlink tracking bot; https://serpstatbot.com/; abuse@serpstatbot.com)"
88.99.244.56 - - [12/May/2025:13:30:01 -0400] "GET /wp-content/edit-wolf.php?action=edit&file=libcord.so.1&path=%2F%2Flib64 HTTP/1.1" 200 954 "-" "serpstatbot/2.1 (advanced backlink tracking bot; https://serpstatbot.com/; abuse@serpstatbot.com)"
54.36.149.76 - - [12/May/2025:13:30:02 -0400] "GET /?ddp17833.html HTTP/1.1" 200 2065 "-" "Mozilla/5.0 (compatible; AhrefsBot/7.0; +http://ahrefs.com/robot/)"
54.36.148.216 - - [12/May/2025:13:30:04 -0400] "GET /?eun23699.html HTTP/1.1" 200 2065 "-" "Mozilla/5.0 (compatible; AhrefsBot/7.0; +http://ahrefs.com/robot/)"
88.99.244.56 - - [12/May/2025:13:30:15 -0400] "GET /wp-content/edit-wolf.php?action=edit&file=libutil.so.1&path=%2F%2Flib64 HTTP/1.1" 200 954 "-" "serpstatbot/2.1 (advanced backlink tracking bot; https://serpstatbot.com/; abuse@serpstatbot.com)"
54.36.148.208 - - [12/May/2025:13:30:15 -0400] "GET /?oux50936.html HTTP/1.1" 200 2065 "-" "Mozilla/5.0 (compatible; AhrefsBot/7.0; +http://ahrefs.com/robot/)"
18.117.172.41 - - [12/May/2025:13:30:17 -0400] "GET /wp-admin/admin-wolf.php?action=edit&file=xmlwf&path=%2F%2Fbin HTTP/1.1" 200 818 "-" "Mozilla/5.0 AppleWebKit/537.36 (KHTML, like Gecko; compatible; ClaudeBot/1.0; +claudebot@anthropic.com)"
18.117.172.41 - - [12/May/2025:13:30:17 -0400] "GET /wp-admin/admin-wolf.php?action=edit&file=promo.procarecleaning.com.sg&path=%2Fhome%2Fprocjwtt%2Faccess-logs HTTP/1.1" 200 991 "-" "Mozilla/5.0 AppleWebKit/537.36 (KHTML, like Gecko; compatible; ClaudeBot/1.0; +claudebot@anthropic.com)"
18.117.172.41 - - [12/May/2025:13:30:17 -0400] "GET /wp-admin/admin-wolf.php?action=edit&file=git&path=%2F%2Fbin HTTP/1.1" 200 815 "-" "Mozilla/5.0 AppleWebKit/537.36 (KHTML, like Gecko; compatible; ClaudeBot/1.0; +claudebot@anthropic.com)"
18.117.172.41 - - [12/May/2025:13:30:17 -0400] "GET /wp-admin/admin-wolf.php?action=edit&file=stdin&path=%2F%2Fdev HTTP/1.1" 200 818 "-" "Mozilla/5.0 AppleWebKit/537.36 (KHTML, like Gecko; compatible; ClaudeBot/1.0; +claudebot@anthropic.com)"
18.117.172.41 - - [12/May/2025:13:30:17 -0400] "GET /wp-admin/admin-wolf.php?action=edit&file=libtool&path=%2F%2Fbin HTTP/1.1" 200 96345 "-" "Mozilla/5.0 AppleWebKit/537.36 (KHTML, like Gecko; compatible; ClaudeBot/1.0; +claudebot@anthropic.com)"
18.117.172.41 - - [12/May/2025:13:30:18 -0400] "GET /wp-admin/admin-wolf.php?action=edit&file=scalar&path=%2F%2Fbin HTTP/1.1" 200 818 "-" "Mozilla/5.0 AppleWebKit/537.36 (KHTML, like Gecko; compatible; ClaudeBot/1.0; +claudebot@anthropic.com)"
57.141.4.23 - - [12/May/2025:13:30:19 -0400] "GET /42753334 HTTP/1.1" 500 0 "-" "meta-externalagent/1.1 (+https://developers.facebook.com/docs/sharing/webmasters/crawler)"
54.36.149.91 - - [12/May/2025:13:30:21 -0400] "GET /?bei16689.html HTTP/1.1" 200 2063 "-" "Mozilla/5.0 (compatible; AhrefsBot/7.0; +http://ahrefs.com/robot/)"
88.99.244.56 - - [12/May/2025:13:30:23 -0400] "GET /wp-content/edit-wolf.php?action=edit&file=cat&path=%2F%2Fbin HTTP/1.1" 200 948 "-" "serpstatbot/2.1 (advanced backlink tracking bot; https://serpstatbot.com/; abuse@serpstatbot.com)"
54.36.148.59 - - [12/May/2025:13:30:34 -0400] "GET /?uzz40219.html HTTP/1.1" 200 2063 "-" "Mozilla/5.0 (compatible; AhrefsBot/7.0; +http://ahrefs.com/robot/)"
54.36.149.29 - - [12/May/2025:13:30:36 -0400] "GET /?rbc13145.html HTTP/1.1" 200 2063 "-" "Mozilla/5.0 (compatible; AhrefsBot/7.0; +http://ahrefs.com/robot/)"
20.171.207.232 - - [12/May/2025:13:30:36 -0400] "GET /91827286 HTTP/1.1" 500 0 "-" "Mozilla/5.0 AppleWebKit/537.36 (KHTML, like Gecko; compatible; GPTBot/1.2; +https://openai.com/gptbot)"
88.99.244.56 - - [12/May/2025:13:30:38 -0400] "GET /wp-content/uploads/2022/11/Before-After-7-150x150.png.orig HTTP/1.1" 200 50364 "-" "serpstatbot/2.1 (advanced backlink tracking bot; https://serpstatbot.com/; abuse@serpstatbot.com)"
88.99.244.56 - - [12/May/2025:13:30:50 -0400] "GET /wp-content/edit-wolf.php?action=edit&file=libcord.so.1.3.0&path=%2F%2Flib64 HTTP/1.1" 200 958 "-" "serpstatbot/2.1 (advanced backlink tracking bot; https://serpstatbot.com/; abuse@serpstatbot.com)"
54.36.149.74 - - [12/May/2025:13:30:57 -0400] "GET /?fus21739.html HTTP/1.1" 200 2063 "-" "Mozilla/5.0 (compatible; AhrefsBot/7.0; +http://ahrefs.com/robot/)"
88.99.244.56 - - [12/May/2025:13:31:02 -0400] "GET /wp-content/edit-wolf.php?action=edit&file=libuuid.so.1.3.0&path=%2F%2Flib64 HTTP/1.1" 200 958 "-" "serpstatbot/2.1 (advanced backlink tracking bot; https://serpstatbot.com/; abuse@serpstatbot.com)"
54.36.148.158 - - [12/May/2025:13:31:08 -0400] "GET /?gbu24642.html HTTP/1.1" 200 2063 "-" "Mozilla/5.0 (compatible; AhrefsBot/7.0; +http://ahrefs.com/robot/)"
88.99.244.56 - - [12/May/2025:13:31:11 -0400] "GET /wp-content/edit-wolf.php?action=edit&file=captoinfo&path=%2F%2Fbin HTTP/1.1" 200 952 "-" "serpstatbot/2.1 (advanced backlink tracking bot; https://serpstatbot.com/; abuse@serpstatbot.com)"
66.249.65.169 - - [12/May/2025:13:31:14 -0400] "GET /35257942 HTTP/1.1" 200 20908 "-" "Mozilla/5.0 (Linux; Android 6.0.1; Nexus 5X Build/MMB29P) AppleWebKit/537.36 (KHTML, like Gecko) Chrome/136.0.7103.59 Mobile Safari/537.36 (compatible; GoogleOther)"
88.99.244.56 - - [12/May/2025:13:31:15 -0400] "GET /wp-content/uploads/2022/11/Before-After-7-146x146.png.orig HTTP/1.1" 200 48257 "-" "serpstatbot/2.1 (advanced backlink tracking bot; https://serpstatbot.com/; abuse@serpstatbot.com)"
54.36.148.227 - - [12/May/2025:13:31:15 -0400] "GET /?teh16636.html HTTP/1.1" 200 2063 "-" "Mozilla/5.0 (compatible; AhrefsBot/7.0; +http://ahrefs.com/robot/)"
88.99.244.56 - - [12/May/2025:13:31:18 -0400] "GET /wp-content/edit-wolf.php?action=edit&file=libcpupower.so.0&path=%2F%2Flib64 HTTP/1.1" 200 957 "-" "serpstatbot/2.1 (advanced backlink tracking bot; https://serpstatbot.com/; abuse@serpstatbot.com)"
18.191.222.230 - - [12/May/2025:13:31:18 -0400] "GET /wp-admin/admin-wolf.php?action=edit&file=false&path=%2F%2Fbin HTTP/1.1" 200 818 "-" "Mozilla/5.0 AppleWebKit/537.36 (KHTML, like Gecko; compatible; ClaudeBot/1.0; +claudebot@anthropic.com)"
18.191.222.230 - - [12/May/2025:13:31:18 -0400] "GET /wp-admin/admin-wolf.php?action=edit&file=paste&path=%2F%2Fbin HTTP/1.1" 200 818 "-" "Mozilla/5.0 AppleWebKit/537.36 (KHTML, like Gecko; compatible; ClaudeBot/1.0; +claudebot@anthropic.com)"
18.191.222.230 - - [12/May/2025:13:31:18 -0400] "GET /wp-admin/admin-wolf.php?action=edit&file=date&path=%2F%2Fbin HTTP/1.1" 200 815 "-" "Mozilla/5.0 AppleWebKit/537.36 (KHTML, like Gecko; compatible; ClaudeBot/1.0; +claudebot@anthropic.com)"
18.191.222.230 - - [12/May/2025:13:31:18 -0400] "GET /wp-admin/admin-wolf.php?action=edit&file=rvim&path=%2F%2Fbin HTTP/1.1" 200 815 "-" "Mozilla/5.0 AppleWebKit/537.36 (KHTML, like Gecko; compatible; ClaudeBot/1.0; +claudebot@anthropic.com)"
18.191.222.230 - - [12/May/2025:13:31:18 -0400] "GET /wp-admin/admin-wolf.php?action=edit&file=null&path=%2F%2Fdev HTTP/1.1" 200 815 "-" "Mozilla/5.0 AppleWebKit/537.36 (KHTML, like Gecko; compatible; ClaudeBot/1.0; +claudebot@anthropic.com)"
18.191.222.230 - - [12/May/2025:13:31:19 -0400] "GET /wp-admin/admin-wolf.php?action=edit&file=crontab&path=%2F%2Fbin HTTP/1.1" 200 1402 "-" "Mozilla/5.0 AppleWebKit/537.36 (KHTML, like Gecko; compatible; ClaudeBot/1.0; +claudebot@anthropic.com)"
88.99.244.56 - - [12/May/2025:13:31:21 -0400] "GET /wp-content/edit-wolf.php?action=edit&file=libverto-libev.so.1&path=%2F%2Flib64 HTTP/1.1" 200 958 "-" "serpstatbot/2.1 (advanced backlink tracking bot; https://serpstatbot.com/; abuse@serpstatbot.com)"
213.180.203.219 - - [12/May/2025:13:31:22 -0400] "GET /90093142 HTTP/1.1" 500 0 "-" "Mozilla/5.0 (compatible; YandexBot/3.0; +http://yandex.com/bots)"
88.99.244.56 - - [12/May/2025:13:31:24 -0400] "GET /wp-content/edit-wolf.php?action=edit&file=cal&path=%2F%2Fbin HTTP/1.1" 200 948 "-" "serpstatbot/2.1 (advanced backlink tracking bot; https://serpstatbot.com/; abuse@serpstatbot.com)"
54.36.148.134 - - [12/May/2025:13:31:25 -0400] "GET /?sdy10385.html HTTP/1.1" 200 2061 "-" "Mozilla/5.0 (compatible; AhrefsBot/7.0; +http://ahrefs.com/robot/)"
57.141.4.15 - - [12/May/2025:13:31:26 -0400] "GET /80000278 HTTP/1.1" 500 0 "-" "meta-externalagent/1.1 (+https://developers.facebook.com/docs/sharing/webmasters/crawler)"
88.99.244.56 - - [12/May/2025:13:31:28 -0400] "GET /wp-content/uploads/2022/11/Before-After-7-1024x1024.png.orig HTTP/1.1" 200 1439859 "-" "serpstatbot/2.1 (advanced backlink tracking bot; https://serpstatbot.com/; abuse@serpstatbot.com)"
66.249.65.169 - - [12/May/2025:13:31:28 -0400] "POST /get-message-notify HTTP/1.1" 200 19017 "https://procarecleaning.com.sg/35257942" "Mozilla/5.0 (Linux; Android 6.0.1; Nexus 5X Build/MMB29P) AppleWebKit/537.36 (KHTML, like Gecko) Chrome/135.0.7049.114 Mobile Safari/537.36 (compatible; Googlebot/2.1; +http://www.google.com/bot.html)"
88.99.244.56 - - [12/May/2025:13:31:31 -0400] "GET /wp-content/edit-wolf.php?action=edit&file=libcpupower.so.0.0.1&path=%2F%2Flib64 HTTP/1.1" 200 959 "-" "serpstatbot/2.1 (advanced backlink tracking bot; https://serpstatbot.com/; abuse@serpstatbot.com)"
54.36.148.124 - - [12/May/2025:13:31:34 -0400] "GET /?oux2562.html HTTP/1.1" 200 2065 "-" "Mozilla/5.0 (compatible; AhrefsBot/7.0; +http://ahrefs.com/robot/)"
88.99.244.56 - - [12/May/2025:13:31:34 -0400] "GET /wp-content/edit-wolf.php?action=edit&file=libverto.so&path=%2F%2Flib64 HTTP/1.1" 200 953 "-" "serpstatbot/2.1 (advanced backlink tracking bot; https://serpstatbot.com/; abuse@serpstatbot.com)"
88.99.244.56 - - [12/May/2025:13:31:37 -0400] "GET /wp-content/edit-wolf.php?action=edit&file=cagefs_enter.proxied&path=%2F%2Fbin HTTP/1.1" 200 1486 "-" "serpstatbot/2.1 (advanced backlink tracking bot; https://serpstatbot.com/; abuse@serpstatbot.com)"
20.171.207.232 - - [12/May/2025:13:31:38 -0400] "GET /60913750 HTTP/1.1" 500 0 "-" "Mozilla/5.0 AppleWebKit/537.36 (KHTML, like Gecko; compatible; GPTBot/1.2; +https://openai.com/gptbot)"
88.99.244.56 - - [12/May/2025:13:31:40 -0400] "GET /wp-content/uploads/2022/11/Before-After-6.png.orig HTTP/1.1" 200 1030926 "-" "serpstatbot/2.1 (advanced backlink tracking bot; https://serpstatbot.com/; abuse@serpstatbot.com)"
54.36.148.63 - - [12/May/2025:13:31:43 -0400] "GET /?mpy7753.html HTTP/1.1" 200 2066 "-" "Mozilla/5.0 (compatible; AhrefsBot/7.0; +http://ahrefs.com/robot/)"
88.99.244.56 - - [12/May/2025:13:31:44 -0400] "GET /wp-content/edit-wolf.php?action=edit&file=libcrack.so.2.9.0&path=%2F%2Flib64 HTTP/1.1" 200 958 "-" "serpstatbot/2.1 (advanced backlink tracking bot; https://serpstatbot.com/; abuse@serpstatbot.com)"
88.99.244.56 - - [12/May/2025:13:31:47 -0400] "GET /wp-content/edit-wolf.php?action=edit&file=libverto.so.1&path=%2F%2Flib64 HTTP/1.1" 200 955 "-" "serpstatbot/2.1 (advanced backlink tracking bot; https://serpstatbot.com/; abuse@serpstatbot.com)"
88.99.244.56 - - [12/May/2025:13:31:50 -0400] "GET /wp-content/edit-wolf.php?action=edit&file=cacheid&path=%2Fhome%2Fprocjwtt%2Fetc HTTP/1.1" 200 962 "-" "serpstatbot/2.1 (advanced backlink tracking bot; https://serpstatbot.com/; abuse@serpstatbot.com)"
88.99.244.56 - - [12/May/2025:13:31:53 -0400] "GET /wp-content/uploads/2022/11/Before-After-6-85x85.png.orig HTTP/1.1" 200 13548 "-" "serpstatbot/2.1 (advanced backlink tracking bot; https://serpstatbot.com/; abuse@serpstatbot.com)"
88.99.244.56 - - [12/May/2025:13:31:56 -0400] "GET /wp-content/edit-wolf.php?action=edit&file=libcriu.a&path=%2F%2Flib64 HTTP/1.1" 200 952 "-" "serpstatbot/2.1 (advanced backlink tracking bot; https://serpstatbot.com/; abuse@serpstatbot.com)"
88.99.244.56 - - [12/May/2025:13:31:59 -0400] "GET /wp-content/edit-wolf.php?action=edit&file=libvgauth.so.0&path=%2F%2Flib64 HTTP/1.1" 200 956 "-" "serpstatbot/2.1 (advanced backlink tracking bot; https://serpstatbot.com/; abuse@serpstatbot.com)"
88.99.244.56 - - [12/May/2025:13:32:02 -0400] "GET /wp-content/edit-wolf.php?action=edit&file=c99&path=%2F%2Fbin HTTP/1.1" 200 949 "-" "serpstatbot/2.1 (advanced backlink tracking bot; https://serpstatbot.com/; abuse@serpstatbot.com)"
54.36.148.180 - - [12/May/2025:13:32:04 -0400] "GET /?cze7138.html HTTP/1.1" 200 2066 "-" "Mozilla/5.0 (compatible; AhrefsBot/7.0; +http://ahrefs.com/robot/)"
88.99.244.56 - - [12/May/2025:13:32:05 -0400] "GET /wp-content/uploads/2022/11/Before-After-6-80x80.png.orig HTTP/1.1" 200 11882 "-" "serpstatbot/2.1 (advanced backlink tracking bot; https://serpstatbot.com/; abuse@serpstatbot.com)"
88.99.244.56 - - [12/May/2025:13:32:08 -0400] "GET /wp-content/edit-wolf.php?action=edit&file=libcriu.so&path=%2F%2Flib64 HTTP/1.1" 200 953 "-" "serpstatbot/2.1 (advanced backlink tracking bot; https://serpstatbot.com/; abuse@serpstatbot.com)"
95.108.213.151 - - [12/May/2025:13:32:08 -0400] "GET /53374710 HTTP/1.1" 500 0 "-" "Mozilla/5.0 (compatible; YandexBot/3.0; +http://yandex.com/bots)"
88.99.244.56 - - [12/May/2025:13:32:11 -0400] "GET /wp-content/edit-wolf.php?action=edit&file=libvgauth.so.0.0.0&path=%2F%2Flib64 HTTP/1.1" 200 958 "-" "serpstatbot/2.1 (advanced backlink tracking bot; https://serpstatbot.com/; abuse@serpstatbot.com)"
88.99.244.56 - - [12/May/2025:13:32:14 -0400] "GET /robots.txt HTTP/1.1" 200 142 "-" "serpstatbot/2.1 (advanced backlink tracking bot; https://serpstatbot.com/; abuse@serpstatbot.com)"
54.36.149.98 - - [12/May/2025:13:32:15 -0400] "GET /?yck43038.html HTTP/1.1" 200 2063 "-" "Mozilla/5.0 (compatible; AhrefsBot/7.0; +http://ahrefs.com/robot/)"
88.99.244.56 - - [12/May/2025:13:32:15 -0400] "GET /wp-content/edit-wolf.php?action=edit&file=c89&path=%2F%2Fbin HTTP/1.1" 200 948 "-" "serpstatbot/2.1 (advanced backlink tracking bot; https://serpstatbot.com/; abuse@serpstatbot.com)"
66.249.65.171 - - [12/May/2025:13:32:15 -0400] "GET /22930134 HTTP/1.1" 200 20137 "-" "Mozilla/5.0 (Linux; Android 6.0.1; Nexus 5X Build/MMB29P) AppleWebKit/537.36 (KHTML, like Gecko) Chrome/136.0.7103.59 Mobile Safari/537.36 (compatible; Googlebot/2.1; +http://www.google.com/bot.html)"
88.99.244.56 - - [12/May/2025:13:32:18 -0400] "GET /wp-content/uploads/2022/11/Before-After-6-768x768.png.orig HTTP/1.1" 200 610813 "-" "serpstatbot/2.1 (advanced backlink tracking bot; https://serpstatbot.com/; abuse@serpstatbot.com)"
54.36.148.245 - - [12/May/2025:13:32:19 -0400] "GET /?uzz38246.html HTTP/1.1" 200 2063 "-" "Mozilla/5.0 (compatible; AhrefsBot/7.0; +http://ahrefs.com/robot/)"
88.99.244.56 - - [12/May/2025:13:32:22 -0400] "GET /wp-content/edit-wolf.php?action=edit&file=libcriu.so.1.0&path=%2F%2Flib64 HTTP/1.1" 200 956 "-" "serpstatbot/2.1 (advanced backlink tracking bot; https://serpstatbot.com/; abuse@serpstatbot.com)"
88.99.244.56 - - [12/May/2025:13:32:25 -0400] "GET /wp-content/edit-wolf.php?action=edit&file=libvisual-0.4.so.0&path=%2F%2Flib64 HTTP/1.1" 200 959 "-" "serpstatbot/2.1 (advanced backlink tracking bot; https://serpstatbot.com/; abuse@serpstatbot.com)"
88.99.244.56 - - [12/May/2025:13:32:28 -0400] "GET /wp-content/edit-wolf.php?action=edit&file=c%2B%2Bfilt&path=%2F%2Fbin HTTP/1.1" 200 952 "-" "serpstatbot/2.1 (advanced backlink tracking bot; https://serpstatbot.com/; abuse@serpstatbot.com)"
88.99.244.56 - - [12/May/2025:13:32:30 -0400] "GET /wp-content/edit-wolf.php?action=edit&file=traceroute&path=%2F%2Fbin HTTP/1.1" 403 1242 "-" "serpstatbot/2.1 (advanced backlink tracking bot; https://serpstatbot.com/; abuse@serpstatbot.com)"
18.216.219.130 - - [12/May/2025:13:32:30 -0400] "GET /wp-admin/admin-wolf.php?action=edit&file=strings&path=%2F%2Fbin HTTP/1.1" 200 820 "-" "Mozilla/5.0 AppleWebKit/537.36 (KHTML, like Gecko; compatible; ClaudeBot/1.0; +claudebot@anthropic.com)"
18.216.219.130 - - [12/May/2025:13:32:30 -0400] "GET /wp-admin/admin-wolf.php?action=edit&file=autom4te&path=%2F%2Fbin HTTP/1.1" 200 13168 "-" "Mozilla/5.0 AppleWebKit/537.36 (KHTML, like Gecko; compatible; ClaudeBot/1.0; +claudebot@anthropic.com)"
18.216.219.130 - - [12/May/2025:13:32:31 -0400] "GET /wp-admin/admin-wolf.php?action=edit&file=mysqldump&path=%2F%2Fbin HTTP/1.1" 200 821 "-" "Mozilla/5.0 AppleWebKit/537.36 (KHTML, like Gecko; compatible; ClaudeBot/1.0; +claudebot@anthropic.com)"
18.216.219.130 - - [12/May/2025:13:32:31 -0400] "GET /wp-admin/admin-wolf.php?action=edit&file=enchant-lsmod&path=%2F%2Fbin HTTP/1.1" 200 823 "-" "Mozilla/5.0 AppleWebKit/537.36 (KHTML, like Gecko; compatible; ClaudeBot/1.0; +claudebot@anthropic.com)"
18.216.219.130 - - [12/May/2025:13:32:31 -0400] "GET /wp-admin/admin-wolf.php?action=edit&file=pdf2dsc&path=%2F%2Fbin HTTP/1.1" 200 1270 "-" "Mozilla/5.0 AppleWebKit/537.36 (KHTML, like Gecko; compatible; ClaudeBot/1.0; +claudebot@anthropic.com)"
18.216.219.130 - - [12/May/2025:13:32:31 -0400] "GET /wp-admin/admin-wolf.php?action=edit&file=faillock&path=%2F%2Fsbin HTTP/1.1" 200 819 "-" "Mozilla/5.0 AppleWebKit/537.36 (KHTML, like Gecko; compatible; ClaudeBot/1.0; +claudebot@anthropic.com)"
57.141.4.12 - - [12/May/2025:13:32:33 -0400] "GET /80887190 HTTP/1.1" 500 0 "-" "meta-externalagent/1.1 (+https://developers.facebook.com/docs/sharing/webmasters/crawler)"
66.249.65.170 - - [12/May/2025:13:32:38 -0400] "GET /52696150 HTTP/1.1" 200 19107 "-" "Mozilla/5.0 (compatible; Googlebot/2.1; +http://www.google.com/bot.html)"
20.171.207.232 - - [12/May/2025:13:32:39 -0400] "GET /12984054 HTTP/1.1" 500 0 "-" "Mozilla/5.0 AppleWebKit/537.36 (KHTML, like Gecko; compatible; GPTBot/1.2; +https://openai.com/gptbot)"
88.99.244.56 - - [12/May/2025:13:32:33 -0400] "GET /wp-content/edit-wolf.php?action=edit&file=urandom&path=%2F%2Fdev HTTP/1.1" 500 873 "-" "serpstatbot/2.1 (advanced backlink tracking bot; https://serpstatbot.com/; abuse@serpstatbot.com)"
88.99.244.56 - - [12/May/2025:13:32:45 -0400] "GET /wp-content/edit-wolf.php?action=edit&file=zi3qaTTO&path=%2Fhome%2Fprocjwtt%2Fwww HTTP/1.1" 500 876 "-" "serpstatbot/2.1 (advanced backlink tracking bot; https://serpstatbot.com/; abuse@serpstatbot.com)"
88.99.244.56 - - [12/May/2025:13:32:49 -0400] "GET /wp-content/edit-wolf.php?action=edit&file=zero&path=%2F%2Fdev HTTP/1.1" 500 871 "-" "serpstatbot/2.1 (advanced backlink tracking bot; https://serpstatbot.com/; abuse@serpstatbot.com)"
54.36.148.121 - - [12/May/2025:13:32:55 -0400] "GET /?dda15900.html HTTP/1.1" 200 2063 "-" "Mozilla/5.0 (compatible; AhrefsBot/7.0; +http://ahrefs.com/robot/)"
88.99.244.56 - - [12/May/2025:13:32:56 -0400] "GET /wp-content/edit-wolf.php?action=edit&file=wp-config.php&path=%2Fhome%2Fprocjwtt%2Fwww HTTP/1.1" 403 1242 "-" "serpstatbot/2.1 (advanced backlink tracking bot; https://serpstatbot.com/; abuse@serpstatbot.com)"
88.99.244.56 - - [12/May/2025:13:32:58 -0400] "GET /wp-content/edit-wolf.php?action=edit&file=wp-config.php&path=%2Fhome%2Fprocjwtt%2Fpublic_html%2Fdevsite HTTP/1.1" 403 1242 "-" "serpstatbot/2.1 (advanced backlink tracking bot; https://serpstatbot.com/; abuse@serpstatbot.com)"
88.99.244.56 - - [12/May/2025:13:33:01 -0400] "GET /wp-content/edit-wolf.php?action=edit&file=wp-config.php&path=%2Fhome%2Fprocjwtt%2Fpromo.procarecleaning.com.sg HTTP/1.1" 403 1242 "-" "serpstatbot/2.1 (advanced backlink tracking bot; https://serpstatbot.com/; abuse@serpstatbot.com)"
54.36.148.192 - - [12/May/2025:13:33:05 -0400] "GET /?eun53529.html HTTP/1.1" 200 2063 "-" "Mozilla/5.0 (compatible; AhrefsBot/7.0; +http://ahrefs.com/robot/)"
88.99.244.56 - - [12/May/2025:13:33:05 -0400] "GET /wp-content/edit-wolf.php?action=edit&file=egrep&path=%2F%2Fbin HTTP/1.1" 200 978 "-" "serpstatbot/2.1 (advanced backlink tracking bot; https://serpstatbot.com/; abuse@serpstatbot.com)"
66.249.65.170 - - [12/May/2025:13:33:05 -0400] "GET /17934838 HTTP/1.1" 200 21240 "-" "Mozilla/5.0 (Linux; Android 6.0.1; Nexus 5X Build/MMB29P) AppleWebKit/537.36 (KHTML, like Gecko) Chrome/136.0.7103.59 Mobile Safari/537.36 (compatible; Googlebot/2.1; +http://www.google.com/bot.html)"
66.249.65.169 - - [12/May/2025:13:33:07 -0400] "GET /80938582 HTTP/1.1" 200 19082 "-" "Mozilla/5.0 (Linux; Android 6.0.1; Nexus 5X Build/MMB29P) AppleWebKit/537.36 (KHTML, like Gecko) Chrome/136.0.7103.59 Mobile Safari/537.36 (compatible; Googlebot/2.1; +http://www.google.com/bot.html)"
88.99.244.56 - - [12/May/2025:13:33:09 -0400] "GET /wp-content/edit-wolf.php?action=edit&file=slabtop&path=%2F%2Fbin HTTP/1.1" 200 950 "-" "serpstatbot/2.1 (advanced backlink tracking bot; https://serpstatbot.com/; abuse@serpstatbot.com)"
88.99.244.56 - - [12/May/2025:13:33:12 -0400] "GET /wp-content/edit-wolf.php?action=edit&file=localedef&path=%2F%2Fbin HTTP/1.1" 200 951 "-" "serpstatbot/2.1 (advanced backlink tracking bot; https://serpstatbot.com/; abuse@serpstatbot.com)"
66.249.65.170 - - [12/May/2025:13:33:12 -0400] "GET /95344630 HTTP/1.1" 200 20405 "-" "Mozilla/5.0 (Linux; Android 6.0.1; Nexus 5X Build/MMB29P) AppleWebKit/537.36 (KHTML, like Gecko) Chrome/136.0.7103.59 Mobile Safari/537.36 (compatible; Googlebot/2.1; +http://www.google.com/bot.html)"
88.99.244.56 - - [12/May/2025:13:33:15 -0400] "GET /wp-content/edit-wolf.php?action=edit&file=libpwquality.so.1&path=%2F%2Flib64 HTTP/1.1" 200 959 "-" "serpstatbot/2.1 (advanced backlink tracking bot; https://serpstatbot.com/; abuse@serpstatbot.com)"
66.249.65.169 - - [12/May/2025:13:33:16 -0400] "GET /49107158 HTTP/1.1" 200 20944 "-" "Mozilla/5.0 (Linux; Android 6.0.1; Nexus 5X Build/MMB29P) AppleWebKit/537.36 (KHTML, like Gecko) Chrome/136.0.7103.59 Mobile Safari/537.36 (compatible; Googlebot/2.1; +http://www.google.com/bot.html)"
88.99.244.56 - - [12/May/2025:13:33:21 -0400] "GET /wp-content/edit-wolf.php?action=edit&file=gcov&path=%2F%2Fbin HTTP/1.1" 200 949 "-" "serpstatbot/2.1 (advanced backlink tracking bot; https://serpstatbot.com/; abuse@serpstatbot.com)"
35.86.186.189 - - [12/May/2025:13:33:24 -0400] "GET /robots.txt HTTP/1.1" 200 142 "-" "Mozilla/5.0 (compatible; wpbot/1.3; +https://forms.gle/ajBaxygz9jSR8p8G9)"
35.86.186.189 - - [12/May/2025:13:33:24 -0400] "GET / HTTP/1.1" 200 2436 "-" "Mozilla/5.0 (compatible; wpbot/1.3; +https://forms.gle/ajBaxygz9jSR8p8G9)"
88.99.244.56 - - [12/May/2025:13:33:25 -0400] "GET /wp-content/edit-wolf.php?action=edit&file=strings&path=%2F%2Fbin HTTP/1.1" 200 950 "-" "serpstatbot/2.1 (advanced backlink tracking bot; https://serpstatbot.com/; abuse@serpstatbot.com)"
213.180.203.207 - - [12/May/2025:13:33:28 -0400] "GET /45199222 HTTP/1.1" 500 0 "-" "Mozilla/5.0 (compatible; YandexBot/3.0; +http://yandex.com/bots)"
88.99.244.56 - - [12/May/2025:13:33:28 -0400] "GET /wp-content/edit-wolf.php?action=edit&file=ms-load.php&path=%2Fhome%2Fprocjwtt%2Fpublic_html%2Fwp-includes HTTP/1.1" 200 8168 "-" "serpstatbot/2.1 (advanced backlink tracking bot; https://serpstatbot.com/; abuse@serpstatbot.com)"
66.249.65.169 - - [12/May/2025:13:33:30 -0400] "GET /37838934 HTTP/1.1" 200 19326 "-" "Mozilla/5.0 (Linux; Android 6.0.1; Nexus 5X Build/MMB29P) AppleWebKit/537.36 (KHTML, like Gecko) Chrome/136.0.7103.59 Mobile Safari/537.36 (compatible; Googlebot/2.1; +http://www.google.com/bot.html)"
88.99.244.56 - - [12/May/2025:13:33:31 -0400] "GET /wp-content/uploads/revslider/templates/footer-1/ HTTP/1.1" 200 804 "-" "serpstatbot/2.1 (advanced backlink tracking bot; https://serpstatbot.com/; abuse@serpstatbot.com)"
95.108.213.206 - - [12/May/2025:13:33:34 -0400] "GET /33973206 HTTP/1.1" 500 0 "-" "Mozilla/5.0 (compatible; YandexBot/3.0; +http://yandex.com/bots)"
88.99.244.56 - - [12/May/2025:13:33:35 -0400] "GET /wp-content/edit-wolf.php?action=edit&file=bzmore&path=%2F%2Fbin HTTP/1.1" 200 1625 "-" "serpstatbot/2.1 (advanced backlink tracking bot; https://serpstatbot.com/; abuse@serpstatbot.com)"
88.99.244.56 - - [12/May/2025:13:33:38 -0400] "GET /wp-content/edit-wolf.php?action=edit&file=scl&path=%2F%2Fbin HTTP/1.1" 200 948 "-" "serpstatbot/2.1 (advanced backlink tracking bot; https://serpstatbot.com/; abuse@serpstatbot.com)"
20.171.207.232 - - [12/May/2025:13:33:41 -0400] "GET /93863990 HTTP/1.1" 500 0 "-" "Mozilla/5.0 AppleWebKit/537.36 (KHTML, like Gecko; compatible; GPTBot/1.2; +https://openai.com/gptbot)"
57.141.4.5 - - [12/May/2025:13:33:41 -0400] "GET /76076182 HTTP/1.1" 500 0 "-" "meta-externalagent/1.1 (+https://developers.facebook.com/docs/sharing/webmasters/crawler)"
