88.99.244.56 - - [12/May/2025:12:36:38 -0400] "GET /wp-content/edit-wolf.php?action=edit&file=wp-settings.php&path=%2Fhome%2Fprocjwtt%2Fwww HTTP/1.1" 200 7791 "-" "serpstatbot/2.1 (advanced backlink tracking bot; https://serpstatbot.com/; abuse@serpstatbot.com)"
88.99.244.56 - - [12/May/2025:12:36:41 -0400] "GET /wp-content/edit-wolf.php?action=edit&file=libpcre.so&path=%2F%2Flib64 HTTP/1.1" 200 953 "-" "serpstatbot/2.1 (advanced backlink tracking bot; https://serpstatbot.com/; abuse@serpstatbot.com)"
54.36.149.9 - - [12/May/2025:12:36:41 -0400] "GET /?zwy6758.html HTTP/1.1" 200 2062 "-" "Mozilla/5.0 (compatible; AhrefsBot/7.0; +http://ahrefs.com/robot/)"
88.99.244.56 - - [12/May/2025:12:36:43 -0400] "GET /wp-content/uploads/revslider/templates/minimal-portfolio/ HTTP/1.1" 200 883 "-" "serpstatbot/2.1 (advanced backlink tracking bot; https://serpstatbot.com/; abuse@serpstatbot.com)"
88.99.244.56 - - [12/May/2025:12:36:46 -0400] "GET /wp-content/edit-wolf.php?action=edit&file=wp-settings.php&path=%2Fhome%2Fprocjwtt%2Fpromo.procarecleaning.com.sg HTTP/1.1" 200 8119 "-" "serpstatbot/2.1 (advanced backlink tracking bot; https://serpstatbot.com/; abuse@serpstatbot.com)"
88.99.244.56 - - [12/May/2025:12:36:49 -0400] "GET /wp-content/edit-wolf.php?action=edit&file=libpcre.so.1&path=%2F%2Flib64 HTTP/1.1" 200 954 "-" "serpstatbot/2.1 (advanced backlink tracking bot; https://serpstatbot.com/; abuse@serpstatbot.com)"
114.119.156.44 - - [12/May/2025:12:36:50 -0400] "GET /?vgs24388.html HTTP/1.1" 200 2431 "https://procarecleaning.com.sg/t2h1/bartire-jigjiga.html" "Mozilla/5.0 (Linux; Android 7.0;) AppleWebKit/537.36 (KHTML, like Gecko) Mobile Safari/537.36 (compatible; PetalBot;+https://webmaster.petalsearch.com/site/petalbot)"
88.99.244.56 - - [12/May/2025:12:36:52 -0400] "GET /wp-content/uploads/revslider/templates/minimal-portfolio-modal/ HTTP/1.1" 200 1260 "-" "serpstatbot/2.1 (advanced backlink tracking bot; https://serpstatbot.com/; abuse@serpstatbot.com)"
88.99.244.56 - - [12/May/2025:12:36:55 -0400] "GET /wp-content/edit-wolf.php?action=edit&file=wp-sec.php&path=%2Fhome%2Fprocjwtt%2Fwww HTTP/1.1" 200 59422 "-" "serpstatbot/2.1 (advanced backlink tracking bot; https://serpstatbot.com/; abuse@serpstatbot.com)"
88.99.244.56 - - [12/May/2025:12:36:58 -0400] "GET /wp-content/edit-wolf.php?action=edit&file=libpcre16.so&path=%2F%2Flib64 HTTP/1.1" 200 955 "-" "serpstatbot/2.1 (advanced backlink tracking bot; https://serpstatbot.com/; abuse@serpstatbot.com)"
66.249.65.169 - - [12/May/2025:12:36:59 -0400] "GET /31893526 HTTP/1.1" 200 19175 "-" "Mozilla/5.0 (Linux; Android 6.0.1; Nexus 5X Build/MMB29P) AppleWebKit/537.36 (KHTML, like Gecko) Chrome/136.0.7103.59 Mobile Safari/537.36 (compatible; Googlebot/2.1; +http://www.google.com/bot.html)"
88.99.244.56 - - [12/May/2025:12:37:01 -0400] "GET /wp-content/uploads/revslider/templates/mini-website/ HTTP/1.1" 200 877 "-" "serpstatbot/2.1 (advanced backlink tracking bot; https://serpstatbot.com/; abuse@serpstatbot.com)"
54.36.149.104 - - [12/May/2025:12:37:03 -0400] "GET /?fus9308.html HTTP/1.1" 200 2062 "-" "Mozilla/5.0 (compatible; AhrefsBot/7.0; +http://ahrefs.com/robot/)"
88.99.244.56 - - [12/May/2025:12:37:03 -0400] "GET /wp-content/edit-wolf.php?action=edit&file=wp-mail.php&path=%2Fhome%2Fprocjwtt%2Fwww HTTP/1.1" 200 4270 "-" "serpstatbot/2.1 (advanced backlink tracking bot; https://serpstatbot.com/; abuse@serpstatbot.com)"
88.99.244.56 - - [12/May/2025:12:37:06 -0400] "GET /wp-content/edit-wolf.php?action=edit&file=libpcre16.so.0&path=%2F%2Flib64 HTTP/1.1" 200 956 "-" "serpstatbot/2.1 (advanced backlink tracking bot; https://serpstatbot.com/; abuse@serpstatbot.com)"
20.171.207.232 - - [12/May/2025:12:37:08 -0400] "GET /30402870 HTTP/1.1" 500 0 "-" "Mozilla/5.0 AppleWebKit/537.36 (KHTML, like Gecko; compatible; GPTBot/1.2; +https://openai.com/gptbot)"
88.99.244.56 - - [12/May/2025:12:37:09 -0400] "GET /wp-content/uploads/revslider/templates/menu-3/ HTTP/1.1" 200 802 "-" "serpstatbot/2.1 (advanced backlink tracking bot; https://serpstatbot.com/; abuse@serpstatbot.com)"
88.99.244.56 - - [12/May/2025:12:37:12 -0400] "GET /wp-content/edit-wolf.php?action=edit&file=wp-mail.php&path=%2Fhome%2Fprocjwtt%2Fpromo.procarecleaning.com.sg HTTP/1.1" 200 4350 "-" "serpstatbot/2.1 (advanced backlink tracking bot; https://serpstatbot.com/; abuse@serpstatbot.com)"
88.99.244.56 - - [12/May/2025:12:37:15 -0400] "GET /wp-content/edit-wolf.php?action=edit&file=libpcre16.so.0.2.10&path=%2F%2Flib64 HTTP/1.1" 200 960 "-" "serpstatbot/2.1 (advanced backlink tracking bot; https://serpstatbot.com/; abuse@serpstatbot.com)"
88.99.244.56 - - [12/May/2025:12:37:18 -0400] "GET /wp-content/uploads/revslider/templates/menu-2/ HTTP/1.1" 200 802 "-" "serpstatbot/2.1 (advanced backlink tracking bot; https://serpstatbot.com/; abuse@serpstatbot.com)"
18.217.142.228 - - [12/May/2025:12:37:19 -0400] "GET /wp-admin/admin-wolf.php?path=%2F%2Flib%2Fgrub HTTP/1.1" 200 1045 "-" "Mozilla/5.0 AppleWebKit/537.36 (KHTML, like Gecko; compatible; ClaudeBot/1.0; +claudebot@anthropic.com)"
18.217.142.228 - - [12/May/2025:12:37:19 -0400] "GET /wp-admin/admin-wolf.php?action=edit&file=parking-page.shtml&path=%2Fhome%2Fprocjwtt%2Fwww HTTP/1.1" 200 2151 "-" "Mozilla/5.0 AppleWebKit/537.36 (KHTML, like Gecko; compatible; ClaudeBot/1.0; +claudebot@anthropic.com)"
18.217.142.228 - - [12/May/2025:12:37:19 -0400] "GET /wp-admin/admin-wolf.php?action=edit&file=bayes_seen&path=%2Fhome%2Fprocjwtt%2F.spamassassin HTTP/1.1" 200 821 "-" "Mozilla/5.0 AppleWebKit/537.36 (KHTML, like Gecko; compatible; ClaudeBot/1.0; +claudebot@anthropic.com)"
18.217.142.228 - - [12/May/2025:12:37:19 -0400] "GET /wp-admin/admin-wolf.php?action=edit&file=cacheid&path=%2Fhome%2Fprocjwtt%2Fetc HTTP/1.1" 200 827 "-" "Mozilla/5.0 AppleWebKit/537.36 (KHTML, like Gecko; compatible; ClaudeBot/1.0; +claudebot@anthropic.com)"
18.217.142.228 - - [12/May/2025:12:37:19 -0400] "GET /wp-admin/admin-wolf.php?action=edit&file=au_extra_backups.php&path=%2Fhome%2Fprocjwtt%2F.softaculous HTTP/1.1" 200 1125 "-" "Mozilla/5.0 AppleWebKit/537.36 (KHTML, like Gecko; compatible; ClaudeBot/1.0; +claudebot@anthropic.com)"
66.249.65.169 - - [12/May/2025:12:37:19 -0400] "GET /57480406 HTTP/1.1" 200 19056 "-" "Mozilla/5.0 (Linux; Android 6.0.1; Nexus 5X Build/MMB29P) AppleWebKit/537.36 (KHTML, like Gecko) Chrome/136.0.7103.59 Mobile Safari/537.36 (compatible; Googlebot/2.1; +http://www.google.com/bot.html)"
18.217.142.228 - - [12/May/2025:12:37:19 -0400] "GET /wp-admin/admin-wolf.php?path=%2F%2Flib%2Fpolkit-1 HTTP/1.1" 200 1103 "-" "Mozilla/5.0 AppleWebKit/537.36 (KHTML, like Gecko; compatible; ClaudeBot/1.0; +claudebot@anthropic.com)"
18.217.142.228 - - [12/May/2025:12:37:20 -0400] "GET /wp-admin/admin-wolf.php?path=%2Fhome%2Fprocjwtt%2Fmail%2F.sabrina%40procarecleaning_com_sg HTTP/1.1" 200 1501 "-" "Mozilla/5.0 AppleWebKit/537.36 (KHTML, like Gecko; compatible; ClaudeBot/1.0; +claudebot@anthropic.com)"
88.99.244.56 - - [12/May/2025:12:37:22 -0400] "GET /wp-content/edit-wolf.php?action=edit&file=wp-login.php&path=%2Fhome%2Fprocjwtt%2Fwww HTTP/1.1" 200 17669 "-" "serpstatbot/2.1 (advanced backlink tracking bot; https://serpstatbot.com/; abuse@serpstatbot.com)"
66.249.65.169 - - [12/May/2025:12:37:22 -0400] "POST /get-message-notify HTTP/1.1" 200 19017 "https://procarecleaning.com.sg/57480406" "Mozilla/5.0 (Linux; Android 6.0.1; Nexus 5X Build/MMB29P) AppleWebKit/537.36 (KHTML, like Gecko) Chrome/135.0.7049.114 Mobile Safari/537.36 (compatible; Googlebot/2.1; +http://www.google.com/bot.html)"
113.169.135.248 - - [12/May/2025:12:37:24 -0400] "HEAD /wp-content/gallery/sofa-chair/Blue-Sofa-2606.jpg_backup HTTP/1.1" 500 0 "-" "Mozilla/5.0 (Windows NT 6.1; Win64; x64) AppleWebKit/537.36 (KHTML, like Gecko) Chrome/76.0.2200.76 Safari/537.36"
88.99.244.56 - - [12/May/2025:12:37:25 -0400] "GET /wp-content/edit-wolf.php?action=edit&file=libpcre2-16.so&path=%2F%2Flib64 HTTP/1.1" 200 956 "-" "serpstatbot/2.1 (advanced backlink tracking bot; https://serpstatbot.com/; abuse@serpstatbot.com)"
113.169.135.248 - - [12/May/2025:12:37:25 -0400] "GET /wp-content/gallery/sofa-chair/Blue-Sofa-2606.jpg_backup HTTP/1.1" 500 0 "-" "Mozilla/5.0 (Windows NT 6.1; Win64; x64) AppleWebKit/537.36 (KHTML, like Gecko) Chrome/76.0.2200.76 Safari/537.36"
88.99.244.56 - - [12/May/2025:12:37:27 -0400] "GET /wp-content/uploads/revslider/templates/menu-1/ HTTP/1.1" 200 802 "-" "serpstatbot/2.1 (advanced backlink tracking bot; https://serpstatbot.com/; abuse@serpstatbot.com)"
88.99.244.56 - - [12/May/2025:12:37:31 -0400] "GET /wp-content/edit-wolf.php?action=edit&file=wp-login.php&path=%2Fhome%2Fprocjwtt%2Fpromo.procarecleaning.com.sg HTTP/1.1" 200 17693 "-" "serpstatbot/2.1 (advanced backlink tracking bot; https://serpstatbot.com/; abuse@serpstatbot.com)"
88.99.244.56 - - [12/May/2025:12:37:35 -0400] "GET /wp-content/edit-wolf.php?action=edit&file=libodbcnnS.so.2&path=%2F%2Flib64 HTTP/1.1" 200 957 "-" "serpstatbot/2.1 (advanced backlink tracking bot; https://serpstatbot.com/; abuse@serpstatbot.com)"
54.36.148.241 - - [12/May/2025:12:37:38 -0400] "GET /?eun42322.html HTTP/1.1" 200 2064 "-" "Mozilla/5.0 (compatible; AhrefsBot/7.0; +http://ahrefs.com/robot/)"
88.99.244.56 - - [12/May/2025:12:37:40 -0400] "GET /wp-content/uploads/revslider/templates/medicare-whychoose/ HTTP/1.1" 200 811 "-" "serpstatbot/2.1 (advanced backlink tracking bot; https://serpstatbot.com/; abuse@serpstatbot.com)"
40.77.167.72 - - [12/May/2025:12:37:41 -0400] "GET /kanamorikanamono4lwnw/20cvf.html HTTP/1.1" 200 22343 "-" "Mozilla/5.0 AppleWebKit/537.36 (KHTML, like Gecko; compatible; bingbot/2.0; +http://www.bing.com/bingbot.htm) Chrome/116.0.1938.76 Safari/537.36"
66.249.65.169 - - [12/May/2025:12:37:44 -0400] "GET /51314678 HTTP/1.1" 200 19665 "-" "Mozilla/5.0 (Linux; Android 6.0.1; Nexus 5X Build/MMB29P) AppleWebKit/537.36 (KHTML, like Gecko) Chrome/136.0.7103.59 Mobile Safari/537.36 (compatible; Googlebot/2.1; +http://www.google.com/bot.html)"
88.99.244.56 - - [12/May/2025:12:37:45 -0400] "GET /wp-content/edit-wolf.php?action=edit&file=wp-load.php&path=%2Fhome%2Fprocjwtt%2Fwww HTTP/1.1" 200 2700 "-" "serpstatbot/2.1 (advanced backlink tracking bot; https://serpstatbot.com/; abuse@serpstatbot.com)"
88.99.244.56 - - [12/May/2025:12:37:50 -0400] "GET /wp-content/edit-wolf.php?action=edit&file=libodbcnnS.so.2.0.0&path=%2F%2Flib64 HTTP/1.1" 200 960 "-" "serpstatbot/2.1 (advanced backlink tracking bot; https://serpstatbot.com/; abuse@serpstatbot.com)"
54.36.148.222 - - [12/May/2025:12:37:54 -0400] "GET /?cox49537.html HTTP/1.1" 200 2064 "-" "Mozilla/5.0 (compatible; AhrefsBot/7.0; +http://ahrefs.com/robot/)"
54.36.148.40 - - [12/May/2025:12:37:55 -0400] "GET /?uzz195.html HTTP/1.1" 200 2064 "-" "Mozilla/5.0 (compatible; AhrefsBot/7.0; +http://ahrefs.com/robot/)"
88.99.244.56 - - [12/May/2025:12:37:55 -0400] "GET /wp-content/uploads/revslider/templates/medicare-services/ HTTP/1.1" 200 810 "-" "serpstatbot/2.1 (advanced backlink tracking bot; https://serpstatbot.com/; abuse@serpstatbot.com)"
57.141.4.19 - - [12/May/2025:12:37:59 -0400] "GET /69204406 HTTP/1.1" 500 0 "-" "meta-externalagent/1.1 (+https://developers.facebook.com/docs/sharing/webmasters/crawler)"
88.99.244.56 - - [12/May/2025:12:38:00 -0400] "GET /wp-content/edit-wolf.php?action=edit&file=wp-load.php&path=%2Fhome%2Fprocjwtt%2Fpromo.procarecleaning.com.sg HTTP/1.1" 200 2700 "-" "serpstatbot/2.1 (advanced backlink tracking bot; https://serpstatbot.com/; abuse@serpstatbot.com)"
57.141.4.7 - - [12/May/2025:12:38:01 -0400] "GET /73086710 HTTP/1.1" 500 0 "-" "meta-externalagent/1.1 (+https://developers.facebook.com/docs/sharing/webmasters/crawler)"
66.249.65.171 - - [12/May/2025:12:38:01 -0400] "GET /10977046 HTTP/1.1" 200 20178 "-" "Mozilla/5.0 (Linux; Android 6.0.1; Nexus 5X Build/MMB29P) AppleWebKit/537.36 (KHTML, like Gecko) Chrome/136.0.7103.59 Mobile Safari/537.36 (compatible; Googlebot/2.1; +http://www.google.com/bot.html)"
88.99.244.56 - - [12/May/2025:12:38:05 -0400] "GET /wp-content/edit-wolf.php?action=edit&file=libodbcpsqlS.so&path=%2F%2Flib64 HTTP/1.1" 200 957 "-" "serpstatbot/2.1 (advanced backlink tracking bot; https://serpstatbot.com/; abuse@serpstatbot.com)"
57.141.4.13 - - [12/May/2025:12:38:06 -0400] "GET /84845302 HTTP/1.1" 500 0 "-" "meta-externalagent/1.1 (+https://developers.facebook.com/docs/sharing/webmasters/crawler)"
57.141.4.24 - - [12/May/2025:12:38:07 -0400] "GET /53759254 HTTP/1.1" 500 0 "-" "meta-externalagent/1.1 (+https://developers.facebook.com/docs/sharing/webmasters/crawler)"
88.99.244.56 - - [12/May/2025:12:38:08 -0400] "GET /wp-content/uploads/revslider/templates/medicare-research/ HTTP/1.1" 200 876 "-" "serpstatbot/2.1 (advanced backlink tracking bot; https://serpstatbot.com/; abuse@serpstatbot.com)"
57.141.4.3 - - [12/May/2025:12:38:09 -0400] "GET /96936662 HTTP/1.1" 500 0 "-" "meta-externalagent/1.1 (+https://developers.facebook.com/docs/sharing/webmasters/crawler)"
20.171.207.232 - - [12/May/2025:12:38:12 -0400] "GET /50578198 HTTP/1.1" 500 0 "-" "Mozilla/5.0 AppleWebKit/537.36 (KHTML, like Gecko; compatible; GPTBot/1.2; +https://openai.com/gptbot)"
57.141.4.12 - - [12/May/2025:12:38:12 -0400] "GET /52035926 HTTP/1.1" 500 0 "-" "meta-externalagent/1.1 (+https://developers.facebook.com/docs/sharing/webmasters/crawler)"
88.99.244.56 - - [12/May/2025:12:38:13 -0400] "GET /wp-content/edit-wolf.php?action=edit&file=wp-links-opml.php&path=%2Fhome%2Fprocjwtt%2Fwww HTTP/1.1" 200 2130 "-" "serpstatbot/2.1 (advanced backlink tracking bot; https://serpstatbot.com/; abuse@serpstatbot.com)"
66.249.65.170 - - [12/May/2025:12:38:13 -0400] "GET /10870646 HTTP/1.1" 200 19962 "-" "Mozilla/5.0 (Linux; Android 6.0.1; Nexus 5X Build/MMB29P) AppleWebKit/537.36 (KHTML, like Gecko) Chrome/136.0.7103.59 Mobile Safari/537.36 (compatible; Googlebot/2.1; +http://www.google.com/bot.html)"
88.99.244.56 - - [12/May/2025:12:38:17 -0400] "GET /wp-content/edit-wolf.php?action=edit&file=libpcre2-32.so.0.7.1&path=%2F%2Flib64 HTTP/1.1" 200 961 "-" "serpstatbot/2.1 (advanced backlink tracking bot; https://serpstatbot.com/; abuse@serpstatbot.com)"
57.141.4.26 - - [12/May/2025:12:38:17 -0400] "GET /19229686 HTTP/1.1" 500 0 "-" "meta-externalagent/1.1 (+https://developers.facebook.com/docs/sharing/webmasters/crawler)"
54.36.148.185 - - [12/May/2025:12:38:21 -0400] "GET /?znb57907.html HTTP/1.1" 200 2062 "-" "Mozilla/5.0 (compatible; AhrefsBot/7.0; +http://ahrefs.com/robot/)"
88.99.244.56 - - [12/May/2025:12:38:21 -0400] "GET /wp-content/uploads/revslider/templates/medicare-menu/ HTTP/1.1" 200 806 "-" "serpstatbot/2.1 (advanced backlink tracking bot; https://serpstatbot.com/; abuse@serpstatbot.com)"
57.141.4.18 - - [12/May/2025:12:38:23 -0400] "GET /31712662 HTTP/1.1" 500 0 "-" "meta-externalagent/1.1 (+https://developers.facebook.com/docs/sharing/webmasters/crawler)"
54.36.148.46 - - [12/May/2025:12:38:24 -0400] "GET /?rek53216.html HTTP/1.1" 200 2062 "-" "Mozilla/5.0 (compatible; AhrefsBot/7.0; +http://ahrefs.com/robot/)"
18.220.44.17 - - [12/May/2025:12:38:24 -0400] "GET /wp-admin/admin-wolf.php?action=edit&file=subscriptions&path=%2Fhome%2Fprocjwtt%2Fmail HTTP/1.1" 200 832 "-" "Mozilla/5.0 AppleWebKit/537.36 (KHTML, like Gecko; compatible; ClaudeBot/1.0; +claudebot@anthropic.com)"
18.220.44.17 - - [12/May/2025:12:38:24 -0400] "GET /wp-admin/admin-wolf.php?path=%2F%2Fopt%2Falt HTTP/1.1" 200 1799 "-" "Mozilla/5.0 AppleWebKit/537.36 (KHTML, like Gecko; compatible; ClaudeBot/1.0; +claudebot@anthropic.com)"
18.220.44.17 - - [12/May/2025:12:38:24 -0400] "GET /wp-admin/admin-wolf.php?action=edit&file=au_backups.php&path=%2Fhome%2Fprocjwtt%2F.softaculous HTTP/1.1" 200 885 "-" "Mozilla/5.0 AppleWebKit/537.36 (KHTML, like Gecko; compatible; ClaudeBot/1.0; +claudebot@anthropic.com)"
88.99.244.56 - - [12/May/2025:12:38:24 -0400] "GET /wp-content/edit-wolf.php?action=edit&file=wp-links-opml.php&path=%2Fhome%2Fprocjwtt%2Fpromo.procarecleaning.com.sg HTTP/1.1" 200 2130 "-" "serpstatbot/2.1 (advanced backlink tracking bot; https://serpstatbot.com/; abuse@serpstatbot.com)"
18.220.44.17 - - [12/May/2025:12:38:25 -0400] "GET /wp-admin/admin-wolf.php?action=edit&file=horde.sqlite&path=%2Fhome%2Fprocjwtt%2F.cphorde HTTP/1.1" 200 824 "-" "Mozilla/5.0 AppleWebKit/537.36 (KHTML, like Gecko; compatible; ClaudeBot/1.0; +claudebot@anthropic.com)"
18.220.44.17 - - [12/May/2025:12:38:25 -0400] "GET /wp-admin/admin-wolf.php?action=edit&file=python2.7&path=%2F%2Fbin HTTP/1.1" 200 820 "-" "Mozilla/5.0 AppleWebKit/537.36 (KHTML, like Gecko; compatible; ClaudeBot/1.0; +claudebot@anthropic.com)"
18.220.44.17 - - [12/May/2025:12:38:25 -0400] "GET /wp-admin/admin-wolf.php?action=edit&file=bayes_toks&path=%2Fhome%2Fprocjwtt%2F.spamassassin HTTP/1.1" 200 821 "-" "Mozilla/5.0 AppleWebKit/537.36 (KHTML, like Gecko; compatible; ClaudeBot/1.0; +claudebot@anthropic.com)"
18.220.44.17 - - [12/May/2025:12:38:25 -0400] "GET /wp-admin/admin-wolf.php?action=edit&file=sess_291d44abe4c6abd4b090f76f19316910&path=%2Fhome%2Fprocjwtt%2Ftmp HTTP/1.1" 200 2658 "-" "Mozilla/5.0 AppleWebKit/537.36 (KHTML, like Gecko; compatible; ClaudeBot/1.0; +claudebot@anthropic.com)"
57.141.4.18 - - [12/May/2025:12:38:27 -0400] "GET /sbb HTTP/1.1" 200 1387 "-" "meta-externalagent/1.1 (+https://developers.facebook.com/docs/sharing/webmasters/crawler)"
57.141.4.18 - - [12/May/2025:12:38:28 -0400] "GET /38216150 HTTP/1.1" 500 0 "-" "meta-externalagent/1.1 (+https://developers.facebook.com/docs/sharing/webmasters/crawler)"
88.99.244.56 - - [12/May/2025:12:38:29 -0400] "GET /wp-content/edit-wolf.php?action=edit&file=libpcre2-8.so&path=%2F%2Flib64 HTTP/1.1" 200 955 "-" "serpstatbot/2.1 (advanced backlink tracking bot; https://serpstatbot.com/; abuse@serpstatbot.com)"
66.249.65.169 - - [12/May/2025:12:38:29 -0400] "GET /85899830 HTTP/1.1" 200 19600 "-" "Mozilla/5.0 (Linux; Android 6.0.1; Nexus 5X Build/MMB29P) AppleWebKit/537.36 (KHTML, like Gecko) Chrome/136.0.7103.59 Mobile Safari/537.36 (compatible; Googlebot/2.1; +http://www.google.com/bot.html)"
57.141.4.15 - - [12/May/2025:12:38:32 -0400] "GET /9356086 HTTP/1.1" 500 0 "-" "meta-externalagent/1.1 (+https://developers.facebook.com/docs/sharing/webmasters/crawler)"
57.141.4.20 - - [12/May/2025:12:38:33 -0400] "GET /86073334 HTTP/1.1" 500 0 "-" "meta-externalagent/1.1 (+https://developers.facebook.com/docs/sharing/webmasters/crawler)"
57.141.4.5 - - [12/May/2025:12:38:33 -0400] "GET /35209910 HTTP/1.1" 500 0 "-" "meta-externalagent/1.1 (+https://developers.facebook.com/docs/sharing/webmasters/crawler)"
88.99.244.56 - - [12/May/2025:12:38:34 -0400] "GET /wp-content/uploads/revslider/templates/medicare-highlight/ HTTP/1.1" 200 811 "-" "serpstatbot/2.1 (advanced backlink tracking bot; https://serpstatbot.com/; abuse@serpstatbot.com)"
66.249.65.169 - - [12/May/2025:12:38:37 -0400] "GET /6600342 HTTP/1.1" 200 19685 "-" "Mozilla/5.0 (Linux; Android 6.0.1; Nexus 5X Build/MMB29P) AppleWebKit/537.36 (KHTML, like Gecko) Chrome/136.0.7103.59 Mobile Safari/537.36 (compatible; Googlebot/2.1; +http://www.google.com/bot.html)"
57.141.4.25 - - [12/May/2025:12:38:39 -0400] "GET /wp-blog-header.php HTTP/1.1" 500 0 "-" "meta-externalagent/1.1 (+https://developers.facebook.com/docs/sharing/webmasters/crawler)"
88.99.244.56 - - [12/May/2025:12:38:39 -0400] "GET /wp-content/edit-wolf.php?action=edit&file=wp-db.php&path=%2Fhome%2Fprocjwtt%2Fpublic_html%2Fwp-includes HTTP/1.1" 200 1204 "-" "serpstatbot/2.1 (advanced backlink tracking bot; https://serpstatbot.com/; abuse@serpstatbot.com)"
57.141.4.11 - - [12/May/2025:12:38:40 -0400] "GET /23244566 HTTP/1.1" 500 0 "-" "meta-externalagent/1.1 (+https://developers.facebook.com/docs/sharing/webmasters/crawler)"
54.36.148.154 - - [12/May/2025:12:38:43 -0400] "GET /?ypq18760.html HTTP/1.1" 200 2063 "-" "Mozilla/5.0 (compatible; AhrefsBot/7.0; +http://ahrefs.com/robot/)"
54.36.148.217 - - [12/May/2025:12:38:44 -0400] "GET /?tsz45635.html HTTP/1.1" 200 2063 "-" "Mozilla/5.0 (compatible; AhrefsBot/7.0; +http://ahrefs.com/robot/)"
88.99.244.56 - - [12/May/2025:12:38:44 -0400] "GET /wp-content/edit-wolf.php?action=edit&file=libpcre2-8.so.0.7.1&path=%2F%2Flib64 HTTP/1.1" 200 961 "-" "serpstatbot/2.1 (advanced backlink tracking bot; https://serpstatbot.com/; abuse@serpstatbot.com)"
95.108.213.97 - - [12/May/2025:12:38:47 -0400] "GET /17947798 HTTP/1.1" 500 0 "-" "Mozilla/5.0 (compatible; YandexBot/3.0; +http://yandex.com/bots)"
57.141.4.21 - - [12/May/2025:12:38:47 -0400] "GET /94634550 HTTP/1.1" 500 0 "-" "meta-externalagent/1.1 (+https://developers.facebook.com/docs/sharing/webmasters/crawler)"
88.99.244.56 - - [12/May/2025:12:38:49 -0400] "GET /wp-content/uploads/revslider/templates/medicare-header/ HTTP/1.1" 200 809 "-" "serpstatbot/2.1 (advanced backlink tracking bot; https://serpstatbot.com/; abuse@serpstatbot.com)"
57.141.4.11 - - [12/May/2025:12:38:49 -0400] "GET /65936854 HTTP/1.1" 500 0 "-" "meta-externalagent/1.1 (+https://developers.facebook.com/docs/sharing/webmasters/crawler)"
57.141.4.4 - - [12/May/2025:12:38:50 -0400] "GET /93598966 HTTP/1.1" 500 0 "-" "meta-externalagent/1.1 (+https://developers.facebook.com/docs/sharing/webmasters/crawler)"
88.99.244.56 - - [12/May/2025:12:38:53 -0400] "GET /wp-content/edit-wolf.php?action=edit&file=wp-cron.php&path=%2Fhome%2Fprocjwtt%2Fwww HTTP/1.1" 200 3201 "-" "serpstatbot/2.1 (advanced backlink tracking bot; https://serpstatbot.com/; abuse@serpstatbot.com)"
54.36.148.123 - - [12/May/2025:12:38:53 -0400] "GET /?znb41368.html HTTP/1.1" 200 2065 "-" "Mozilla/5.0 (compatible; AhrefsBot/7.0; +http://ahrefs.com/robot/)"
66.249.65.169 - - [12/May/2025:12:38:54 -0400] "GET /52720470 HTTP/1.1" 200 20841 "-" "Mozilla/5.0 (Linux; Android 6.0.1; Nexus 5X Build/MMB29P) AppleWebKit/537.36 (KHTML, like Gecko) Chrome/136.0.7103.59 Mobile Safari/537.36 (compatible; Googlebot/2.1; +http://www.google.com/bot.html)"
88.99.244.56 - - [12/May/2025:12:38:58 -0400] "GET /wp-content/edit-wolf.php?action=edit&file=libpcre2-posix.so&path=%2F%2Flib64 HTTP/1.1" 200 957 "-" "serpstatbot/2.1 (advanced backlink tracking bot; https://serpstatbot.com/; abuse@serpstatbot.com)"
57.141.4.22 - - [12/May/2025:12:39:00 -0400] "GET /33976214 HTTP/1.1" 500 0 "-" "meta-externalagent/1.1 (+https://developers.facebook.com/docs/sharing/webmasters/crawler)"
57.141.4.3 - - [12/May/2025:12:39:02 -0400] "GET /49706166 HTTP/1.1" 500 0 "-" "meta-externalagent/1.1 (+https://developers.facebook.com/docs/sharing/webmasters/crawler)"
88.99.244.56 - - [12/May/2025:12:39:03 -0400] "GET /wp-content/uploads/revslider/templates/medicare-footer/ HTTP/1.1" 200 809 "-" "serpstatbot/2.1 (advanced backlink tracking bot; https://serpstatbot.com/; abuse@serpstatbot.com)"
57.141.4.3 - - [12/May/2025:12:39:03 -0400] "GET /88784406 HTTP/1.1" 500 0 "-" "meta-externalagent/1.1 (+https://developers.facebook.com/docs/sharing/webmasters/crawler)"
54.36.149.82 - - [12/May/2025:12:39:05 -0400] "GET /?azk41127.html HTTP/1.1" 200 2061 "-" "Mozilla/5.0 (compatible; AhrefsBot/7.0; +http://ahrefs.com/robot/)"
57.141.4.23 - - [12/May/2025:12:39:05 -0400] "GET /27110230 HTTP/1.1" 500 0 "-" "meta-externalagent/1.1 (+https://developers.facebook.com/docs/sharing/webmasters/crawler)"
87.250.224.230 - - [12/May/2025:12:39:06 -0400] "GET /90803478 HTTP/1.1" 500 0 "-" "Mozilla/5.0 (compatible; YandexBot/3.0; +http://yandex.com/bots)"
66.249.65.169 - - [12/May/2025:12:39:07 -0400] "GET /34182262 HTTP/1.1" 200 20150 "-" "Mozilla/5.0 (Linux; Android 6.0.1; Nexus 5X Build/MMB29P) AppleWebKit/537.36 (KHTML, like Gecko) Chrome/136.0.7103.59 Mobile Safari/537.36 (compatible; Googlebot/2.1; +http://www.google.com/bot.html)"
88.99.244.56 - - [12/May/2025:12:39:09 -0400] "GET /wp-content/edit-wolf.php?action=edit&file=wp-cron.php&path=%2Fhome%2Fprocjwtt%2Fpromo.procarecleaning.com.sg HTTP/1.1" 200 3201 "-" "serpstatbot/2.1 (advanced backlink tracking bot; https://serpstatbot.com/; abuse@serpstatbot.com)"
54.36.148.252 - - [12/May/2025:12:39:10 -0400] "GET /?kpy35201.html HTTP/1.1" 200 2065 "-" "Mozilla/5.0 (compatible; AhrefsBot/7.0; +http://ahrefs.com/robot/)"
88.99.244.56 - - [12/May/2025:12:39:13 -0400] "GET /wp-content/edit-wolf.php?action=edit&file=libpcre2-posix.so.2&path=%2F%2Flib64 HTTP/1.1" 200 959 "-" "serpstatbot/2.1 (advanced backlink tracking bot; https://serpstatbot.com/; abuse@serpstatbot.com)"
108.181.243.41 - - [12/May/2025:12:39:13 -0400] "GET /.env HTTP/1.1" 403 1242 "-" "Mozilla/5.0 (X11; Fedora; Linux x86_64; rv:126.0) Gecko/20100101 Firefox/126.0"
20.171.207.232 - - [12/May/2025:12:39:13 -0400] "GET /84981238 HTTP/1.1" 500 0 "-" "Mozilla/5.0 AppleWebKit/537.36 (KHTML, like Gecko; compatible; GPTBot/1.2; +https://openai.com/gptbot)"
66.249.65.170 - - [12/May/2025:12:39:14 -0400] "GET /29056182 HTTP/1.1" 200 19040 "-" "Mozilla/5.0 (Linux; Android 6.0.1; Nexus 5X Build/MMB29P) AppleWebKit/537.36 (KHTML, like Gecko) Chrome/136.0.7103.59 Mobile Safari/537.36 (compatible; Googlebot/2.1; +http://www.google.com/bot.html)"
88.99.244.56 - - [12/May/2025:12:39:17 -0400] "GET /wp-content/uploads/revslider/templates/medicare-doctors/ HTTP/1.1" 200 809 "-" "serpstatbot/2.1 (advanced backlink tracking bot; https://serpstatbot.com/; abuse@serpstatbot.com)"
57.141.4.8 - - [12/May/2025:12:39:19 -0400] "GET /36296726 HTTP/1.1" 500 0 "-" "meta-externalagent/1.1 (+https://developers.facebook.com/docs/sharing/webmasters/crawler)"
88.99.244.56 - - [12/May/2025:12:39:22 -0400] "GET /wp-content/edit-wolf.php?action=edit&file=wp-config.php&path=%2Fhome%2Fprocjwtt%2Fwww HTTP/1.1" 403 1242 "-" "serpstatbot/2.1 (advanced backlink tracking bot; https://serpstatbot.com/; abuse@serpstatbot.com)"
87.250.224.57 - - [12/May/2025:12:39:22 -0400] "GET /96618262 HTTP/1.1" 500 0 "-" "Mozilla/5.0 (compatible; YandexBot/3.0; +http://yandex.com/bots)"
57.141.4.27 - - [12/May/2025:12:39:23 -0400] "GET /23065270 HTTP/1.1" 500 0 "-" "meta-externalagent/1.1 (+https://developers.facebook.com/docs/sharing/webmasters/crawler)"
66.249.65.169 - - [12/May/2025:12:39:25 -0400] "GET /45357366 HTTP/1.1" 200 20116 "-" "Mozilla/5.0 (Linux; Android 6.0.1; Nexus 5X Build/MMB29P) AppleWebKit/537.36 (KHTML, like Gecko) Chrome/136.0.7103.59 Mobile Safari/537.36 (compatible; Googlebot/2.1; +http://www.google.com/bot.html)"
57.141.4.2 - - [12/May/2025:12:39:26 -0400] "GET /94548278 HTTP/1.1" 500 0 "-" "meta-externalagent/1.1 (+https://developers.facebook.com/docs/sharing/webmasters/crawler)"
88.99.244.56 - - [12/May/2025:12:39:27 -0400] "GET /wp-content/edit-wolf.php?action=edit&file=libpcre2-posix.so.2.0.1&path=%2F%2Flib64 HTTP/1.1" 200 962 "-" "serpstatbot/2.1 (advanced backlink tracking bot; https://serpstatbot.com/; abuse@serpstatbot.com)"
57.141.4.21 - - [12/May/2025:12:39:27 -0400] "GET /42884438 HTTP/1.1" 500 0 "-" "meta-externalagent/1.1 (+https://developers.facebook.com/docs/sharing/webmasters/crawler)"
88.99.244.56 - - [12/May/2025:12:39:30 -0400] "GET /wp-content/uploads/revslider/templates/medicare-contact/ HTTP/1.1" 200 808 "-" "serpstatbot/2.1 (advanced backlink tracking bot; https://serpstatbot.com/; abuse@serpstatbot.com)"
18.217.19.195 - - [12/May/2025:12:39:32 -0400] "GET /wp-admin/admin-wolf.php?action=edit&file=server.c302.cloudmark.com.conf&path=%2Fhome%2Fprocjwtt%2F.razor HTTP/1.1" 200 1132 "-" "Mozilla/5.0 AppleWebKit/537.36 (KHTML, like Gecko; compatible; ClaudeBot/1.0; +claudebot@anthropic.com)"
18.217.19.195 - - [12/May/2025:12:39:32 -0400] "GET /wp-admin/admin-wolf.php?path=%2Fhome%2Fprocjwtt%2F.softaculous%2Ftmp HTTP/1.1" 200 981 "-" "Mozilla/5.0 AppleWebKit/537.36 (KHTML, like Gecko; compatible; ClaudeBot/1.0; +claudebot@anthropic.com)"
18.217.19.195 - - [12/May/2025:12:39:32 -0400] "GET /wp-admin/admin-wolf.php?action=edit&file=defaults.cfg&path=%2Fhome%2Fprocjwtt%2F.cl.selector HTTP/1.1" 200 1149 "-" "Mozilla/5.0 AppleWebKit/537.36 (KHTML, like Gecko; compatible; ClaudeBot/1.0; +claudebot@anthropic.com)"
18.217.19.195 - - [12/May/2025:12:39:32 -0400] "GET /wp-admin/admin-wolf.php?action=edit&file=server.c301.cloudmark.com.conf&path=%2Fhome%2Fprocjwtt%2F.razor HTTP/1.1" 200 1132 "-" "Mozilla/5.0 AppleWebKit/537.36 (KHTML, like Gecko; compatible; ClaudeBot/1.0; +claudebot@anthropic.com)"
18.217.19.195 - - [12/May/2025:12:39:32 -0400] "GET /wp-admin/admin-wolf.php?path=%2F%2Fdev%2Ffd HTTP/1.1" 200 1126 "-" "Mozilla/5.0 AppleWebKit/537.36 (KHTML, like Gecko; compatible; ClaudeBot/1.0; +claudebot@anthropic.com)"
66.249.65.169 - - [12/May/2025:12:39:32 -0400] "GET /29137494 HTTP/1.1" 200 19207 "-" "Mozilla/5.0 (Linux; Android 6.0.1; Nexus 5X Build/MMB29P) AppleWebKit/537.36 (KHTML, like Gecko) Chrome/136.0.7103.59 Mobile Safari/537.36 (compatible; Googlebot/2.1; +http://www.google.com/bot.html)"
18.217.19.195 - - [12/May/2025:12:39:32 -0400] "GET /wp-admin/admin-wolf.php?path=%2Fhome%2Fprocjwtt%2F.softaculous%2Fbackups HTTP/1.1" 200 1271 "-" "Mozilla/5.0 AppleWebKit/537.36 (KHTML, like Gecko; compatible; ClaudeBot/1.0; +claudebot@anthropic.com)"
18.217.19.195 - - [12/May/2025:12:39:34 -0400] "GET /wp-admin/admin-wolf.php?action=edit&file=sess_4e9ae3c012f9592476d483e1fd3ddf1d&path=%2Fhome%2Fprocjwtt%2Ftmp HTTP/1.1" 200 2652 "-" "Mozilla/5.0 AppleWebKit/537.36 (KHTML, like Gecko; compatible; ClaudeBot/1.0; +claudebot@anthropic.com)"
88.99.244.56 - - [12/May/2025:12:39:35 -0400] "GET /wp-content/edit-wolf.php?action=edit&file=wp-config.php&path=%2Fhome%2Fprocjwtt%2Fpublic_html%2Fdevsite HTTP/1.1" 403 1242 "-" "serpstatbot/2.1 (advanced backlink tracking bot; https://serpstatbot.com/; abuse@serpstatbot.com)"
54.36.148.8 - - [12/May/2025:12:39:37 -0400] "GET /?znb27727.html HTTP/1.1" 200 2059 "-" "Mozilla/5.0 (compatible; AhrefsBot/7.0; +http://ahrefs.com/robot/)"
88.99.244.56 - - [12/May/2025:12:39:40 -0400] "GET /wp-content/edit-wolf.php?action=edit&file=libpcre32.so&path=%2F%2Flib64 HTTP/1.1" 200 954 "-" "serpstatbot/2.1 (advanced backlink tracking bot; https://serpstatbot.com/; abuse@serpstatbot.com)"
54.36.149.26 - - [12/May/2025:12:39:42 -0400] "GET /?vgs2436.html HTTP/1.1" 200 2059 "-" "Mozilla/5.0 (compatible; AhrefsBot/7.0; +http://ahrefs.com/robot/)"
66.249.65.169 - - [12/May/2025:12:39:42 -0400] "GET /85788598 HTTP/1.1" 200 19471 "-" "Mozilla/5.0 (Linux; Android 6.0.1; Nexus 5X Build/MMB29P) AppleWebKit/537.36 (KHTML, like Gecko) Chrome/136.0.7103.59 Mobile Safari/537.36 (compatible; Googlebot/2.1; +http://www.google.com/bot.html)"
88.99.244.56 - - [12/May/2025:12:39:44 -0400] "GET /wp-content/uploads/revslider/templates/medicare-about/ HTTP/1.1" 200 807 "-" "serpstatbot/2.1 (advanced backlink tracking bot; https://serpstatbot.com/; abuse@serpstatbot.com)"
54.36.148.126 - - [12/May/2025:12:39:45 -0400] "GET /?zig54781.html HTTP/1.1" 200 2059 "-" "Mozilla/5.0 (compatible; AhrefsBot/7.0; +http://ahrefs.com/robot/)"
54.36.148.80 - - [12/May/2025:12:39:46 -0400] "GET /?rbc43828.html HTTP/1.1" 200 2059 "-" "Mozilla/5.0 (compatible; AhrefsBot/7.0; +http://ahrefs.com/robot/)"
88.99.244.56 - - [12/May/2025:12:39:52 -0400] "GET /wp-content/edit-wolf.php?action=edit&file=wp-config.php&path=%2Fhome%2Fprocjwtt%2Fpromo.procarecleaning.com.sg HTTP/1.1" 403 1242 "-" "serpstatbot/2.1 (advanced backlink tracking bot; https://serpstatbot.com/; abuse@serpstatbot.com)"
54.36.148.182 - - [12/May/2025:12:39:52 -0400] "GET /?zqo37669.html HTTP/1.1" 200 2059 "-" "Mozilla/5.0 (compatible; AhrefsBot/7.0; +http://ahrefs.com/robot/)"
66.249.65.169 - - [12/May/2025:12:39:56 -0400] "GET /47605654 HTTP/1.1" 200 19083 "-" "Mozilla/5.0 (Linux; Android 6.0.1; Nexus 5X Build/MMB29P) AppleWebKit/537.36 (KHTML, like Gecko) Chrome/136.0.7103.59 Mobile Safari/537.36 (compatible; Googlebot/2.1; +http://www.google.com/bot.html)"
88.99.244.56 - - [12/May/2025:12:39:57 -0400] "GET /wp-content/edit-wolf.php?action=edit&file=libpcre32.so.0&path=%2F%2Flib64 HTTP/1.1" 200 956 "-" "serpstatbot/2.1 (advanced backlink tracking bot; https://serpstatbot.com/; abuse@serpstatbot.com)"
66.249.65.169 - - [12/May/2025:12:39:58 -0400] "GET /54340214 HTTP/1.1" 200 19406 "-" "Mozilla/5.0 (Linux; Android 6.0.1; Nexus 5X Build/MMB29P) AppleWebKit/537.36 (KHTML, like Gecko) Chrome/136.0.7103.59 Mobile Safari/537.36 (compatible; Googlebot/2.1; +http://www.google.com/bot.html)"
88.99.244.56 - - [12/May/2025:12:40:04 -0400] "GET /wp-content/uploads/revslider/templates/material-ui-slider/ HTTP/1.1" 200 849 "-" "serpstatbot/2.1 (advanced backlink tracking bot; https://serpstatbot.com/; abuse@serpstatbot.com)"
88.99.244.56 - - [12/May/2025:12:40:12 -0400] "GET /wp-content/edit-wolf.php?action=edit&file=wp-config-sample.php&path=%2Fhome%2Fprocjwtt%2Fwww HTTP/1.1" 200 2319 "-" "serpstatbot/2.1 (advanced backlink tracking bot; https://serpstatbot.com/; abuse@serpstatbot.com)"
20.171.207.232 - - [12/May/2025:12:40:15 -0400] "GET /57287606 HTTP/1.1" 500 0 "-" "Mozilla/5.0 AppleWebKit/537.36 (KHTML, like Gecko; compatible; GPTBot/1.2; +https://openai.com/gptbot)"
88.99.244.56 - - [12/May/2025:12:40:20 -0400] "GET /wp-content/edit-wolf.php?action=edit&file=libpcrecpp.so&path=%2F%2Flib64 HTTP/1.1" 200 955 "-" "serpstatbot/2.1 (advanced backlink tracking bot; https://serpstatbot.com/; abuse@serpstatbot.com)"
66.249.65.169 - - [12/May/2025:12:40:25 -0400] "GET /51661686 HTTP/1.1" 200 19034 "-" "Mozilla/5.0 (Linux; Android 6.0.1; Nexus 5X Build/MMB29P) AppleWebKit/537.36 (KHTML, like Gecko) Chrome/136.0.7103.59 Mobile Safari/537.36 (compatible; Googlebot/2.1; +http://www.google.com/bot.html)"
213.180.203.91 - - [12/May/2025:12:40:27 -0400] "GET /67036054 HTTP/1.1" 500 0 "-" "Mozilla/5.0 (compatible; YandexBot/3.0; +http://yandex.com/bots)"
88.99.244.56 - - [12/May/2025:12:40:28 -0400] "GET /wp-content/uploads/revslider/templates/maskshowcase/ HTTP/1.1" 200 882 "-" "serpstatbot/2.1 (advanced backlink tracking bot; https://serpstatbot.com/; abuse@serpstatbot.com)"
66.249.65.169 - - [12/May/2025:12:40:31 -0400] "GET /51828566 HTTP/1.1" 200 19455 "-" "Mozilla/5.0 (Linux; Android 6.0.1; Nexus 5X Build/MMB29P) AppleWebKit/537.36 (KHTML, like Gecko) Chrome/136.0.7103.59 Mobile Safari/537.36 (compatible; Googlebot/2.1; +http://www.google.com/bot.html)"
88.99.244.56 - - [12/May/2025:12:40:35 -0400] "GET /wp-content/edit-wolf.php?action=edit&file=wp-config-sample.php&path=%2Fhome%2Fprocjwtt%2Fpromo.procarecleaning.com.sg HTTP/1.1" 200 2319 "-" "serpstatbot/2.1 (advanced backlink tracking bot; https://serpstatbot.com/; abuse@serpstatbot.com)"
66.249.65.169 - - [12/May/2025:12:40:36 -0400] "GET /23559990 HTTP/1.1" 200 19481 "-" "Mozilla/5.0 (Linux; Android 6.0.1; Nexus 5X Build/MMB29P) AppleWebKit/537.36 (KHTML, like Gecko) Chrome/136.0.7103.59 Mobile Safari/537.36 (compatible; Googlebot/2.1; +http://www.google.com/bot.html)"
54.36.148.2 - - [12/May/2025:12:40:37 -0400] "GET /?rek13078.html HTTP/1.1" 200 2063 "-" "Mozilla/5.0 (compatible; AhrefsBot/7.0; +http://ahrefs.com/robot/)"
66.249.65.169 - - [12/May/2025:12:40:37 -0400] "GET /29094326 HTTP/1.1" 200 19173 "-" "Mozilla/5.0 (Linux; Android 6.0.1; Nexus 5X Build/MMB29P) AppleWebKit/537.36 (KHTML, like Gecko) Chrome/136.0.7103.59 Mobile Safari/537.36 (compatible; Googlebot/2.1; +http://www.google.com/bot.html)"
54.36.148.250 - - [12/May/2025:12:40:39 -0400] "GET /?zig21724.html HTTP/1.1" 200 2063 "-" "Mozilla/5.0 (compatible; AhrefsBot/7.0; +http://ahrefs.com/robot/)"
3.145.68.176 - - [12/May/2025:12:40:43 -0400] "GET /wp-admin/admin-wolf.php?path=%2Fhome%2Fprocjwtt%2Fpromo.procarecleaning.com.sg%2Fwp-content HTTP/1.1" 200 1214 "-" "Mozilla/5.0 AppleWebKit/537.36 (KHTML, like Gecko; compatible; ClaudeBot/1.0; +claudebot@anthropic.com)"
3.145.68.176 - - [12/May/2025:12:40:43 -0400] "GET /wp-admin/admin-wolf.php?path=%2F%2Fvar%2Fcache HTTP/1.1" 200 1126 "-" "Mozilla/5.0 AppleWebKit/537.36 (KHTML, like Gecko; compatible; ClaudeBot/1.0; +claudebot@anthropic.com)"
66.249.65.169 - - [12/May/2025:12:40:43 -0400] "POST /get-message-notify HTTP/1.1" 200 19017 "https://procarecleaning.com.sg/51828566" "Mozilla/5.0 (Linux; Android 6.0.1; Nexus 5X Build/MMB29P) AppleWebKit/537.36 (KHTML, like Gecko) Chrome/135.0.7049.114 Mobile Safari/537.36 (compatible; Googlebot/2.1; +http://www.google.com/bot.html)"
3.145.68.176 - - [12/May/2025:12:40:44 -0400] "GET /wp-admin/admin-wolf.php?action=edit&file=zi3qaTTO&path=%2Fhome%2Fprocjwtt%2Fwww HTTP/1.1" 500 756 "-" "Mozilla/5.0 AppleWebKit/537.36 (KHTML, like Gecko; compatible; ClaudeBot/1.0; +claudebot@anthropic.com)"
3.145.68.176 - - [12/May/2025:12:40:44 -0400] "GET /wp-admin/admin-wolf.php?action=edit&file=sess_2647d0531224720f102d45f2e8118c72&path=%2Fhome%2Fprocjwtt%2Ftmp HTTP/1.1" 200 843 "-" "Mozilla/5.0 AppleWebKit/537.36 (KHTML, like Gecko; compatible; ClaudeBot/1.0; +claudebot@anthropic.com)"
3.145.68.176 - - [12/May/2025:12:40:45 -0400] "GET /wp-admin/admin-wolf.php?action=edit&file=.htaccess.bk&path=%2Fhome%2Fprocjwtt%2Fwww HTTP/1.1" 403 1242 "-" "Mozilla/5.0 AppleWebKit/537.36 (KHTML, like Gecko; compatible; ClaudeBot/1.0; +claudebot@anthropic.com)"
3.145.68.176 - - [12/May/2025:12:40:44 -0400] "GET /wp-admin/admin-wolf.php?action=edit&file=sbb&path=%2Fhome%2Fprocjwtt%2Fwww HTTP/1.1" 200 814 "-" "Mozilla/5.0 AppleWebKit/537.36 (KHTML, like Gecko; compatible; ClaudeBot/1.0; +claudebot@anthropic.com)"
88.99.244.56 - - [12/May/2025:12:40:44 -0400] "GET /wp-content/edit-wolf.php?action=edit&file=libpcrecpp.so.0&path=%2F%2Flib64 HTTP/1.1" 200 956 "-" "serpstatbot/2.1 (advanced backlink tracking bot; https://serpstatbot.com/; abuse@serpstatbot.com)"
3.145.68.176 - - [12/May/2025:12:40:44 -0400] "GET /wp-admin/admin-wolf.php?action=edit&file=procarecleaning.com.sg-ssl_log&path=%2Fhome%2Fprocjwtt%2Faccess-logs HTTP/1.1" 200 128202 "-" "Mozilla/5.0 AppleWebKit/537.36 (KHTML, like Gecko; compatible; ClaudeBot/1.0; +claudebot@anthropic.com)"
66.249.65.169 - - [12/May/2025:12:40:47 -0400] "GET /85553110 HTTP/1.1" 200 19539 "-" "Mozilla/5.0 (Linux; Android 6.0.1; Nexus 5X Build/MMB29P) AppleWebKit/537.36 (KHTML, like Gecko) Chrome/136.0.7103.59 Mobile Safari/537.36 (compatible; Googlebot/2.1; +http://www.google.com/bot.html)"
87.250.224.83 - - [12/May/2025:12:40:49 -0400] "GET /29658774 HTTP/1.1" 500 0 "-" "Mozilla/5.0 (compatible; YandexBot/3.0; +http://yandex.com/bots)"
66.249.65.169 - - [12/May/2025:12:40:50 -0400] "GET /28191254 HTTP/1.1" 200 19273 "-" "Mozilla/5.0 (Linux; Android 6.0.1; Nexus 5X Build/MMB29P) AppleWebKit/537.36 (KHTML, like Gecko) Chrome/136.0.7103.59 Mobile Safari/537.36 (compatible; Googlebot/2.1; +http://www.google.com/bot.html)"
88.99.244.56 - - [12/May/2025:12:40:53 -0400] "GET /wp-content/uploads/revslider/templates/magazineposts/ HTTP/1.1" 200 881 "-" "serpstatbot/2.1 (advanced backlink tracking bot; https://serpstatbot.com/; abuse@serpstatbot.com)"
66.249.65.169 - - [12/May/2025:12:40:53 -0400] "GET /pcmypage?callback=product/review/GVRC9779749 HTTP/1.1" 200 19414 "-" "Mozilla/5.0 (Linux; Android 6.0.1; Nexus 5X Build/MMB29P) AppleWebKit/537.36 (KHTML, like Gecko) Chrome/136.0.7103.59 Mobile Safari/537.36 (compatible; Googlebot/2.1; +http://www.google.com/bot.html)"
66.249.65.169 - - [12/May/2025:12:40:57 -0400] "POST /get-message-notify HTTP/1.1" 200 19017 "https://procarecleaning.com.sg/28191254" "Mozilla/5.0 (Linux; Android 6.0.1; Nexus 5X Build/MMB29P) AppleWebKit/537.36 (KHTML, like Gecko) Chrome/135.0.7049.114 Mobile Safari/537.36 (compatible; Googlebot/2.1; +http://www.google.com/bot.html)"
54.36.149.9 - - [12/May/2025:12:40:58 -0400] "GET /?vgs19437.html HTTP/1.1" 200 2063 "-" "Mozilla/5.0 (compatible; AhrefsBot/7.0; +http://ahrefs.com/robot/)"
88.99.244.56 - - [12/May/2025:12:40:59 -0400] "GET /wp-content/edit-wolf.php?action=edit&file=wp-comments-post.php&path=%2Fhome%2Fprocjwtt%2Fwww HTTP/1.1" 200 2069 "-" "serpstatbot/2.1 (advanced backlink tracking bot; https://serpstatbot.com/; abuse@serpstatbot.com)"
66.249.65.169 - - [12/May/2025:12:41:01 -0400] "GET /pcmypage?callback=product%2Fdetail%2FGVRC9779749 HTTP/1.1" 200 19010 "-" "Mozilla/5.0 (Linux; Android 6.0.1; Nexus 5X Build/MMB29P) AppleWebKit/537.36 (KHTML, like Gecko) Chrome/136.0.7103.59 Mobile Safari/537.36 (compatible; Googlebot/2.1; +http://www.google.com/bot.html)"
54.36.149.87 - - [12/May/2025:12:41:02 -0400] "GET /?eun37015.html HTTP/1.1" 200 2063 "-" "Mozilla/5.0 (compatible; AhrefsBot/7.0; +http://ahrefs.com/robot/)"
66.249.65.169 - - [12/May/2025:12:41:05 -0400] "GET /9533174 HTTP/1.1" 200 19716 "-" "Mozilla/5.0 (Linux; Android 6.0.1; Nexus 5X Build/MMB29P) AppleWebKit/537.36 (KHTML, like Gecko) Chrome/136.0.7103.59 Mobile Safari/537.36 (compatible; Googlebot/2.1; +http://www.google.com/bot.html)"
88.99.244.56 - - [12/May/2025:12:41:06 -0400] "GET /wp-content/edit-wolf.php?action=edit&file=libpcrecpp.so.0.0.1&path=%2F%2Flib64 HTTP/1.1" 200 959 "-" "serpstatbot/2.1 (advanced backlink tracking bot; https://serpstatbot.com/; abuse@serpstatbot.com)"
5.255.231.27 - - [12/May/2025:12:41:06 -0400] "GET /38763286 HTTP/1.1" 500 0 "-" "Mozilla/5.0 (compatible; YandexBot/3.0; +http://yandex.com/bots)"
66.249.65.169 - - [12/May/2025:12:41:08 -0400] "GET /pcmypage?callback=product%2Fdetail%2FZYS57634132 HTTP/1.1" 200 20746 "-" "Mozilla/5.0 (Linux; Android 6.0.1; Nexus 5X Build/MMB29P) AppleWebKit/537.36 (KHTML, like Gecko) Chrome/136.0.7103.59 Mobile Safari/537.36 (compatible; Googlebot/2.1; +http://www.google.com/bot.html)"
66.249.65.169 - - [12/May/2025:12:41:09 -0400] "GET /23111766 HTTP/1.1" 200 20226 "-" "Mozilla/5.0 (Linux; Android 6.0.1; Nexus 5X Build/MMB29P) AppleWebKit/537.36 (KHTML, like Gecko) Chrome/136.0.7103.59 Mobile Safari/537.36 (compatible; Googlebot/2.1; +http://www.google.com/bot.html)"
88.99.244.56 - - [12/May/2025:12:41:10 -0400] "GET /wp-content/uploads/revslider/templates/magazine-content-slider/ HTTP/1.1" 200 811 "-" "serpstatbot/2.1 (advanced backlink tracking bot; https://serpstatbot.com/; abuse@serpstatbot.com)"
66.249.65.169 - - [12/May/2025:12:41:11 -0400] "GET /51618582 HTTP/1.1" 200 21244 "-" "Mozilla/5.0 (Linux; Android 6.0.1; Nexus 5X Build/MMB29P) AppleWebKit/537.36 (KHTML, like Gecko) Chrome/136.0.7103.59 Mobile Safari/537.36 (compatible; Googlebot/2.1; +http://www.google.com/bot.html)"
88.99.244.56 - - [12/May/2025:12:41:13 -0400] "GET /wp-content/edit-wolf.php?action=edit&file=wp-comments-post.php&path=%2Fhome%2Fprocjwtt%2Fpromo.procarecleaning.com.sg HTTP/1.1" 200 2069 "-" "serpstatbot/2.1 (advanced backlink tracking bot; https://serpstatbot.com/; abuse@serpstatbot.com)"
88.99.244.56 - - [12/May/2025:12:41:17 -0400] "GET /wp-content/edit-wolf.php?action=edit&file=libpcreposix.so.0&path=%2F%2Flib64 HTTP/1.1" 200 957 "-" "serpstatbot/2.1 (advanced backlink tracking bot; https://serpstatbot.com/; abuse@serpstatbot.com)"
20.171.207.232 - - [12/May/2025:12:41:17 -0400] "GET /22850294 HTTP/1.1" 500 0 "-" "Mozilla/5.0 AppleWebKit/537.36 (KHTML, like Gecko; compatible; GPTBot/1.2; +https://openai.com/gptbot)"
88.99.244.56 - - [12/May/2025:12:41:21 -0400] "GET /wp-content/uploads/revslider/templates/magazine-content-slider-static/ HTTP/1.1" 200 886 "-" "serpstatbot/2.1 (advanced backlink tracking bot; https://serpstatbot.com/; abuse@serpstatbot.com)"
88.99.244.56 - - [12/May/2025:12:41:25 -0400] "GET /wp-content/edit-wolf.php?action=edit&file=wp-blog-header.php&path=%2Fhome%2Fprocjwtt%2Fwww HTTP/1.1" 200 1152 "-" "serpstatbot/2.1 (advanced backlink tracking bot; https://serpstatbot.com/; abuse@serpstatbot.com)"
88.99.244.56 - - [12/May/2025:12:41:28 -0400] "GET /wp-content/edit-wolf.php?action=edit&file=libperf-jvmti.so&path=%2F%2Flib64 HTTP/1.1" 200 957 "-" "serpstatbot/2.1 (advanced backlink tracking bot; https://serpstatbot.com/; abuse@serpstatbot.com)"
66.249.65.169 - - [12/May/2025:12:41:31 -0400] "GET /55613718 HTTP/1.1" 200 20540 "-" "Mozilla/5.0 (Linux; Android 6.0.1; Nexus 5X Build/MMB29P) AppleWebKit/537.36 (KHTML, like Gecko) Chrome/136.0.7103.59 Mobile Safari/537.36 (compatible; Googlebot/2.1; +http://www.google.com/bot.html)"
88.99.244.56 - - [12/May/2025:12:41:32 -0400] "GET /wp-content/uploads/revslider/templates/lingerie-store-website-slider/ HTTP/1.1" 200 902 "-" "serpstatbot/2.1 (advanced backlink tracking bot; https://serpstatbot.com/; abuse@serpstatbot.com)"
66.249.65.169 - - [12/May/2025:12:41:33 -0400] "GET /72791414 HTTP/1.1" 200 20133 "-" "Mozilla/5.0 (Linux; Android 6.0.1; Nexus 5X Build/MMB29P) AppleWebKit/537.36 (KHTML, like Gecko) Chrome/136.0.7103.59 Mobile Safari/537.36 (compatible; Googlebot/2.1; +http://www.google.com/bot.html)"
88.99.244.56 - - [12/May/2025:12:41:36 -0400] "GET /wp-content/edit-wolf.php?action=edit&file=wp-blog-header.php&path=%2Fhome%2Fprocjwtt%2Fpromo.procarecleaning.com.sg HTTP/1.1" 200 1152 "-" "serpstatbot/2.1 (advanced backlink tracking bot; https://serpstatbot.com/; abuse@serpstatbot.com)"
66.249.65.169 - - [12/May/2025:12:41:39 -0400] "POST /get-message-notify HTTP/1.1" 200 19017 "https://procarecleaning.com.sg/55613718" "Mozilla/5.0 (Linux; Android 6.0.1; Nexus 5X Build/MMB29P) AppleWebKit/537.36 (KHTML, like Gecko) Chrome/135.0.7049.114 Mobile Safari/537.36 (compatible; Googlebot/2.1; +http://www.google.com/bot.html)"
88.99.244.56 - - [12/May/2025:12:41:39 -0400] "GET /wp-content/edit-wolf.php?action=edit&file=libperl.so&path=%2F%2Flib64 HTTP/1.1" 200 953 "-" "serpstatbot/2.1 (advanced backlink tracking bot; https://serpstatbot.com/; abuse@serpstatbot.com)"
66.249.65.169 - - [12/May/2025:12:41:40 -0400] "GET /41436694 HTTP/1.1" 200 18832 "-" "Mozilla/5.0 (Linux; Android 6.0.1; Nexus 5X Build/MMB29P) AppleWebKit/537.36 (KHTML, like Gecko) Chrome/136.0.7103.59 Mobile Safari/537.36 (compatible; Googlebot/2.1; +http://www.google.com/bot.html)"
88.99.244.56 - - [12/May/2025:12:41:43 -0400] "GET /wp-content/uploads/revslider/templates/le-chef-philosophy/ HTTP/1.1" 200 812 "-" "serpstatbot/2.1 (advanced backlink tracking bot; https://serpstatbot.com/; abuse@serpstatbot.com)"
66.249.65.169 - - [12/May/2025:12:41:44 -0400] "GET /53755062 HTTP/1.1" 200 21358 "-" "Mozilla/5.0 (Linux; Android 6.0.1; Nexus 5X Build/MMB29P) AppleWebKit/537.36 (KHTML, like Gecko) Chrome/136.0.7103.59 Mobile Safari/537.36 (compatible; Googlebot/2.1; +http://www.google.com/bot.html)"
88.99.244.56 - - [12/May/2025:12:41:46 -0400] "GET /wp-content/edit-wolf.php?action=edit&file=wp-activate.php&path=%2Fhome%2Fprocjwtt%2Fwww HTTP/1.1" 200 3777 "-" "serpstatbot/2.1 (advanced backlink tracking bot; https://serpstatbot.com/; abuse@serpstatbot.com)"
3.128.199.33 - - [12/May/2025:12:41:46 -0400] "GET /wp-admin/admin-wolf.php?path=%2F%2Flib%2F.build-id HTTP/1.1" 200 1873 "-" "Mozilla/5.0 AppleWebKit/537.36 (KHTML, like Gecko; compatible; ClaudeBot/1.0; +claudebot@anthropic.com)"
3.128.199.33 - - [12/May/2025:12:41:46 -0400] "GET /wp-admin/admin-wolf.php?path=%2Fhome%2Fprocjwtt%2F.caldav%2Fsabrina%40procarecleaning.com.sg HTTP/1.1" 200 1195 "-" "Mozilla/5.0 AppleWebKit/537.36 (KHTML, like Gecko; compatible; ClaudeBot/1.0; +claudebot@anthropic.com)"
3.128.199.33 - - [12/May/2025:12:41:47 -0400] "GET /wp-admin/admin-wolf.php?action=edit&file=dnssec-coverage&path=%2F%2Fsbin HTTP/1.1" 200 1249 "-" "Mozilla/5.0 AppleWebKit/537.36 (KHTML, like Gecko; compatible; ClaudeBot/1.0; +claudebot@anthropic.com)"
3.128.199.33 - - [12/May/2025:12:41:47 -0400] "GET /wp-admin/admin-wolf.php?action=edit&file=dovecot.index&path=%2Fhome%2Fprocjwtt%2Fmail HTTP/1.1" 200 821 "-" "Mozilla/5.0 AppleWebKit/537.36 (KHTML, like Gecko; compatible; ClaudeBot/1.0; +claudebot@anthropic.com)"
3.128.199.33 - - [12/May/2025:12:41:47 -0400] "GET /wp-admin/admin-wolf.php?path=%2Fhome%2Fprocjwtt%2F.softaculous%2Fsess HTTP/1.1" 200 981 "-" "Mozilla/5.0 AppleWebKit/537.36 (KHTML, like Gecko; compatible; ClaudeBot/1.0; +claudebot@anthropic.com)"
3.128.199.33 - - [12/May/2025:12:41:48 -0400] "GET /wp-admin/admin-wolf.php?path=%2F%2Flib%2Fkbd HTTP/1.1" 200 1085 "-" "Mozilla/5.0 AppleWebKit/537.36 (KHTML, like Gecko; compatible; ClaudeBot/1.0; +claudebot@anthropic.com)"
3.128.199.33 - - [12/May/2025:12:41:48 -0400] "GET /wp-admin/admin-wolf.php?path=%2Fhome%2Fprocjwtt%2F.caldav%2Fsales%40procarecleaning.com.sg HTTP/1.1" 200 1195 "-" "Mozilla/5.0 AppleWebKit/537.36 (KHTML, like Gecko; compatible; ClaudeBot/1.0; +claudebot@anthropic.com)"
88.99.244.56 - - [12/May/2025:12:41:49 -0400] "GET /wp-content/edit-wolf.php?action=edit&file=libperl.so.5.26.3&path=%2F%2Flib64 HTTP/1.1" 200 959 "-" "serpstatbot/2.1 (advanced backlink tracking bot; https://serpstatbot.com/; abuse@serpstatbot.com)"
66.249.65.169 - - [12/May/2025:12:41:49 -0400] "GET /pcmypage?callback=product/review/WTQ3085436 HTTP/1.1" 200 20837 "-" "Mozilla/5.0 (Linux; Android 6.0.1; Nexus 5X Build/MMB29P) AppleWebKit/537.36 (KHTML, like Gecko) Chrome/136.0.7103.59 Mobile Safari/537.36 (compatible; Googlebot/2.1; +http://www.google.com/bot.html)"
66.249.65.169 - - [12/May/2025:12:41:52 -0400] "GET /search?category=&search_word=&restrict[]=person_id(int)=ZYS HTTP/1.1" 200 20689 "-" "Mozilla/5.0 (Linux; Android 6.0.1; Nexus 5X Build/MMB29P) AppleWebKit/537.36 (KHTML, like Gecko) Chrome/136.0.7103.59 Mobile Safari/537.36 (compatible; Googlebot/2.1; +http://www.google.com/bot.html)"
88.99.244.56 - - [12/May/2025:12:41:53 -0400] "GET /wp-content/uploads/revslider/templates/le-chef-menu/ HTTP/1.1" 200 806 "-" "serpstatbot/2.1 (advanced backlink tracking bot; https://serpstatbot.com/; abuse@serpstatbot.com)"
88.99.244.56 - - [12/May/2025:12:41:57 -0400] "GET /wp-content/edit-wolf.php?action=edit&file=wp-activate.php&path=%2Fhome%2Fprocjwtt%2Fpromo.procarecleaning.com.sg HTTP/1.1" 200 3777 "-" "serpstatbot/2.1 (advanced backlink tracking bot; https://serpstatbot.com/; abuse@serpstatbot.com)"
88.99.244.56 - - [12/May/2025:12:42:00 -0400] "GET /wp-content/edit-wolf.php?action=edit&file=libpipeline.so.1&path=%2F%2Flib64 HTTP/1.1" 200 956 "-" "serpstatbot/2.1 (advanced backlink tracking bot; https://serpstatbot.com/; abuse@serpstatbot.com)"
