88.99.244.56 - - [12/May/2025:12:55:19 -0400] "GET /wp-content/uploads/revslider/templates/geometric-lightbox/ HTTP/1.1" 200 1244 "-" "serpstatbot/2.1 (advanced backlink tracking bot; https://serpstatbot.com/; abuse@serpstatbot.com)"
65.108.125.120 - - [12/May/2025:12:55:24 -0400] "GET /robots.txt HTTP/1.1" 200 981 "-" "Mozilla/5.0 (compatible; MJ12bot/v1.4.8; http://mj12bot.com/)"
65.108.125.120 - - [12/May/2025:12:55:26 -0400] "GET /?MA HTTP/1.1" 200 2056 "-" "Mozilla/5.0 (compatible; MJ12bot/v1.4.8; http://mj12bot.com/)"
18.223.238.183 - - [12/May/2025:12:55:27 -0400] "GET /wp-admin/admin-wolf.php?action=edit&file=wp-comments-post.php&path=%2Fhome%2Fprocjwtt%2Fpromo.procarecleaning.com.sg HTTP/1.1" 200 1876 "-" "Mozilla/5.0 AppleWebKit/537.36 (KHTML, like Gecko; compatible; ClaudeBot/1.0; +claudebot@anthropic.com)"
18.223.238.183 - - [12/May/2025:12:55:27 -0400] "GET /wp-admin/admin-wolf.php?action=edit&file=mysql_waitpid&path=%2F%2Fbin HTTP/1.1" 200 827 "-" "Mozilla/5.0 AppleWebKit/537.36 (KHTML, like Gecko; compatible; ClaudeBot/1.0; +claudebot@anthropic.com)"
18.223.238.183 - - [12/May/2025:12:55:27 -0400] "GET /wp-admin/admin-wolf.php?action=edit&file=saslauthd&path=%2F%2Fsbin HTTP/1.1" 200 822 "-" "Mozilla/5.0 AppleWebKit/537.36 (KHTML, like Gecko; compatible; ClaudeBot/1.0; +claudebot@anthropic.com)"
18.223.238.183 - - [12/May/2025:12:55:27 -0400] "GET /wp-admin/admin-wolf.php?path=%2Fhome%2Fprocjwtt%2Fpromo.procarecleaning.com.sg%2Fwp-admin HTTP/1.1" 200 2629 "-" "Mozilla/5.0 AppleWebKit/537.36 (KHTML, like Gecko; compatible; ClaudeBot/1.0; +claudebot@anthropic.com)"
18.223.238.183 - - [12/May/2025:12:55:27 -0400] "GET /wp-admin/admin-wolf.php?action=edit&file=wp-load.php&path=%2Fhome%2Fprocjwtt%2Fpromo.procarecleaning.com.sg HTTP/1.1" 200 2427 "-" "Mozilla/5.0 AppleWebKit/537.36 (KHTML, like Gecko; compatible; ClaudeBot/1.0; +claudebot@anthropic.com)"
18.223.238.183 - - [12/May/2025:12:55:27 -0400] "GET /wp-admin/admin-wolf.php?action=edit&file=wp-settings.php&path=%2Fhome%2Fprocjwtt%2Fpromo.procarecleaning.com.sg HTTP/1.1" 200 7006 "-" "Mozilla/5.0 AppleWebKit/537.36 (KHTML, like Gecko; compatible; ClaudeBot/1.0; +claudebot@anthropic.com)"
18.223.238.183 - - [12/May/2025:12:55:28 -0400] "GET /wp-admin/admin-wolf.php?path=%2F%2Fproc%2Ffs HTTP/1.1" 200 1110 "-" "Mozilla/5.0 AppleWebKit/537.36 (KHTML, like Gecko; compatible; ClaudeBot/1.0; +claudebot@anthropic.com)"
65.108.125.120 - - [12/May/2025:12:55:29 -0400] "GET /?ND HTTP/1.1" 200 2064 "-" "Mozilla/5.0 (compatible; MJ12bot/v1.4.8; http://mj12bot.com/)"
65.108.125.120 - - [12/May/2025:12:55:38 -0400] "GET /?SA HTTP/1.1" 200 2054 "-" "Mozilla/5.0 (compatible; MJ12bot/v1.4.8; http://mj12bot.com/)"
87.250.224.83 - - [12/May/2025:12:55:40 -0400] "GET /21455414 HTTP/1.1" 500 0 "-" "Mozilla/5.0 (compatible; YandexBot/3.0; +http://yandex.com/bots)"
65.108.125.120 - - [12/May/2025:12:55:40 -0400] "GET /ahrefs_06f9a8fce6374ea013ea2a112a1588c8922fa0f2a69f4e502d25dbb021a63b31 HTTP/1.1" 200 89 "-" "Mozilla/5.0 (compatible; MJ12bot/v1.4.8; http://mj12bot.com/)"
65.108.125.120 - - [12/May/2025:12:55:43 -0400] "GET /cgi-bin/ HTTP/1.1" 403 1242 "-" "Mozilla/5.0 (compatible; MJ12bot/v1.4.8; http://mj12bot.com/)"
65.108.125.120 - - [12/May/2025:12:55:45 -0400] "GET /cwclass.php HTTP/1.1" 200 63 "-" "Mozilla/5.0 (compatible; MJ12bot/v1.4.8; http://mj12bot.com/)"
54.36.149.53 - - [12/May/2025:12:55:48 -0400] "GET /?ype52012.html HTTP/1.1" 200 2063 "-" "Mozilla/5.0 (compatible; AhrefsBot/7.0; +http://ahrefs.com/robot/)"
88.99.244.56 - - [12/May/2025:12:55:48 -0400] "GET /wp-content/edit-wolf.php?action=edit&file=truncate&path=%2F%2Fbin HTTP/1.1" 200 951 "-" "serpstatbot/2.1 (advanced backlink tracking bot; https://serpstatbot.com/; abuse@serpstatbot.com)"
65.108.125.120 - - [12/May/2025:12:55:48 -0400] "GET /devsite/ HTTP/1.1" 200 724 "-" "Mozilla/5.0 (compatible; MJ12bot/v1.4.8; http://mj12bot.com/)"
65.108.125.120 - - [12/May/2025:12:55:51 -0400] "GET /error_log HTTP/1.1" 403 1242 "-" "Mozilla/5.0 (compatible; MJ12bot/v1.4.8; http://mj12bot.com/)"
5.255.231.27 - - [12/May/2025:12:55:52 -0400] "GET /40897718 HTTP/1.1" 500 0 "-" "Mozilla/5.0 (compatible; YandexBot/3.0; +http://yandex.com/bots)"
65.108.125.120 - - [12/May/2025:12:55:53 -0400] "GET /google659b141b79041384.html HTTP/1.1" 200 53 "-" "Mozilla/5.0 (compatible; MJ12bot/v1.4.8; http://mj12bot.com/)"
65.108.125.120 - - [12/May/2025:12:55:56 -0400] "GET /google95729e1d67957d9c.html HTTP/1.1" 200 53 "-" "Mozilla/5.0 (compatible; MJ12bot/v1.4.8; http://mj12bot.com/)"
88.99.244.56 - - [12/May/2025:12:55:58 -0400] "GET /wp-content/edit-wolf.php?action=edit&file=librsvg-2.so.2&path=%2F%2Flib64 HTTP/1.1" 200 956 "-" "serpstatbot/2.1 (advanced backlink tracking bot; https://serpstatbot.com/; abuse@serpstatbot.com)"
65.108.125.120 - - [12/May/2025:12:55:59 -0400] "GET /googlef6644c9c32f32c05.html HTTP/1.1" 200 53 "-" "Mozilla/5.0 (compatible; MJ12bot/v1.4.8; http://mj12bot.com/)"
65.108.125.120 - - [12/May/2025:12:56:02 -0400] "GET /index.php HTTP/1.1" 500 0 "-" "Mozilla/5.0 (compatible; MJ12bot/v1.4.8; http://mj12bot.com/)"
20.171.207.232 - - [12/May/2025:12:56:03 -0400] "GET /29195574 HTTP/1.1" 500 0 "-" "Mozilla/5.0 AppleWebKit/537.36 (KHTML, like Gecko; compatible; GPTBot/1.2; +https://openai.com/gptbot)"
65.108.125.120 - - [12/May/2025:12:56:04 -0400] "GET /license.txt HTTP/1.1" 200 6870 "-" "Mozilla/5.0 (compatible; MJ12bot/v1.4.8; http://mj12bot.com/)"
65.108.125.120 - - [12/May/2025:12:56:06 -0400] "GET /nc_assets/ HTTP/1.1" 200 660 "-" "Mozilla/5.0 (compatible; MJ12bot/v1.4.8; http://mj12bot.com/)"
65.108.125.120 - - [12/May/2025:12:56:09 -0400] "GET /parking-page.shtml HTTP/1.1" 200 1863 "-" "Mozilla/5.0 (compatible; MJ12bot/v1.4.8; http://mj12bot.com/)"
88.99.244.56 - - [12/May/2025:12:56:09 -0400] "GET /wp-content/uploads/revslider/templates/geometric-hero/ HTTP/1.1" 200 810 "-" "serpstatbot/2.1 (advanced backlink tracking bot; https://serpstatbot.com/; abuse@serpstatbot.com)"
65.108.125.120 - - [12/May/2025:12:56:11 -0400] "GET /readme.html HTTP/1.1" 200 2656 "-" "Mozilla/5.0 (compatible; MJ12bot/v1.4.8; http://mj12bot.com/)"
88.99.244.56 - - [12/May/2025:12:56:12 -0400] "GET /wp-content/edit-wolf.php?action=edit&file=true&path=%2F%2Fbin HTTP/1.1" 200 948 "-" "serpstatbot/2.1 (advanced backlink tracking bot; https://serpstatbot.com/; abuse@serpstatbot.com)"
65.108.125.120 - - [12/May/2025:12:56:13 -0400] "GET /robots.txt HTTP/1.1" 200 105 "-" "Mozilla/5.0 (compatible; MJ12bot/v1.4.8; http://mj12bot.com/)"
88.99.244.56 - - [12/May/2025:12:56:15 -0400] "GET /wp-content/edit-wolf.php?action=edit&file=librsvg-2.so.2.42.7&path=%2F%2Flib64 HTTP/1.1" 200 961 "-" "serpstatbot/2.1 (advanced backlink tracking bot; https://serpstatbot.com/; abuse@serpstatbot.com)"
65.108.125.120 - - [12/May/2025:12:56:15 -0400] "GET /sbb HTTP/1.1" 200 1387 "-" "Mozilla/5.0 (compatible; MJ12bot/v1.4.8; http://mj12bot.com/)"
54.36.148.124 - - [12/May/2025:12:56:16 -0400] "GET /?nns16082.html HTTP/1.1" 200 2061 "-" "Mozilla/5.0 (compatible; AhrefsBot/7.0; +http://ahrefs.com/robot/)"
65.108.125.120 - - [12/May/2025:12:56:17 -0400] "GET /style.php HTTP/1.1" 200 0 "-" "Mozilla/5.0 (compatible; MJ12bot/v1.4.8; http://mj12bot.com/)"
88.99.244.56 - - [12/May/2025:12:56:18 -0400] "GET /wp-content/uploads/revslider/templates/geometric-grid/ HTTP/1.1" 200 809 "-" "serpstatbot/2.1 (advanced backlink tracking bot; https://serpstatbot.com/; abuse@serpstatbot.com)"
65.108.125.120 - - [12/May/2025:12:56:20 -0400] "GET /wp-activate.php HTTP/1.1" 500 0 "-" "Mozilla/5.0 (compatible; MJ12bot/v1.4.8; http://mj12bot.com/)"
88.99.244.56 - - [12/May/2025:12:56:21 -0400] "GET /wp-content/edit-wolf.php?action=edit&file=troff&path=%2F%2Fbin HTTP/1.1" 200 949 "-" "serpstatbot/2.1 (advanced backlink tracking bot; https://serpstatbot.com/; abuse@serpstatbot.com)"
65.108.125.120 - - [12/May/2025:12:56:22 -0400] "GET /wp-admin/ HTTP/1.1" 200 1208 "-" "Mozilla/5.0 (compatible; MJ12bot/v1.4.8; http://mj12bot.com/)"
88.99.244.56 - - [12/May/2025:12:56:24 -0400] "GET /wp-content/edit-wolf.php?action=edit&file=librt-2.28.so&path=%2F%2Flib64 HTTP/1.1" 200 955 "-" "serpstatbot/2.1 (advanced backlink tracking bot; https://serpstatbot.com/; abuse@serpstatbot.com)"
213.180.203.140 - - [12/May/2025:12:56:24 -0400] "GET /61166934 HTTP/1.1" 500 0 "-" "Mozilla/5.0 (compatible; YandexBot/3.0; +http://yandex.com/bots)"
65.108.125.120 - - [12/May/2025:12:56:25 -0400] "GET /wp-blog-header.php HTTP/1.1" 500 0 "-" "Mozilla/5.0 (compatible; MJ12bot/v1.4.8; http://mj12bot.com/)"
88.99.244.56 - - [12/May/2025:12:56:27 -0400] "GET /wp-content/uploads/revslider/templates/geometric-footer/ HTTP/1.1" 200 811 "-" "serpstatbot/2.1 (advanced backlink tracking bot; https://serpstatbot.com/; abuse@serpstatbot.com)"
65.108.125.120 - - [12/May/2025:12:56:27 -0400] "GET /wp-comments-post.php HTTP/1.1" 405 0 "-" "Mozilla/5.0 (compatible; MJ12bot/v1.4.8; http://mj12bot.com/)"
107.22.208.39 - - [12/May/2025:12:56:27 -0400] "GET /wp-content/plugins/wordfence/vendor/wordfence/mmdb-reader/ HTTP/1.1" 500 0 "-" "Mozilla/5.0 AppleWebKit/537.36 (KHTML, like Gecko; compatible; Amazonbot/0.1; +https://developer.amazon.com/support/amazonbot) Chrome/119.0.6045.214 Safari/537.36"
54.36.148.33 - - [12/May/2025:12:56:29 -0400] "GET /?eun31304.html HTTP/1.1" 200 2063 "-" "Mozilla/5.0 (compatible; AhrefsBot/7.0; +http://ahrefs.com/robot/)"
65.108.125.120 - - [12/May/2025:12:56:30 -0400] "GET /wp-config-sample.php HTTP/1.1" 500 0 "-" "Mozilla/5.0 (compatible; MJ12bot/v1.4.8; http://mj12bot.com/)"
88.99.244.56 - - [12/May/2025:12:56:30 -0400] "GET /wp-content/edit-wolf.php?action=edit&file=traceroute&path=%2F%2Fbin HTTP/1.1" 403 1242 "-" "serpstatbot/2.1 (advanced backlink tracking bot; https://serpstatbot.com/; abuse@serpstatbot.com)"
65.108.125.120 - - [12/May/2025:12:56:32 -0400] "GET /wp-config.php HTTP/1.1" 403 1242 "-" "Mozilla/5.0 (compatible; MJ12bot/v1.4.8; http://mj12bot.com/)"
88.99.244.56 - - [12/May/2025:12:56:33 -0400] "GET /wp-content/edit-wolf.php?action=edit&file=librt.so&path=%2F%2Flib64 HTTP/1.1" 200 951 "-" "serpstatbot/2.1 (advanced backlink tracking bot; https://serpstatbot.com/; abuse@serpstatbot.com)"
65.108.125.120 - - [12/May/2025:12:56:34 -0400] "GET /wp-content/ HTTP/1.1" 200 726 "-" "Mozilla/5.0 (compatible; MJ12bot/v1.4.8; http://mj12bot.com/)"
88.99.244.56 - - [12/May/2025:12:56:36 -0400] "GET /wp-content/uploads/revslider/templates/geometric-about/ HTTP/1.1" 200 810 "-" "serpstatbot/2.1 (advanced backlink tracking bot; https://serpstatbot.com/; abuse@serpstatbot.com)"
65.108.125.120 - - [12/May/2025:12:56:37 -0400] "GET /wp-cron.php HTTP/1.1" 200 0 "-" "Mozilla/5.0 (compatible; MJ12bot/v1.4.8; http://mj12bot.com/)"
88.99.244.56 - - [12/May/2025:12:56:39 -0400] "GET /wp-content/edit-wolf.php?action=edit&file=tr&path=%2F%2Fbin HTTP/1.1" 200 947 "-" "serpstatbot/2.1 (advanced backlink tracking bot; https://serpstatbot.com/; abuse@serpstatbot.com)"
3.16.137.217 - - [12/May/2025:12:56:39 -0400] "GET /wp-admin/admin-wolf.php?path=%2F%2Fproc%2Fthread-self HTTP/1.1" 200 1607 "-" "Mozilla/5.0 AppleWebKit/537.36 (KHTML, like Gecko; compatible; ClaudeBot/1.0; +claudebot@anthropic.com)"
3.16.137.217 - - [12/May/2025:12:56:39 -0400] "GET /wp-admin/admin-wolf.php?path=%2F%2Fetc%2Fsecurity HTTP/1.1" 200 1387 "-" "Mozilla/5.0 AppleWebKit/537.36 (KHTML, like Gecko; compatible; ClaudeBot/1.0; +claudebot@anthropic.com)"
65.108.125.120 - - [12/May/2025:12:56:39 -0400] "GET /wp-includes/ HTTP/1.1" 200 2492 "-" "Mozilla/5.0 (compatible; MJ12bot/v1.4.8; http://mj12bot.com/)"
3.16.137.217 - - [12/May/2025:12:56:39 -0400] "GET /wp-admin/admin-wolf.php?action=edit&file=perldoc&path=%2F%2Fbin HTTP/1.1" 200 913 "-" "Mozilla/5.0 AppleWebKit/537.36 (KHTML, like Gecko; compatible; ClaudeBot/1.0; +claudebot@anthropic.com)"
3.16.137.217 - - [12/May/2025:12:56:40 -0400] "GET /wp-admin/admin-wolf.php?action=edit&file=php&path=%2F%2Fbin HTTP/1.1" 200 1239 "-" "Mozilla/5.0 AppleWebKit/537.36 (KHTML, like Gecko; compatible; ClaudeBot/1.0; +claudebot@anthropic.com)"
3.16.137.217 - - [12/May/2025:12:56:40 -0400] "GET /wp-admin/admin-wolf.php?path=%2F%2Fetc%2Fmodulefiles HTTP/1.1" 200 963 "-" "Mozilla/5.0 AppleWebKit/537.36 (KHTML, like Gecko; compatible; ClaudeBot/1.0; +claudebot@anthropic.com)"
3.16.137.217 - - [12/May/2025:12:56:40 -0400] "GET /wp-admin/admin-wolf.php?path=%2F%2Fetc%2Fprofile.d HTTP/1.1" 200 1601 "-" "Mozilla/5.0 AppleWebKit/537.36 (KHTML, like Gecko; compatible; ClaudeBot/1.0; +claudebot@anthropic.com)"
3.16.137.217 - - [12/May/2025:12:56:40 -0400] "GET /wp-admin/admin-wolf.php?action=edit&file=index.php&path=%2Fhome%2Fprocjwtt%2Fpromo.procarecleaning.com.sg HTTP/1.1" 200 1022 "-" "Mozilla/5.0 AppleWebKit/537.36 (KHTML, like Gecko; compatible; ClaudeBot/1.0; +claudebot@anthropic.com)"
65.108.125.120 - - [12/May/2025:12:56:42 -0400] "GET /wp-links-opml.php HTTP/1.1" 500 0 "-" "Mozilla/5.0 (compatible; MJ12bot/v1.4.8; http://mj12bot.com/)"
88.99.244.56 - - [12/May/2025:12:56:42 -0400] "GET /wp-content/edit-wolf.php?action=edit&file=libruby.so.2.5.9&path=%2F%2Flib64 HTTP/1.1" 200 958 "-" "serpstatbot/2.1 (advanced backlink tracking bot; https://serpstatbot.com/; abuse@serpstatbot.com)"
54.36.148.141 - - [12/May/2025:12:56:42 -0400] "GET /?teh5594.html HTTP/1.1" 200 2060 "-" "Mozilla/5.0 (compatible; AhrefsBot/7.0; +http://ahrefs.com/robot/)"
65.108.125.120 - - [12/May/2025:12:56:44 -0400] "GET /wp-load.php HTTP/1.1" 500 0 "-" "Mozilla/5.0 (compatible; MJ12bot/v1.4.8; http://mj12bot.com/)"
88.99.244.56 - - [12/May/2025:12:56:45 -0400] "GET /wp-content/uploads/revslider/templates/gaming-stats-presentation-slider/ HTTP/1.1" 200 914 "-" "serpstatbot/2.1 (advanced backlink tracking bot; https://serpstatbot.com/; abuse@serpstatbot.com)"
65.108.125.120 - - [12/May/2025:12:56:46 -0400] "GET /wp-mail.php HTTP/1.1" 500 0 "-" "Mozilla/5.0 (compatible; MJ12bot/v1.4.8; http://mj12bot.com/)"
88.99.244.56 - - [12/May/2025:12:56:49 -0400] "GET /wp-content/edit-wolf.php?action=edit&file=tput&path=%2F%2Fbin HTTP/1.1" 200 948 "-" "serpstatbot/2.1 (advanced backlink tracking bot; https://serpstatbot.com/; abuse@serpstatbot.com)"
65.108.125.120 - - [12/May/2025:12:56:49 -0400] "GET /wp-sec.php HTTP/1.1" 200 3468 "-" "Mozilla/5.0 (compatible; MJ12bot/v1.4.8; http://mj12bot.com/)"
65.108.125.120 - - [12/May/2025:12:56:51 -0400] "GET /wp-settings.php HTTP/1.1" 500 0 "-" "Mozilla/5.0 (compatible; MJ12bot/v1.4.8; http://mj12bot.com/)"
88.99.244.56 - - [12/May/2025:12:56:52 -0400] "GET /wp-content/edit-wolf.php?action=edit&file=libsapdbS.so.2.0.0&path=%2F%2Flib64 HTTP/1.1" 200 959 "-" "serpstatbot/2.1 (advanced backlink tracking bot; https://serpstatbot.com/; abuse@serpstatbot.com)"
65.108.125.120 - - [12/May/2025:12:56:54 -0400] "GET /wp-signup.php HTTP/1.1" 500 0 "-" "Mozilla/5.0 (compatible; MJ12bot/v1.4.8; http://mj12bot.com/)"
88.99.244.56 - - [12/May/2025:12:56:55 -0400] "GET /wp-content/uploads/revslider/templates/furniture-website-slider/ HTTP/1.1" 200 909 "-" "serpstatbot/2.1 (advanced backlink tracking bot; https://serpstatbot.com/; abuse@serpstatbot.com)"
65.108.125.120 - - [12/May/2025:12:56:56 -0400] "GET /wp-trackback.php HTTP/1.1" 500 0 "-" "Mozilla/5.0 (compatible; MJ12bot/v1.4.8; http://mj12bot.com/)"
88.99.244.56 - - [12/May/2025:12:56:58 -0400] "GET /wp-content/edit-wolf.php?action=edit&file=touch&path=%2F%2Fbin HTTP/1.1" 200 949 "-" "serpstatbot/2.1 (advanced backlink tracking bot; https://serpstatbot.com/; abuse@serpstatbot.com)"
65.108.125.120 - - [12/May/2025:12:56:58 -0400] "GET /zi3qaTTO HTTP/1.1" 403 1242 "-" "Mozilla/5.0 (compatible; MJ12bot/v1.4.8; http://mj12bot.com/)"
88.99.244.56 - - [12/May/2025:12:57:01 -0400] "GET /wp-content/edit-wolf.php?action=edit&file=libsasl2.so.3&path=%2F%2Flib64 HTTP/1.1" 200 955 "-" "serpstatbot/2.1 (advanced backlink tracking bot; https://serpstatbot.com/; abuse@serpstatbot.com)"
88.99.244.56 - - [12/May/2025:12:57:04 -0400] "GET /wp-content/uploads/revslider/templates/funkyslider/ HTTP/1.1" 200 854 "-" "serpstatbot/2.1 (advanced backlink tracking bot; https://serpstatbot.com/; abuse@serpstatbot.com)"
14.232.108.215 - - [12/May/2025:12:57:06 -0400] "HEAD /wp-content/ngg/modules/photocrati-nextgen_addgallery_page/static/?ND= HTTP/1.1" 500 0 "-" "Mozilla/5.0 (Windows NT 6.0; Win64; x64) AppleWebKit/537.36 (KHTML, like Gecko) Chrome/72.0.3988.59 Safari/537.36"
20.171.207.232 - - [12/May/2025:12:57:06 -0400] "GET /30190646 HTTP/1.1" 500 0 "-" "Mozilla/5.0 AppleWebKit/537.36 (KHTML, like Gecko; compatible; GPTBot/1.2; +https://openai.com/gptbot)"
14.191.164.204 - - [12/May/2025:12:57:06 -0400] "HEAD /wp-content/gallery/sofa-chair/Blue-Sofa-2606.jpg_backup HTTP/1.1" 500 0 "-" "Mozilla/5.0 (Windows NT 6.3; Win64; x64) AppleWebKit/537.36 (KHTML, like Gecko) Chrome/63.0.2818.33 Safari/537.36"
14.232.108.215 - - [12/May/2025:12:57:07 -0400] "GET /wp-content/ngg/modules/photocrati-nextgen_addgallery_page/static/?ND= HTTP/1.1" 500 0 "-" "Mozilla/5.0 (Windows NT 6.0; Win64; x64) AppleWebKit/537.36 (KHTML, like Gecko) Chrome/72.0.3988.59 Safari/537.36"
88.99.244.56 - - [12/May/2025:12:57:07 -0400] "GET /wp-content/edit-wolf.php?action=edit&file=top&path=%2F%2Fbin HTTP/1.1" 200 948 "-" "serpstatbot/2.1 (advanced backlink tracking bot; https://serpstatbot.com/; abuse@serpstatbot.com)"
14.191.164.204 - - [12/May/2025:12:57:07 -0400] "GET /wp-content/gallery/sofa-chair/Blue-Sofa-2606.jpg_backup HTTP/1.1" 500 0 "-" "Mozilla/5.0 (Windows NT 6.3; Win64; x64) AppleWebKit/537.36 (KHTML, like Gecko) Chrome/63.0.2818.33 Safari/537.36"
88.99.244.56 - - [12/May/2025:12:57:10 -0400] "GET /wp-content/edit-wolf.php?action=edit&file=libsasl2.so.3.0.0&path=%2F%2Flib64 HTTP/1.1" 200 958 "-" "serpstatbot/2.1 (advanced backlink tracking bot; https://serpstatbot.com/; abuse@serpstatbot.com)"
88.99.244.56 - - [12/May/2025:12:57:12 -0400] "GET /wp-content/uploads/revslider/templates/fullsite-block1/ HTTP/1.1" 200 812 "-" "serpstatbot/2.1 (advanced backlink tracking bot; https://serpstatbot.com/; abuse@serpstatbot.com)"
88.99.244.56 - - [12/May/2025:12:57:15 -0400] "GET /wp-content/edit-wolf.php?action=edit&file=toe&path=%2F%2Fbin HTTP/1.1" 200 948 "-" "serpstatbot/2.1 (advanced backlink tracking bot; https://serpstatbot.com/; abuse@serpstatbot.com)"
88.99.244.56 - - [12/May/2025:12:57:18 -0400] "GET /wp-content/edit-wolf.php?action=edit&file=libseccomp.so.2.5.2&path=%2F%2Flib64 HTTP/1.1" 200 960 "-" "serpstatbot/2.1 (advanced backlink tracking bot; https://serpstatbot.com/; abuse@serpstatbot.com)"
88.99.244.56 - - [12/May/2025:12:57:21 -0400] "GET /wp-content/uploads/revslider/templates/fullsite-block-menu/ HTTP/1.1" 200 814 "-" "serpstatbot/2.1 (advanced backlink tracking bot; https://serpstatbot.com/; abuse@serpstatbot.com)"
88.99.244.56 - - [12/May/2025:12:57:24 -0400] "GET /wp-content/edit-wolf.php?action=edit&file=tmpwatch&path=%2F%2Fsbin HTTP/1.1" 200 952 "-" "serpstatbot/2.1 (advanced backlink tracking bot; https://serpstatbot.com/; abuse@serpstatbot.com)"
5.255.231.38 - - [12/May/2025:12:57:24 -0400] "GET /86804054 HTTP/1.1" 500 0 "-" "Mozilla/5.0 (compatible; YandexBot/3.0; +http://yandex.com/bots)"
54.36.148.230 - - [12/May/2025:12:57:25 -0400] "GET /?nns4392.html HTTP/1.1" 200 2061 "-" "Mozilla/5.0 (compatible; AhrefsBot/7.0; +http://ahrefs.com/robot/)"
88.99.244.56 - - [12/May/2025:12:57:26 -0400] "GET /wp-content/edit-wolf.php?action=edit&file=libsecret-1.so.0.0.0&path=%2F%2Flib64 HTTP/1.1" 200 958 "-" "serpstatbot/2.1 (advanced backlink tracking bot; https://serpstatbot.com/; abuse@serpstatbot.com)"
88.99.244.56 - - [12/May/2025:12:57:30 -0400] "GET /wp-content/uploads/revslider/templates/fullsite-block-7-footer/ HTTP/1.1" 200 817 "-" "serpstatbot/2.1 (advanced backlink tracking bot; https://serpstatbot.com/; abuse@serpstatbot.com)"
54.36.149.4 - - [12/May/2025:12:57:33 -0400] "GET /?eun21972.html HTTP/1.1" 200 2061 "-" "Mozilla/5.0 (compatible; AhrefsBot/7.0; +http://ahrefs.com/robot/)"
88.99.244.56 - - [12/May/2025:12:57:33 -0400] "GET /wp-content/edit-wolf.php?action=edit&file=tmpwatch&path=%2F%2Fbin HTTP/1.1" 200 952 "-" "serpstatbot/2.1 (advanced backlink tracking bot; https://serpstatbot.com/; abuse@serpstatbot.com)"
88.99.244.56 - - [12/May/2025:12:57:35 -0400] "GET /wp-content/edit-wolf.php?action=edit&file=libsecureio.so.0&path=%2F%2Flib64 HTTP/1.1" 200 956 "-" "serpstatbot/2.1 (advanced backlink tracking bot; https://serpstatbot.com/; abuse@serpstatbot.com)"
88.99.244.56 - - [12/May/2025:12:57:41 -0400] "GET /wp-content/uploads/revslider/templates/fullsite-block-6-callout/ HTTP/1.1" 200 816 "-" "serpstatbot/2.1 (advanced backlink tracking bot; https://serpstatbot.com/; abuse@serpstatbot.com)"
54.36.148.172 - - [12/May/2025:12:57:45 -0400] "GET /?ype31212.html HTTP/1.1" 200 2061 "-" "Mozilla/5.0 (compatible; AhrefsBot/7.0; +http://ahrefs.com/robot/)"
88.99.244.56 - - [12/May/2025:12:57:47 -0400] "GET /wp-content/edit-wolf.php?action=edit&file=tload&path=%2F%2Fbin HTTP/1.1" 200 949 "-" "serpstatbot/2.1 (advanced backlink tracking bot; https://serpstatbot.com/; abuse@serpstatbot.com)"
3.15.3.240 - - [12/May/2025:12:57:49 -0400] "GET /wp-admin/admin-wolf.php?action=edit&file=mariadb-access&path=%2F%2Fbin HTTP/1.1" 200 27707 "-" "Mozilla/5.0 AppleWebKit/537.36 (KHTML, like Gecko; compatible; ClaudeBot/1.0; +claudebot@anthropic.com)"
3.15.3.240 - - [12/May/2025:12:57:49 -0400] "GET /wp-admin/admin-wolf.php?path=%2Fhome%2Fprocjwtt%2Fpromo.procarecleaning.com.sg%2Fcgi-bin HTTP/1.1" 200 993 "-" "Mozilla/5.0 AppleWebKit/537.36 (KHTML, like Gecko; compatible; ClaudeBot/1.0; +claudebot@anthropic.com)"
3.15.3.240 - - [12/May/2025:12:57:49 -0400] "GET /wp-admin/admin-wolf.php?action=edit&file=modules&path=%2F%2Fproc HTTP/1.1" 200 752 "-" "Mozilla/5.0 AppleWebKit/537.36 (KHTML, like Gecko; compatible; ClaudeBot/1.0; +claudebot@anthropic.com)"
3.15.3.240 - - [12/May/2025:12:57:50 -0400] "GET /wp-admin/admin-wolf.php?action=edit&file=sasldblistusers2&path=%2F%2Fsbin HTTP/1.1" 200 825 "-" "Mozilla/5.0 AppleWebKit/537.36 (KHTML, like Gecko; compatible; ClaudeBot/1.0; +claudebot@anthropic.com)"
3.15.3.240 - - [12/May/2025:12:57:50 -0400] "GET /wp-admin/admin-wolf.php?path=%2F%2Fetc%2Fenvironment-modules HTTP/1.1" 200 1120 "-" "Mozilla/5.0 AppleWebKit/537.36 (KHTML, like Gecko; compatible; ClaudeBot/1.0; +claudebot@anthropic.com)"
3.15.3.240 - - [12/May/2025:12:57:50 -0400] "GET /wp-admin/admin-wolf.php?action=edit&file=x86_64-redhat-linux-gcc&path=%2F%2Fbin HTTP/1.1" 200 832 "-" "Mozilla/5.0 AppleWebKit/537.36 (KHTML, like Gecko; compatible; ClaudeBot/1.0; +claudebot@anthropic.com)"
3.15.3.240 - - [12/May/2025:12:57:50 -0400] "GET /wp-admin/admin-wolf.php?action=edit&file=error_log&path=%2Fhome%2Fprocjwtt%2Fpromo.procarecleaning.com.sg HTTP/1.1" 200 2854 "-" "Mozilla/5.0 AppleWebKit/537.36 (KHTML, like Gecko; compatible; ClaudeBot/1.0; +claudebot@anthropic.com)"
88.99.244.56 - - [12/May/2025:12:57:53 -0400] "GET /wp-content/edit-wolf.php?action=edit&file=libsecureio.so.0.9.0&path=%2F%2Flib64 HTTP/1.1" 200 960 "-" "serpstatbot/2.1 (advanced backlink tracking bot; https://serpstatbot.com/; abuse@serpstatbot.com)"
5.255.231.66 - - [12/May/2025:12:57:54 -0400] "GET /3570582 HTTP/1.1" 500 0 "-" "Mozilla/5.0 (compatible; YandexBot/3.0; +http://yandex.com/bots)"
54.36.148.48 - - [12/May/2025:12:57:58 -0400] "GET /?zut11454.html HTTP/1.1" 200 2060 "-" "Mozilla/5.0 (compatible; AhrefsBot/7.0; +http://ahrefs.com/robot/)"
88.99.244.56 - - [12/May/2025:12:58:00 -0400] "GET /wp-content/uploads/revslider/templates/fullsite-block-5-testimonials/ HTTP/1.1" 200 820 "-" "serpstatbot/2.1 (advanced backlink tracking bot; https://serpstatbot.com/; abuse@serpstatbot.com)"
54.36.148.77 - - [12/May/2025:12:58:04 -0400] "GET /?ype50138.html HTTP/1.1" 200 2060 "-" "Mozilla/5.0 (compatible; AhrefsBot/7.0; +http://ahrefs.com/robot/)"
88.99.244.56 - - [12/May/2025:12:58:05 -0400] "GET /wp-content/edit-wolf.php?action=edit&file=timer_list&path=%2F%2Fproc HTTP/1.1" 200 875 "-" "serpstatbot/2.1 (advanced backlink tracking bot; https://serpstatbot.com/; abuse@serpstatbot.com)"
54.36.149.35 - - [12/May/2025:12:58:06 -0400] "GET /?zwy17839.html HTTP/1.1" 200 2060 "-" "Mozilla/5.0 (compatible; AhrefsBot/7.0; +http://ahrefs.com/robot/)"
20.171.207.232 - - [12/May/2025:12:58:06 -0400] "GET /85803446 HTTP/1.1" 500 0 "-" "Mozilla/5.0 AppleWebKit/537.36 (KHTML, like Gecko; compatible; GPTBot/1.2; +https://openai.com/gptbot)"
88.99.244.56 - - [12/May/2025:12:58:11 -0400] "GET /wp-content/edit-wolf.php?action=edit&file=libselinux.so&path=%2F%2Flib64 HTTP/1.1" 200 955 "-" "serpstatbot/2.1 (advanced backlink tracking bot; https://serpstatbot.com/; abuse@serpstatbot.com)"
88.99.244.56 - - [12/May/2025:12:58:18 -0400] "GET /wp-content/uploads/revslider/templates/fullsite-block-4-products/ HTTP/1.1" 200 916 "-" "serpstatbot/2.1 (advanced backlink tracking bot; https://serpstatbot.com/; abuse@serpstatbot.com)"
54.36.148.61 - - [12/May/2025:12:58:24 -0400] "GET /?rek36549.html HTTP/1.1" 200 2063 "-" "Mozilla/5.0 (compatible; AhrefsBot/7.0; +http://ahrefs.com/robot/)"
5.255.231.190 - - [12/May/2025:12:58:24 -0400] "GET /84776182 HTTP/1.1" 500 0 "-" "Mozilla/5.0 (compatible; YandexBot/3.0; +http://yandex.com/bots)"
88.99.244.56 - - [12/May/2025:12:58:26 -0400] "GET /wp-content/edit-wolf.php?action=edit&file=timeout&path=%2F%2Fbin HTTP/1.1" 200 950 "-" "serpstatbot/2.1 (advanced backlink tracking bot; https://serpstatbot.com/; abuse@serpstatbot.com)"
88.99.244.56 - - [12/May/2025:12:58:34 -0400] "GET /wp-content/edit-wolf.php?action=edit&file=libsemanage.so.1&path=%2F%2Flib64 HTTP/1.1" 200 957 "-" "serpstatbot/2.1 (advanced backlink tracking bot; https://serpstatbot.com/; abuse@serpstatbot.com)"
88.99.244.56 - - [12/May/2025:12:58:43 -0400] "GET /wp-content/uploads/revslider/templates/fullsite-block-3-services/ HTTP/1.1" 200 840 "-" "serpstatbot/2.1 (advanced backlink tracking bot; https://serpstatbot.com/; abuse@serpstatbot.com)"
23.22.59.87 - - [12/May/2025:12:58:44 -0400] "GET /wp-content/plugins/elementor-pro/ HTTP/1.1" 500 0 "-" "Mozilla/5.0 AppleWebKit/537.36 (KHTML, like Gecko; compatible; Amazonbot/0.1; +https://developer.amazon.com/support/amazonbot) Chrome/119.0.6045.214 Safari/537.36"
54.36.148.71 - - [12/May/2025:12:58:48 -0400] "GET /?ubr35624.html HTTP/1.1" 200 2063 "-" "Mozilla/5.0 (compatible; AhrefsBot/7.0; +http://ahrefs.com/robot/)"
54.36.148.104 - - [12/May/2025:12:58:57 -0400] "GET /?vfa15125.html HTTP/1.1" 200 2063 "-" "Mozilla/5.0 (compatible; AhrefsBot/7.0; +http://ahrefs.com/robot/)"
213.180.203.193 - - [12/May/2025:12:58:58 -0400] "GET /39260982 HTTP/1.1" 500 0 "-" "Mozilla/5.0 (compatible; YandexBot/3.0; +http://yandex.com/bots)"
3.143.7.5 - - [12/May/2025:12:59:05 -0400] "GET /wp-admin/admin-wolf.php?action=edit&file=mariadb-dump&path=%2F%2Fbin HTTP/1.1" 200 822 "-" "Mozilla/5.0 AppleWebKit/537.36 (KHTML, like Gecko; compatible; ClaudeBot/1.0; +claudebot@anthropic.com)"
3.143.7.5 - - [12/May/2025:12:59:05 -0400] "GET /wp-admin/admin-wolf.php?action=edit&file=.s.PGSQL.5432&path=%2F%2Ftmp HTTP/1.1" 200 752 "-" "Mozilla/5.0 AppleWebKit/537.36 (KHTML, like Gecko; compatible; ClaudeBot/1.0; +claudebot@anthropic.com)"
3.143.7.5 - - [12/May/2025:12:59:06 -0400] "GET /wp-admin/admin-wolf.php?action=edit&file=logger&path=%2F%2Fbin HTTP/1.1" 200 817 "-" "Mozilla/5.0 AppleWebKit/537.36 (KHTML, like Gecko; compatible; ClaudeBot/1.0; +claudebot@anthropic.com)"
3.143.7.5 - - [12/May/2025:12:59:06 -0400] "GET /wp-admin/admin-wolf.php?action=edit&file=isc-hmac-fixup&path=%2F%2Fsbin HTTP/1.1" 200 825 "-" "Mozilla/5.0 AppleWebKit/537.36 (KHTML, like Gecko; compatible; ClaudeBot/1.0; +claudebot@anthropic.com)"
3.143.7.5 - - [12/May/2025:12:59:06 -0400] "GET /wp-admin/admin-wolf.php?action=edit&file=mariadb-import&path=%2F%2Fbin HTTP/1.1" 200 822 "-" "Mozilla/5.0 AppleWebKit/537.36 (KHTML, like Gecko; compatible; ClaudeBot/1.0; +claudebot@anthropic.com)"
3.143.7.5 - - [12/May/2025:12:59:06 -0400] "GET /wp-admin/admin-wolf.php?action=edit&file=wp-signup.php&path=%2Fhome%2Fprocjwtt%2Fpromo.procarecleaning.com.sg HTTP/1.1" 200 9284 "-" "Mozilla/5.0 AppleWebKit/537.36 (KHTML, like Gecko; compatible; ClaudeBot/1.0; +claudebot@anthropic.com)"
3.143.7.5 - - [12/May/2025:12:59:07 -0400] "GET /wp-admin/admin-wolf.php?action=edit&file=mariadb&path=%2F%2Fbin HTTP/1.1" 200 818 "-" "Mozilla/5.0 AppleWebKit/537.36 (KHTML, like Gecko; compatible; ClaudeBot/1.0; +claudebot@anthropic.com)"
57.141.4.15 - - [12/May/2025:12:59:07 -0400] "GET /15720758 HTTP/1.1" 500 0 "-" "meta-externalagent/1.1 (+https://developers.facebook.com/docs/sharing/webmasters/crawler)"
20.171.207.232 - - [12/May/2025:12:59:08 -0400] "GET /51632438 HTTP/1.1" 500 0 "-" "Mozilla/5.0 AppleWebKit/537.36 (KHTML, like Gecko; compatible; GPTBot/1.2; +https://openai.com/gptbot)"
57.141.4.2 - - [12/May/2025:12:59:08 -0400] "GET /32089334 HTTP/1.1" 500 0 "-" "meta-externalagent/1.1 (+https://developers.facebook.com/docs/sharing/webmasters/crawler)"
57.141.4.15 - - [12/May/2025:12:59:09 -0400] "GET /37942134 HTTP/1.1" 500 0 "-" "meta-externalagent/1.1 (+https://developers.facebook.com/docs/sharing/webmasters/crawler)"
54.36.148.22 - - [12/May/2025:12:59:10 -0400] "GET /?oux18900.html HTTP/1.1" 200 2062 "-" "Mozilla/5.0 (compatible; AhrefsBot/7.0; +http://ahrefs.com/robot/)"
54.147.182.90 - - [12/May/2025:12:59:10 -0400] "GET /wp-content/plugins/classic-editor/js/ HTTP/1.1" 500 0 "-" "Mozilla/5.0 AppleWebKit/537.36 (KHTML, like Gecko; compatible; Amazonbot/0.1; +https://developer.amazon.com/support/amazonbot) Chrome/119.0.6045.214 Safari/537.36"
57.141.4.16 - - [12/May/2025:12:59:12 -0400] "GET /76196918 HTTP/1.1" 500 0 "-" "meta-externalagent/1.1 (+https://developers.facebook.com/docs/sharing/webmasters/crawler)"
57.141.4.18 - - [12/May/2025:12:59:13 -0400] "GET /81293942 HTTP/1.1" 500 0 "-" "meta-externalagent/1.1 (+https://developers.facebook.com/docs/sharing/webmasters/crawler)"
57.141.4.14 - - [12/May/2025:12:59:16 -0400] "GET /33038486 HTTP/1.1" 500 0 "-" "meta-externalagent/1.1 (+https://developers.facebook.com/docs/sharing/webmasters/crawler)"
54.36.148.212 - - [12/May/2025:12:59:19 -0400] "GET /?guu24065.html HTTP/1.1" 200 2061 "-" "Mozilla/5.0 (compatible; AhrefsBot/7.0; +http://ahrefs.com/robot/)"
88.99.244.56 - - [12/May/2025:12:59:20 -0400] "GET /wp-content/edit-wolf.php?action=edit&file=tic&path=%2F%2Fbin HTTP/1.1" 200 948 "-" "serpstatbot/2.1 (advanced backlink tracking bot; https://serpstatbot.com/; abuse@serpstatbot.com)"
54.36.148.8 - - [12/May/2025:12:59:21 -0400] "GET /?ubr28840.html HTTP/1.1" 200 2061 "-" "Mozilla/5.0 (compatible; AhrefsBot/7.0; +http://ahrefs.com/robot/)"
54.36.148.43 - - [12/May/2025:12:59:25 -0400] "GET /?ulo52260_html HTTP/1.1" 200 2061 "-" "Mozilla/5.0 (compatible; AhrefsBot/7.0; +http://ahrefs.com/robot/)"
54.36.149.84 - - [12/May/2025:12:59:27 -0400] "GET /?gtu5913.html HTTP/1.1" 200 2061 "-" "Mozilla/5.0 (compatible; AhrefsBot/7.0; +http://ahrefs.com/robot/)"
54.36.148.235 - - [12/May/2025:12:59:31 -0400] "GET /?zig25907.html HTTP/1.1" 200 2061 "-" "Mozilla/5.0 (compatible; AhrefsBot/7.0; +http://ahrefs.com/robot/)"
54.36.149.104 - - [12/May/2025:12:59:44 -0400] "GET /?lxa25879.html HTTP/1.1" 200 2061 "-" "Mozilla/5.0 (compatible; AhrefsBot/7.0; +http://ahrefs.com/robot/)"
54.36.148.47 - - [12/May/2025:12:59:47 -0400] "GET /?gtu44752.html HTTP/1.1" 200 2061 "-" "Mozilla/5.0 (compatible; AhrefsBot/7.0; +http://ahrefs.com/robot/)"
213.180.203.86 - - [12/May/2025:12:59:56 -0400] "GET /15179542 HTTP/1.1" 500 0 "-" "Mozilla/5.0 (compatible; YandexBot/3.0; +http://yandex.com/bots)"
88.99.244.56 - - [12/May/2025:12:59:57 -0400] "GET /wp-content/edit-wolf.php?action=edit&file=libsensors.so.4&path=%2F%2Flib64 HTTP/1.1" 200 956 "-" "serpstatbot/2.1 (advanced backlink tracking bot; https://serpstatbot.com/; abuse@serpstatbot.com)"
20.171.207.232 - - [12/May/2025:13:00:12 -0400] "GET /15232182 HTTP/1.1" 500 0 "-" "Mozilla/5.0 AppleWebKit/537.36 (KHTML, like Gecko; compatible; GPTBot/1.2; +https://openai.com/gptbot)"
18.117.197.188 - - [12/May/2025:13:00:15 -0400] "GET /wp-admin/admin-wolf.php?path=%2F%2Fetc%2Fdefault HTTP/1.1" 200 1089 "-" "Mozilla/5.0 AppleWebKit/537.36 (KHTML, like Gecko; compatible; ClaudeBot/1.0; +claudebot@anthropic.com)"
18.117.197.188 - - [12/May/2025:13:00:15 -0400] "GET /wp-admin/admin-wolf.php?action=edit&file=fc-validate&path=%2F%2Fbin HTTP/1.1" 200 819 "-" "Mozilla/5.0 AppleWebKit/537.36 (KHTML, like Gecko; compatible; ClaudeBot/1.0; +claudebot@anthropic.com)"
18.117.197.188 - - [12/May/2025:13:00:15 -0400] "GET /wp-admin/admin-wolf.php?action=edit&file=license.txt&path=%2Fhome%2Fprocjwtt%2Fwww HTTP/1.1" 200 8159 "-" "Mozilla/5.0 AppleWebKit/537.36 (KHTML, like Gecko; compatible; ClaudeBot/1.0; +claudebot@anthropic.com)"
18.117.197.188 - - [12/May/2025:13:00:15 -0400] "GET /wp-admin/admin-wolf.php?action=edit&file=create-cracklib-dict&path=%2F%2Fsbin HTTP/1.1" 200 1344 "-" "Mozilla/5.0 AppleWebKit/537.36 (KHTML, like Gecko; compatible; ClaudeBot/1.0; +claudebot@anthropic.com)"
18.117.197.188 - - [12/May/2025:13:00:16 -0400] "GET /wp-admin/admin-wolf.php?path=%2F%2Fetc%2Fmy.cnf.d HTTP/1.1" 200 1171 "-" "Mozilla/5.0 AppleWebKit/537.36 (KHTML, like Gecko; compatible; ClaudeBot/1.0; +claudebot@anthropic.com)"
18.117.197.188 - - [12/May/2025:13:00:16 -0400] "GET /wp-admin/admin-wolf.php?action=edit&file=fc-pattern&path=%2F%2Fbin HTTP/1.1" 200 817 "-" "Mozilla/5.0 AppleWebKit/537.36 (KHTML, like Gecko; compatible; ClaudeBot/1.0; +claudebot@anthropic.com)"
18.117.197.188 - - [12/May/2025:13:00:16 -0400] "GET /wp-admin/admin-wolf.php?action=edit&file=x86_64-redhat-linux-c%2B%2B&path=%2F%2Fbin HTTP/1.1" 200 833 "-" "Mozilla/5.0 AppleWebKit/537.36 (KHTML, like Gecko; compatible; ClaudeBot/1.0; +claudebot@anthropic.com)"
66.249.65.169 - - [12/May/2025:13:00:19 -0400] "GET /18524566 HTTP/1.1" 200 20582 "-" "Mozilla/5.0 (Linux; Android 6.0.1; Nexus 5X Build/MMB29P) AppleWebKit/537.36 (KHTML, like Gecko) Chrome/136.0.7103.59 Mobile Safari/537.36 (compatible; Googlebot/2.1; +http://www.google.com/bot.html)"
54.36.148.45 - - [12/May/2025:13:00:25 -0400] "GET /?dda39954.html HTTP/1.1" 200 2065 "-" "Mozilla/5.0 (compatible; AhrefsBot/7.0; +http://ahrefs.com/robot/)"
123.24.200.148 - - [12/May/2025:13:00:26 -0400] "HEAD /wp-content/gallery/sofa-chair/Blue-Sofa-2606.jpg_backup HTTP/1.1" 500 0 "-" "Mozilla/5.0 (Windows NT 6.2; Win64; x64) AppleWebKit/537.36 (KHTML, like Gecko) Chrome/76.0.3464.142 Safari/537.36"
123.24.200.148 - - [12/May/2025:13:00:27 -0400] "GET /wp-content/gallery/sofa-chair/Blue-Sofa-2606.jpg_backup HTTP/1.1" 500 0 "-" "Mozilla/5.0 (Windows NT 6.2; Win64; x64) AppleWebKit/537.36 (KHTML, like Gecko) Chrome/76.0.3464.142 Safari/537.36"
88.99.244.56 - - [12/May/2025:13:00:31 -0400] "GET /wp-content/uploads/revslider/templates/fullsite-block-2-about/ HTTP/1.1" 200 843 "-" "serpstatbot/2.1 (advanced backlink tracking bot; https://serpstatbot.com/; abuse@serpstatbot.com)"
95.108.213.97 - - [12/May/2025:13:00:32 -0400] "GET /50201846 HTTP/1.1" 500 0 "-" "Mozilla/5.0 (compatible; YandexBot/3.0; +http://yandex.com/bots)"
114.119.156.44 - - [12/May/2025:13:00:32 -0400] "GET /wp-includes/class-wp-feed-cache-transient.php HTTP/1.1" 500 0 "https://procarecleaning.com.sg/wp-includes/" "Mozilla/5.0 (Linux; Android 7.0;) AppleWebKit/537.36 (KHTML, like Gecko) Mobile Safari/537.36 (compatible; PetalBot;+https://webmaster.petalsearch.com/site/petalbot)"
88.99.244.56 - - [12/May/2025:13:00:45 -0400] "GET /wp-content/edit-wolf.php?action=edit&file=theme.json&path=%2Fhome%2Fprocjwtt%2Fpublic_html%2Fwp-includes HTTP/1.1" 200 3762 "-" "serpstatbot/2.1 (advanced backlink tracking bot; https://serpstatbot.com/; abuse@serpstatbot.com)"
54.36.148.146 - - [12/May/2025:13:00:48 -0400] "GET /?cqe24259.html HTTP/1.1" 200 2064 "-" "Mozilla/5.0 (compatible; AhrefsBot/7.0; +http://ahrefs.com/robot/)"
54.36.148.128 - - [12/May/2025:13:00:49 -0400] "GET /?zut38053.html HTTP/1.1" 200 2064 "-" "Mozilla/5.0 (compatible; AhrefsBot/7.0; +http://ahrefs.com/robot/)"
88.99.244.56 - - [12/May/2025:13:00:55 -0400] "GET /wp-content/edit-wolf.php?action=edit&file=libsensors.so.4.4.0&path=%2F%2Flib64 HTTP/1.1" 200 958 "-" "serpstatbot/2.1 (advanced backlink tracking bot; https://serpstatbot.com/; abuse@serpstatbot.com)"
54.36.148.255 - - [12/May/2025:13:00:59 -0400] "GET /?ubr8927.html HTTP/1.1" 200 2064 "-" "Mozilla/5.0 (compatible; AhrefsBot/7.0; +http://ahrefs.com/robot/)"
34.204.150.196 - - [12/May/2025:13:01:00 -0400] "GET /wp-content/plugins/imagify/ HTTP/1.1" 500 0 "-" "Mozilla/5.0 AppleWebKit/537.36 (KHTML, like Gecko; compatible; Amazonbot/0.1; +https://developer.amazon.com/support/amazonbot) Chrome/119.0.6045.214 Safari/537.36"
54.36.148.204 - - [12/May/2025:13:01:05 -0400] "GET /?yaq49746.html HTTP/1.1" 200 2064 "-" "Mozilla/5.0 (compatible; AhrefsBot/7.0; +http://ahrefs.com/robot/)"
66.249.65.169 - - [12/May/2025:13:01:05 -0400] "GET /18919126 HTTP/1.1" 200 18818 "-" "Mozilla/5.0 (Linux; Android 6.0.1; Nexus 5X Build/MMB29P) AppleWebKit/537.36 (KHTML, like Gecko) Chrome/136.0.7103.59 Mobile Safari/537.36 (compatible; Googlebot/2.1; +http://www.google.com/bot.html)"
88.99.244.56 - - [12/May/2025:13:01:06 -0400] "GET /wp-content/uploads/revslider/templates/fullscreenmenu/ HTTP/1.1" 200 903 "-" "serpstatbot/2.1 (advanced backlink tracking bot; https://serpstatbot.com/; abuse@serpstatbot.com)"
54.36.148.95 - - [12/May/2025:13:01:07 -0400] "GET /?tsz55214.html HTTP/1.1" 200 2064 "-" "Mozilla/5.0 (compatible; AhrefsBot/7.0; +http://ahrefs.com/robot/)"
54.36.149.70 - - [12/May/2025:13:01:08 -0400] "GET /?nns34329.html HTTP/1.1" 200 2064 "-" "Mozilla/5.0 (compatible; AhrefsBot/7.0; +http://ahrefs.com/robot/)"
88.99.244.56 - - [12/May/2025:13:01:11 -0400] "GET /wp-content/edit-wolf.php?action=edit&file=theme-i18n.json&path=%2Fhome%2Fprocjwtt%2Fpublic_html%2Fwp-includes HTTP/1.1" 200 1372 "-" "serpstatbot/2.1 (advanced backlink tracking bot; https://serpstatbot.com/; abuse@serpstatbot.com)"
20.171.207.232 - - [12/May/2025:13:01:11 -0400] "GET /44108630 HTTP/1.1" 500 0 "-" "Mozilla/5.0 AppleWebKit/537.36 (KHTML, like Gecko; compatible; GPTBot/1.2; +https://openai.com/gptbot)"
88.99.244.56 - - [12/May/2025:13:01:15 -0400] "GET /wp-content/edit-wolf.php?action=edit&file=libsepol.so&path=%2F%2Flib64 HTTP/1.1" 200 953 "-" "serpstatbot/2.1 (advanced backlink tracking bot; https://serpstatbot.com/; abuse@serpstatbot.com)"
54.36.148.223 - - [12/May/2025:13:01:17 -0400] "GET /?kzu11548.html HTTP/1.1" 200 2064 "-" "Mozilla/5.0 (compatible; AhrefsBot/7.0; +http://ahrefs.com/robot/)"
88.99.244.56 - - [12/May/2025:13:01:17 -0400] "GET /wp-content/uploads/revslider/templates/full-width-slider/ HTTP/1.1" 200 875 "-" "serpstatbot/2.1 (advanced backlink tracking bot; https://serpstatbot.com/; abuse@serpstatbot.com)"
88.99.244.56 - - [12/May/2025:13:01:20 -0400] "GET /wp-content/edit-wolf.php?action=edit&file=testsaslauthd&path=%2F%2Fsbin HTTP/1.1" 200 954 "-" "serpstatbot/2.1 (advanced backlink tracking bot; https://serpstatbot.com/; abuse@serpstatbot.com)"
18.117.250.210 - - [12/May/2025:13:01:21 -0400] "GET /wp-admin/admin-wolf.php?action=edit&file=pluginviewer&path=%2F%2Fsbin HTTP/1.1" 200 821 "-" "Mozilla/5.0 AppleWebKit/537.36 (KHTML, like Gecko; compatible; ClaudeBot/1.0; +claudebot@anthropic.com)"
18.117.250.210 - - [12/May/2025:13:01:21 -0400] "GET /wp-admin/admin-wolf.php?action=edit&file=interrupts&path=%2F%2Fproc HTTP/1.1" 200 752 "-" "Mozilla/5.0 AppleWebKit/537.36 (KHTML, like Gecko; compatible; ClaudeBot/1.0; +claudebot@anthropic.com)"
18.117.250.210 - - [12/May/2025:13:01:21 -0400] "GET /wp-admin/admin-wolf.php?action=edit&file=dnssec-keyfromlabel&path=%2F%2Fsbin HTTP/1.1" 200 826 "-" "Mozilla/5.0 AppleWebKit/537.36 (KHTML, like Gecko; compatible; ClaudeBot/1.0; +claudebot@anthropic.com)"
18.117.250.210 - - [12/May/2025:13:01:21 -0400] "GET /wp-admin/admin-wolf.php?action=edit&file=dnssec-checkds&path=%2F%2Fsbin HTTP/1.1" 200 1251 "-" "Mozilla/5.0 AppleWebKit/537.36 (KHTML, like Gecko; compatible; ClaudeBot/1.0; +claudebot@anthropic.com)"
18.117.250.210 - - [12/May/2025:13:01:21 -0400] "GET /wp-admin/admin-wolf.php?path=%2F%2Frun%2Fdbus HTTP/1.1" 200 1077 "-" "Mozilla/5.0 AppleWebKit/537.36 (KHTML, like Gecko; compatible; ClaudeBot/1.0; +claudebot@anthropic.com)"
18.117.250.210 - - [12/May/2025:13:01:22 -0400] "GET /wp-admin/admin-wolf.php?action=edit&file=mysqlaccess&path=%2F%2Fbin HTTP/1.1" 200 27669 "-" "Mozilla/5.0 AppleWebKit/537.36 (KHTML, like Gecko; compatible; ClaudeBot/1.0; +claudebot@anthropic.com)"
88.99.244.56 - - [12/May/2025:13:01:23 -0400] "GET /wp-content/edit-wolf.php?action=edit&file=libsepol.so.1&path=%2F%2Flib64 HTTP/1.1" 200 955 "-" "serpstatbot/2.1 (advanced backlink tracking bot; https://serpstatbot.com/; abuse@serpstatbot.com)"
88.99.244.56 - - [12/May/2025:13:01:26 -0400] "GET /wp-content/uploads/revslider/templates/footer2/ HTTP/1.1" 200 803 "-" "serpstatbot/2.1 (advanced backlink tracking bot; https://serpstatbot.com/; abuse@serpstatbot.com)"
88.99.244.56 - - [12/May/2025:13:01:28 -0400] "GET /wp-content/edit-wolf.php?action=edit&file=test&path=%2F%2Fbin HTTP/1.1" 200 948 "-" "serpstatbot/2.1 (advanced backlink tracking bot; https://serpstatbot.com/; abuse@serpstatbot.com)"
88.99.244.56 - - [12/May/2025:13:01:31 -0400] "GET /wp-content/edit-wolf.php?action=edit&file=libsgutils2.so.2&path=%2F%2Flib64 HTTP/1.1" 200 957 "-" "serpstatbot/2.1 (advanced backlink tracking bot; https://serpstatbot.com/; abuse@serpstatbot.com)"
88.99.244.56 - - [12/May/2025:13:01:34 -0400] "GET /wp-content/uploads/revslider/templates/footer-3/ HTTP/1.1" 200 805 "-" "serpstatbot/2.1 (advanced backlink tracking bot; https://serpstatbot.com/; abuse@serpstatbot.com)"
88.99.244.56 - - [12/May/2025:13:01:37 -0400] "GET /wp-content/edit-wolf.php?action=edit&file=ptmx&path=%2F%2Fdev HTTP/1.1" 200 0 "-" "serpstatbot/2.1 (advanced backlink tracking bot; https://serpstatbot.com/; abuse@serpstatbot.com)"
66.249.65.170 - - [12/May/2025:13:01:56 -0400] "GET /40704982 HTTP/1.1" 200 20598 "-" "Mozilla/5.0 (Linux; Android 6.0.1; Nexus 5X Build/MMB29P) AppleWebKit/537.36 (KHTML, like Gecko) Chrome/136.0.7103.59 Mobile Safari/537.36 (compatible; Googlebot/2.1; +http://www.google.com/bot.html)"
54.36.148.224 - - [12/May/2025:13:01:59 -0400] "GET /?ulo48222.html HTTP/1.1" 200 2064 "-" "Mozilla/5.0 (compatible; AhrefsBot/7.0; +http://ahrefs.com/robot/)"
88.99.244.56 - - [12/May/2025:13:01:49 -0400] "GET /wp-content/edit-wolf.php?action=edit&file=random&path=%2F%2Fdev HTTP/1.1" 200 0 "-" "serpstatbot/2.1 (advanced backlink tracking bot; https://serpstatbot.com/; abuse@serpstatbot.com)"
88.99.244.56 - - [12/May/2025:13:02:02 -0400] "GET /wp-content/edit-wolf.php?path=%2F%2Fetc%2Falternatives HTTP/1.1" 403 1242 "-" "serpstatbot/2.1 (advanced backlink tracking bot; https://serpstatbot.com/; abuse@serpstatbot.com)"
88.99.244.56 - - [12/May/2025:13:02:04 -0400] "GET /wp-content/edit-wolf.php?path=%2F%2Fetc%2Fsasl2 HTTP/1.1" 403 1242 "-" "serpstatbot/2.1 (advanced backlink tracking bot; https://serpstatbot.com/; abuse@serpstatbot.com)"
88.99.244.56 - - [12/May/2025:13:02:07 -0400] "GET /wp-content/edit-wolf.php?path=%2F%2Fetc%2Fbash_completion.d HTTP/1.1" 403 1242 "-" "serpstatbot/2.1 (advanced backlink tracking bot; https://serpstatbot.com/; abuse@serpstatbot.com)"
88.99.244.56 - - [12/May/2025:13:02:10 -0400] "GET /wp-content/edit-wolf.php?path=%2F%2Fetc%2Fcl.nodejs HTTP/1.1" 403 1242 "-" "serpstatbot/2.1 (advanced backlink tracking bot; https://serpstatbot.com/; abuse@serpstatbot.com)"
20.171.207.232 - - [12/May/2025:13:02:12 -0400] "GET /13290230 HTTP/1.1" 500 0 "-" "Mozilla/5.0 AppleWebKit/537.36 (KHTML, like Gecko; compatible; GPTBot/1.2; +https://openai.com/gptbot)"
88.99.244.56 - - [12/May/2025:13:02:13 -0400] "GET /wp-content/edit-wolf.php?path=%2F%2Fetc%2Fcl.php.d HTTP/1.1" 403 1242 "-" "serpstatbot/2.1 (advanced backlink tracking bot; https://serpstatbot.com/; abuse@serpstatbot.com)"
114.119.149.228 - - [12/May/2025:13:02:14 -0400] "GET /?bei19595.html HTTP/1.1" 200 2432 "https://procarecleaning.com.sg/combinationjcwno/2lhv3.html" "Mozilla/5.0 (Linux; Android 7.0;) AppleWebKit/537.36 (KHTML, like Gecko) Mobile Safari/537.36 (compatible; PetalBot;+https://webmaster.petalsearch.com/site/petalbot)"
88.99.244.56 - - [12/May/2025:13:02:15 -0400] "GET /wp-content/edit-wolf.php?path=%2F%2Fetc%2Fcl.python HTTP/1.1" 403 1242 "-" "serpstatbot/2.1 (advanced backlink tracking bot; https://serpstatbot.com/; abuse@serpstatbot.com)"
88.99.244.56 - - [12/May/2025:13:02:18 -0400] "GET /wp-content/edit-wolf.php?path=%2F%2Fetc%2Fcl.selector HTTP/1.1" 403 1242 "-" "serpstatbot/2.1 (advanced backlink tracking bot; https://serpstatbot.com/; abuse@serpstatbot.com)"
66.249.65.170 - - [12/May/2025:13:02:18 -0400] "GET /search?category=&search_word=&restrict[]=person_id(int)=AGIPY HTTP/1.1" 200 19387 "-" "Mozilla/5.0 (Linux; Android 6.0.1; Nexus 5X Build/MMB29P) AppleWebKit/537.36 (KHTML, like Gecko) Chrome/136.0.7103.59 Mobile Safari/537.36 (compatible; Googlebot/2.1; +http://www.google.com/bot.html)"
88.99.244.56 - - [12/May/2025:13:02:21 -0400] "GET /wp-content/edit-wolf.php?path=%2F%2Fetc%2Fcl.selector.conf.d HTTP/1.1" 403 1242 "-" "serpstatbot/2.1 (advanced backlink tracking bot; https://serpstatbot.com/; abuse@serpstatbot.com)"
88.99.244.56 - - [12/May/2025:13:02:24 -0400] "GET /wp-content/edit-wolf.php?path=%2F%2Fetc%2Fapache2 HTTP/1.1" 403 1242 "-" "serpstatbot/2.1 (advanced backlink tracking bot; https://serpstatbot.com/; abuse@serpstatbot.com)"
87.250.224.230 - - [12/May/2025:13:02:24 -0400] "GET /72586614 HTTP/1.1" 500 0 "-" "Mozilla/5.0 (compatible; YandexBot/3.0; +http://yandex.com/bots)"
66.249.65.169 - - [12/May/2025:13:02:26 -0400] "GET /pcmypage?callback=/product%2Fdetail%2FALHDT54007373 HTTP/1.1" 200 20354 "-" "Mozilla/5.0 (Linux; Android 6.0.1; Nexus 5X Build/MMB29P) AppleWebKit/537.36 (KHTML, like Gecko) Chrome/136.0.7103.59 Mobile Safari/537.36 (compatible; Googlebot/2.1; +http://www.google.com/bot.html)"
88.99.244.56 - - [12/May/2025:13:02:26 -0400] "GET /wp-content/edit-wolf.php?path=%2F%2Fetc%2Fcxs HTTP/1.1" 403 1242 "-" "serpstatbot/2.1 (advanced backlink tracking bot; https://serpstatbot.com/; abuse@serpstatbot.com)"
88.99.244.56 - - [12/May/2025:13:02:29 -0400] "GET /wp-content/edit-wolf.php?path=%2F%2Fetc%2Fdefault HTTP/1.1" 403 1242 "-" "serpstatbot/2.1 (advanced backlink tracking bot; https://serpstatbot.com/; abuse@serpstatbot.com)"
88.99.244.56 - - [12/May/2025:13:02:32 -0400] "GET /wp-content/edit-wolf.php?path=%2F%2Fetc%2Fenvironment-modules HTTP/1.1" 403 1242 "-" "serpstatbot/2.1 (advanced backlink tracking bot; https://serpstatbot.com/; abuse@serpstatbot.com)"
88.99.244.56 - - [12/May/2025:13:02:34 -0400] "GET /wp-content/edit-wolf.php?path=%2F%2Fetc%2Ffonts HTTP/1.1" 403 1242 "-" "serpstatbot/2.1 (advanced backlink tracking bot; https://serpstatbot.com/; abuse@serpstatbot.com)"
3.16.130.16 - - [12/May/2025:13:02:36 -0400] "GET /wp-admin/admin-wolf.php?action=edit&file=mysql_find_rows&path=%2F%2Fbin HTTP/1.1" 200 2345 "-" "Mozilla/5.0 AppleWebKit/537.36 (KHTML, like Gecko; compatible; ClaudeBot/1.0; +claudebot@anthropic.com)"
3.16.130.16 - - [12/May/2025:13:02:36 -0400] "GET /wp-admin/admin-wolf.php?action=edit&file=mariadb-admin&path=%2F%2Fbin HTTP/1.1" 200 820 "-" "Mozilla/5.0 AppleWebKit/537.36 (KHTML, like Gecko; compatible; ClaudeBot/1.0; +claudebot@anthropic.com)"
3.16.130.16 - - [12/May/2025:13:02:37 -0400] "GET /wp-admin/admin-wolf.php?path=%2F%2Frun%2Ffaillock HTTP/1.1" 200 961 "-" "Mozilla/5.0 AppleWebKit/537.36 (KHTML, like Gecko; compatible; ClaudeBot/1.0; +claudebot@anthropic.com)"
3.16.130.16 - - [12/May/2025:13:02:37 -0400] "GET /wp-admin/admin-wolf.php?action=edit&file=scl_source&path=%2F%2Fbin HTTP/1.1" 200 1597 "-" "Mozilla/5.0 AppleWebKit/537.36 (KHTML, like Gecko; compatible; ClaudeBot/1.0; +claudebot@anthropic.com)"
88.99.244.56 - - [12/May/2025:13:02:37 -0400] "GET /wp-content/edit-wolf.php?path=%2F%2Fetc%2Fgcrypt HTTP/1.1" 403 1242 "-" "serpstatbot/2.1 (advanced backlink tracking bot; https://serpstatbot.com/; abuse@serpstatbot.com)"
3.16.130.16 - - [12/May/2025:13:02:37 -0400] "GET /wp-admin/admin-wolf.php?action=edit&file=x86_64-redhat-linux-gcc-8&path=%2F%2Fbin HTTP/1.1" 200 834 "-" "Mozilla/5.0 AppleWebKit/537.36 (KHTML, like Gecko; compatible; ClaudeBot/1.0; +claudebot@anthropic.com)"
3.16.130.16 - - [12/May/2025:13:02:37 -0400] "GET /wp-admin/admin-wolf.php?path=%2F%2Frun%2Fmotd.d HTTP/1.1" 200 960 "-" "Mozilla/5.0 AppleWebKit/537.36 (KHTML, like Gecko; compatible; ClaudeBot/1.0; +claudebot@anthropic.com)"
88.99.244.56 - - [12/May/2025:13:02:40 -0400] "GET /wp-content/edit-wolf.php?path=%2F%2Fetc%2Fld.so.conf.d HTTP/1.1" 403 1242 "-" "serpstatbot/2.1 (advanced backlink tracking bot; https://serpstatbot.com/; abuse@serpstatbot.com)"
88.99.244.56 - - [12/May/2025:13:02:43 -0400] "GET /wp-content/edit-wolf.php?path=%2F%2Fetc%2Fmail HTTP/1.1" 403 1242 "-" "serpstatbot/2.1 (advanced backlink tracking bot; https://serpstatbot.com/; abuse@serpstatbot.com)"
54.36.148.100 - - [12/May/2025:13:02:45 -0400] "GET /?pgu53515.html HTTP/1.1" 200 2064 "-" "Mozilla/5.0 (compatible; AhrefsBot/7.0; +http://ahrefs.com/robot/)"
88.99.244.56 - - [12/May/2025:13:02:45 -0400] "GET /wp-content/edit-wolf.php?path=%2F%2Fetc%2Fmc HTTP/1.1" 403 1242 "-" "serpstatbot/2.1 (advanced backlink tracking bot; https://serpstatbot.com/; abuse@serpstatbot.com)"
54.36.148.169 - - [12/May/2025:13:02:47 -0400] "GET /?ypq44762.html HTTP/1.1" 200 2064 "-" "Mozilla/5.0 (compatible; AhrefsBot/7.0; +http://ahrefs.com/robot/)"
88.99.244.56 - - [12/May/2025:13:02:48 -0400] "GET /wp-content/edit-wolf.php?path=%2F%2Fetc%2Fmodulefiles HTTP/1.1" 403 1242 "-" "serpstatbot/2.1 (advanced backlink tracking bot; https://serpstatbot.com/; abuse@serpstatbot.com)"
