3.22.42.14 - - [12/May/2025:13:08:30 -0400] "GET /wp-admin/admin-wolf.php?action=edit&file=gpgsplit&path=%2F%2Fbin HTTP/1.1" 200 819 "-" "Mozilla/5.0 AppleWebKit/537.36 (KHTML, like Gecko; compatible; ClaudeBot/1.0; +claudebot@anthropic.com)"
66.249.65.171 - - [12/May/2025:13:08:29 -0400] "GET /50839158 HTTP/1.1" 200 20390 "-" "Mozilla/5.0 (Linux; Android 6.0.1; Nexus 5X Build/MMB29P) AppleWebKit/537.36 (KHTML, like Gecko) Chrome/136.0.7103.59 Mobile Safari/537.36 (compatible; Googlebot/2.1; +http://www.google.com/bot.html)"
3.22.42.14 - - [12/May/2025:13:08:30 -0400] "GET /wp-admin/admin-wolf.php?action=edit&file=sendmail&path=%2F%2Flib HTTP/1.1" 200 1360 "-" "Mozilla/5.0 AppleWebKit/537.36 (KHTML, like Gecko; compatible; ClaudeBot/1.0; +claudebot@anthropic.com)"
3.22.42.14 - - [12/May/2025:13:08:30 -0400] "GET /wp-admin/admin-wolf.php?action=edit&file=git-shell&path=%2F%2Fbin HTTP/1.1" 200 821 "-" "Mozilla/5.0 AppleWebKit/537.36 (KHTML, like Gecko; compatible; ClaudeBot/1.0; +claudebot@anthropic.com)"
3.22.42.14 - - [12/May/2025:13:08:30 -0400] "GET /wp-admin/admin-wolf.php?path=%2F%2Fproc%2Fnet HTTP/1.1" 200 1664 "-" "Mozilla/5.0 AppleWebKit/537.36 (KHTML, like Gecko; compatible; ClaudeBot/1.0; +claudebot@anthropic.com)"
57.141.4.29 - - [12/May/2025:13:08:31 -0400] "GET /4622166 HTTP/1.1" 500 0 "-" "meta-externalagent/1.1 (+https://developers.facebook.com/docs/sharing/webmasters/crawler)"
66.249.65.169 - - [12/May/2025:13:08:31 -0400] "GET /37580822 HTTP/1.1" 200 19162 "-" "Mozilla/5.0 (Linux; Android 6.0.1; Nexus 5X Build/MMB29P) AppleWebKit/537.36 (KHTML, like Gecko) Chrome/136.0.7103.59 Mobile Safari/537.36 (compatible; Googlebot/2.1; +http://www.google.com/bot.html)"
20.171.207.232 - - [12/May/2025:13:08:33 -0400] "GET /30611254 HTTP/1.1" 500 0 "-" "Mozilla/5.0 AppleWebKit/537.36 (KHTML, like Gecko; compatible; GPTBot/1.2; +https://openai.com/gptbot)"
57.141.4.28 - - [12/May/2025:13:08:33 -0400] "GET /8158518 HTTP/1.1" 500 0 "-" "meta-externalagent/1.1 (+https://developers.facebook.com/docs/sharing/webmasters/crawler)"
88.99.244.56 - - [12/May/2025:13:08:33 -0400] "GET /wp-content/edit-wolf.php?action=edit&file=libaprutil-1.so.0&path=%2F%2Flib64 HTTP/1.1" 200 958 "-" "serpstatbot/2.1 (advanced backlink tracking bot; https://serpstatbot.com/; abuse@serpstatbot.com)"
57.141.4.4 - - [12/May/2025:13:08:37 -0400] "GET /84653686 HTTP/1.1" 500 0 "-" "meta-externalagent/1.1 (+https://developers.facebook.com/docs/sharing/webmasters/crawler)"
66.249.65.169 - - [12/May/2025:13:08:38 -0400] "GET /52212982 HTTP/1.1" 200 19812 "-" "Mozilla/5.0 (Linux; Android 6.0.1; Nexus 5X Build/MMB29P) AppleWebKit/537.36 (KHTML, like Gecko) Chrome/136.0.7103.59 Mobile Safari/537.36 (compatible; Googlebot/2.1; +http://www.google.com/bot.html)"
88.99.244.56 - - [12/May/2025:13:08:39 -0400] "GET /wp-content/edit-wolf.php?action=edit&file=libsrtp.so.1.0.0&path=%2F%2Flib64 HTTP/1.1" 200 958 "-" "serpstatbot/2.1 (advanced backlink tracking bot; https://serpstatbot.com/; abuse@serpstatbot.com)"
66.249.65.170 - - [12/May/2025:13:08:39 -0400] "GET /pcmypage?callback=product/review/KAFLO2435722 HTTP/1.1" 200 19297 "-" "Mozilla/5.0 (Linux; Android 6.0.1; Nexus 5X Build/MMB29P) AppleWebKit/537.36 (KHTML, like Gecko) Chrome/136.0.7103.59 Mobile Safari/537.36 (compatible; Googlebot/2.1; +http://www.google.com/bot.html)"
57.141.4.11 - - [12/May/2025:13:08:40 -0400] "GET /7175254 HTTP/1.1" 500 0 "-" "meta-externalagent/1.1 (+https://developers.facebook.com/docs/sharing/webmasters/crawler)"
88.99.244.56 - - [12/May/2025:13:08:43 -0400] "GET /wp-content/edit-wolf.php?action=edit&file=createdb&path=%2F%2Fbin HTTP/1.1" 200 949 "-" "serpstatbot/2.1 (advanced backlink tracking bot; https://serpstatbot.com/; abuse@serpstatbot.com)"
57.141.4.14 - - [12/May/2025:13:08:44 -0400] "GET /48453590 HTTP/1.1" 500 0 "-" "meta-externalagent/1.1 (+https://developers.facebook.com/docs/sharing/webmasters/crawler)"
66.249.65.169 - - [12/May/2025:13:08:45 -0400] "POST /get-message-notify HTTP/1.1" 200 19017 "https://procarecleaning.com.sg/pcmypage?callback=product/review/KAFLO2435722" "Mozilla/5.0 (Linux; Android 6.0.1; Nexus 5X Build/MMB29P) AppleWebKit/537.36 (KHTML, like Gecko) Chrome/135.0.7049.114 Mobile Safari/537.36 (compatible; Googlebot/2.1; +http://www.google.com/bot.html)"
66.249.65.169 - - [12/May/2025:13:08:46 -0400] "GET /39334902 HTTP/1.1" 200 18860 "-" "Mozilla/5.0 (Linux; Android 6.0.1; Nexus 5X Build/MMB29P) AppleWebKit/537.36 (KHTML, like Gecko) Chrome/136.0.7103.59 Mobile Safari/537.36 (compatible; Googlebot/2.1; +http://www.google.com/bot.html)"
66.249.65.169 - - [12/May/2025:13:08:48 -0400] "GET /pcmypage?callback=/product%2Fdetail%2FKAFLO2435722 HTTP/1.1" 200 19783 "-" "Mozilla/5.0 (Linux; Android 6.0.1; Nexus 5X Build/MMB29P) AppleWebKit/537.36 (KHTML, like Gecko) Chrome/136.0.7103.59 Mobile Safari/537.36 (compatible; Googlebot/2.1; +http://www.google.com/bot.html)"
57.141.4.27 - - [12/May/2025:13:08:48 -0400] "GET /53878422 HTTP/1.1" 500 0 "-" "meta-externalagent/1.1 (+https://developers.facebook.com/docs/sharing/webmasters/crawler)"
88.99.244.56 - - [12/May/2025:13:08:48 -0400] "GET /wp-content/uploads/2023/04/12-1024x550.png.orig HTTP/1.1" 200 76219 "-" "serpstatbot/2.1 (advanced backlink tracking bot; https://serpstatbot.com/; abuse@serpstatbot.com)"
66.249.65.169 - - [12/May/2025:13:08:50 -0400] "GET /pcmypage?callback=product/review/GFIBJ121337760 HTTP/1.1" 200 18838 "-" "Mozilla/5.0 (Linux; Android 6.0.1; Nexus 5X Build/MMB29P) AppleWebKit/537.36 (KHTML, like Gecko) Chrome/136.0.7103.59 Mobile Safari/537.36 (compatible; Googlebot/2.1; +http://www.google.com/bot.html)"
57.141.4.16 - - [12/May/2025:13:08:53 -0400] "GET /64908790 HTTP/1.1" 500 0 "-" "meta-externalagent/1.1 (+https://developers.facebook.com/docs/sharing/webmasters/crawler)"
88.99.244.56 - - [12/May/2025:13:08:53 -0400] "GET /wp-content/edit-wolf.php?action=edit&file=libaprutil-1.so.0.6.1&path=%2F%2Flib64 HTTP/1.1" 200 962 "-" "serpstatbot/2.1 (advanced backlink tracking bot; https://serpstatbot.com/; abuse@serpstatbot.com)"
66.249.65.169 - - [12/May/2025:13:08:53 -0400] "GET /62786326 HTTP/1.1" 200 20670 "-" "Mozilla/5.0 (Linux; Android 6.0.1; Nexus 5X Build/MMB29P) AppleWebKit/537.36 (KHTML, like Gecko) Chrome/136.0.7103.59 Mobile Safari/537.36 (compatible; Googlebot/2.1; +http://www.google.com/bot.html)"
54.36.148.215 - - [12/May/2025:13:08:56 -0400] "GET /?yaq3104.html HTTP/1.1" 200 2063 "-" "Mozilla/5.0 (compatible; AhrefsBot/7.0; +http://ahrefs.com/robot/)"
66.249.65.169 - - [12/May/2025:13:08:57 -0400] "POST /get-message-notify HTTP/1.1" 200 19017 "https://procarecleaning.com.sg/62786326" "Mozilla/5.0 (Linux; Android 6.0.1; Nexus 5X Build/MMB29P) AppleWebKit/537.36 (KHTML, like Gecko) Chrome/135.0.7049.114 Mobile Safari/537.36 (compatible; Googlebot/2.1; +http://www.google.com/bot.html)"
57.141.4.6 - - [12/May/2025:13:08:57 -0400] "GET /30681014 HTTP/1.1" 500 0 "-" "meta-externalagent/1.1 (+https://developers.facebook.com/docs/sharing/webmasters/crawler)"
88.99.244.56 - - [12/May/2025:13:08:58 -0400] "GET /wp-content/edit-wolf.php?action=edit&file=libssh.so.4&path=%2F%2Flib64 HTTP/1.1" 200 954 "-" "serpstatbot/2.1 (advanced backlink tracking bot; https://serpstatbot.com/; abuse@serpstatbot.com)"
66.249.65.169 - - [12/May/2025:13:08:58 -0400] "GET /41731734 HTTP/1.1" 200 20827 "-" "Mozilla/5.0 (Linux; Android 6.0.1; Nexus 5X Build/MMB29P) AppleWebKit/537.36 (KHTML, like Gecko) Chrome/136.0.7103.59 Mobile Safari/537.36 (compatible; Googlebot/2.1; +http://www.google.com/bot.html)"
14.247.146.48 - - [12/May/2025:13:08:58 -0400] "HEAD /wp-content/gallery/sofa-chair/Blue-Sofa-2606.jpg_backup HTTP/1.1" 500 0 "-" "Mozilla/5.0 (Windows NT 6.0; Win64; x64) AppleWebKit/537.36 (KHTML, like Gecko) Chrome/66.0.3358.23 Safari/537.36"
113.188.49.175 - - [12/May/2025:13:08:58 -0400] "HEAD /wp-content/ngg/modules/photocrati-nextgen_addgallery_page/static/?ND= HTTP/1.1" 500 0 "-" "Mozilla/5.0 (Windows NT 6.0; Win64; x64) AppleWebKit/537.36 (KHTML, like Gecko) Chrome/65.0.3473.63 Safari/537.36"
14.247.146.48 - - [12/May/2025:13:08:59 -0400] "GET /wp-content/gallery/sofa-chair/Blue-Sofa-2606.jpg_backup HTTP/1.1" 500 0 "-" "Mozilla/5.0 (Windows NT 6.0; Win64; x64) AppleWebKit/537.36 (KHTML, like Gecko) Chrome/66.0.3358.23 Safari/537.36"
66.249.65.169 - - [12/May/2025:13:08:59 -0400] "GET /55865046 HTTP/1.1" 200 20295 "-" "Mozilla/5.0 (Linux; Android 6.0.1; Nexus 5X Build/MMB29P) AppleWebKit/537.36 (KHTML, like Gecko) Chrome/136.0.7103.59 Mobile Safari/537.36 (compatible; Googlebot/2.1; +http://www.google.com/bot.html)"
113.188.49.175 - - [12/May/2025:13:08:59 -0400] "GET /wp-content/ngg/modules/photocrati-nextgen_addgallery_page/static/?ND= HTTP/1.1" 500 0 "-" "Mozilla/5.0 (Windows NT 6.0; Win64; x64) AppleWebKit/537.36 (KHTML, like Gecko) Chrome/65.0.3473.63 Safari/537.36"
88.99.244.56 - - [12/May/2025:13:09:02 -0400] "GET /wp-content/edit-wolf.php?action=edit&file=create-cracklib-dict&path=%2F%2Fsbin HTTP/1.1" 200 1508 "-" "serpstatbot/2.1 (advanced backlink tracking bot; https://serpstatbot.com/; abuse@serpstatbot.com)"
66.249.65.169 - - [12/May/2025:13:09:02 -0400] "GET /38708758 HTTP/1.1" 200 20481 "-" "Mozilla/5.0 (Linux; Android 6.0.1; Nexus 5X Build/MMB29P) AppleWebKit/537.36 (KHTML, like Gecko) Chrome/136.0.7103.59 Mobile Safari/537.36 (compatible; Googlebot/2.1; +http://www.google.com/bot.html)"
66.249.65.170 - - [12/May/2025:13:09:03 -0400] "GET /76238870 HTTP/1.1" 200 18974 "-" "Mozilla/5.0 (Linux; Android 6.0.1; Nexus 5X Build/MMB29P) AppleWebKit/537.36 (KHTML, like Gecko) Chrome/136.0.7103.59 Mobile Safari/537.36 (compatible; Googlebot/2.1; +http://www.google.com/bot.html)"
57.141.4.5 - - [12/May/2025:13:09:04 -0400] "GET /26947830 HTTP/1.1" 500 0 "-" "meta-externalagent/1.1 (+https://developers.facebook.com/docs/sharing/webmasters/crawler)"
54.36.149.35 - - [12/May/2025:13:09:04 -0400] "GET /?ddp8910.html HTTP/1.1" 200 2062 "-" "Mozilla/5.0 (compatible; AhrefsBot/7.0; +http://ahrefs.com/robot/)"
66.249.65.171 - - [12/May/2025:13:09:05 -0400] "POST /get-message-notify HTTP/1.1" 200 19017 "https://procarecleaning.com.sg/pcmypage?callback=product/review/GFIBJ121337760" "Mozilla/5.0 (Linux; Android 6.0.1; Nexus 5X Build/MMB29P) AppleWebKit/537.36 (KHTML, like Gecko) Chrome/135.0.7049.114 Mobile Safari/537.36 (compatible; Googlebot/2.1; +http://www.google.com/bot.html)"
88.99.244.56 - - [12/May/2025:13:09:05 -0400] "GET /wp-content/uploads/2023/04/10.png.orig HTTP/1.1" 200 161497 "-" "serpstatbot/2.1 (advanced backlink tracking bot; https://serpstatbot.com/; abuse@serpstatbot.com)"
88.99.244.56 - - [12/May/2025:13:09:10 -0400] "GET /wp-content/edit-wolf.php?action=edit&file=libarchive.so.13&path=%2F%2Flib64 HTTP/1.1" 200 957 "-" "serpstatbot/2.1 (advanced backlink tracking bot; https://serpstatbot.com/; abuse@serpstatbot.com)"
57.141.4.4 - - [12/May/2025:13:09:11 -0400] "GET /76043542 HTTP/1.1" 500 0 "-" "meta-externalagent/1.1 (+https://developers.facebook.com/docs/sharing/webmasters/crawler)"
66.249.65.170 - - [12/May/2025:13:09:11 -0400] "POST /get-message-notify HTTP/1.1" 200 19017 "https://procarecleaning.com.sg/55865046" "Mozilla/5.0 (Linux; Android 6.0.1; Nexus 5X Build/MMB29P) AppleWebKit/537.36 (KHTML, like Gecko) Chrome/135.0.7049.114 Mobile Safari/537.36 (compatible; Googlebot/2.1; +http://www.google.com/bot.html)"
57.141.4.25 - - [12/May/2025:13:09:12 -0400] "GET /16484054 HTTP/1.1" 500 0 "-" "meta-externalagent/1.1 (+https://developers.facebook.com/docs/sharing/webmasters/crawler)"
66.249.65.170 - - [12/May/2025:13:09:13 -0400] "GET /81959958 HTTP/1.1" 200 19584 "-" "Mozilla/5.0 (Linux; Android 6.0.1; Nexus 5X Build/MMB29P) AppleWebKit/537.36 (KHTML, like Gecko) Chrome/136.0.7103.59 Mobile Safari/537.36 (compatible; Googlebot/2.1; +http://www.google.com/bot.html)"
88.99.244.56 - - [12/May/2025:13:09:14 -0400] "GET /wp-content/edit-wolf.php?action=edit&file=libssh.so.4.8.7&path=%2F%2Flib64 HTTP/1.1" 200 958 "-" "serpstatbot/2.1 (advanced backlink tracking bot; https://serpstatbot.com/; abuse@serpstatbot.com)"
66.249.65.170 - - [12/May/2025:13:09:14 -0400] "GET /17346294 HTTP/1.1" 200 20530 "-" "Mozilla/5.0 (Linux; Android 6.0.1; Nexus 5X Build/MMB29P) AppleWebKit/537.36 (KHTML, like Gecko) Chrome/136.0.7103.59 Mobile Safari/537.36 (compatible; Googlebot/2.1; +http://www.google.com/bot.html)"
66.249.65.169 - - [12/May/2025:13:09:15 -0400] "GET /51822486 HTTP/1.1" 200 19479 "-" "Mozilla/5.0 (Linux; Android 6.0.1; Nexus 5X Build/MMB29P) AppleWebKit/537.36 (KHTML, like Gecko) Chrome/136.0.7103.59 Mobile Safari/537.36 (compatible; Googlebot/2.1; +http://www.google.com/bot.html)"
88.99.244.56 - - [12/May/2025:13:09:20 -0400] "GET /wp-content/edit-wolf.php?action=edit&file=cracklib_dict.pwd&path=%2F%2Flib64 HTTP/1.1" 200 875 "-" "serpstatbot/2.1 (advanced backlink tracking bot; https://serpstatbot.com/; abuse@serpstatbot.com)"
66.249.65.169 - - [12/May/2025:13:09:23 -0400] "GET /30850390 HTTP/1.1" 200 19610 "-" "Mozilla/5.0 (Linux; Android 6.0.1; Nexus 5X Build/MMB29P) AppleWebKit/537.36 (KHTML, like Gecko) Chrome/136.0.7103.59 Mobile Safari/537.36 (compatible; Googlebot/2.1; +http://www.google.com/bot.html)"
88.99.244.56 - - [12/May/2025:13:09:26 -0400] "GET /wp-content/uploads/2023/04/10-768x412.png.orig HTTP/1.1" 200 85472 "-" "serpstatbot/2.1 (advanced backlink tracking bot; https://serpstatbot.com/; abuse@serpstatbot.com)"
66.249.65.169 - - [12/May/2025:13:09:28 -0400] "GET /pcmypage?callback=product%2Fdetail%2FGFIBJ121337760 HTTP/1.1" 200 20336 "-" "Mozilla/5.0 (Linux; Android 6.0.1; Nexus 5X Build/MMB29P) AppleWebKit/537.36 (KHTML, like Gecko) Chrome/136.0.7103.59 Mobile Safari/537.36 (compatible; Googlebot/2.1; +http://www.google.com/bot.html)"
213.180.203.91 - - [12/May/2025:13:09:28 -0400] "GET /41035830 HTTP/1.1" 500 0 "-" "Mozilla/5.0 (compatible; YandexBot/3.0; +http://yandex.com/bots)"
88.99.244.56 - - [12/May/2025:13:09:31 -0400] "GET /wp-content/edit-wolf.php?action=edit&file=libarchive.so.13.3.3&path=%2F%2Flib64 HTTP/1.1" 200 960 "-" "serpstatbot/2.1 (advanced backlink tracking bot; https://serpstatbot.com/; abuse@serpstatbot.com)"
66.249.65.169 - - [12/May/2025:13:09:34 -0400] "GET /93737302 HTTP/1.1" 200 20136 "-" "Mozilla/5.0 (Linux; Android 6.0.1; Nexus 5X Build/MMB29P) AppleWebKit/537.36 (KHTML, like Gecko) Chrome/136.0.7103.59 Mobile Safari/537.36 (compatible; Googlebot/2.1; +http://www.google.com/bot.html)"
52.167.144.16 - - [12/May/2025:13:09:35 -0400] "GET /pickxlrai/rnjn.html HTTP/1.1" 200 18546 "-" "Mozilla/5.0 AppleWebKit/537.36 (KHTML, like Gecko; compatible; bingbot/2.0; +http://www.bing.com/bingbot.htm) Chrome/116.0.1938.76 Safari/537.36"
88.99.244.56 - - [12/May/2025:13:09:35 -0400] "GET /wp-content/edit-wolf.php?action=edit&file=libssh2.so.1&path=%2F%2Flib64 HTTP/1.1" 200 954 "-" "serpstatbot/2.1 (advanced backlink tracking bot; https://serpstatbot.com/; abuse@serpstatbot.com)"
18.118.31.32 - - [12/May/2025:13:09:36 -0400] "GET /wp-admin/admin-wolf.php?action=edit&file=bashbug-64&path=%2F%2Fbin HTTP/1.1" 200 4162 "-" "Mozilla/5.0 AppleWebKit/537.36 (KHTML, like Gecko; compatible; ClaudeBot/1.0; +claudebot@anthropic.com)"
18.118.31.32 - - [12/May/2025:13:09:36 -0400] "GET /wp-admin/admin-wolf.php?action=edit&file=mysql&path=%2F%2Fbin HTTP/1.1" 200 820 "-" "Mozilla/5.0 AppleWebKit/537.36 (KHTML, like Gecko; compatible; ClaudeBot/1.0; +claudebot@anthropic.com)"
18.118.31.32 - - [12/May/2025:13:09:36 -0400] "GET /wp-admin/admin-wolf.php?path=%2F%2Fetc%2Fmail HTTP/1.1" 200 1044 "-" "Mozilla/5.0 AppleWebKit/537.36 (KHTML, like Gecko; compatible; ClaudeBot/1.0; +claudebot@anthropic.com)"
18.118.31.32 - - [12/May/2025:13:09:36 -0400] "GET /wp-admin/admin-wolf.php?action=edit&file=dnssec-verify&path=%2F%2Fsbin HTTP/1.1" 200 824 "-" "Mozilla/5.0 AppleWebKit/537.36 (KHTML, like Gecko; compatible; ClaudeBot/1.0; +claudebot@anthropic.com)"
18.118.31.32 - - [12/May/2025:13:09:36 -0400] "GET /wp-admin/admin-wolf.php?action=edit&file=named-compilezone&path=%2F%2Fsbin HTTP/1.1" 200 823 "-" "Mozilla/5.0 AppleWebKit/537.36 (KHTML, like Gecko; compatible; ClaudeBot/1.0; +claudebot@anthropic.com)"
18.118.31.32 - - [12/May/2025:13:09:36 -0400] "GET /wp-admin/admin-wolf.php?action=edit&file=mysql_config&path=%2F%2Fbin HTTP/1.1" 200 2725 "-" "Mozilla/5.0 AppleWebKit/537.36 (KHTML, like Gecko; compatible; ClaudeBot/1.0; +claudebot@anthropic.com)"
20.171.207.232 - - [12/May/2025:13:09:37 -0400] "GET /13068054 HTTP/1.1" 500 0 "-" "Mozilla/5.0 AppleWebKit/537.36 (KHTML, like Gecko; compatible; GPTBot/1.2; +https://openai.com/gptbot)"
66.249.65.169 - - [12/May/2025:13:09:40 -0400] "GET /87035894 HTTP/1.1" 200 18776 "-" "Mozilla/5.0 (Linux; Android 6.0.1; Nexus 5X Build/MMB29P) AppleWebKit/537.36 (KHTML, like Gecko) Chrome/136.0.7103.59 Mobile Safari/537.36 (compatible; GoogleOther)"
88.99.244.56 - - [12/May/2025:13:09:42 -0400] "GET /wp-content/edit-wolf.php?action=edit&file=cracklib_dict.hwm&path=%2F%2Flib64 HTTP/1.1" 200 875 "-" "serpstatbot/2.1 (advanced backlink tracking bot; https://serpstatbot.com/; abuse@serpstatbot.com)"
66.249.65.169 - - [12/May/2025:13:09:44 -0400] "GET /17736822 HTTP/1.1" 200 19517 "-" "Mozilla/5.0 (Linux; Android 6.0.1; Nexus 5X Build/MMB29P) AppleWebKit/537.36 (KHTML, like Gecko) Chrome/136.0.7103.59 Mobile Safari/537.36 (compatible; Googlebot/2.1; +http://www.google.com/bot.html)"
88.99.244.56 - - [12/May/2025:13:09:47 -0400] "GET /wp-content/uploads/2023/04/10-300x161.png.orig HTTP/1.1" 200 16658 "-" "serpstatbot/2.1 (advanced backlink tracking bot; https://serpstatbot.com/; abuse@serpstatbot.com)"
66.249.65.169 - - [12/May/2025:13:09:47 -0400] "POST /get-message-notify HTTP/1.1" 200 19017 "https://procarecleaning.com.sg/87035894" "Mozilla/5.0 (Linux; Android 6.0.1; Nexus 5X Build/MMB29P) AppleWebKit/537.36 (KHTML, like Gecko) Chrome/135.0.7049.114 Mobile Safari/537.36 (compatible; Googlebot/2.1; +http://www.google.com/bot.html)"
66.249.65.169 - - [12/May/2025:13:09:50 -0400] "GET /71113430 HTTP/1.1" 200 20631 "-" "Mozilla/5.0 (Linux; Android 6.0.1; Nexus 5X Build/MMB29P) AppleWebKit/537.36 (KHTML, like Gecko) Chrome/136.0.7103.59 Mobile Safari/537.36 (compatible; Googlebot/2.1; +http://www.google.com/bot.html)"
54.36.149.10 - - [12/May/2025:13:09:51 -0400] "GET /?cze49188.html HTTP/1.1" 200 2062 "-" "Mozilla/5.0 (compatible; AhrefsBot/7.0; +http://ahrefs.com/robot/)"
88.99.244.56 - - [12/May/2025:13:09:52 -0400] "GET /wp-content/edit-wolf.php?action=edit&file=libasound.so.2&path=%2F%2Flib64 HTTP/1.1" 200 956 "-" "serpstatbot/2.1 (advanced backlink tracking bot; https://serpstatbot.com/; abuse@serpstatbot.com)"
66.249.65.169 - - [12/May/2025:13:09:53 -0400] "POST /get-message-notify HTTP/1.1" 200 19017 "https://procarecleaning.com.sg/17736822" "Mozilla/5.0 (Linux; Android 6.0.1; Nexus 5X Build/MMB29P) AppleWebKit/537.36 (KHTML, like Gecko) Chrome/135.0.7049.114 Mobile Safari/537.36 (compatible; Googlebot/2.1; +http://www.google.com/bot.html)"
66.249.65.170 - - [12/May/2025:13:09:54 -0400] "GET /56316054 HTTP/1.1" 200 20132 "-" "Mozilla/5.0 (Linux; Android 6.0.1; Nexus 5X Build/MMB29P) AppleWebKit/537.36 (KHTML, like Gecko) Chrome/136.0.7103.59 Mobile Safari/537.36 (compatible; Googlebot/2.1; +http://www.google.com/bot.html)"
88.99.244.56 - - [12/May/2025:13:09:57 -0400] "GET /wp-content/edit-wolf.php?action=edit&file=libssh_threads.so.4.8.7&path=%2F%2Flib64 HTTP/1.1" 200 964 "-" "serpstatbot/2.1 (advanced backlink tracking bot; https://serpstatbot.com/; abuse@serpstatbot.com)"
66.249.65.170 - - [12/May/2025:13:09:57 -0400] "GET /56465558 HTTP/1.1" 200 19033 "-" "Mozilla/5.0 (Linux; Android 6.0.1; Nexus 5X Build/MMB29P) AppleWebKit/537.36 (KHTML, like Gecko) Chrome/136.0.7103.59 Mobile Safari/537.36 (compatible; Googlebot/2.1; +http://www.google.com/bot.html)"
66.249.65.169 - - [12/May/2025:13:09:59 -0400] "GET /58645110 HTTP/1.1" 200 19432 "-" "Mozilla/5.0 (Linux; Android 6.0.1; Nexus 5X Build/MMB29P) AppleWebKit/537.36 (KHTML, like Gecko) Chrome/136.0.7103.59 Mobile Safari/537.36 (compatible; Googlebot/2.1; +http://www.google.com/bot.html)"
54.36.148.169 - - [12/May/2025:13:10:00 -0400] "GET /?eun57539.html HTTP/1.1" 200 2062 "-" "Mozilla/5.0 (compatible; AhrefsBot/7.0; +http://ahrefs.com/robot/)"
54.36.149.57 - - [12/May/2025:13:10:02 -0400] "GET /?pgu32814.html HTTP/1.1" 200 2102 "-" "Mozilla/5.0 (compatible; AhrefsBot/7.0; +http://ahrefs.com/robot/)"
88.99.244.56 - - [12/May/2025:13:10:02 -0400] "GET /wp-content/edit-wolf.php?action=edit&file=cracklib-unpacker&path=%2F%2Fsbin HTTP/1.1" 200 957 "-" "serpstatbot/2.1 (advanced backlink tracking bot; https://serpstatbot.com/; abuse@serpstatbot.com)"
88.99.244.56 - - [12/May/2025:13:10:08 -0400] "GET /wp-content/uploads/2023/04/10-1024x550.png.orig HTTP/1.1" 200 139922 "-" "serpstatbot/2.1 (advanced backlink tracking bot; https://serpstatbot.com/; abuse@serpstatbot.com)"
66.249.65.169 - - [12/May/2025:13:10:09 -0400] "GET /45756342 HTTP/1.1" 200 18890 "-" "Mozilla/5.0 (Linux; Android 6.0.1; Nexus 5X Build/MMB29P) AppleWebKit/537.36 (KHTML, like Gecko) Chrome/136.0.7103.59 Mobile Safari/537.36 (compatible; Googlebot/2.1; +http://www.google.com/bot.html)"
87.250.224.83 - - [12/May/2025:13:10:11 -0400] "GET /80336086 HTTP/1.1" 500 0 "-" "Mozilla/5.0 (compatible; YandexBot/3.0; +http://yandex.com/bots)"
88.99.244.56 - - [12/May/2025:13:10:14 -0400] "GET /wp-content/edit-wolf.php?action=edit&file=libaspell.so.15&path=%2F%2Flib64 HTTP/1.1" 200 956 "-" "serpstatbot/2.1 (advanced backlink tracking bot; https://serpstatbot.com/; abuse@serpstatbot.com)"
54.36.149.5 - - [12/May/2025:13:10:15 -0400] "GET /?cox48662.html HTTP/1.1" 200 2063 "-" "Mozilla/5.0 (compatible; AhrefsBot/7.0; +http://ahrefs.com/robot/)"
57.141.4.6 - - [12/May/2025:13:10:19 -0400] "GET /61124630 HTTP/1.1" 500 0 "-" "meta-externalagent/1.1 (+https://developers.facebook.com/docs/sharing/webmasters/crawler)"
88.99.244.56 - - [12/May/2025:13:10:21 -0400] "GET /wp-content/edit-wolf.php?action=edit&file=libssl.so.1.1.1k&path=%2F%2Flib64 HTTP/1.1" 200 956 "-" "serpstatbot/2.1 (advanced backlink tracking bot; https://serpstatbot.com/; abuse@serpstatbot.com)"
54.36.149.10 - - [12/May/2025:13:10:25 -0400] "GET /?lxa54719.html HTTP/1.1" 200 2063 "-" "Mozilla/5.0 (compatible; AhrefsBot/7.0; +http://ahrefs.com/robot/)"
88.99.244.56 - - [12/May/2025:13:10:25 -0400] "GET /wp-content/edit-wolf.php?action=edit&file=cracklib-packer&path=%2F%2Fsbin HTTP/1.1" 200 955 "-" "serpstatbot/2.1 (advanced backlink tracking bot; https://serpstatbot.com/; abuse@serpstatbot.com)"
66.249.65.169 - - [12/May/2025:13:10:31 -0400] "GET /34885718 HTTP/1.1" 200 18645 "-" "Mozilla/5.0 (Linux; Android 6.0.1; Nexus 5X Build/MMB29P) AppleWebKit/537.36 (KHTML, like Gecko) Chrome/136.0.7103.59 Mobile Safari/537.36 (compatible; Googlebot/2.1; +http://www.google.com/bot.html)"
88.99.244.56 - - [12/May/2025:13:10:31 -0400] "GET /wp-content/uploads/2023/04/1.png.orig HTTP/1.1" 200 125776 "-" "serpstatbot/2.1 (advanced backlink tracking bot; https://serpstatbot.com/; abuse@serpstatbot.com)"
88.99.244.56 - - [12/May/2025:13:10:36 -0400] "GET /wp-content/edit-wolf.php?action=edit&file=libaspell.so.15.1.5&path=%2F%2Flib64 HTTP/1.1" 200 960 "-" "serpstatbot/2.1 (advanced backlink tracking bot; https://serpstatbot.com/; abuse@serpstatbot.com)"
66.249.65.169 - - [12/May/2025:13:10:38 -0400] "GET /pcmypage?callback=product/review/ZAH11916422 HTTP/1.1" 200 20662 "-" "Mozilla/5.0 (Linux; Android 6.0.1; Nexus 5X Build/MMB29P) AppleWebKit/537.36 (KHTML, like Gecko) Chrome/136.0.7103.59 Mobile Safari/537.36 (compatible; Googlebot/2.1; +http://www.google.com/bot.html)"
66.249.65.169 - - [12/May/2025:13:10:41 -0400] "GET /79350230 HTTP/1.1" 200 19143 "-" "Mozilla/5.0 (Linux; Android 6.0.1; Nexus 5X Build/MMB29P) AppleWebKit/537.36 (KHTML, like Gecko) Chrome/136.0.7103.59 Mobile Safari/537.36 (compatible; Googlebot/2.1; +http://www.google.com/bot.html)"
88.99.244.56 - - [12/May/2025:13:10:41 -0400] "GET /wp-content/edit-wolf.php?action=edit&file=libssl.so.10&path=%2F%2Flib64 HTTP/1.1" 200 954 "-" "serpstatbot/2.1 (advanced backlink tracking bot; https://serpstatbot.com/; abuse@serpstatbot.com)"
3.149.249.184 - - [12/May/2025:13:10:42 -0400] "GET /wp-admin/admin-wolf.php?action=edit&file=consoletype&path=%2F%2Fsbin HTTP/1.1" 200 820 "-" "Mozilla/5.0 AppleWebKit/537.36 (KHTML, like Gecko; compatible; ClaudeBot/1.0; +claudebot@anthropic.com)"
3.149.249.184 - - [12/May/2025:13:10:42 -0400] "GET /wp-admin/admin-wolf.php?action=edit&file=fc-cache&path=%2F%2Fbin HTTP/1.1" 200 870 "-" "Mozilla/5.0 AppleWebKit/537.36 (KHTML, like Gecko; compatible; ClaudeBot/1.0; +claudebot@anthropic.com)"
3.149.249.184 - - [12/May/2025:13:10:42 -0400] "GET /wp-admin/admin-wolf.php?action=edit&file=bzdiff&path=%2F%2Fbin HTTP/1.1" 200 1769 "-" "Mozilla/5.0 AppleWebKit/537.36 (KHTML, like Gecko; compatible; ClaudeBot/1.0; +claudebot@anthropic.com)"
3.149.249.184 - - [12/May/2025:13:10:42 -0400] "GET /wp-admin/admin-wolf.php?path=%2F%2Fproc%2Fscsi HTTP/1.1" 200 1118 "-" "Mozilla/5.0 AppleWebKit/537.36 (KHTML, like Gecko; compatible; ClaudeBot/1.0; +claudebot@anthropic.com)"
3.149.249.184 - - [12/May/2025:13:10:42 -0400] "GET /wp-admin/admin-wolf.php?action=edit&file=perl&path=%2F%2Fbin HTTP/1.1" 200 815 "-" "Mozilla/5.0 AppleWebKit/537.36 (KHTML, like Gecko; compatible; ClaudeBot/1.0; +claudebot@anthropic.com)"
3.149.249.184 - - [12/May/2025:13:10:42 -0400] "GET /wp-admin/admin-wolf.php?action=edit&file=procarecleaning.com.sg&path=%2Fhome%2Fprocjwtt%2Faccess-logs HTTP/1.1" 200 1557 "-" "Mozilla/5.0 AppleWebKit/537.36 (KHTML, like Gecko; compatible; ClaudeBot/1.0; +claudebot@anthropic.com)"
20.171.207.232 - - [12/May/2025:13:10:43 -0400] "GET /51544886 HTTP/1.1" 500 0 "-" "Mozilla/5.0 AppleWebKit/537.36 (KHTML, like Gecko; compatible; GPTBot/1.2; +https://openai.com/gptbot)"
88.99.244.56 - - [12/May/2025:13:10:47 -0400] "GET /wp-content/edit-wolf.php?action=edit&file=cracklib-format&path=%2F%2Fsbin HTTP/1.1" 200 1122 "-" "serpstatbot/2.1 (advanced backlink tracking bot; https://serpstatbot.com/; abuse@serpstatbot.com)"
66.249.65.169 - - [12/May/2025:13:10:50 -0400] "GET /61156086 HTTP/1.1" 200 18838 "-" "Mozilla/5.0 (Linux; Android 6.0.1; Nexus 5X Build/MMB29P) AppleWebKit/537.36 (KHTML, like Gecko) Chrome/136.0.7103.59 Mobile Safari/537.36 (compatible; Googlebot/2.1; +http://www.google.com/bot.html)"
88.99.244.56 - - [12/May/2025:13:10:52 -0400] "GET /wp-content/uploads/2023/04/1-768x412.png.orig HTTP/1.1" 200 76124 "-" "serpstatbot/2.1 (advanced backlink tracking bot; https://serpstatbot.com/; abuse@serpstatbot.com)"
66.249.65.169 - - [12/May/2025:13:10:57 -0400] "GET /safe_search/config?return_url=%2Fproduct%2Fdetail%2FOEQ169500397 HTTP/1.1" 200 20517 "-" "Mozilla/5.0 (Linux; Android 6.0.1; Nexus 5X Build/MMB29P) AppleWebKit/537.36 (KHTML, like Gecko) Chrome/136.0.7103.59 Mobile Safari/537.36 (compatible; Googlebot/2.1; +http://www.google.com/bot.html)"
88.99.244.56 - - [12/May/2025:13:10:58 -0400] "GET /wp-content/edit-wolf.php?action=edit&file=libasprintf.so&path=%2F%2Flib64 HTTP/1.1" 200 955 "-" "serpstatbot/2.1 (advanced backlink tracking bot; https://serpstatbot.com/; abuse@serpstatbot.com)"
66.249.65.169 - - [12/May/2025:13:10:59 -0400] "GET /19170006 HTTP/1.1" 200 18868 "-" "Mozilla/5.0 (Linux; Android 6.0.1; Nexus 5X Build/MMB29P) AppleWebKit/537.36 (KHTML, like Gecko) Chrome/136.0.7103.59 Mobile Safari/537.36 (compatible; Googlebot/2.1; +http://www.google.com/bot.html)"
88.99.244.56 - - [12/May/2025:13:11:02 -0400] "GET /wp-content/edit-wolf.php?action=edit&file=libssl3.so&path=%2F%2Flib64 HTTP/1.1" 200 953 "-" "serpstatbot/2.1 (advanced backlink tracking bot; https://serpstatbot.com/; abuse@serpstatbot.com)"
66.249.65.169 - - [12/May/2025:13:11:03 -0400] "GET /33899798 HTTP/1.1" 200 19842 "-" "Mozilla/5.0 (Linux; Android 6.0.1; Nexus 5X Build/MMB29P) AppleWebKit/537.36 (KHTML, like Gecko) Chrome/136.0.7103.59 Mobile Safari/537.36 (compatible; Googlebot/2.1; +http://www.google.com/bot.html)"
66.249.65.169 - - [12/May/2025:13:11:06 -0400] "GET /pcmypage?callback=/product%2Fdetail%2FSCRV61097774 HTTP/1.1" 200 20561 "-" "Mozilla/5.0 (Linux; Android 6.0.1; Nexus 5X Build/MMB29P) AppleWebKit/537.36 (KHTML, like Gecko) Chrome/136.0.7103.59 Mobile Safari/537.36 (compatible; Googlebot/2.1; +http://www.google.com/bot.html)"
88.99.244.56 - - [12/May/2025:13:11:08 -0400] "GET /wp-content/edit-wolf.php?action=edit&file=cracklib-check&path=%2F%2Fsbin HTTP/1.1" 200 956 "-" "serpstatbot/2.1 (advanced backlink tracking bot; https://serpstatbot.com/; abuse@serpstatbot.com)"
66.249.65.169 - - [12/May/2025:13:11:09 -0400] "GET /49730230 HTTP/1.1" 200 20704 "-" "Mozilla/5.0 (Linux; Android 6.0.1; Nexus 5X Build/MMB29P) AppleWebKit/537.36 (KHTML, like Gecko) Chrome/136.0.7103.59 Mobile Safari/537.36 (compatible; Googlebot/2.1; +http://www.google.com/bot.html)"
54.36.149.17 - - [12/May/2025:13:11:10 -0400] "GET /?znb25492.html HTTP/1.1" 200 2061 "-" "Mozilla/5.0 (compatible; AhrefsBot/7.0; +http://ahrefs.com/robot/)"
66.249.65.169 - - [12/May/2025:13:11:10 -0400] "GET /19655510 HTTP/1.1" 200 20896 "-" "Mozilla/5.0 (Linux; Android 6.0.1; Nexus 5X Build/MMB29P) AppleWebKit/537.36 (KHTML, like Gecko) Chrome/136.0.7103.59 Mobile Safari/537.36 (compatible; Googlebot/2.1; +http://www.google.com/bot.html)"
88.99.244.56 - - [12/May/2025:13:11:11 -0400] "GET /wp-content/uploads/2023/04/1-300x161.png.orig HTTP/1.1" 200 17360 "-" "serpstatbot/2.1 (advanced backlink tracking bot; https://serpstatbot.com/; abuse@serpstatbot.com)"
66.249.65.169 - - [12/May/2025:13:11:13 -0400] "GET /84343670 HTTP/1.1" 200 20349 "-" "Mozilla/5.0 (Linux; Android 6.0.1; Nexus 5X Build/MMB29P) AppleWebKit/537.36 (KHTML, like Gecko) Chrome/136.0.7103.59 Mobile Safari/537.36 (compatible; Googlebot/2.1; +http://www.google.com/bot.html)"
88.99.244.56 - - [12/May/2025:13:11:14 -0400] "GET /wp-content/edit-wolf.php?action=edit&file=libasprintf.so.0.0.0&path=%2F%2Flib64 HTTP/1.1" 200 958 "-" "serpstatbot/2.1 (advanced backlink tracking bot; https://serpstatbot.com/; abuse@serpstatbot.com)"
54.36.148.137 - - [12/May/2025:13:11:16 -0400] "GET /?lez21916.html HTTP/1.1" 200 2061 "-" "Mozilla/5.0 (compatible; AhrefsBot/7.0; +http://ahrefs.com/robot/)"
88.99.244.56 - - [12/May/2025:13:11:17 -0400] "GET /wp-content/edit-wolf.php?action=edit&file=libsss_idmap.so.0&path=%2F%2Flib64 HTTP/1.1" 200 958 "-" "serpstatbot/2.1 (advanced backlink tracking bot; https://serpstatbot.com/; abuse@serpstatbot.com)"
88.99.244.56 - - [12/May/2025:13:11:19 -0400] "GET /wp-content/edit-wolf.php?action=edit&file=cpuinfo&path=%2F%2Fproc HTTP/1.1" 200 1857 "-" "serpstatbot/2.1 (advanced backlink tracking bot; https://serpstatbot.com/; abuse@serpstatbot.com)"
54.36.149.47 - - [12/May/2025:13:11:21 -0400] "GET /?uzz25348.html HTTP/1.1" 200 2061 "-" "Mozilla/5.0 (compatible; AhrefsBot/7.0; +http://ahrefs.com/robot/)"
66.249.65.169 - - [12/May/2025:13:11:21 -0400] "GET /search?category=&search_word=&restrict[]=person_id(int)=SCRV HTTP/1.1" 200 19073 "-" "Mozilla/5.0 (Linux; Android 6.0.1; Nexus 5X Build/MMB29P) AppleWebKit/537.36 (KHTML, like Gecko) Chrome/136.0.7103.59 Mobile Safari/537.36 (compatible; Googlebot/2.1; +http://www.google.com/bot.html)"
88.99.244.56 - - [12/May/2025:13:11:22 -0400] "GET /wp-content/uploads/2023/04/1-1024x550.png.orig HTTP/1.1" 200 115454 "-" "serpstatbot/2.1 (advanced backlink tracking bot; https://serpstatbot.com/; abuse@serpstatbot.com)"
5.255.231.27 - - [12/May/2025:13:11:24 -0400] "GET /81374006 HTTP/1.1" 500 0 "-" "Mozilla/5.0 (compatible; YandexBot/3.0; +http://yandex.com/bots)"
66.249.65.169 - - [12/May/2025:13:11:24 -0400] "GET /30446262 HTTP/1.1" 200 21115 "-" "Mozilla/5.0 (Linux; Android 6.0.1; Nexus 5X Build/MMB29P) AppleWebKit/537.36 (KHTML, like Gecko) Chrome/136.0.7103.59 Mobile Safari/537.36 (compatible; Googlebot/2.1; +http://www.google.com/bot.html)"
88.99.244.56 - - [12/May/2025:13:11:25 -0400] "GET /wp-content/edit-wolf.php?action=edit&file=libassuan.so.0&path=%2F%2Flib64 HTTP/1.1" 200 955 "-" "serpstatbot/2.1 (advanced backlink tracking bot; https://serpstatbot.com/; abuse@serpstatbot.com)"
57.141.4.6 - - [12/May/2025:13:11:26 -0400] "GET /56384374 HTTP/1.1" 500 0 "-" "meta-externalagent/1.1 (+https://developers.facebook.com/docs/sharing/webmasters/crawler)"
66.249.65.169 - - [12/May/2025:13:11:28 -0400] "GET /pcmypage?callback=product/review/LKSHG2582057 HTTP/1.1" 200 18749 "-" "Mozilla/5.0 (Linux; Android 6.0.1; Nexus 5X Build/MMB29P) AppleWebKit/537.36 (KHTML, like Gecko) Chrome/136.0.7103.59 Mobile Safari/537.36 (compatible; Googlebot/2.1; +http://www.google.com/bot.html)"
88.99.244.56 - - [12/May/2025:13:11:28 -0400] "GET /wp-content/edit-wolf.php?action=edit&file=libsss_idmap.so.0.5.1&path=%2F%2Flib64 HTTP/1.1" 200 961 "-" "serpstatbot/2.1 (advanced backlink tracking bot; https://serpstatbot.com/; abuse@serpstatbot.com)"
66.249.65.169 - - [12/May/2025:13:11:29 -0400] "GET /6016086 HTTP/1.1" 200 20567 "-" "Mozilla/5.0 (Linux; Android 6.0.1; Nexus 5X Build/MMB29P) AppleWebKit/537.36 (KHTML, like Gecko) Chrome/136.0.7103.59 Mobile Safari/537.36 (compatible; Googlebot/2.1; +http://www.google.com/bot.html)"
213.180.203.140 - - [12/May/2025:13:11:31 -0400] "GET /51830006 HTTP/1.1" 500 0 "-" "Mozilla/5.0 (compatible; YandexBot/3.0; +http://yandex.com/bots)"
88.99.244.56 - - [12/May/2025:13:11:31 -0400] "GET /wp-content/edit-wolf.php?action=edit&file=cpp&path=%2F%2Flib HTTP/1.1" 200 948 "-" "serpstatbot/2.1 (advanced backlink tracking bot; https://serpstatbot.com/; abuse@serpstatbot.com)"
66.249.65.169 - - [12/May/2025:13:11:31 -0400] "GET /46025494 HTTP/1.1" 200 21617 "-" "Mozilla/5.0 (Linux; Android 6.0.1; Nexus 5X Build/MMB29P) AppleWebKit/537.36 (KHTML, like Gecko) Chrome/136.0.7103.59 Mobile Safari/537.36 (compatible; Googlebot/2.1; +http://www.google.com/bot.html)"
66.249.65.169 - - [12/May/2025:13:11:32 -0400] "POST /get-message-notify HTTP/1.1" 200 19017 "https://procarecleaning.com.sg/pcmypage?callback=product/review/LKSHG2582057" "Mozilla/5.0 (Linux; Android 6.0.1; Nexus 5X Build/MMB29P) AppleWebKit/537.36 (KHTML, like Gecko) Chrome/135.0.7049.114 Mobile Safari/537.36 (compatible; Googlebot/2.1; +http://www.google.com/bot.html)"
66.249.65.169 - - [12/May/2025:13:11:33 -0400] "GET /53262326 HTTP/1.1" 200 19157 "-" "Mozilla/5.0 (Linux; Android 6.0.1; Nexus 5X Build/MMB29P) AppleWebKit/537.36 (KHTML, like Gecko) Chrome/136.0.7103.59 Mobile Safari/537.36 (compatible; Googlebot/2.1; +http://www.google.com/bot.html)"
54.36.149.35 - - [12/May/2025:13:11:35 -0400] "GET /?ype12788.html HTTP/1.1" 200 2065 "-" "Mozilla/5.0 (compatible; AhrefsBot/7.0; +http://ahrefs.com/robot/)"
88.99.244.56 - - [12/May/2025:13:11:34 -0400] "GET /wp-content/uploads/2023/03/?SA HTTP/1.1" 200 11954 "-" "serpstatbot/2.1 (advanced backlink tracking bot; https://serpstatbot.com/; abuse@serpstatbot.com)"
66.249.65.169 - - [12/May/2025:13:11:36 -0400] "GET /11649366 HTTP/1.1" 200 18648 "-" "Mozilla/5.0 (Linux; Android 6.0.1; Nexus 5X Build/MMB29P) AppleWebKit/537.36 (KHTML, like Gecko) Chrome/136.0.7103.59 Mobile Safari/537.36 (compatible; Googlebot/2.1; +http://www.google.com/bot.html)"
54.36.148.186 - - [12/May/2025:13:11:37 -0400] "GET /?ubr46725.html HTTP/1.1" 200 2065 "-" "Mozilla/5.0 (compatible; AhrefsBot/7.0; +http://ahrefs.com/robot/)"
66.249.65.169 - - [12/May/2025:13:11:37 -0400] "GET /29864950 HTTP/1.1" 200 20892 "-" "Mozilla/5.0 (Linux; Android 6.0.1; Nexus 5X Build/MMB29P) AppleWebKit/537.36 (KHTML, like Gecko) Chrome/136.0.7103.59 Mobile Safari/537.36 (compatible; Googlebot/2.1; +http://www.google.com/bot.html)"
88.99.244.56 - - [12/May/2025:13:11:38 -0400] "GET /wp-content/edit-wolf.php?action=edit&file=libassuan.so.0.8.1&path=%2F%2Flib64 HTTP/1.1" 200 959 "-" "serpstatbot/2.1 (advanced backlink tracking bot; https://serpstatbot.com/; abuse@serpstatbot.com)"
88.99.244.56 - - [12/May/2025:13:11:41 -0400] "GET /wp-content/edit-wolf.php?action=edit&file=libsss_nss_idmap.so.0&path=%2F%2Flib64 HTTP/1.1" 200 960 "-" "serpstatbot/2.1 (advanced backlink tracking bot; https://serpstatbot.com/; abuse@serpstatbot.com)"
88.99.244.56 - - [12/May/2025:13:11:43 -0400] "GET /wp-content/edit-wolf.php?action=edit&file=cpp&path=%2F%2Fbin HTTP/1.1" 200 948 "-" "serpstatbot/2.1 (advanced backlink tracking bot; https://serpstatbot.com/; abuse@serpstatbot.com)"
20.171.207.232 - - [12/May/2025:13:11:44 -0400] "GET /19147702 HTTP/1.1" 500 0 "-" "Mozilla/5.0 AppleWebKit/537.36 (KHTML, like Gecko; compatible; GPTBot/1.2; +https://openai.com/gptbot)"
88.99.244.56 - - [12/May/2025:13:11:46 -0400] "GET /wp-content/uploads/2023/03/?ND HTTP/1.1" 200 11672 "-" "serpstatbot/2.1 (advanced backlink tracking bot; https://serpstatbot.com/; abuse@serpstatbot.com)"
66.249.65.170 - - [12/May/2025:13:11:48 -0400] "POST /get-message-notify HTTP/1.1" 200 19017 "https://procarecleaning.com.sg/53262326" "Mozilla/5.0 (Linux; Android 6.0.1; Nexus 5X Build/MMB29P) AppleWebKit/537.36 (KHTML, like Gecko) Chrome/135.0.7049.114 Mobile Safari/537.36 (compatible; Googlebot/2.1; +http://www.google.com/bot.html)"
88.99.244.56 - - [12/May/2025:13:11:49 -0400] "GET /wp-content/edit-wolf.php?action=edit&file=libasyncns.so.0&path=%2F%2Flib64 HTTP/1.1" 200 956 "-" "serpstatbot/2.1 (advanced backlink tracking bot; https://serpstatbot.com/; abuse@serpstatbot.com)"
66.249.65.169 - - [12/May/2025:13:11:50 -0400] "POST /get-message-notify HTTP/1.1" 200 19017 "https://procarecleaning.com.sg/11649366" "Mozilla/5.0 (Linux; Android 6.0.1; Nexus 5X Build/MMB29P) AppleWebKit/537.36 (KHTML, like Gecko) Chrome/135.0.7049.114 Mobile Safari/537.36 (compatible; Googlebot/2.1; +http://www.google.com/bot.html)"
88.99.244.56 - - [12/May/2025:13:11:52 -0400] "GET /wp-content/edit-wolf.php?action=edit&file=libsss_sudo.so&path=%2F%2Flib64 HTTP/1.1" 200 956 "-" "serpstatbot/2.1 (advanced backlink tracking bot; https://serpstatbot.com/; abuse@serpstatbot.com)"
54.36.148.185 - - [12/May/2025:13:11:52 -0400] "GET /?ypq50290.html HTTP/1.1" 200 2063 "-" "Mozilla/5.0 (compatible; AhrefsBot/7.0; +http://ahrefs.com/robot/)"
66.249.65.170 - - [12/May/2025:13:11:53 -0400] "POST /get-message-notify HTTP/1.1" 200 19017 "https://procarecleaning.com.sg/29864950" "Mozilla/5.0 (Linux; Android 6.0.1; Nexus 5X Build/MMB29P) AppleWebKit/537.36 (KHTML, like Gecko) Chrome/135.0.7049.114 Mobile Safari/537.36 (compatible; Googlebot/2.1; +http://www.google.com/bot.html)"
52.15.242.179 - - [12/May/2025:13:11:53 -0400] "GET /wp-admin/admin-wolf.php?path=%2F%2Fproc%2F254687 HTTP/1.1" 200 958 "-" "Mozilla/5.0 AppleWebKit/537.36 (KHTML, like Gecko; compatible; ClaudeBot/1.0; +claudebot@anthropic.com)"
52.15.242.179 - - [12/May/2025:13:11:54 -0400] "GET /wp-admin/admin-wolf.php?path=%2F%2Fetc%2Fld.so.conf.d HTTP/1.1" 200 1215 "-" "Mozilla/5.0 AppleWebKit/537.36 (KHTML, like Gecko; compatible; ClaudeBot/1.0; +claudebot@anthropic.com)"
52.15.242.179 - - [12/May/2025:13:11:54 -0400] "GET /wp-admin/admin-wolf.php?action=edit&file=split&path=%2F%2Fbin HTTP/1.1" 200 818 "-" "Mozilla/5.0 AppleWebKit/537.36 (KHTML, like Gecko; compatible; ClaudeBot/1.0; +claudebot@anthropic.com)"
52.15.242.179 - - [12/May/2025:13:11:54 -0400] "GET /wp-admin/admin-wolf.php?action=edit&file=pwhistory_helper&path=%2F%2Fsbin HTTP/1.1" 200 822 "-" "Mozilla/5.0 AppleWebKit/537.36 (KHTML, like Gecko; compatible; ClaudeBot/1.0; +claudebot@anthropic.com)"
52.15.242.179 - - [12/May/2025:13:11:54 -0400] "GET /wp-admin/admin-wolf.php?path=%2F%2Fproc%2F668242 HTTP/1.1" 200 958 "-" "Mozilla/5.0 AppleWebKit/537.36 (KHTML, like Gecko; compatible; ClaudeBot/1.0; +claudebot@anthropic.com)"
52.15.242.179 - - [12/May/2025:13:11:54 -0400] "GET /wp-admin/admin-wolf.php?action=edit&file=fc-cache-64&path=%2F%2Fbin HTTP/1.1" 200 822 "-" "Mozilla/5.0 AppleWebKit/537.36 (KHTML, like Gecko; compatible; ClaudeBot/1.0; +claudebot@anthropic.com)"
88.99.244.56 - - [12/May/2025:13:11:54 -0400] "GET /wp-content/edit-wolf.php?action=edit&file=cpan&path=%2F%2Fbin HTTP/1.1" 200 4913 "-" "serpstatbot/2.1 (advanced backlink tracking bot; https://serpstatbot.com/; abuse@serpstatbot.com)"
88.99.244.56 - - [12/May/2025:13:11:57 -0400] "GET /wp-content/uploads/2023/03/?MA HTTP/1.1" 200 12487 "-" "serpstatbot/2.1 (advanced backlink tracking bot; https://serpstatbot.com/; abuse@serpstatbot.com)"
88.99.244.56 - - [12/May/2025:13:12:00 -0400] "GET /wp-content/edit-wolf.php?action=edit&file=libatk-1.0.so.0.22810.1&path=%2F%2Flib64 HTTP/1.1" 200 963 "-" "serpstatbot/2.1 (advanced backlink tracking bot; https://serpstatbot.com/; abuse@serpstatbot.com)"
88.99.244.56 - - [12/May/2025:13:12:03 -0400] "GET /wp-content/edit-wolf.php?action=edit&file=libstdc%2B%2B.so.6&path=%2F%2Flib64 HTTP/1.1" 200 958 "-" "serpstatbot/2.1 (advanced backlink tracking bot; https://serpstatbot.com/; abuse@serpstatbot.com)"
66.249.65.169 - - [12/May/2025:13:12:03 -0400] "GET /88590518 HTTP/1.1" 200 20715 "-" "Mozilla/5.0 (Linux; Android 6.0.1; Nexus 5X Build/MMB29P) AppleWebKit/537.36 (KHTML, like Gecko) Chrome/136.0.7103.59 Mobile Safari/537.36 (compatible; Googlebot/2.1; +http://www.google.com/bot.html)"
66.249.65.169 - - [12/May/2025:13:12:04 -0400] "GET /27019926 HTTP/1.1" 200 21005 "-" "Mozilla/5.0 (Linux; Android 6.0.1; Nexus 5X Build/MMB29P) AppleWebKit/537.36 (KHTML, like Gecko) Chrome/136.0.7103.59 Mobile Safari/537.36 (compatible; Googlebot/2.1; +http://www.google.com/bot.html)"
88.99.244.56 - - [12/May/2025:13:12:06 -0400] "GET /wp-content/edit-wolf.php?action=edit&file=cp&path=%2F%2Fbin HTTP/1.1" 200 947 "-" "serpstatbot/2.1 (advanced backlink tracking bot; https://serpstatbot.com/; abuse@serpstatbot.com)"
88.99.244.56 - - [12/May/2025:13:12:08 -0400] "GET /wp-content/uploads/2023/02/t2.png.orig HTTP/1.1" 200 5797 "-" "serpstatbot/2.1 (advanced backlink tracking bot; https://serpstatbot.com/; abuse@serpstatbot.com)"
66.249.65.170 - - [12/May/2025:13:12:09 -0400] "GET /49037046 HTTP/1.1" 200 22404 "-" "Mozilla/5.0 (Linux; Android 6.0.1; Nexus 5X Build/MMB29P) AppleWebKit/537.36 (KHTML, like Gecko) Chrome/136.0.7103.59 Mobile Safari/537.36 (compatible; Googlebot/2.1; +http://www.google.com/bot.html)"
88.99.244.56 - - [12/May/2025:13:12:11 -0400] "GET /wp-content/edit-wolf.php?action=edit&file=libatomic_ops.so.1&path=%2F%2Flib64 HTTP/1.1" 200 958 "-" "serpstatbot/2.1 (advanced backlink tracking bot; https://serpstatbot.com/; abuse@serpstatbot.com)"
5.255.231.38 - - [12/May/2025:13:12:12 -0400] "GET /49168982 HTTP/1.1" 500 0 "-" "Mozilla/5.0 (compatible; YandexBot/3.0; +http://yandex.com/bots)"
98.82.214.73 - - [12/May/2025:13:12:12 -0400] "GET /wp-content/plugins/loginizer/loginizer.php HTTP/1.1" 500 0 "-" "Mozilla/5.0 AppleWebKit/537.36 (KHTML, like Gecko; compatible; Amazonbot/0.1; +https://developer.amazon.com/support/amazonbot) Chrome/119.0.6045.214 Safari/537.36"
88.99.244.56 - - [12/May/2025:13:12:14 -0400] "GET /wp-content/edit-wolf.php?action=edit&file=libstdc%2B%2B.so.6.0.25&path=%2F%2Flib64 HTTP/1.1" 200 962 "-" "serpstatbot/2.1 (advanced backlink tracking bot; https://serpstatbot.com/; abuse@serpstatbot.com)"
88.99.244.56 - - [12/May/2025:13:12:17 -0400] "GET /wp-content/edit-wolf.php?action=edit&file=convert&path=%2F%2Fbin HTTP/1.1" 200 950 "-" "serpstatbot/2.1 (advanced backlink tracking bot; https://serpstatbot.com/; abuse@serpstatbot.com)"
88.99.244.56 - - [12/May/2025:13:12:19 -0400] "GET /wp-content/uploads/2023/02/s3.jpg.orig HTTP/1.1" 200 9490 "-" "serpstatbot/2.1 (advanced backlink tracking bot; https://serpstatbot.com/; abuse@serpstatbot.com)"
66.249.65.169 - - [12/May/2025:13:12:20 -0400] "GET /65843990 HTTP/1.1" 200 20037 "-" "Mozilla/5.0 (Linux; Android 6.0.1; Nexus 5X Build/MMB29P) AppleWebKit/537.36 (KHTML, like Gecko) Chrome/136.0.7103.59 Mobile Safari/537.36 (compatible; Googlebot/2.1; +http://www.google.com/bot.html)"
88.99.244.56 - - [12/May/2025:13:12:22 -0400] "GET /wp-content/edit-wolf.php?action=edit&file=libatomic_ops.so.1.1.1&path=%2F%2Flib64 HTTP/1.1" 200 960 "-" "serpstatbot/2.1 (advanced backlink tracking bot; https://serpstatbot.com/; abuse@serpstatbot.com)"
66.249.65.169 - - [12/May/2025:13:12:24 -0400] "GET /37767990 HTTP/1.1" 200 20953 "-" "Mozilla/5.0 (Linux; Android 6.0.1; Nexus 5X Build/MMB29P) AppleWebKit/537.36 (KHTML, like Gecko) Chrome/136.0.7103.59 Mobile Safari/537.36 (compatible; Googlebot/2.1; +http://www.google.com/bot.html)"
88.99.244.56 - - [12/May/2025:13:12:25 -0400] "GET /wp-content/edit-wolf.php?action=edit&file=libsubid_sss.so&path=%2F%2Flib64 HTTP/1.1" 200 956 "-" "serpstatbot/2.1 (advanced backlink tracking bot; https://serpstatbot.com/; abuse@serpstatbot.com)"
88.99.244.56 - - [12/May/2025:13:12:28 -0400] "GET /wp-content/edit-wolf.php?action=edit&file=contactinfo&path=%2Fhome%2Fprocjwtt%2F.cpanel HTTP/1.1" 200 1212 "-" "serpstatbot/2.1 (advanced backlink tracking bot; https://serpstatbot.com/; abuse@serpstatbot.com)"
88.99.244.56 - - [12/May/2025:13:12:30 -0400] "GET /wp-content/uploads/2023/02/s3-150x150.jpg.orig HTTP/1.1" 200 6677 "-" "serpstatbot/2.1 (advanced backlink tracking bot; https://serpstatbot.com/; abuse@serpstatbot.com)"
14.232.198.200 - - [12/May/2025:13:12:32 -0400] "HEAD /wp-content/ngg/modules/photocrati-nextgen_addgallery_page/static/?ND= HTTP/1.1" 500 0 "-" "Mozilla/5.0 (Windows NT 6.2; Win64; x64) AppleWebKit/537.36 (KHTML, like Gecko) Chrome/73.0.3316.179 Safari/537.36"
57.141.4.18 - - [12/May/2025:13:12:32 -0400] "GET /76047990 HTTP/1.1" 500 0 "-" "meta-externalagent/1.1 (+https://developers.facebook.com/docs/sharing/webmasters/crawler)"
14.232.198.200 - - [12/May/2025:13:12:33 -0400] "GET /wp-content/ngg/modules/photocrati-nextgen_addgallery_page/static/?ND= HTTP/1.1" 500 0 "-" "Mozilla/5.0 (Windows NT 6.2; Win64; x64) AppleWebKit/537.36 (KHTML, like Gecko) Chrome/73.0.3316.179 Safari/537.36"
88.99.244.56 - - [12/May/2025:13:12:33 -0400] "GET /wp-content/edit-wolf.php?action=edit&file=libatomic_ops_gpl.so.1&path=%2F%2Flib64 HTTP/1.1" 200 961 "-" "serpstatbot/2.1 (advanced backlink tracking bot; https://serpstatbot.com/; abuse@serpstatbot.com)"
88.99.244.56 - - [12/May/2025:13:12:36 -0400] "GET /wp-content/edit-wolf.php?action=edit&file=libsysfs.so.2.0.1&path=%2F%2Flib64 HTTP/1.1" 200 959 "-" "serpstatbot/2.1 (advanced backlink tracking bot; https://serpstatbot.com/; abuse@serpstatbot.com)"
88.99.244.56 - - [12/May/2025:13:12:39 -0400] "GET /wp-content/edit-wolf.php?action=edit&file=consoletype&path=%2F%2Fsbin HTTP/1.1" 200 952 "-" "serpstatbot/2.1 (advanced backlink tracking bot; https://serpstatbot.com/; abuse@serpstatbot.com)"
88.99.244.56 - - [12/May/2025:13:12:40 -0400] "GET /wp-content/uploads/2023/02/Untitled-design.png.orig HTTP/1.1" 200 7649 "-" "serpstatbot/2.1 (advanced backlink tracking bot; https://serpstatbot.com/; abuse@serpstatbot.com)"
88.99.244.56 - - [12/May/2025:13:12:44 -0400] "GET /wp-content/edit-wolf.php?action=edit&file=libatomic_ops_gpl.so.1.1.2&path=%2F%2Flib64 HTTP/1.1" 200 963 "-" "serpstatbot/2.1 (advanced backlink tracking bot; https://serpstatbot.com/; abuse@serpstatbot.com)"
20.171.207.232 - - [12/May/2025:13:12:45 -0400] "GET /68384086 HTTP/1.1" 500 0 "-" "Mozilla/5.0 AppleWebKit/537.36 (KHTML, like Gecko; compatible; GPTBot/1.2; +https://openai.com/gptbot)"
88.99.244.56 - - [12/May/2025:13:12:49 -0400] "GET /wp-content/edit-wolf.php?action=edit&file=libsystemd.so.0&path=%2F%2Flib64 HTTP/1.1" 200 955 "-" "serpstatbot/2.1 (advanced backlink tracking bot; https://serpstatbot.com/; abuse@serpstatbot.com)"
88.99.244.56 - - [12/May/2025:13:12:53 -0400] "GET /wp-content/edit-wolf.php?action=edit&file=consoles&path=%2F%2Fproc HTTP/1.1" 200 875 "-" "serpstatbot/2.1 (advanced backlink tracking bot; https://serpstatbot.com/; abuse@serpstatbot.com)"
52.167.144.238 - - [12/May/2025:13:12:56 -0400] "GET /plotterexid5/j8ca.html HTTP/1.1" 200 19749 "-" "Mozilla/5.0 AppleWebKit/537.36 (KHTML, like Gecko; compatible; bingbot/2.0; +http://www.bing.com/bingbot.htm) Chrome/116.0.1938.76 Safari/537.36"
88.99.244.56 - - [12/May/2025:13:12:57 -0400] "GET /wp-content/uploads/2023/02/Untitled-design-150x150.png.orig HTTP/1.1" 200 6746 "-" "serpstatbot/2.1 (advanced backlink tracking bot; https://serpstatbot.com/; abuse@serpstatbot.com)"
5.255.231.66 - - [12/May/2025:13:13:00 -0400] "GET /15702166 HTTP/1.1" 500 0 "-" "Mozilla/5.0 (compatible; YandexBot/3.0; +http://yandex.com/bots)"
88.99.244.56 - - [12/May/2025:13:13:01 -0400] "GET /wp-content/edit-wolf.php?action=edit&file=libaudit.so.1&path=%2F%2Flib64 HTTP/1.1" 200 955 "-" "serpstatbot/2.1 (advanced backlink tracking bot; https://serpstatbot.com/; abuse@serpstatbot.com)"
5.255.231.190 - - [12/May/2025:13:13:02 -0400] "GET /14487254 HTTP/1.1" 500 0 "-" "Mozilla/5.0 (compatible; YandexBot/3.0; +http://yandex.com/bots)"
88.99.244.56 - - [12/May/2025:13:13:05 -0400] "GET /wp-content/edit-wolf.php?action=edit&file=libtalloc.so.2&path=%2F%2Flib64 HTTP/1.1" 200 956 "-" "serpstatbot/2.1 (advanced backlink tracking bot; https://serpstatbot.com/; abuse@serpstatbot.com)"
3.148.220.16 - - [12/May/2025:13:13:05 -0400] "GET /wp-admin/admin-wolf.php?path=%2F%2Fetc%2Fsysconfig HTTP/1.1" 200 1075 "-" "Mozilla/5.0 AppleWebKit/537.36 (KHTML, like Gecko; compatible; ClaudeBot/1.0; +claudebot@anthropic.com)"
3.148.220.16 - - [12/May/2025:13:13:06 -0400] "GET /wp-admin/admin-wolf.php?action=edit&file=xsltproc&path=%2F%2Fbin HTTP/1.1" 200 819 "-" "Mozilla/5.0 AppleWebKit/537.36 (KHTML, like Gecko; compatible; ClaudeBot/1.0; +claudebot@anthropic.com)"
3.148.220.16 - - [12/May/2025:13:13:06 -0400] "GET /wp-admin/admin-wolf.php?action=edit&file=diff&path=%2F%2Fbin HTTP/1.1" 200 815 "-" "Mozilla/5.0 AppleWebKit/537.36 (KHTML, like Gecko; compatible; ClaudeBot/1.0; +claudebot@anthropic.com)"
3.148.220.16 - - [12/May/2025:13:13:06 -0400] "GET /wp-admin/admin-wolf.php?action=edit&file=flex%2B%2B&path=%2F%2Fbin HTTP/1.1" 200 820 "-" "Mozilla/5.0 AppleWebKit/537.36 (KHTML, like Gecko; compatible; ClaudeBot/1.0; +claudebot@anthropic.com)"
