88.99.244.56 - - [12/May/2025:13:33:42 -0400] "GET /wp-content/edit-wolf.php?action=edit&file=libxcb-render.so.0&path=%2F%2Flib64 HTTP/1.1" 200 958 "-" "serpstatbot/2.1 (advanced backlink tracking bot; https://serpstatbot.com/; abuse@serpstatbot.com)"
88.99.244.56 - - [12/May/2025:13:33:45 -0400] "GET /wp-content/uploads/revslider/templates/food-recipe-modal/ HTTP/1.1" 200 1231 "-" "serpstatbot/2.1 (advanced backlink tracking bot; https://serpstatbot.com/; abuse@serpstatbot.com)"
43.153.8.160 - - [12/May/2025:13:33:46 -0400] "GET /.env HTTP/1.1" 403 1242 "-" "Mozilla/5.0 (Linux; U; Android 4.4.2; en-US; HM NOTE 1W Build/KOT49H) AppleWebKit/534.30 (KHTML, like Gecko) Version/4.0 UCBrowser/11.0.5.850 U3/0.8.0 Mobile Safari/534.30"
43.153.8.160 - - [12/May/2025:13:33:46 -0400] "POST / HTTP/1.1" 200 2435 "-" "Mozilla/5.0 (Linux; U; Android 4.4.2; en-US; HM NOTE 1W Build/KOT49H) AppleWebKit/534.30 (KHTML, like Gecko) Version/4.0 UCBrowser/11.0.5.850 U3/0.8.0 Mobile Safari/534.30"
54.36.148.2 - - [12/May/2025:13:33:47 -0400] "GET /?kzu24388.html HTTP/1.1" 200 2061 "-" "Mozilla/5.0 (compatible; AhrefsBot/7.0; +http://ahrefs.com/robot/)"
3.139.239.109 - - [12/May/2025:13:33:47 -0400] "GET /wp-admin/admin-wolf.php?action=edit&file=genrandom&path=%2F%2Fsbin HTTP/1.1" 200 819 "-" "Mozilla/5.0 AppleWebKit/537.36 (KHTML, like Gecko; compatible; ClaudeBot/1.0; +claudebot@anthropic.com)"
3.139.239.109 - - [12/May/2025:13:33:47 -0400] "GET /wp-admin/admin-wolf.php?action=edit&file=openssl&path=%2F%2Fbin HTTP/1.1" 200 817 "-" "Mozilla/5.0 AppleWebKit/537.36 (KHTML, like Gecko; compatible; ClaudeBot/1.0; +claudebot@anthropic.com)"
3.139.239.109 - - [12/May/2025:13:33:47 -0400] "GET /wp-admin/admin-wolf.php?action=edit&file=pathchk&path=%2F%2Fbin HTTP/1.1" 200 820 "-" "Mozilla/5.0 AppleWebKit/537.36 (KHTML, like Gecko; compatible; ClaudeBot/1.0; +claudebot@anthropic.com)"
3.139.239.109 - - [12/May/2025:13:33:47 -0400] "GET /wp-admin/admin-wolf.php?action=edit&file=unexpand&path=%2F%2Fbin HTTP/1.1" 200 818 "-" "Mozilla/5.0 AppleWebKit/537.36 (KHTML, like Gecko; compatible; ClaudeBot/1.0; +claudebot@anthropic.com)"
3.139.239.109 - - [12/May/2025:13:33:47 -0400] "GET /wp-admin/admin-wolf.php?action=edit&file=expr&path=%2F%2Fbin HTTP/1.1" 200 815 "-" "Mozilla/5.0 AppleWebKit/537.36 (KHTML, like Gecko; compatible; ClaudeBot/1.0; +claudebot@anthropic.com)"
88.99.244.56 - - [12/May/2025:13:33:48 -0400] "GET /wp-content/edit-wolf.php?action=edit&file=c%2B%2B&path=%2F%2Fbin HTTP/1.1" 200 949 "-" "serpstatbot/2.1 (advanced backlink tracking bot; https://serpstatbot.com/; abuse@serpstatbot.com)"
3.139.239.109 - - [12/May/2025:13:33:48 -0400] "GET /wp-admin/admin-wolf.php?action=edit&file=display&path=%2F%2Fbin HTTP/1.1" 200 816 "-" "Mozilla/5.0 AppleWebKit/537.36 (KHTML, like Gecko; compatible; ClaudeBot/1.0; +claudebot@anthropic.com)"
54.36.148.99 - - [12/May/2025:13:33:48 -0400] "GET /?dda14801.html HTTP/1.1" 200 2061 "-" "Mozilla/5.0 (compatible; AhrefsBot/7.0; +http://ahrefs.com/robot/)"
43.153.8.160 - - [12/May/2025:13:33:50 -0400] "GET /vendor/phpunit/phpunit/src/Util/PHP/eval-stdin.php HTTP/1.1" 200 0 "-" "python-requests/2.31.0"
66.249.65.169 - - [12/May/2025:13:33:53 -0400] "GET /65234198 HTTP/1.1" 200 20098 "-" "Mozilla/5.0 (Linux; Android 6.0.1; Nexus 5X Build/MMB29P) AppleWebKit/537.36 (KHTML, like Gecko) Chrome/136.0.7103.59 Mobile Safari/537.36 (compatible; Googlebot/2.1; +http://www.google.com/bot.html)"
88.99.244.56 - - [12/May/2025:13:33:55 -0400] "GET /wp-content/edit-wolf.php?action=edit&file=scl_enabled&path=%2F%2Fbin HTTP/1.1" 200 1135 "-" "serpstatbot/2.1 (advanced backlink tracking bot; https://serpstatbot.com/; abuse@serpstatbot.com)"
88.99.244.56 - - [12/May/2025:13:34:04 -0400] "GET /wp-content/edit-wolf.php?action=edit&file=libxcb-res.so&path=%2F%2Flib64 HTTP/1.1" 200 956 "-" "serpstatbot/2.1 (advanced backlink tracking bot; https://serpstatbot.com/; abuse@serpstatbot.com)"
54.36.149.5 - - [12/May/2025:13:34:07 -0400] "GET /?ypq15393_html HTTP/1.1" 200 2061 "-" "Mozilla/5.0 (compatible; AhrefsBot/7.0; +http://ahrefs.com/robot/)"
88.99.244.56 - - [12/May/2025:13:34:13 -0400] "GET /wp-content/uploads/revslider/templates/food-recipe-carousel/ HTTP/1.1" 200 1237 "-" "serpstatbot/2.1 (advanced backlink tracking bot; https://serpstatbot.com/; abuse@serpstatbot.com)"
213.180.203.61 - - [12/May/2025:13:34:13 -0400] "GET /17029270 HTTP/1.1" 500 0 "-" "Mozilla/5.0 (compatible; YandexBot/3.0; +http://yandex.com/bots)"
113.191.66.216 - - [12/May/2025:13:34:20 -0400] "HEAD /wp-content/uploads/2022/11/Before-After-1-768x768.png.orig HTTP/1.1" 200 0 "-" "Mozilla/5.0 (Windows NT 6.1; Win64; x64) AppleWebKit/537.36 (KHTML, like Gecko) Chrome/62.0.3289.160 Safari/537.36"
123.21.38.208 - - [12/May/2025:13:34:20 -0400] "HEAD /wp-content/gallery/sofa-chair/Blue-Sofa-2606.jpg_backup HTTP/1.1" 500 0 "-" "Mozilla/5.0 (Windows NT 6.0; Win64; x64) AppleWebKit/537.36 (KHTML, like Gecko) Chrome/69.0.2589.70 Safari/537.36"
123.24.240.13 - - [12/May/2025:13:34:20 -0400] "HEAD /wp-content/ngg/modules/photocrati-nextgen_addgallery_page/static/?ND= HTTP/1.1" 500 0 "-" "Mozilla/5.0 (Windows NT 6.0; Win64; x64) AppleWebKit/537.36 (KHTML, like Gecko) Chrome/74.0.2620.131 Safari/537.36"
123.21.38.208 - - [12/May/2025:13:34:20 -0400] "GET /wp-content/gallery/sofa-chair/Blue-Sofa-2606.jpg_backup HTTP/1.1" 500 0 "-" "Mozilla/5.0 (Windows NT 6.0; Win64; x64) AppleWebKit/537.36 (KHTML, like Gecko) Chrome/69.0.2589.70 Safari/537.36"
123.24.240.13 - - [12/May/2025:13:34:21 -0400] "GET /wp-content/ngg/modules/photocrati-nextgen_addgallery_page/static/?ND= HTTP/1.1" 500 0 "-" "Mozilla/5.0 (Windows NT 6.0; Win64; x64) AppleWebKit/537.36 (KHTML, like Gecko) Chrome/74.0.2620.131 Safari/537.36"
213.180.203.32 - - [12/May/2025:13:34:23 -0400] "GET /58459702 HTTP/1.1" 500 0 "-" "Mozilla/5.0 (compatible; YandexBot/3.0; +http://yandex.com/bots)"
88.99.244.56 - - [12/May/2025:13:34:25 -0400] "GET /wp-content/edit-wolf.php?action=edit&file=Mcrt1.o&path=%2F%2Flib64 HTTP/1.1" 200 951 "-" "serpstatbot/2.1 (advanced backlink tracking bot; https://serpstatbot.com/; abuse@serpstatbot.com)"
54.36.148.153 - - [12/May/2025:13:34:33 -0400] "GET /?ubr38729.html HTTP/1.1" 200 2062 "-" "Mozilla/5.0 (compatible; AhrefsBot/7.0; +http://ahrefs.com/robot/)"
88.99.244.56 - - [12/May/2025:13:34:38 -0400] "GET /wp-content/edit-wolf.php?action=edit&file=scl_source&path=%2F%2Fbin HTTP/1.1" 200 1785 "-" "serpstatbot/2.1 (advanced backlink tracking bot; https://serpstatbot.com/; abuse@serpstatbot.com)"
54.36.148.224 - - [12/May/2025:13:34:40 -0400] "GET /?ysh50966.html HTTP/1.1" 200 2062 "-" "Mozilla/5.0 (compatible; AhrefsBot/7.0; +http://ahrefs.com/robot/)"
213.180.203.202 - - [12/May/2025:13:34:42 -0400] "GET /lan-usb-driver-k.html HTTP/1.1" 500 0 "-" "Mozilla/5.0 (compatible; YandexBot/3.0; +http://yandex.com/bots)"
66.249.65.169 - - [12/May/2025:13:34:46 -0400] "GET /6384022 HTTP/1.1" 200 18566 "-" "Mozilla/5.0 (Linux; Android 6.0.1; Nexus 5X Build/MMB29P) AppleWebKit/537.36 (KHTML, like Gecko) Chrome/136.0.7103.59 Mobile Safari/537.36 (compatible; Googlebot/2.1; +http://www.google.com/bot.html)"
20.171.207.232 - - [12/May/2025:13:34:46 -0400] "GET /21080982 HTTP/1.1" 500 0 "-" "Mozilla/5.0 AppleWebKit/537.36 (KHTML, like Gecko; compatible; GPTBot/1.2; +https://openai.com/gptbot)"
57.141.4.5 - - [12/May/2025:13:34:46 -0400] "GET /71800534 HTTP/1.1" 500 0 "-" "meta-externalagent/1.1 (+https://developers.facebook.com/docs/sharing/webmasters/crawler)"
66.249.65.169 - - [12/May/2025:13:34:56 -0400] "GET /89162390 HTTP/1.1" 200 19690 "-" "Mozilla/5.0 (Linux; Android 6.0.1; Nexus 5X Build/MMB29P) AppleWebKit/537.36 (KHTML, like Gecko) Chrome/136.0.7103.59 Mobile Safari/537.36 (compatible; Googlebot/2.1; +http://www.google.com/bot.html)"
3.149.231.42 - - [12/May/2025:13:34:59 -0400] "GET /wp-admin/admin-wolf.php?action=edit&file=rview&path=%2F%2Fbin HTTP/1.1" 200 818 "-" "Mozilla/5.0 AppleWebKit/537.36 (KHTML, like Gecko; compatible; ClaudeBot/1.0; +claudebot@anthropic.com)"
3.149.231.42 - - [12/May/2025:13:35:00 -0400] "GET /wp-admin/admin-wolf.php?action=edit&file=gpgv&path=%2F%2Fbin HTTP/1.1" 200 815 "-" "Mozilla/5.0 AppleWebKit/537.36 (KHTML, like Gecko; compatible; ClaudeBot/1.0; +claudebot@anthropic.com)"
3.149.231.42 - - [12/May/2025:13:35:00 -0400] "GET /wp-admin/admin-wolf.php?action=edit&file=unzip&path=%2F%2Fbin HTTP/1.1" 200 818 "-" "Mozilla/5.0 AppleWebKit/537.36 (KHTML, like Gecko; compatible; ClaudeBot/1.0; +claudebot@anthropic.com)"
3.149.231.42 - - [12/May/2025:13:35:00 -0400] "GET /wp-admin/admin-wolf.php?action=edit&file=gzip&path=%2F%2Fbin HTTP/1.1" 200 816 "-" "Mozilla/5.0 AppleWebKit/537.36 (KHTML, like Gecko; compatible; ClaudeBot/1.0; +claudebot@anthropic.com)"
3.149.231.42 - - [12/May/2025:13:35:00 -0400] "GET /wp-admin/admin-wolf.php?action=edit&file=objcopy&path=%2F%2Fbin HTTP/1.1" 200 820 "-" "Mozilla/5.0 AppleWebKit/537.36 (KHTML, like Gecko; compatible; ClaudeBot/1.0; +claudebot@anthropic.com)"
3.149.231.42 - - [12/May/2025:13:35:00 -0400] "GET /wp-admin/admin-wolf.php?action=edit&file=batch&path=%2F%2Fbin HTTP/1.1" 200 906 "-" "Mozilla/5.0 AppleWebKit/537.36 (KHTML, like Gecko; compatible; ClaudeBot/1.0; +claudebot@anthropic.com)"
54.36.148.181 - - [12/May/2025:13:35:22 -0400] "GET /?fus40995.html HTTP/1.1" 200 2064 "-" "Mozilla/5.0 (compatible; AhrefsBot/7.0; +http://ahrefs.com/robot/)"
88.99.244.56 - - [12/May/2025:13:35:23 -0400] "GET /wp-content/uploads/revslider/templates/food-delivery/ HTTP/1.1" 200 808 "-" "serpstatbot/2.1 (advanced backlink tracking bot; https://serpstatbot.com/; abuse@serpstatbot.com)"
213.180.203.217 - - [12/May/2025:13:35:24 -0400] "GET /17007894 HTTP/1.1" 500 0 "-" "Mozilla/5.0 (compatible; YandexBot/3.0; +http://yandex.com/bots)"
88.99.244.56 - - [12/May/2025:13:35:45 -0400] "GET /wp-content/edit-wolf.php?action=edit&file=Scrt1.o&path=%2F%2Flib64 HTTP/1.1" 200 951 "-" "serpstatbot/2.1 (advanced backlink tracking bot; https://serpstatbot.com/; abuse@serpstatbot.com)"
20.171.207.232 - - [12/May/2025:13:35:49 -0400] "GET /75510518 HTTP/1.1" 500 0 "-" "Mozilla/5.0 AppleWebKit/537.36 (KHTML, like Gecko; compatible; GPTBot/1.2; +https://openai.com/gptbot)"
66.249.65.169 - - [12/May/2025:13:35:51 -0400] "GET /76836950 HTTP/1.1" 200 18766 "-" "Mozilla/5.0 (Linux; Android 6.0.1; Nexus 5X Build/MMB29P) AppleWebKit/537.36 (KHTML, like Gecko) Chrome/136.0.7103.59 Mobile Safari/537.36 (compatible; Googlebot/2.1; +http://www.google.com/bot.html)"
57.141.4.28 - - [12/May/2025:13:35:52 -0400] "GET /43717878 HTTP/1.1" 500 0 "-" "meta-externalagent/1.1 (+https://developers.facebook.com/docs/sharing/webmasters/crawler)"
54.36.148.186 - - [12/May/2025:13:35:56 -0400] "GET /?nns18317.html HTTP/1.1" 200 2060 "-" "Mozilla/5.0 (compatible; AhrefsBot/7.0; +http://ahrefs.com/robot/)"
54.36.148.138 - - [12/May/2025:13:36:00 -0400] "GET /?pgu10481.html HTTP/1.1" 200 2060 "-" "Mozilla/5.0 (compatible; AhrefsBot/7.0; +http://ahrefs.com/robot/)"
88.99.244.56 - - [12/May/2025:13:36:01 -0400] "GET /wp-content/edit-wolf.php?action=edit&file=scp&path=%2F%2Fbin HTTP/1.1" 200 948 "-" "serpstatbot/2.1 (advanced backlink tracking bot; https://serpstatbot.com/; abuse@serpstatbot.com)"
66.249.65.171 - - [12/May/2025:13:36:05 -0400] "GET /18644662 HTTP/1.1" 200 21137 "-" "Mozilla/5.0 (Linux; Android 6.0.1; Nexus 5X Build/MMB29P) AppleWebKit/537.36 (KHTML, like Gecko) Chrome/136.0.7103.59 Mobile Safari/537.36 (compatible; Googlebot/2.1; +http://www.google.com/bot.html)"
54.36.148.81 - - [12/May/2025:13:36:09 -0400] "GET /?dda4733.html HTTP/1.1" 200 2060 "-" "Mozilla/5.0 (compatible; AhrefsBot/7.0; +http://ahrefs.com/robot/)"
88.99.244.56 - - [12/May/2025:13:36:11 -0400] "GET /wp-content/uploads/revslider/templates/food-delivery-lottie-scroll/ HTTP/1.1" 200 819 "-" "serpstatbot/2.1 (advanced backlink tracking bot; https://serpstatbot.com/; abuse@serpstatbot.com)"
88.99.244.56 - - [12/May/2025:13:36:14 -0400] "GET /wp-content/edit-wolf.php?action=edit&file=aclocal&path=%2F%2Fbin HTTP/1.1" 200 15539 "-" "serpstatbot/2.1 (advanced backlink tracking bot; https://serpstatbot.com/; abuse@serpstatbot.com)"
88.99.244.56 - - [12/May/2025:13:36:17 -0400] "GET /wp-content/edit-wolf.php?action=edit&file=screen&path=%2F%2Fbin HTTP/1.1" 200 950 "-" "serpstatbot/2.1 (advanced backlink tracking bot; https://serpstatbot.com/; abuse@serpstatbot.com)"
88.99.244.56 - - [12/May/2025:13:36:19 -0400] "GET /wp-content/uploads/revslider/templates/focusparallax/ HTTP/1.1" 200 859 "-" "serpstatbot/2.1 (advanced backlink tracking bot; https://serpstatbot.com/; abuse@serpstatbot.com)"
3.148.109.137 - - [12/May/2025:13:36:21 -0400] "GET /wp-admin/admin-wolf.php?action=edit&file=vmallocinfo&path=%2F%2Fproc HTTP/1.1" 200 752 "-" "Mozilla/5.0 AppleWebKit/537.36 (KHTML, like Gecko; compatible; ClaudeBot/1.0; +claudebot@anthropic.com)"
3.148.109.137 - - [12/May/2025:13:36:21 -0400] "GET /wp-admin/admin-wolf.php?action=edit&file=yes&path=%2F%2Fbin HTTP/1.1" 200 815 "-" "Mozilla/5.0 AppleWebKit/537.36 (KHTML, like Gecko; compatible; ClaudeBot/1.0; +claudebot@anthropic.com)"
3.148.109.137 - - [12/May/2025:13:36:21 -0400] "GET /wp-admin/admin-wolf.php?action=edit&file=createdb&path=%2F%2Fbin HTTP/1.1" 200 816 "-" "Mozilla/5.0 AppleWebKit/537.36 (KHTML, like Gecko; compatible; ClaudeBot/1.0; +claudebot@anthropic.com)"
3.148.109.137 - - [12/May/2025:13:36:21 -0400] "GET /wp-admin/admin-wolf.php?action=edit&file=tclsh8.6&path=%2F%2Fbin HTTP/1.1" 200 820 "-" "Mozilla/5.0 AppleWebKit/537.36 (KHTML, like Gecko; compatible; ClaudeBot/1.0; +claudebot@anthropic.com)"
88.99.244.56 - - [12/May/2025:13:36:21 -0400] "GET /wp-content/edit-wolf.php?action=edit&file=aclocal-1.16&path=%2F%2Fbin HTTP/1.1" 200 15540 "-" "serpstatbot/2.1 (advanced backlink tracking bot; https://serpstatbot.com/; abuse@serpstatbot.com)"
3.148.109.137 - - [12/May/2025:13:36:22 -0400] "GET /wp-admin/admin-wolf.php?action=edit&file=tclsh&path=%2F%2Fbin HTTP/1.1" 200 818 "-" "Mozilla/5.0 AppleWebKit/537.36 (KHTML, like Gecko; compatible; ClaudeBot/1.0; +claudebot@anthropic.com)"
3.148.109.137 - - [12/May/2025:13:36:22 -0400] "GET /wp-admin/admin-wolf.php?action=edit&file=gpg&path=%2F%2Fbin HTTP/1.1" 200 814 "-" "Mozilla/5.0 AppleWebKit/537.36 (KHTML, like Gecko; compatible; ClaudeBot/1.0; +claudebot@anthropic.com)"
66.249.65.170 - - [12/May/2025:13:36:23 -0400] "GET /55100502 HTTP/1.1" 200 20049 "-" "Mozilla/5.0 (Linux; Android 6.0.1; Nexus 5X Build/MMB29P) AppleWebKit/537.36 (KHTML, like Gecko) Chrome/136.0.7103.59 Mobile Safari/537.36 (compatible; Googlebot/2.1; +http://www.google.com/bot.html)"
88.99.244.56 - - [12/May/2025:13:36:24 -0400] "GET /wp-content/edit-wolf.php?action=edit&file=screenrc&path=%2F%2Fetc HTTP/1.1" 200 4015 "-" "serpstatbot/2.1 (advanced backlink tracking bot; https://serpstatbot.com/; abuse@serpstatbot.com)"
54.36.148.163 - - [12/May/2025:13:36:27 -0400] "GET /?teh52454.html HTTP/1.1" 200 2060 "-" "Mozilla/5.0 (compatible; AhrefsBot/7.0; +http://ahrefs.com/robot/)"
88.99.244.56 - - [12/May/2025:13:36:27 -0400] "GET /wp-content/edit-wolf.php?action=edit&file=libvisual-0.4.so.0.0.0&path=%2F%2Flib64 HTTP/1.1" 200 961 "-" "serpstatbot/2.1 (advanced backlink tracking bot; https://serpstatbot.com/; abuse@serpstatbot.com)"
88.99.244.56 - - [12/May/2025:13:36:30 -0400] "GET /wp-content/uploads/revslider/templates/fitness-gym-website-slider/ HTTP/1.1" 200 908 "-" "serpstatbot/2.1 (advanced backlink tracking bot; https://serpstatbot.com/; abuse@serpstatbot.com)"
88.99.244.56 - - [12/May/2025:13:36:33 -0400] "GET /wp-content/edit-wolf.php?action=edit&file=addr2line&path=%2F%2Fbin HTTP/1.1" 200 951 "-" "serpstatbot/2.1 (advanced backlink tracking bot; https://serpstatbot.com/; abuse@serpstatbot.com)"
54.36.148.111 - - [12/May/2025:13:36:34 -0400] "GET /?ddp55461.html HTTP/1.1" 200 2060 "-" "Mozilla/5.0 (compatible; AhrefsBot/7.0; +http://ahrefs.com/robot/)"
88.99.244.56 - - [12/May/2025:13:36:36 -0400] "GET /wp-content/edit-wolf.php?action=edit&file=script&path=%2F%2Fbin HTTP/1.1" 200 950 "-" "serpstatbot/2.1 (advanced backlink tracking bot; https://serpstatbot.com/; abuse@serpstatbot.com)"
66.249.65.169 - - [12/May/2025:13:36:37 -0400] "GET /9022134 HTTP/1.1" 200 20321 "-" "Mozilla/5.0 (Linux; Android 6.0.1; Nexus 5X Build/MMB29P) AppleWebKit/537.36 (KHTML, like Gecko) Chrome/136.0.7103.59 Mobile Safari/537.36 (compatible; Googlebot/2.1; +http://www.google.com/bot.html)"
54.36.148.209 - - [12/May/2025:13:36:38 -0400] "GET /?ypq47439.html HTTP/1.1" 200 2060 "-" "Mozilla/5.0 (compatible; AhrefsBot/7.0; +http://ahrefs.com/robot/)"
88.99.244.56 - - [12/May/2025:13:36:38 -0400] "GET /wp-content/edit-wolf.php?action=edit&file=libvmtools.so.0.0.0&path=%2F%2Flib64 HTTP/1.1" 200 958 "-" "serpstatbot/2.1 (advanced backlink tracking bot; https://serpstatbot.com/; abuse@serpstatbot.com)"
88.99.244.56 - - [12/May/2025:13:36:42 -0400] "GET /wp-content/uploads/revslider/templates/fitness-club-template/ HTTP/1.1" 200 884 "-" "serpstatbot/2.1 (advanced backlink tracking bot; https://serpstatbot.com/; abuse@serpstatbot.com)"
88.99.244.56 - - [12/May/2025:13:36:45 -0400] "GET /wp-content/edit-wolf.php?action=edit&file=admin-bar.php&path=%2Fhome%2Fprocjwtt%2Fpublic_html%2Fwp-includes HTTP/1.1" 200 11336 "-" "serpstatbot/2.1 (advanced backlink tracking bot; https://serpstatbot.com/; abuse@serpstatbot.com)"
88.99.244.56 - - [12/May/2025:13:36:49 -0400] "GET /wp-content/edit-wolf.php?action=edit&file=script-loader.php&path=%2Fhome%2Fprocjwtt%2Fpublic_html%2Fwp-includes HTTP/1.1" 200 39835 "-" "serpstatbot/2.1 (advanced backlink tracking bot; https://serpstatbot.com/; abuse@serpstatbot.com)"
52.45.77.169 - - [12/May/2025:13:36:50 -0400] "GET /wp-content/edit-wolf.php?action=edit&file=block-patterns.php&path=/home/procjwtt/public_html/wp-includes HTTP/1.1" 200 4491 "-" "Mozilla/5.0 AppleWebKit/537.36 (KHTML, like Gecko; compatible; Amazonbot/0.1; +https://developer.amazon.com/support/amazonbot) Chrome/119.0.6045.214 Safari/537.36"
20.171.207.232 - - [12/May/2025:13:36:51 -0400] "GET /10755670 HTTP/1.1" 500 0 "-" "Mozilla/5.0 AppleWebKit/537.36 (KHTML, like Gecko; compatible; GPTBot/1.2; +https://openai.com/gptbot)"
88.99.244.56 - - [12/May/2025:13:36:52 -0400] "GET /wp-content/edit-wolf.php?action=edit&file=libvorbis.so.0&path=%2F%2Flib64 HTTP/1.1" 200 956 "-" "serpstatbot/2.1 (advanced backlink tracking bot; https://serpstatbot.com/; abuse@serpstatbot.com)"
213.180.203.53 - - [12/May/2025:13:36:53 -0400] "GET /9782902 HTTP/1.1" 500 0 "-" "Mozilla/5.0 (compatible; YandexBot/3.0; +http://yandex.com/bots)"
88.99.244.56 - - [12/May/2025:13:36:54 -0400] "GET /wp-content/uploads/revslider/templates/filmstrip/ HTTP/1.1" 200 854 "-" "serpstatbot/2.1 (advanced backlink tracking bot; https://serpstatbot.com/; abuse@serpstatbot.com)"
66.249.65.169 - - [12/May/2025:13:36:55 -0400] "GET /44977014 HTTP/1.1" 200 20929 "-" "Mozilla/5.0 (Linux; Android 6.0.1; Nexus 5X Build/MMB29P) AppleWebKit/537.36 (KHTML, like Gecko) Chrome/136.0.7103.59 Mobile Safari/537.36 (compatible; Googlebot/2.1; +http://www.google.com/bot.html)"
88.99.244.56 - - [12/May/2025:13:36:58 -0400] "GET /wp-content/edit-wolf.php?action=edit&file=admin-wolf.php&path=%2Fhome%2Fprocjwtt%2Fpublic_html%2Fwp-admin HTTP/1.1" 200 3738 "-" "serpstatbot/2.1 (advanced backlink tracking bot; https://serpstatbot.com/; abuse@serpstatbot.com)"
57.141.4.14 - - [12/May/2025:13:36:59 -0400] "GET /13988598 HTTP/1.1" 500 0 "-" "meta-externalagent/1.1 (+https://developers.facebook.com/docs/sharing/webmasters/crawler)"
88.99.244.56 - - [12/May/2025:13:37:00 -0400] "GET /wp-content/edit-wolf.php?action=edit&file=sdiff&path=%2F%2Fbin HTTP/1.1" 200 949 "-" "serpstatbot/2.1 (advanced backlink tracking bot; https://serpstatbot.com/; abuse@serpstatbot.com)"
88.99.244.56 - - [12/May/2025:13:37:03 -0400] "GET /wp-content/edit-wolf.php?action=edit&file=libvorbisenc.so.2&path=%2F%2Flib64 HTTP/1.1" 200 958 "-" "serpstatbot/2.1 (advanced backlink tracking bot; https://serpstatbot.com/; abuse@serpstatbot.com)"
88.99.244.56 - - [12/May/2025:13:37:08 -0400] "GET /wp-content/uploads/revslider/templates/fashion-website-slider/ HTTP/1.1" 200 906 "-" "serpstatbot/2.1 (advanced backlink tracking bot; https://serpstatbot.com/; abuse@serpstatbot.com)"
54.36.149.76 - - [12/May/2025:13:37:09 -0400] "GET /?cox15358.html HTTP/1.1" 200 2063 "-" "Mozilla/5.0 (compatible; AhrefsBot/7.0; +http://ahrefs.com/robot/)"
66.249.65.169 - - [12/May/2025:13:37:08 -0400] "GET /45853622 HTTP/1.1" 200 18936 "-" "Mozilla/5.0 (Linux; Android 6.0.1; Nexus 5X Build/MMB29P) AppleWebKit/537.36 (KHTML, like Gecko) Chrome/136.0.7103.59 Mobile Safari/537.36 (compatible; Googlebot/2.1; +http://www.google.com/bot.html)"
88.99.244.56 - - [12/May/2025:13:37:11 -0400] "GET /wp-content/edit-wolf.php?action=edit&file=ahrefs_06f9a8fce6374ea013ea2a112a1588c8922fa0f2a69f4e502d25dbb021a63b31&path=%2Fhome%2Fprocjwtt%2Fwww HTTP/1.1" 200 1021 "-" "serpstatbot/2.1 (advanced backlink tracking bot; https://serpstatbot.com/; abuse@serpstatbot.com)"
88.99.244.56 - - [12/May/2025:13:37:14 -0400] "GET /wp-content/edit-wolf.php?action=edit&file=sed&path=%2F%2Fbin HTTP/1.1" 200 948 "-" "serpstatbot/2.1 (advanced backlink tracking bot; https://serpstatbot.com/; abuse@serpstatbot.com)"
88.99.244.56 - - [12/May/2025:13:37:17 -0400] "GET /wp-content/edit-wolf.php?action=edit&file=libvorbisenc.so.2.0.11&path=%2F%2Flib64 HTTP/1.1" 200 962 "-" "serpstatbot/2.1 (advanced backlink tracking bot; https://serpstatbot.com/; abuse@serpstatbot.com)"
54.36.149.105 - - [12/May/2025:13:37:20 -0400] "GET /?vgs34144.html HTTP/1.1" 200 2063 "-" "Mozilla/5.0 (compatible; AhrefsBot/7.0; +http://ahrefs.com/robot/)"
88.99.244.56 - - [12/May/2025:13:37:21 -0400] "GET /wp-content/uploads/revslider/templates/fashion-website-slider-modal/ HTTP/1.1" 200 907 "-" "serpstatbot/2.1 (advanced backlink tracking bot; https://serpstatbot.com/; abuse@serpstatbot.com)"
88.99.244.56 - - [12/May/2025:13:37:24 -0400] "GET /wp-content/edit-wolf.php?action=edit&file=aliases&path=%2F%2Fetc HTTP/1.1" 200 1655 "-" "serpstatbot/2.1 (advanced backlink tracking bot; https://serpstatbot.com/; abuse@serpstatbot.com)"
54.36.148.121 - - [12/May/2025:13:37:25 -0400] "GET /?yck23378.html HTTP/1.1" 200 2063 "-" "Mozilla/5.0 (compatible; AhrefsBot/7.0; +http://ahrefs.com/robot/)"
5.255.231.203 - - [12/May/2025:13:37:26 -0400] "GET /54723798 HTTP/1.1" 500 0 "-" "Mozilla/5.0 (compatible; YandexBot/3.0; +http://yandex.com/bots)"
88.99.244.56 - - [12/May/2025:13:37:28 -0400] "GET /wp-content/edit-wolf.php?action=edit&file=selectorctl&path=%2F%2Fbin HTTP/1.1" 200 3487 "-" "serpstatbot/2.1 (advanced backlink tracking bot; https://serpstatbot.com/; abuse@serpstatbot.com)"
88.99.244.56 - - [12/May/2025:13:37:33 -0400] "GET /wp-content/edit-wolf.php?action=edit&file=libvorbisfile.so.3&path=%2F%2Flib64 HTTP/1.1" 200 958 "-" "serpstatbot/2.1 (advanced backlink tracking bot; https://serpstatbot.com/; abuse@serpstatbot.com)"
207.46.13.116 - - [12/May/2025:13:37:34 -0400] "GET /hebrewsygztu/ptoa.html HTTP/1.1" 200 19217 "-" "Mozilla/5.0 AppleWebKit/537.36 (KHTML, like Gecko; compatible; bingbot/2.0; +http://www.bing.com/bingbot.htm) Chrome/116.0.1938.76 Safari/537.36"
88.99.244.56 - - [12/May/2025:13:37:35 -0400] "GET /wp-content/uploads/revslider/templates/fashion-shop-slider/ HTTP/1.1" 200 879 "-" "serpstatbot/2.1 (advanced backlink tracking bot; https://serpstatbot.com/; abuse@serpstatbot.com)"
88.99.244.56 - - [12/May/2025:13:37:39 -0400] "GET /wp-content/edit-wolf.php?action=edit&file=animate&path=%2F%2Fbin HTTP/1.1" 200 950 "-" "serpstatbot/2.1 (advanced backlink tracking bot; https://serpstatbot.com/; abuse@serpstatbot.com)"
88.99.244.56 - - [12/May/2025:13:37:42 -0400] "GET /wp-content/edit-wolf.php?action=edit&file=senderverifybypasshosts&path=%2F%2Fetc HTTP/1.1" 200 961 "-" "serpstatbot/2.1 (advanced backlink tracking bot; https://serpstatbot.com/; abuse@serpstatbot.com)"
3.144.126.147 - - [12/May/2025:13:37:44 -0400] "GET /wp-admin/admin-wolf.php?action=edit&file=.litespeed_flag&path=%2Fhome%2Fprocjwtt%2Fpromo.procarecleaning.com.sg HTTP/1.1" 200 979 "-" "Mozilla/5.0 AppleWebKit/537.36 (KHTML, like Gecko; compatible; ClaudeBot/1.0; +claudebot@anthropic.com)"
3.144.126.147 - - [12/May/2025:13:37:44 -0400] "GET /wp-admin/admin-wolf.php?action=edit&file=cmdline&path=%2F%2Fproc HTTP/1.1" 200 1025 "-" "Mozilla/5.0 AppleWebKit/537.36 (KHTML, like Gecko; compatible; ClaudeBot/1.0; +claudebot@anthropic.com)"
3.144.126.147 - - [12/May/2025:13:37:44 -0400] "GET /wp-admin/admin-wolf.php?action=edit&file=zipnote&path=%2F%2Fbin HTTP/1.1" 200 817 "-" "Mozilla/5.0 AppleWebKit/537.36 (KHTML, like Gecko; compatible; ClaudeBot/1.0; +claudebot@anthropic.com)"
3.144.126.147 - - [12/May/2025:13:37:44 -0400] "GET /wp-admin/admin-wolf.php?action=edit&file=test&path=%2F%2Fbin HTTP/1.1" 200 815 "-" "Mozilla/5.0 AppleWebKit/537.36 (KHTML, like Gecko; compatible; ClaudeBot/1.0; +claudebot@anthropic.com)"
3.144.126.147 - - [12/May/2025:13:37:45 -0400] "GET /wp-admin/admin-wolf.php?action=edit&file=unzipsfx&path=%2F%2Fbin HTTP/1.1" 200 821 "-" "Mozilla/5.0 AppleWebKit/537.36 (KHTML, like Gecko; compatible; ClaudeBot/1.0; +claudebot@anthropic.com)"
3.144.126.147 - - [12/May/2025:13:37:45 -0400] "GET /wp-admin/admin-wolf.php?path=%2F%2Frun%2Fcagefs HTTP/1.1" 200 1068 "-" "Mozilla/5.0 AppleWebKit/537.36 (KHTML, like Gecko; compatible; ClaudeBot/1.0; +claudebot@anthropic.com)"
88.99.244.56 - - [12/May/2025:13:37:46 -0400] "GET /wp-content/edit-wolf.php?action=edit&file=libvpx.so.5&path=%2F%2Flib64 HTTP/1.1" 200 954 "-" "serpstatbot/2.1 (advanced backlink tracking bot; https://serpstatbot.com/; abuse@serpstatbot.com)"
123.17.246.245 - - [12/May/2025:13:37:46 -0400] "HEAD /wp-content/gallery/sofa-chair/Blue-Sofa-2606.jpg_backup HTTP/1.1" 500 0 "-" "Mozilla/5.0 (Windows NT 10.0; Win64; x64) AppleWebKit/537.36 (KHTML, like Gecko) Chrome/67.0.3879.39 Safari/537.36"
123.17.246.245 - - [12/May/2025:13:37:47 -0400] "GET /wp-content/gallery/sofa-chair/Blue-Sofa-2606.jpg_backup HTTP/1.1" 500 0 "-" "Mozilla/5.0 (Windows NT 10.0; Win64; x64) AppleWebKit/537.36 (KHTML, like Gecko) Chrome/67.0.3879.39 Safari/537.36"
88.99.244.56 - - [12/May/2025:13:37:51 -0400] "GET /wp-content/uploads/revslider/templates/fashion-header/ HTTP/1.1" 200 857 "-" "serpstatbot/2.1 (advanced backlink tracking bot; https://serpstatbot.com/; abuse@serpstatbot.com)"
87.250.224.86 - - [12/May/2025:13:37:52 -0400] "GET /73022902 HTTP/1.1" 500 0 "-" "Mozilla/5.0 (compatible; YandexBot/3.0; +http://yandex.com/bots)"
20.171.207.232 - - [12/May/2025:13:37:53 -0400] "GET /77416822 HTTP/1.1" 500 0 "-" "Mozilla/5.0 AppleWebKit/537.36 (KHTML, like Gecko; compatible; GPTBot/1.2; +https://openai.com/gptbot)"
88.99.244.56 - - [12/May/2025:13:37:57 -0400] "GET /wp-content/edit-wolf.php?action=edit&file=ar&path=%2F%2Fbin HTTP/1.1" 200 947 "-" "serpstatbot/2.1 (advanced backlink tracking bot; https://serpstatbot.com/; abuse@serpstatbot.com)"
88.99.244.56 - - [12/May/2025:13:38:00 -0400] "GET /wp-content/edit-wolf.php?action=edit&file=sendmail&path=%2F%2Flib HTTP/1.1" 200 1485 "-" "serpstatbot/2.1 (advanced backlink tracking bot; https://serpstatbot.com/; abuse@serpstatbot.com)"
88.99.244.56 - - [12/May/2025:13:38:04 -0400] "GET /wp-content/edit-wolf.php?action=edit&file=libvpx.so.5.0.0&path=%2F%2Flib64 HTTP/1.1" 200 958 "-" "serpstatbot/2.1 (advanced backlink tracking bot; https://serpstatbot.com/; abuse@serpstatbot.com)"
57.141.4.19 - - [12/May/2025:13:38:05 -0400] "GET /86702742 HTTP/1.1" 500 0 "-" "meta-externalagent/1.1 (+https://developers.facebook.com/docs/sharing/webmasters/crawler)"
88.99.244.56 - - [12/May/2025:13:38:10 -0400] "GET /wp-content/uploads/revslider/templates/explorationheader/ HTTP/1.1" 200 883 "-" "serpstatbot/2.1 (advanced backlink tracking bot; https://serpstatbot.com/; abuse@serpstatbot.com)"
88.99.244.56 - - [12/May/2025:13:38:15 -0400] "GET /wp-content/edit-wolf.php?action=edit&file=arch&path=%2F%2Fbin HTTP/1.1" 200 949 "-" "serpstatbot/2.1 (advanced backlink tracking bot; https://serpstatbot.com/; abuse@serpstatbot.com)"
88.99.244.56 - - [12/May/2025:13:38:20 -0400] "GET /wp-content/edit-wolf.php?action=edit&file=sendmail&path=%2F%2Fsbin HTTP/1.1" 200 1485 "-" "serpstatbot/2.1 (advanced backlink tracking bot; https://serpstatbot.com/; abuse@serpstatbot.com)"
88.99.244.56 - - [12/May/2025:13:38:25 -0400] "GET /wp-content/edit-wolf.php?action=edit&file=libwacom.so.2&path=%2F%2Flib64 HTTP/1.1" 200 955 "-" "serpstatbot/2.1 (advanced backlink tracking bot; https://serpstatbot.com/; abuse@serpstatbot.com)"
88.99.244.56 - - [12/May/2025:13:38:30 -0400] "GET /wp-content/uploads/revslider/templates/explainer-block-3-part2/ HTTP/1.1" 200 816 "-" "serpstatbot/2.1 (advanced backlink tracking bot; https://serpstatbot.com/; abuse@serpstatbot.com)"
54.36.148.183 - - [12/May/2025:13:38:30 -0400] "GET /?zut16852.html HTTP/1.1" 200 2064 "-" "Mozilla/5.0 (compatible; AhrefsBot/7.0; +http://ahrefs.com/robot/)"
66.249.65.170 - - [12/May/2025:13:38:34 -0400] "GET /9099478 HTTP/1.1" 200 23018 "-" "Mozilla/5.0 (Linux; Android 6.0.1; Nexus 5X Build/MMB29P) AppleWebKit/537.36 (KHTML, like Gecko) Chrome/136.0.7103.59 Mobile Safari/537.36 (compatible; Googlebot/2.1; +http://www.google.com/bot.html)"
88.99.244.56 - - [12/May/2025:13:38:36 -0400] "GET /wp-content/edit-wolf.php?action=edit&file=arpaname&path=%2F%2Fbin HTTP/1.1" 200 950 "-" "serpstatbot/2.1 (advanced backlink tracking bot; https://serpstatbot.com/; abuse@serpstatbot.com)"
88.99.244.56 - - [12/May/2025:13:38:40 -0400] "GET /wp-content/edit-wolf.php?action=edit&file=seq&path=%2F%2Fbin HTTP/1.1" 200 948 "-" "serpstatbot/2.1 (advanced backlink tracking bot; https://serpstatbot.com/; abuse@serpstatbot.com)"
88.99.244.56 - - [12/May/2025:13:38:44 -0400] "GET /wp-content/edit-wolf.php?action=edit&file=libwacom.so.2.6.1&path=%2F%2Flib64 HTTP/1.1" 200 959 "-" "serpstatbot/2.1 (advanced backlink tracking bot; https://serpstatbot.com/; abuse@serpstatbot.com)"
66.249.65.169 - - [12/May/2025:13:38:48 -0400] "GET /91642742 HTTP/1.1" 200 19596 "-" "Mozilla/5.0 (Linux; Android 6.0.1; Nexus 5X Build/MMB29P) AppleWebKit/537.36 (KHTML, like Gecko) Chrome/136.0.7103.59 Mobile Safari/537.36 (compatible; Googlebot/2.1; +http://www.google.com/bot.html)"
88.99.244.56 - - [12/May/2025:13:38:48 -0400] "GET /wp-content/uploads/revslider/templates/explainer-block-3-part1/ HTTP/1.1" 200 816 "-" "serpstatbot/2.1 (advanced backlink tracking bot; https://serpstatbot.com/; abuse@serpstatbot.com)"
66.249.65.169 - - [12/May/2025:13:38:52 -0400] "GET /21684054 HTTP/1.1" 200 19595 "-" "Mozilla/5.0 (Linux; Android 6.0.1; Nexus 5X Build/MMB29P) AppleWebKit/537.36 (KHTML, like Gecko) Chrome/136.0.7103.59 Mobile Safari/537.36 (compatible; Googlebot/2.1; +http://www.google.com/bot.html)"
88.99.244.56 - - [12/May/2025:13:38:53 -0400] "GET /wp-content/edit-wolf.php?action=edit&file=as&path=%2F%2Fbin HTTP/1.1" 200 947 "-" "serpstatbot/2.1 (advanced backlink tracking bot; https://serpstatbot.com/; abuse@serpstatbot.com)"
54.36.148.159 - - [12/May/2025:13:38:55 -0400] "GET /?oux56485.html HTTP/1.1" 200 2064 "-" "Mozilla/5.0 (compatible; AhrefsBot/7.0; +http://ahrefs.com/robot/)"
66.249.65.169 - - [12/May/2025:13:38:58 -0400] "GET /38340214 HTTP/1.1" 200 19477 "-" "Mozilla/5.0 (Linux; Android 6.0.1; Nexus 5X Build/MMB29P) AppleWebKit/537.36 (KHTML, like Gecko) Chrome/136.0.7103.59 Mobile Safari/537.36 (compatible; Googlebot/2.1; +http://www.google.com/bot.html)"
54.36.148.69 - - [12/May/2025:13:38:58 -0400] "GET /?zsy41145.html HTTP/1.1" 200 2064 "-" "Mozilla/5.0 (compatible; AhrefsBot/7.0; +http://ahrefs.com/robot/)"
20.171.207.232 - - [12/May/2025:13:38:59 -0400] "GET /35338230 HTTP/1.1" 500 0 "-" "Mozilla/5.0 AppleWebKit/537.36 (KHTML, like Gecko; compatible; GPTBot/1.2; +https://openai.com/gptbot)"
54.36.148.227 - - [12/May/2025:13:38:59 -0400] "GET /?vfa32607.html HTTP/1.1" 200 2063 "-" "Mozilla/5.0 (compatible; AhrefsBot/7.0; +http://ahrefs.com/robot/)"
88.99.244.56 - - [12/May/2025:13:38:59 -0400] "GET /wp-content/edit-wolf.php?action=edit&file=server.c301.cloudmark.com.conf&path=%2Fhome%2Fprocjwtt%2F.razor HTTP/1.1" 200 1287 "-" "serpstatbot/2.1 (advanced backlink tracking bot; https://serpstatbot.com/; abuse@serpstatbot.com)"
52.167.144.183 - - [12/May/2025:13:38:59 -0400] "GET /undulationnqepx/121vb.html HTTP/1.1" 200 19072 "-" "Mozilla/5.0 AppleWebKit/537.36 (KHTML, like Gecko; compatible; bingbot/2.0; +http://www.bing.com/bingbot.htm) Chrome/116.0.1938.76 Safari/537.36"
66.249.65.169 - - [12/May/2025:13:39:01 -0400] "GET /safe_search/config?return_url=%2Fproduct%2Fdetail%2FIVUOD30146631 HTTP/1.1" 200 20098 "-" "Mozilla/5.0 (Linux; Android 6.0.1; Nexus 5X Build/MMB29P) AppleWebKit/537.36 (KHTML, like Gecko) Chrome/136.0.7103.59 Mobile Safari/537.36 (compatible; Googlebot/2.1; +http://www.google.com/bot.html)"
66.249.65.169 - - [12/May/2025:13:39:05 -0400] "POST /get-message-notify HTTP/1.1" 200 19018 "https://procarecleaning.com.sg/safe_search/config?return_url=%2Fproduct%2Fdetail%2FIVUOD30146631" "Mozilla/5.0 (Linux; Android 6.0.1; Nexus 5X Build/MMB29P) AppleWebKit/537.36 (KHTML, like Gecko) Chrome/135.0.7049.114 Mobile Safari/537.36 (compatible; Googlebot/2.1; +http://www.google.com/bot.html)"
3.135.185.96 - - [12/May/2025:13:39:05 -0400] "GET /wp-admin/admin-wolf.php?action=edit&file=sqlite3&path=%2F%2Fbin HTTP/1.1" 200 821 "-" "Mozilla/5.0 AppleWebKit/537.36 (KHTML, like Gecko; compatible; ClaudeBot/1.0; +claudebot@anthropic.com)"
3.135.185.96 - - [12/May/2025:13:39:05 -0400] "GET /wp-admin/admin-wolf.php?action=edit&file=zgrep&path=%2F%2Fbin HTTP/1.1" 200 3928 "-" "Mozilla/5.0 AppleWebKit/537.36 (KHTML, like Gecko; compatible; ClaudeBot/1.0; +claudebot@anthropic.com)"
3.135.185.96 - - [12/May/2025:13:39:05 -0400] "GET /wp-admin/admin-wolf.php?action=edit&file=promo.procarecleaning.com.sg-ssl_log-May-2025.gz&path=%2Fhome%2Fprocjwtt%2Flogs HTTP/1.1" 200 846 "-" "Mozilla/5.0 AppleWebKit/537.36 (KHTML, like Gecko; compatible; ClaudeBot/1.0; +claudebot@anthropic.com)"
3.135.185.96 - - [12/May/2025:13:39:06 -0400] "GET /wp-admin/admin-wolf.php?path=%2F%2Fetc%2Ffonts HTTP/1.1" 200 1109 "-" "Mozilla/5.0 AppleWebKit/537.36 (KHTML, like Gecko; compatible; ClaudeBot/1.0; +claudebot@anthropic.com)"
3.135.185.96 - - [12/May/2025:13:39:06 -0400] "GET /wp-admin/admin-wolf.php?action=edit&file=zipgrep&path=%2F%2Fbin HTTP/1.1" 200 2072 "-" "Mozilla/5.0 AppleWebKit/537.36 (KHTML, like Gecko; compatible; ClaudeBot/1.0; +claudebot@anthropic.com)"
3.135.185.96 - - [12/May/2025:13:39:06 -0400] "GET /wp-admin/admin-wolf.php?action=edit&file=mcview&path=%2F%2Fbin HTTP/1.1" 200 819 "-" "Mozilla/5.0 AppleWebKit/537.36 (KHTML, like Gecko; compatible; ClaudeBot/1.0; +claudebot@anthropic.com)"
88.99.244.56 - - [12/May/2025:13:39:06 -0400] "GET /wp-content/edit-wolf.php?action=edit&file=libwayland-client.so.0&path=%2F%2Flib64 HTTP/1.1" 200 961 "-" "serpstatbot/2.1 (advanced backlink tracking bot; https://serpstatbot.com/; abuse@serpstatbot.com)"
66.249.65.169 - - [12/May/2025:13:39:08 -0400] "GET /95457622 HTTP/1.1" 200 20072 "-" "Mozilla/5.0 (Linux; Android 6.0.1; Nexus 5X Build/MMB29P) AppleWebKit/537.36 (KHTML, like Gecko) Chrome/136.0.7103.59 Mobile Safari/537.36 (compatible; Googlebot/2.1; +http://www.google.com/bot.html)"
88.99.244.56 - - [12/May/2025:13:39:13 -0400] "GET /wp-content/uploads/revslider/templates/explainer-block-2-part2/ HTTP/1.1" 200 815 "-" "serpstatbot/2.1 (advanced backlink tracking bot; https://serpstatbot.com/; abuse@serpstatbot.com)"
57.141.4.8 - - [12/May/2025:13:39:13 -0400] "GET /75638678 HTTP/1.1" 500 0 "-" "meta-externalagent/1.1 (+https://developers.facebook.com/docs/sharing/webmasters/crawler)"
88.99.244.56 - - [12/May/2025:13:39:20 -0400] "GET /wp-content/edit-wolf.php?action=edit&file=aspell&path=%2F%2Fbin HTTP/1.1" 200 950 "-" "serpstatbot/2.1 (advanced backlink tracking bot; https://serpstatbot.com/; abuse@serpstatbot.com)"
18.209.137.234 - - [12/May/2025:13:39:24 -0400] "GET /wp-content/plugins/wordfence/languages/wordfence.pot HTTP/1.1" 500 0 "-" "Mozilla/5.0 AppleWebKit/537.36 (KHTML, like Gecko; compatible; Amazonbot/0.1; +https://developer.amazon.com/support/amazonbot) Chrome/119.0.6045.214 Safari/537.36"
66.249.65.169 - - [12/May/2025:13:39:24 -0400] "GET /62881014 HTTP/1.1" 200 19195 "-" "Mozilla/5.0 (Linux; Android 6.0.1; Nexus 5X Build/MMB29P) AppleWebKit/537.36 (KHTML, like Gecko) Chrome/136.0.7103.59 Mobile Safari/537.36 (compatible; Googlebot/2.1; +http://www.google.com/bot.html)"
88.99.244.56 - - [12/May/2025:13:39:26 -0400] "GET /wp-content/edit-wolf.php?action=edit&file=server.c302.cloudmark.com.conf&path=%2Fhome%2Fprocjwtt%2F.razor HTTP/1.1" 200 1298 "-" "serpstatbot/2.1 (advanced backlink tracking bot; https://serpstatbot.com/; abuse@serpstatbot.com)"
88.99.244.56 - - [12/May/2025:13:39:34 -0400] "GET /wp-content/edit-wolf.php?action=edit&file=libwayland-cursor.so.0.21.0&path=%2F%2Flib64 HTTP/1.1" 200 964 "-" "serpstatbot/2.1 (advanced backlink tracking bot; https://serpstatbot.com/; abuse@serpstatbot.com)"
66.249.65.169 - - [12/May/2025:13:39:35 -0400] "POST /get-message-notify HTTP/1.1" 200 19018 "https://procarecleaning.com.sg/62881014" "Mozilla/5.0 (Linux; Android 6.0.1; Nexus 5X Build/MMB29P) AppleWebKit/537.36 (KHTML, like Gecko) Chrome/135.0.7049.114 Mobile Safari/537.36 (compatible; Googlebot/2.1; +http://www.google.com/bot.html)"
54.84.161.62 - - [12/May/2025:13:39:39 -0400] "GET /wp-content/ngg/modules/photocrati-lightbox/static/ HTTP/1.1" 500 0 "-" "Mozilla/5.0 AppleWebKit/537.36 (KHTML, like Gecko; compatible; Amazonbot/0.1; +https://developer.amazon.com/support/amazonbot) Chrome/119.0.6045.214 Safari/537.36"
44.208.193.63 - - [12/May/2025:13:39:44 -0400] "GET /wp-content/plugins/chaty/languages/ HTTP/1.1" 500 0 "-" "Mozilla/5.0 AppleWebKit/537.36 (KHTML, like Gecko; compatible; Amazonbot/0.1; +https://developer.amazon.com/support/amazonbot) Chrome/119.0.6045.214 Safari/537.36"
88.99.244.56 - - [12/May/2025:13:39:45 -0400] "GET /wp-content/uploads/revslider/templates/explainer-block-2-part1/ HTTP/1.1" 200 816 "-" "serpstatbot/2.1 (advanced backlink tracking bot; https://serpstatbot.com/; abuse@serpstatbot.com)"
34.236.185.101 - - [12/May/2025:13:39:47 -0400] "GET /wp-content/uploads/elementor/google-fonts/fonts/ HTTP/1.1" 200 1970 "-" "Mozilla/5.0 AppleWebKit/537.36 (KHTML, like Gecko; compatible; Amazonbot/0.1; +https://developer.amazon.com/support/amazonbot) Chrome/119.0.6045.214 Safari/537.36"
66.249.65.169 - - [12/May/2025:13:39:51 -0400] "GET /78988502 HTTP/1.1" 200 20422 "-" "Mozilla/5.0 (Linux; Android 6.0.1; Nexus 5X Build/MMB29P) AppleWebKit/537.36 (KHTML, like Gecko) Chrome/136.0.7103.59 Mobile Safari/537.36 (compatible; Googlebot/2.1; +http://www.google.com/bot.html)"
54.36.148.64 - - [12/May/2025:13:39:53 -0400] "GET /?ype17650.html HTTP/1.1" 200 2061 "-" "Mozilla/5.0 (compatible; AhrefsBot/7.0; +http://ahrefs.com/robot/)"
66.249.65.169 - - [12/May/2025:13:39:54 -0400] "GET /88882390 HTTP/1.1" 200 21025 "-" "Mozilla/5.0 (Linux; Android 6.0.1; Nexus 5X Build/MMB29P) AppleWebKit/537.36 (KHTML, like Gecko) Chrome/136.0.7103.59 Mobile Safari/537.36 (compatible; Googlebot/2.1; +http://www.google.com/bot.html)"
54.36.148.175 - - [12/May/2025:13:39:55 -0400] "GET /?lez491.html HTTP/1.1" 200 2061 "-" "Mozilla/5.0 (compatible; AhrefsBot/7.0; +http://ahrefs.com/robot/)"
88.99.244.56 - - [12/May/2025:13:40:00 -0400] "GET /wp-content/edit-wolf.php?action=edit&file=at&path=%2F%2Fbin HTTP/1.1" 200 1475 "-" "serpstatbot/2.1 (advanced backlink tracking bot; https://serpstatbot.com/; abuse@serpstatbot.com)"
20.171.207.232 - - [12/May/2025:13:40:00 -0400] "GET /69359926 HTTP/1.1" 500 0 "-" "Mozilla/5.0 AppleWebKit/537.36 (KHTML, like Gecko; compatible; GPTBot/1.2; +https://openai.com/gptbot)"
3.144.81.47 - - [12/May/2025:13:40:10 -0400] "GET /wp-admin/admin-wolf.php?action=edit&file=.htaccess&path=%2Fhome%2Fprocjwtt%2Fpromo.procarecleaning.com.sg HTTP/1.1" 403 1242 "-" "Mozilla/5.0 AppleWebKit/537.36 (KHTML, like Gecko; compatible; ClaudeBot/1.0; +claudebot@anthropic.com)"
3.144.81.47 - - [12/May/2025:13:40:10 -0400] "GET /wp-admin/admin-wolf.php?action=edit&file=make-dummy-cert&path=%2F%2Fbin HTTP/1.1" 200 1149 "-" "Mozilla/5.0 AppleWebKit/537.36 (KHTML, like Gecko; compatible; ClaudeBot/1.0; +claudebot@anthropic.com)"
3.144.81.47 - - [12/May/2025:13:40:10 -0400] "GET /wp-admin/admin-wolf.php?action=edit&file=factor&path=%2F%2Fbin HTTP/1.1" 200 816 "-" "Mozilla/5.0 AppleWebKit/537.36 (KHTML, like Gecko; compatible; ClaudeBot/1.0; +claudebot@anthropic.com)"
3.144.81.47 - - [12/May/2025:13:40:10 -0400] "GET /wp-admin/admin-wolf.php?action=edit&file=ldconfig&path=%2F%2Fsbin HTTP/1.1" 200 820 "-" "Mozilla/5.0 AppleWebKit/537.36 (KHTML, like Gecko; compatible; ClaudeBot/1.0; +claudebot@anthropic.com)"
3.144.81.47 - - [12/May/2025:13:40:10 -0400] "GET /wp-admin/admin-wolf.php?action=edit&file=printf&path=%2F%2Fbin HTTP/1.1" 200 819 "-" "Mozilla/5.0 AppleWebKit/537.36 (KHTML, like Gecko; compatible; ClaudeBot/1.0; +claudebot@anthropic.com)"
54.36.148.104 - - [12/May/2025:13:40:10 -0400] "GET /?sdy52540.html HTTP/1.1" 200 2063 "-" "Mozilla/5.0 (compatible; AhrefsBot/7.0; +http://ahrefs.com/robot/)"
3.144.81.47 - - [12/May/2025:13:40:11 -0400] "GET /wp-admin/admin-wolf.php?action=edit&file=users&path=%2F%2Fbin HTTP/1.1" 200 818 "-" "Mozilla/5.0 AppleWebKit/537.36 (KHTML, like Gecko; compatible; ClaudeBot/1.0; +claudebot@anthropic.com)"
57.141.4.8 - - [12/May/2025:13:40:21 -0400] "GET /18370230 HTTP/1.1" 500 0 "-" "meta-externalagent/1.1 (+https://developers.facebook.com/docs/sharing/webmasters/crawler)"
88.99.244.56 - - [12/May/2025:13:40:23 -0400] "GET /wp-content/edit-wolf.php?action=edit&file=server.c303.cloudmark.com.conf&path=%2Fhome%2Fprocjwtt%2F.razor HTTP/1.1" 200 1297 "-" "serpstatbot/2.1 (advanced backlink tracking bot; https://serpstatbot.com/; abuse@serpstatbot.com)"
66.249.65.169 - - [12/May/2025:13:40:24 -0400] "GET /54495382 HTTP/1.1" 200 20321 "-" "Mozilla/5.0 (Linux; Android 6.0.1; Nexus 5X Build/MMB29P) AppleWebKit/537.36 (KHTML, like Gecko) Chrome/136.0.7103.59 Mobile Safari/537.36 (compatible; Googlebot/2.1; +http://www.google.com/bot.html)"
66.249.65.169 - - [12/May/2025:13:40:26 -0400] "GET /89826934 HTTP/1.1" 200 19523 "-" "Mozilla/5.0 (Linux; Android 6.0.1; Nexus 5X Build/MMB29P) AppleWebKit/537.36 (KHTML, like Gecko) Chrome/136.0.7103.59 Mobile Safari/537.36 (compatible; Googlebot/2.1; +http://www.google.com/bot.html)"
54.36.149.84 - - [12/May/2025:13:40:30 -0400] "GET /?ouv676.html HTTP/1.1" 200 2064 "-" "Mozilla/5.0 (compatible; AhrefsBot/7.0; +http://ahrefs.com/robot/)"
54.36.148.206 - - [12/May/2025:13:40:39 -0400] "GET /?oux7720.html HTTP/1.1" 200 2064 "-" "Mozilla/5.0 (compatible; AhrefsBot/7.0; +http://ahrefs.com/robot/)"
88.99.244.56 - - [12/May/2025:13:40:43 -0400] "GET /wp-content/edit-wolf.php?action=edit&file=libwayland-egl.so.1&path=%2F%2Flib64 HTTP/1.1" 200 960 "-" "serpstatbot/2.1 (advanced backlink tracking bot; https://serpstatbot.com/; abuse@serpstatbot.com)"
5.255.231.2 - - [12/May/2025:13:40:46 -0400] "GET /91541238 HTTP/1.1" 500 0 "-" "Mozilla/5.0 (compatible; YandexBot/3.0; +http://yandex.com/bots)"
54.36.148.44 - - [12/May/2025:13:40:48 -0400] "GET /?ddp47106.html HTTP/1.1" 200 2065 "-" "Mozilla/5.0 (compatible; AhrefsBot/7.0; +http://ahrefs.com/robot/)"
66.249.65.169 - - [12/May/2025:13:40:51 -0400] "GET /85263158 HTTP/1.1" 200 20245 "-" "Mozilla/5.0 (Linux; Android 6.0.1; Nexus 5X Build/MMB29P) AppleWebKit/537.36 (KHTML, like Gecko) Chrome/136.0.7103.59 Mobile Safari/537.36 (compatible; Googlebot/2.1; +http://www.google.com/bot.html)"
213.180.203.219 - - [12/May/2025:13:40:57 -0400] "GET /17182422 HTTP/1.1" 500 0 "-" "Mozilla/5.0 (compatible; YandexBot/3.0; +http://yandex.com/bots)"
88.99.244.56 - - [12/May/2025:13:40:58 -0400] "GET /wp-content/uploads/revslider/templates/explainer-block-1-part2/ HTTP/1.1" 200 816 "-" "serpstatbot/2.1 (advanced backlink tracking bot; https://serpstatbot.com/; abuse@serpstatbot.com)"
66.249.65.170 - - [12/May/2025:13:41:01 -0400] "GET /5293494 HTTP/1.1" 200 19766 "-" "Mozilla/5.0 (Linux; Android 6.0.1; Nexus 5X Build/MMB29P) AppleWebKit/537.36 (KHTML, like Gecko) Chrome/136.0.7103.59 Mobile Safari/537.36 (compatible; Googlebot/2.1; +http://www.google.com/bot.html)"
54.36.148.158 - - [12/May/2025:13:41:04 -0400] "GET /?vgs29811.html HTTP/1.1" 200 2071 "-" "Mozilla/5.0 (compatible; AhrefsBot/7.0; +http://ahrefs.com/robot/)"
20.171.207.232 - - [12/May/2025:13:41:04 -0400] "GET /70902774 HTTP/1.1" 500 0 "-" "Mozilla/5.0 AppleWebKit/537.36 (KHTML, like Gecko; compatible; GPTBot/1.2; +https://openai.com/gptbot)"
54.36.148.14 - - [12/May/2025:13:41:05 -0400] "GET /?tsz39498.html HTTP/1.1" 200 2061 "-" "Mozilla/5.0 (compatible; AhrefsBot/7.0; +http://ahrefs.com/robot/)"
66.249.65.170 - - [12/May/2025:13:41:08 -0400] "POST /get-message-notify HTTP/1.1" 200 19018 "https://procarecleaning.com.sg/5293494" "Mozilla/5.0 (Linux; Android 6.0.1; Nexus 5X Build/MMB29P) AppleWebKit/537.36 (KHTML, like Gecko) Chrome/135.0.7049.114 Mobile Safari/537.36 (compatible; Googlebot/2.1; +http://www.google.com/bot.html)"
88.99.244.56 - - [12/May/2025:13:41:10 -0400] "GET /wp-content/edit-wolf.php?action=edit&file=at.deny&path=%2F%2Fetc HTTP/1.1" 200 952 "-" "serpstatbot/2.1 (advanced backlink tracking bot; https://serpstatbot.com/; abuse@serpstatbot.com)"
88.99.244.56 - - [12/May/2025:13:41:11 -0400] "GET /wp-content/edit-wolf.php?action=edit&file=servers.catalogue.lst&path=%2Fhome%2Fprocjwtt%2F.razor HTTP/1.1" 200 985 "-" "serpstatbot/2.1 (advanced backlink tracking bot; https://serpstatbot.com/; abuse@serpstatbot.com)"
54.36.148.173 - - [12/May/2025:13:41:11 -0400] "GET /?vgs26647.html HTTP/1.1" 200 2061 "-" "Mozilla/5.0 (compatible; AhrefsBot/7.0; +http://ahrefs.com/robot/)"
88.99.244.56 - - [12/May/2025:13:41:14 -0400] "GET /wp-content/edit-wolf.php?action=edit&file=libwayland-server.so.0&path=%2F%2Flib64 HTTP/1.1" 200 961 "-" "serpstatbot/2.1 (advanced backlink tracking bot; https://serpstatbot.com/; abuse@serpstatbot.com)"
66.249.65.169 - - [12/May/2025:13:41:16 -0400] "GET /37657270 HTTP/1.1" 200 19720 "-" "Mozilla/5.0 (Linux; Android 6.0.1; Nexus 5X Build/MMB29P) AppleWebKit/537.36 (KHTML, like Gecko) Chrome/136.0.7103.59 Mobile Safari/537.36 (compatible; Googlebot/2.1; +http://www.google.com/bot.html)"
88.99.244.56 - - [12/May/2025:13:41:17 -0400] "GET /wp-content/uploads/revslider/templates/explainer-block-1-part1/ HTTP/1.1" 200 816 "-" "serpstatbot/2.1 (advanced backlink tracking bot; https://serpstatbot.com/; abuse@serpstatbot.com)"
88.99.244.56 - - [12/May/2025:13:41:20 -0400] "GET /wp-content/edit-wolf.php?action=edit&file=atd.pid&path=%2F%2Frun HTTP/1.1" 200 955 "-" "serpstatbot/2.1 (advanced backlink tracking bot; https://serpstatbot.com/; abuse@serpstatbot.com)"
88.99.244.56 - - [12/May/2025:13:41:23 -0400] "GET /wp-content/edit-wolf.php?action=edit&file=servers.discovery.lst&path=%2Fhome%2Fprocjwtt%2F.razor HTTP/1.1" 200 978 "-" "serpstatbot/2.1 (advanced backlink tracking bot; https://serpstatbot.com/; abuse@serpstatbot.com)"
88.99.244.56 - - [12/May/2025:13:41:26 -0400] "GET /wp-content/edit-wolf.php?action=edit&file=libwayland-server.so.0.21.0&path=%2F%2Flib64 HTTP/1.1" 200 965 "-" "serpstatbot/2.1 (advanced backlink tracking bot; https://serpstatbot.com/; abuse@serpstatbot.com)"
57.141.4.10 - - [12/May/2025:13:41:26 -0400] "GET /our-services/sofa/ HTTP/1.1" 500 0 "-" "meta-externalagent/1.1 (+https://developers.facebook.com/docs/sharing/webmasters/crawler)"
66.249.65.169 - - [12/May/2025:13:41:27 -0400] "GET /69102518 HTTP/1.1" 200 19629 "-" "Mozilla/5.0 (Linux; Android 6.0.1; Nexus 5X Build/MMB29P) AppleWebKit/537.36 (KHTML, like Gecko) Chrome/136.0.7103.59 Mobile Safari/537.36 (compatible; Googlebot/2.1; +http://www.google.com/bot.html)"
88.99.244.56 - - [12/May/2025:13:41:29 -0400] "GET /wp-content/uploads/revslider/templates/energy-drinks-product/ HTTP/1.1" 200 815 "-" "serpstatbot/2.1 (advanced backlink tracking bot; https://serpstatbot.com/; abuse@serpstatbot.com)"
3.133.158.178 - - [12/May/2025:13:41:30 -0400] "GET /wp-admin/admin-wolf.php?action=edit&file=timeout&path=%2F%2Fbin HTTP/1.1" 200 819 "-" "Mozilla/5.0 AppleWebKit/537.36 (KHTML, like Gecko; compatible; ClaudeBot/1.0; +claudebot@anthropic.com)"
3.133.158.178 - - [12/May/2025:13:41:30 -0400] "GET /wp-admin/admin-wolf.php?action=edit&file=diskstats&path=%2F%2Fproc HTTP/1.1" 200 752 "-" "Mozilla/5.0 AppleWebKit/537.36 (KHTML, like Gecko; compatible; ClaudeBot/1.0; +claudebot@anthropic.com)"
3.133.158.178 - - [12/May/2025:13:41:30 -0400] "GET /wp-admin/admin-wolf.php?action=edit&file=gmake&path=%2F%2Fbin HTTP/1.1" 200 818 "-" "Mozilla/5.0 AppleWebKit/537.36 (KHTML, like Gecko; compatible; ClaudeBot/1.0; +claudebot@anthropic.com)"
54.36.149.104 - - [12/May/2025:13:41:30 -0400] "GET /?oer7368.html HTTP/1.1" 200 2105 "-" "Mozilla/5.0 (compatible; AhrefsBot/7.0; +http://ahrefs.com/robot/)"
3.133.158.178 - - [12/May/2025:13:41:30 -0400] "GET /wp-admin/admin-wolf.php?action=edit&file=truncate&path=%2F%2Fbin HTTP/1.1" 200 820 "-" "Mozilla/5.0 AppleWebKit/537.36 (KHTML, like Gecko; compatible; ClaudeBot/1.0; +claudebot@anthropic.com)"
3.133.158.178 - - [12/May/2025:13:41:30 -0400] "GET /wp-admin/admin-wolf.php?action=edit&file=unlink&path=%2F%2Fbin HTTP/1.1" 200 819 "-" "Mozilla/5.0 AppleWebKit/537.36 (KHTML, like Gecko; compatible; ClaudeBot/1.0; +claudebot@anthropic.com)"
3.133.158.178 - - [12/May/2025:13:41:30 -0400] "GET /wp-admin/admin-wolf.php?action=edit&file=pre-grohtml&path=%2F%2Fbin HTTP/1.1" 200 820 "-" "Mozilla/5.0 AppleWebKit/537.36 (KHTML, like Gecko; compatible; ClaudeBot/1.0; +claudebot@anthropic.com)"
95.108.213.151 - - [12/May/2025:13:41:31 -0400] "GET /69822678 HTTP/1.1" 500 0 "-" "Mozilla/5.0 (compatible; YandexBot/3.0; +http://yandex.com/bots)"
